[INFO] fetching crate aze 0.1.1...
[INFO] testing aze-0.1.1 against 1.69.0 for beta-1.70-1
[INFO] extracting crate aze 0.1.1 into /workspace/builds/worker-7-tc1/source
[INFO] validating manifest of crates.io crate aze 0.1.1 on toolchain 1.69.0
[INFO] running `Command { std: CARGO_HOME="/workspace/cargo-home" RUSTUP_HOME="/workspace/rustup-home" "/workspace/cargo-home/bin/cargo" "+1.69.0" "metadata" "--manifest-path" "Cargo.toml" "--no-deps", kill_on_drop: false }`
[INFO] started tweaking crates.io crate aze 0.1.1
[INFO] finished tweaking crates.io crate aze 0.1.1
[INFO] tweaked toml for crates.io crate aze 0.1.1 written to /workspace/builds/worker-7-tc1/source/Cargo.toml
[INFO] crate crates.io crate aze 0.1.1 already has a lockfile, it will not be regenerated
[INFO] running `Command { std: CARGO_HOME="/workspace/cargo-home" RUSTUP_HOME="/workspace/rustup-home" "/workspace/cargo-home/bin/cargo" "+1.69.0" "fetch" "--manifest-path" "Cargo.toml", kill_on_drop: false }`
[INFO] [stderr]     Blocking waiting for file lock on package cache
[INFO] [stderr]     Blocking waiting for file lock on package cache
[INFO] [stderr]  Downloading crates ...
[INFO] [stderr]   Downloaded migrations_macros v2.0.0
[INFO] [stderr]   Downloaded diesel_migrations v2.0.0
[INFO] [stderr]   Downloaded which v4.3.0
[INFO] [stderr]   Downloaded directories-next v2.0.0
[INFO] [stderr]   Downloaded uuid v1.2.2
[INFO] [stderr]   Downloaded toml v0.5.10
[INFO] [stderr]   Downloaded r2d2 v0.8.10
[INFO] [stderr]   Downloaded scheduled-thread-pool v0.2.6
[INFO] [stderr]   Downloaded cxx-build v1.0.85
[INFO] [stderr]   Downloaded dialoguer v0.10.2
[INFO] [stderr]   Downloaded termtree v0.4.0
[INFO] [stderr]   Downloaded confy v0.4.0
[INFO] [stderr]   Downloaded cxx v1.0.85
[INFO] [stderr]   Downloaded diesel_derives v2.0.1
[INFO] [stderr]   Downloaded clap v3.2.23
[INFO] [stderr]   Downloaded bstr v1.1.0
[INFO] [stderr]   Downloaded diesel v2.0.2
[INFO] [stderr]   Downloaded edit v0.1.4
[INFO] [stderr]   Downloaded migrations_internals v2.0.0
[INFO] [stderr]   Downloaded difflib v0.4.0
[INFO] [stderr]   Downloaded libsqlite3-sys v0.25.2
[INFO] [stderr]   Downloaded float-cmp v0.9.0
[INFO] [stderr]   Downloaded normalize-line-endings v0.3.0
[INFO] [stderr]   Downloaded predicates-core v1.0.5
[INFO] [stderr]   Downloaded predicates v2.1.5
[INFO] [stderr]   Downloaded predicates-tree v1.0.7
[INFO] [stderr]   Downloaded assert_cmd v2.0.7
[INFO] [stderr]   Downloaded directories v2.0.2
[INFO] [stderr]   Downloaded console v0.15.4
[INFO] [stderr]   Downloaded cxxbridge-flags v1.0.85
[INFO] [stderr]   Downloaded cxxbridge-macro v1.0.85
[INFO] running `Command { std: "docker" "create" "-v" "/var/lib/crater-agent-workspace/builds/worker-7-tc1/target:/opt/rustwide/target:rw,Z" "-v" "/var/lib/crater-agent-workspace/builds/worker-7-tc1/source:/opt/rustwide/workdir:ro,Z" "-v" "/var/lib/crater-agent-workspace/cargo-home:/opt/rustwide/cargo-home:ro,Z" "-v" "/var/lib/crater-agent-workspace/rustup-home:/opt/rustwide/rustup-home:ro,Z" "-e" "SOURCE_DIR=/opt/rustwide/workdir" "-e" "CARGO_TARGET_DIR=/opt/rustwide/target" "-e" "CARGO_HOME=/opt/rustwide/cargo-home" "-e" "RUSTUP_HOME=/opt/rustwide/rustup-home" "-w" "/opt/rustwide/workdir" "-m" "1610612736" "--user" "0:0" "--network" "none" "ghcr.io/rust-lang/crates-build-env/linux@sha256:5ff2268d62e97bff2cde7d5815dd6ed5b47097566f13b8d0ca110b04b60e07ed" "/opt/rustwide/cargo-home/bin/cargo" "+1.69.0" "metadata" "--no-deps" "--format-version=1", kill_on_drop: false }`
[INFO] [stdout] cf999af8f98565657d90f21ab85c487ab40d9c3cff66f6a2d68aedbcd967ecd3
[INFO] running `Command { std: "docker" "start" "-a" "cf999af8f98565657d90f21ab85c487ab40d9c3cff66f6a2d68aedbcd967ecd3", kill_on_drop: false }`
[INFO] running `Command { std: "docker" "inspect" "cf999af8f98565657d90f21ab85c487ab40d9c3cff66f6a2d68aedbcd967ecd3", kill_on_drop: false }`
[INFO] running `Command { std: "docker" "rm" "-f" "cf999af8f98565657d90f21ab85c487ab40d9c3cff66f6a2d68aedbcd967ecd3", kill_on_drop: false }`
[INFO] [stdout] cf999af8f98565657d90f21ab85c487ab40d9c3cff66f6a2d68aedbcd967ecd3
[INFO] running `Command { std: "docker" "create" "-v" "/var/lib/crater-agent-workspace/builds/worker-7-tc1/target:/opt/rustwide/target:rw,Z" "-v" "/var/lib/crater-agent-workspace/builds/worker-7-tc1/source:/opt/rustwide/workdir:ro,Z" "-v" "/var/lib/crater-agent-workspace/cargo-home:/opt/rustwide/cargo-home:ro,Z" "-v" "/var/lib/crater-agent-workspace/rustup-home:/opt/rustwide/rustup-home:ro,Z" "-e" "SOURCE_DIR=/opt/rustwide/workdir" "-e" "CARGO_TARGET_DIR=/opt/rustwide/target" "-e" "CARGO_INCREMENTAL=0" "-e" "RUST_BACKTRACE=full" "-e" "RUSTFLAGS=--cap-lints=warn" "-e" "RUSTDOCFLAGS=--cap-lints=warn" "-e" "CARGO_HOME=/opt/rustwide/cargo-home" "-e" "RUSTUP_HOME=/opt/rustwide/rustup-home" "-w" "/opt/rustwide/workdir" "-m" "1610612736" "--user" "0:0" "--network" "none" "ghcr.io/rust-lang/crates-build-env/linux@sha256:5ff2268d62e97bff2cde7d5815dd6ed5b47097566f13b8d0ca110b04b60e07ed" "/opt/rustwide/cargo-home/bin/cargo" "+1.69.0" "build" "--frozen" "--message-format=json", kill_on_drop: false }`
[INFO] [stdout] 89e9db20e3b84408f70254de0185318749493680f8d5a9f019a4e0cb5d7f1455
[INFO] running `Command { std: "docker" "start" "-a" "89e9db20e3b84408f70254de0185318749493680f8d5a9f019a4e0cb5d7f1455", kill_on_drop: false }`
[INFO] [stderr]    Compiling libc v0.2.139
[INFO] [stderr]    Compiling proc-macro2 v1.0.49
[INFO] [stderr]    Compiling unicode-ident v1.0.6
[INFO] [stderr]    Compiling quote v1.0.23
[INFO] [stderr]    Compiling syn v1.0.107
[INFO] [stderr]    Compiling serde_derive v1.0.152
[INFO] [stderr]    Compiling serde v1.0.152
[INFO] [stderr]    Compiling parking_lot_core v0.9.5
[INFO] [stderr]    Compiling cc v1.0.78
[INFO] [stderr]    Compiling num-traits v0.2.15
[INFO] [stderr]    Compiling indexmap v1.9.2
[INFO] [stderr]    Compiling iana-time-zone v0.1.53
[INFO] [stderr]    Compiling anyhow v1.0.68
[INFO] [stderr]    Compiling serde_json v1.0.91
[INFO] [stderr]    Compiling thiserror v1.0.38
[INFO] [stderr]    Compiling os_str_bytes v6.4.1
[INFO] [stderr]    Compiling either v1.8.0
[INFO] [stderr]    Compiling clap_lex v0.2.4
[INFO] [stderr]    Compiling aho-corasick v0.7.20
[INFO] [stderr]    Compiling itoa v1.0.5
[INFO] [stderr]    Compiling ryu v1.0.12
[INFO] [stderr]    Compiling once_cell v1.17.0
[INFO] [stderr]    Compiling textwrap v0.16.0
[INFO] [stderr]    Compiling libsqlite3-sys v0.25.2
[INFO] [stderr]    Compiling regex v1.7.0
[INFO] [stderr]    Compiling proc-macro-error-attr v1.0.4
[INFO] [stderr]    Compiling getrandom v0.2.8
[INFO] [stderr]    Compiling time v0.1.45
[INFO] [stderr]    Compiling atty v0.2.14
[INFO] [stderr]    Compiling tempfile v3.3.0
[INFO] [stderr]    Compiling dirs-sys v0.3.7
[INFO] [stderr]    Compiling dirs-sys-next v0.1.2
[INFO] [stderr]    Compiling console v0.15.4
[INFO] [stderr]    Compiling which v4.3.0
[INFO] [stderr]    Compiling colored v2.0.0
[INFO] [stderr]    Compiling directories v2.0.2
[INFO] [stderr]    Compiling parking_lot v0.12.1
[INFO] [stderr]    Compiling dialoguer v0.10.2
[INFO] [stderr]    Compiling num-integer v0.1.45
[INFO] [stderr]    Compiling edit v0.1.4
[INFO] [stderr]    Compiling directories-next v2.0.0
[INFO] [stderr]    Compiling scheduled-thread-pool v0.2.6
[INFO] [stderr]    Compiling r2d2 v0.8.10
[INFO] [stderr]    Compiling proc-macro-error v1.0.4
[INFO] [stderr]    Compiling diesel_derives v2.0.1
[INFO] [stderr]    Compiling clap_derive v3.2.18
[INFO] [stderr]    Compiling thiserror-impl v1.0.38
[INFO] [stderr]    Compiling clap v3.2.23
[INFO] [stderr]    Compiling toml v0.5.10
[INFO] [stderr]    Compiling uuid v1.2.2
[INFO] [stderr]    Compiling chrono v0.4.23
[INFO] [stderr]    Compiling migrations_internals v2.0.0
[INFO] [stderr]    Compiling confy v0.4.0
[INFO] [stderr]    Compiling migrations_macros v2.0.0
[INFO] [stderr]    Compiling diesel v2.0.2
[INFO] [stderr]    Compiling diesel_migrations v2.0.0
[INFO] [stderr]    Compiling aze v0.1.1 (/opt/rustwide/workdir)
[INFO] [stdout] warning: unused import: `chrono::NaiveDateTime`
[INFO] [stdout]  --> src/commands/edit.rs:5:5
[INFO] [stdout]   |
[INFO] [stdout] 5 | use chrono::NaiveDateTime;
[INFO] [stdout]   |     ^^^^^^^^^^^^^^^^^^^^^
[INFO] [stdout]   |
[INFO] [stdout]   = note: `#[warn(unused_imports)]` on by default
[INFO] [stdout] 
[INFO] [stdout] 
[INFO] [stdout] warning: unused import: `colored::Colorize`
[INFO] [stdout]  --> src/commands/edit.rs:6:5
[INFO] [stdout]   |
[INFO] [stdout] 6 | use colored::Colorize;
[INFO] [stdout]   |     ^^^^^^^^^^^^^^^^^
[INFO] [stdout] 
[INFO] [stdout] 
[INFO] [stdout] warning: unused import: `aze::service::frame::frame_collides`
[INFO] [stdout]   --> src/commands/edit.rs:13:5
[INFO] [stdout]    |
[INFO] [stdout] 13 | use aze::service::frame::frame_collides;
[INFO] [stdout]    |     ^^^^^^^^^^^^^^^^^^^^^^^^^^^^^^^^^^^
[INFO] [stdout] 
[INFO] [stdout] 
[INFO] [stdout] warning: unused import: `project::find_all`
[INFO] [stdout]  --> src/commands/remove.rs:5:20
[INFO] [stdout]   |
[INFO] [stdout] 5 | use aze::service::{project::find_all, frame::find_frame};
[INFO] [stdout]   |                    ^^^^^^^^^^^^^^^^^
[INFO] [stdout] 
[INFO] [stdout] 
[INFO] [stdout] warning: use of deprecated method `chrono::NaiveDate::succ`: use `succ_opt()` instead
[INFO] [stdout]    --> src/commands/log.rs:198:35
[INFO] [stdout]     |
[INFO] [stdout] 198 |         let tomorrow = NaiveDate::succ(&Local::today().naive_local()).and_hms(23, 59, 59);
[INFO] [stdout]     |                                   ^^^^
[INFO] [stdout]     |
[INFO] [stdout]     = note: `#[warn(deprecated)]` on by default
[INFO] [stdout] 
[INFO] [stdout] 
[INFO] [stdout] warning: use of deprecated associated function `chrono::Local::today`: use `Local::now()` instead
[INFO] [stdout]    --> src/commands/log.rs:198:48
[INFO] [stdout]     |
[INFO] [stdout] 198 |         let tomorrow = NaiveDate::succ(&Local::today().naive_local()).and_hms(23, 59, 59);
[INFO] [stdout]     |                                                ^^^^^
[INFO] [stdout] 
[INFO] [stdout] 
[INFO] [stdout] warning: use of deprecated method `chrono::NaiveDate::and_hms`: use `and_hms_opt()` instead
[INFO] [stdout]    --> src/commands/log.rs:198:71
[INFO] [stdout]     |
[INFO] [stdout] 198 |         let tomorrow = NaiveDate::succ(&Local::today().naive_local()).and_hms(23, 59, 59);
[INFO] [stdout]     |                                                                       ^^^^^^^
[INFO] [stdout] 
[INFO] [stdout] 
[INFO] [stdout] warning: unused variable: `output`
[INFO] [stdout]   --> src/commands/edit.rs:46:19
[INFO] [stdout]    |
[INFO] [stdout] 46 |     fn run(&self, output: super::Output) -> Result<()> {
[INFO] [stdout]    |                   ^^^^^^ help: if this is intentional, prefix it with an underscore: `_output`
[INFO] [stdout]    |
[INFO] [stdout]    = note: `#[warn(unused_variables)]` on by default
[INFO] [stdout] 
[INFO] [stdout] 
[INFO] [stdout] warning: unused `Result` that must be used
[INFO] [stdout]   --> src/commands/remove.rs:44:13
[INFO] [stdout]    |
[INFO] [stdout] 44 | /             write!(
[INFO] [stdout] 45 | |                 output.out,
[INFO] [stdout] 46 | |                 "You are about to remove frame {} from {}{}",
[INFO] [stdout] 47 | |                 frame.project.purple(),
[INFO] [stdout] ...  |
[INFO] [stdout] 53 | |                 }
[INFO] [stdout] 54 | |             );
[INFO] [stdout]    | |_____________^
[INFO] [stdout]    |
[INFO] [stdout]    = note: this `Result` may be an `Err` variant, which should be handled
[INFO] [stdout]    = note: `#[warn(unused_must_use)]` on by default
[INFO] [stdout]    = note: this warning originates in the macro `write` (in Nightly builds, run with -Z macro-backtrace for more info)
[INFO] [stdout] 
[INFO] [stdout] 
[INFO] [stdout] warning: 9 warnings emitted
[INFO] [stdout] 
[INFO] [stdout] 
[INFO] [stderr]     Finished dev [unoptimized + debuginfo] target(s) in 47.00s
[INFO] running `Command { std: "docker" "inspect" "89e9db20e3b84408f70254de0185318749493680f8d5a9f019a4e0cb5d7f1455", kill_on_drop: false }`
[INFO] running `Command { std: "docker" "rm" "-f" "89e9db20e3b84408f70254de0185318749493680f8d5a9f019a4e0cb5d7f1455", kill_on_drop: false }`
[INFO] [stdout] 89e9db20e3b84408f70254de0185318749493680f8d5a9f019a4e0cb5d7f1455
[INFO] running `Command { std: "docker" "create" "-v" "/var/lib/crater-agent-workspace/builds/worker-7-tc1/target:/opt/rustwide/target:rw,Z" "-v" "/var/lib/crater-agent-workspace/builds/worker-7-tc1/source:/opt/rustwide/workdir:ro,Z" "-v" "/var/lib/crater-agent-workspace/cargo-home:/opt/rustwide/cargo-home:ro,Z" "-v" "/var/lib/crater-agent-workspace/rustup-home:/opt/rustwide/rustup-home:ro,Z" "-e" "SOURCE_DIR=/opt/rustwide/workdir" "-e" "CARGO_TARGET_DIR=/opt/rustwide/target" "-e" "CARGO_INCREMENTAL=0" "-e" "RUST_BACKTRACE=full" "-e" "RUSTFLAGS=--cap-lints=warn" "-e" "RUSTDOCFLAGS=--cap-lints=warn" "-e" "CARGO_HOME=/opt/rustwide/cargo-home" "-e" "RUSTUP_HOME=/opt/rustwide/rustup-home" "-w" "/opt/rustwide/workdir" "-m" "1610612736" "--user" "0:0" "--network" "none" "ghcr.io/rust-lang/crates-build-env/linux@sha256:5ff2268d62e97bff2cde7d5815dd6ed5b47097566f13b8d0ca110b04b60e07ed" "/opt/rustwide/cargo-home/bin/cargo" "+1.69.0" "test" "--frozen" "--no-run" "--message-format=json", kill_on_drop: false }`
[INFO] [stdout] e4fa312231b1bdaf84b2c129ad619dc08b449ba50a1922f1c55e3b27e3598a6b
[INFO] running `Command { std: "docker" "start" "-a" "e4fa312231b1bdaf84b2c129ad619dc08b449ba50a1922f1c55e3b27e3598a6b", kill_on_drop: false }`
[INFO] [stderr]    Compiling getrandom v0.2.8
[INFO] [stderr]    Compiling predicates-core v1.0.5
[INFO] [stderr]    Compiling float-cmp v0.9.0
[INFO] [stderr]    Compiling itertools v0.10.5
[INFO] [stderr]    Compiling normalize-line-endings v0.3.0
[INFO] [stderr]    Compiling termtree v0.4.0
[INFO] [stderr]    Compiling difflib v0.4.0
[INFO] [stderr]    Compiling regex-automata v0.1.10
[INFO] [stderr]    Compiling wait-timeout v0.2.0
[INFO] [stderr]    Compiling predicates-tree v1.0.7
[INFO] [stderr]    Compiling uuid v1.2.2
[INFO] [stderr]    Compiling rand_core v0.6.4
[INFO] [stderr]    Compiling bstr v1.1.0
[INFO] [stderr]    Compiling rand_chacha v0.3.1
[INFO] [stderr]    Compiling rand v0.8.5
[INFO] [stderr]    Compiling diesel v2.0.2
[INFO] [stderr]    Compiling predicates v2.1.5
[INFO] [stderr]    Compiling assert_cmd v2.0.7
[INFO] [stderr]    Compiling diesel_migrations v2.0.0
[INFO] [stderr]    Compiling aze v0.1.1 (/opt/rustwide/workdir)
[INFO] [stdout] warning: use of deprecated method `chrono::DateTime::<Tz>::date`: Use `date_naive()` instead
[INFO] [stdout]   --> src/display/mod.rs:76:32
[INFO] [stdout]    |
[INFO] [stdout] 76 |             date: Local::now().date().naive_local(),
[INFO] [stdout]    |                                ^^^^
[INFO] [stdout]    |
[INFO] [stdout]    = note: `#[warn(deprecated)]` on by default
[INFO] [stdout] 
[INFO] [stdout] 
[INFO] [stdout] warning: use of deprecated associated function `chrono::NaiveDate::from_ymd`: use `from_ymd_opt()` instead
[INFO] [stdout]   --> src/display/mod.rs:86:47
[INFO] [stdout]    |
[INFO] [stdout] 86 |         let start: NaiveDateTime = NaiveDate::from_ymd(2001, 1, 1).and_hms(10, 0, 0);
[INFO] [stdout]    |                                               ^^^^^^^^
[INFO] [stdout] 
[INFO] [stdout] 
[INFO] [stdout] warning: use of deprecated method `chrono::NaiveDate::and_hms`: use `and_hms_opt()` instead
[INFO] [stdout]   --> src/display/mod.rs:86:68
[INFO] [stdout]    |
[INFO] [stdout] 86 |         let start: NaiveDateTime = NaiveDate::from_ymd(2001, 1, 1).and_hms(10, 0, 0);
[INFO] [stdout]    |                                                                    ^^^^^^^
[INFO] [stdout] 
[INFO] [stdout] 
[INFO] [stdout] warning: use of deprecated associated function `chrono::NaiveDate::from_ymd`: use `from_ymd_opt()` instead
[INFO] [stdout]   --> src/display/mod.rs:87:45
[INFO] [stdout]    |
[INFO] [stdout] 87 |         let end: NaiveDateTime = NaiveDate::from_ymd(2001, 1, 1).and_hms(11, 0, 0);
[INFO] [stdout]    |                                             ^^^^^^^^
[INFO] [stdout] 
[INFO] [stdout] 
[INFO] [stdout] warning: use of deprecated method `chrono::NaiveDate::and_hms`: use `and_hms_opt()` instead
[INFO] [stdout]   --> src/display/mod.rs:87:66
[INFO] [stdout]    |
[INFO] [stdout] 87 |         let end: NaiveDateTime = NaiveDate::from_ymd(2001, 1, 1).and_hms(11, 0, 0);
[INFO] [stdout]    |                                                                  ^^^^^^^
[INFO] [stdout] 
[INFO] [stdout] 
[INFO] [stdout] warning: use of deprecated method `chrono::DateTime::<Tz>::date`: Use `date_naive()` instead
[INFO] [stdout]    --> src/display/mod.rs:109:32
[INFO] [stdout]     |
[INFO] [stdout] 109 |             date: Local::now().date().naive_local(),
[INFO] [stdout]     |                                ^^^^
[INFO] [stdout] 
[INFO] [stdout] 
[INFO] [stdout] warning: 6 warnings emitted
[INFO] [stdout] 
[INFO] [stdout] 
[INFO] [stdout] warning: unused import: `chrono::Local`
[INFO] [stdout]  --> tests/commands/edit.rs:3:5
[INFO] [stdout]   |
[INFO] [stdout] 3 | use chrono::Local;
[INFO] [stdout]   |     ^^^^^^^^^^^^^
[INFO] [stdout]   |
[INFO] [stdout]   = note: `#[warn(unused_imports)]` on by default
[INFO] [stdout] 
[INFO] [stdout] 
[INFO] [stdout] warning: unused imports: `Stdio`, `fs::File`
[INFO] [stdout]  --> tests/commands/edit.rs:5:30
[INFO] [stdout]   |
[INFO] [stdout] 5 | use std::{process::{Command, Stdio}, fs::File};
[INFO] [stdout]   |                              ^^^^^   ^^^^^^^^
[INFO] [stdout] 
[INFO] [stdout] 
[INFO] [stdout] warning: unused import: `crate::TestDb`
[INFO] [stdout]  --> tests/commands/edit.rs:7:5
[INFO] [stdout]   |
[INFO] [stdout] 7 | use crate::TestDb;
[INFO] [stdout]   |     ^^^^^^^^^^^^^
[INFO] [stdout] 
[INFO] [stdout] 
[INFO] [stdout] warning: unused import: `std::io::Read`
[INFO] [stdout]  --> tests/commands/edit.rs:8:5
[INFO] [stdout]   |
[INFO] [stdout] 8 | use std::io::Read;
[INFO] [stdout]   |     ^^^^^^^^^^^^^
[INFO] [stdout] 
[INFO] [stdout] 
[INFO] [stdout] warning: unused import: `super::add_frame`
[INFO] [stdout]  --> tests/commands/edit.rs:9:5
[INFO] [stdout]   |
[INFO] [stdout] 9 | use super::add_frame;
[INFO] [stdout]   |     ^^^^^^^^^^^^^^^^
[INFO] [stdout] 
[INFO] [stdout] 
[INFO] [stdout] warning: unused imports: `Date`, `Local`, `NaiveDateTime`
[INFO] [stdout]  --> tests/commands/frames.rs:3:14
[INFO] [stdout]   |
[INFO] [stdout] 3 | use chrono::{Local, NaiveDateTime, Date, NaiveDate};
[INFO] [stdout]   |              ^^^^^  ^^^^^^^^^^^^^  ^^^^
[INFO] [stdout] 
[INFO] [stdout] 
[INFO] [stdout] warning: unused imports: `Stdio`, `fs::File`
[INFO] [stdout]  --> tests/commands/frames.rs:5:30
[INFO] [stdout]   |
[INFO] [stdout] 5 | use std::{process::{Command, Stdio}, fs::File};
[INFO] [stdout]   |                              ^^^^^   ^^^^^^^^
[INFO] [stdout] 
[INFO] [stdout] 
[INFO] [stdout] warning: unused import: `std::io::Read`
[INFO] [stdout]  --> tests/commands/frames.rs:8:5
[INFO] [stdout]   |
[INFO] [stdout] 8 | use std::io::Read;
[INFO] [stdout]   |     ^^^^^^^^^^^^^
[INFO] [stdout] 
[INFO] [stdout] 
[INFO] [stdout] warning: unused imports: `Date`, `Local`, `NaiveDateTime`
[INFO] [stdout]  --> tests/commands/projects.rs:3:14
[INFO] [stdout]   |
[INFO] [stdout] 3 | use chrono::{Local, NaiveDateTime, Date, NaiveDate};
[INFO] [stdout]   |              ^^^^^  ^^^^^^^^^^^^^  ^^^^
[INFO] [stdout] 
[INFO] [stdout] 
[INFO] [stdout] warning: unused imports: `Stdio`, `fs::File`
[INFO] [stdout]  --> tests/commands/projects.rs:5:30
[INFO] [stdout]   |
[INFO] [stdout] 5 | use std::{process::{Command, Stdio}, fs::File};
[INFO] [stdout]   |                              ^^^^^   ^^^^^^^^
[INFO] [stdout] 
[INFO] [stdout] 
[INFO] [stdout] warning: unused import: `commands::get_frames`
[INFO] [stdout]  --> tests/commands/projects.rs:7:21
[INFO] [stdout]   |
[INFO] [stdout] 7 | use crate::{TestDb, commands::get_frames};
[INFO] [stdout]   |                     ^^^^^^^^^^^^^^^^^^^^
[INFO] [stdout] 
[INFO] [stdout] 
[INFO] [stdout] warning: unused import: `std::io::Read`
[INFO] [stdout]  --> tests/commands/projects.rs:8:5
[INFO] [stdout]   |
[INFO] [stdout] 8 | use std::io::Read;
[INFO] [stdout]   |     ^^^^^^^^^^^^^
[INFO] [stdout] 
[INFO] [stdout] 
[INFO] [stdout] warning: unused imports: `Date`, `Local`, `NaiveDateTime`
[INFO] [stdout]  --> tests/commands/remove.rs:3:14
[INFO] [stdout]   |
[INFO] [stdout] 3 | use chrono::{Local, NaiveDateTime, Date, NaiveDate};
[INFO] [stdout]   |              ^^^^^  ^^^^^^^^^^^^^  ^^^^
[INFO] [stdout] 
[INFO] [stdout] 
[INFO] [stdout] warning: unused import: `fs::File`
[INFO] [stdout]  --> tests/commands/remove.rs:5:38
[INFO] [stdout]   |
[INFO] [stdout] 5 | use std::{process::{Command, Stdio}, fs::File};
[INFO] [stdout]   |                                      ^^^^^^^^
[INFO] [stdout] 
[INFO] [stdout] 
[INFO] [stdout] warning: unused import: `std::io::Write`
[INFO] [stdout]  --> tests/commands/remove.rs:6:5
[INFO] [stdout]   |
[INFO] [stdout] 6 | use std::io::Write;
[INFO] [stdout]   |     ^^^^^^^^^^^^^^
[INFO] [stdout] 
[INFO] [stdout] 
[INFO] [stdout] warning: unused import: `std::io::Read`
[INFO] [stdout]  --> tests/commands/remove.rs:8:5
[INFO] [stdout]   |
[INFO] [stdout] 8 | use std::io::Read;
[INFO] [stdout]   |     ^^^^^^^^^^^^^
[INFO] [stdout] 
[INFO] [stdout] 
[INFO] [stdout] warning: use of deprecated struct `chrono::Date`: Use `NaiveDate` or `DateTime<Tz>` instead
[INFO] [stdout]  --> tests/commands/frames.rs:3:36
[INFO] [stdout]   |
[INFO] [stdout] 3 | use chrono::{Local, NaiveDateTime, Date, NaiveDate};
[INFO] [stdout]   |                                    ^^^^
[INFO] [stdout]   |
[INFO] [stdout]   = note: `#[warn(deprecated)]` on by default
[INFO] [stdout] 
[INFO] [stdout] 
[INFO] [stdout] warning: use of deprecated struct `chrono::Date`: Use `NaiveDate` or `DateTime<Tz>` instead
[INFO] [stdout]  --> tests/commands/projects.rs:3:36
[INFO] [stdout]   |
[INFO] [stdout] 3 | use chrono::{Local, NaiveDateTime, Date, NaiveDate};
[INFO] [stdout]   |                                    ^^^^
[INFO] [stdout] 
[INFO] [stdout] 
[INFO] [stdout] warning: use of deprecated struct `chrono::Date`: Use `NaiveDate` or `DateTime<Tz>` instead
[INFO] [stdout]  --> tests/commands/remove.rs:3:36
[INFO] [stdout]   |
[INFO] [stdout] 3 | use chrono::{Local, NaiveDateTime, Date, NaiveDate};
[INFO] [stdout]   |                                    ^^^^
[INFO] [stdout] 
[INFO] [stdout] 
[INFO] [stdout] warning: use of deprecated associated function `chrono::NaiveDateTime::from_timestamp`: use `from_timestamp_opt()` instead
[INFO] [stdout]   --> tests/commands/log/project.rs:20:25
[INFO] [stdout]    |
[INFO] [stdout] 20 |         &NaiveDateTime::from_timestamp(start, 0),
[INFO] [stdout]    |                         ^^^^^^^^^^^^^^
[INFO] [stdout] 
[INFO] [stdout] 
[INFO] [stdout] warning: use of deprecated associated function `chrono::NaiveDateTime::from_timestamp`: use `from_timestamp_opt()` instead
[INFO] [stdout]   --> tests/commands/log/project.rs:21:30
[INFO] [stdout]    |
[INFO] [stdout] 21 |         Some(&NaiveDateTime::from_timestamp(end, 0)),
[INFO] [stdout]    |                              ^^^^^^^^^^^^^^
[INFO] [stdout] 
[INFO] [stdout] 
[INFO] [stdout] warning: use of deprecated associated function `chrono::NaiveDateTime::from_timestamp`: use `from_timestamp_opt()` instead
[INFO] [stdout]   --> tests/commands/log/project.rs:27:25
[INFO] [stdout]    |
[INFO] [stdout] 27 |         &NaiveDateTime::from_timestamp(start + 3600, 0),
[INFO] [stdout]    |                         ^^^^^^^^^^^^^^
[INFO] [stdout] 
[INFO] [stdout] 
[INFO] [stdout] warning: use of deprecated associated function `chrono::NaiveDateTime::from_timestamp`: use `from_timestamp_opt()` instead
[INFO] [stdout]   --> tests/commands/log/project.rs:28:30
[INFO] [stdout]    |
[INFO] [stdout] 28 |         Some(&NaiveDateTime::from_timestamp(end + 3600, 0)),
[INFO] [stdout]    |                              ^^^^^^^^^^^^^^
[INFO] [stdout] 
[INFO] [stdout] 
[INFO] [stdout] warning: use of deprecated associated function `chrono::NaiveDateTime::from_timestamp`: use `from_timestamp_opt()` instead
[INFO] [stdout]   --> tests/commands/log/project.rs:56:25
[INFO] [stdout]    |
[INFO] [stdout] 56 |         &NaiveDateTime::from_timestamp(start, 0),
[INFO] [stdout]    |                         ^^^^^^^^^^^^^^
[INFO] [stdout] 
[INFO] [stdout] 
[INFO] [stdout] warning: use of deprecated associated function `chrono::NaiveDateTime::from_timestamp`: use `from_timestamp_opt()` instead
[INFO] [stdout]   --> tests/commands/log/project.rs:57:30
[INFO] [stdout]    |
[INFO] [stdout] 57 |         Some(&NaiveDateTime::from_timestamp(end, 0)),
[INFO] [stdout]    |                              ^^^^^^^^^^^^^^
[INFO] [stdout] 
[INFO] [stdout] 
[INFO] [stdout] warning: use of deprecated associated function `chrono::NaiveDateTime::from_timestamp`: use `from_timestamp_opt()` instead
[INFO] [stdout]   --> tests/commands/log/project.rs:63:25
[INFO] [stdout]    |
[INFO] [stdout] 63 |         &NaiveDateTime::from_timestamp(start + 3600, 0),
[INFO] [stdout]    |                         ^^^^^^^^^^^^^^
[INFO] [stdout] 
[INFO] [stdout] 
[INFO] [stdout] warning: use of deprecated associated function `chrono::NaiveDateTime::from_timestamp`: use `from_timestamp_opt()` instead
[INFO] [stdout]   --> tests/commands/log/project.rs:64:30
[INFO] [stdout]    |
[INFO] [stdout] 64 |         Some(&NaiveDateTime::from_timestamp(end + 3600, 0)),
[INFO] [stdout]    |                              ^^^^^^^^^^^^^^
[INFO] [stdout] 
[INFO] [stdout] 
[INFO] [stdout] warning: use of deprecated associated function `chrono::NaiveDateTime::from_timestamp`: use `from_timestamp_opt()` instead
[INFO] [stdout]   --> tests/commands/log/project.rs:94:25
[INFO] [stdout]    |
[INFO] [stdout] 94 |         &NaiveDateTime::from_timestamp(start, 0),
[INFO] [stdout]    |                         ^^^^^^^^^^^^^^
[INFO] [stdout] 
[INFO] [stdout] 
[INFO] [stdout] warning: use of deprecated associated function `chrono::NaiveDateTime::from_timestamp`: use `from_timestamp_opt()` instead
[INFO] [stdout]   --> tests/commands/log/project.rs:95:30
[INFO] [stdout]    |
[INFO] [stdout] 95 |         Some(&NaiveDateTime::from_timestamp(end, 0)),
[INFO] [stdout]    |                              ^^^^^^^^^^^^^^
[INFO] [stdout] 
[INFO] [stdout] 
[INFO] [stdout] warning: use of deprecated associated function `chrono::NaiveDateTime::from_timestamp`: use `from_timestamp_opt()` instead
[INFO] [stdout]    --> tests/commands/log/project.rs:101:25
[INFO] [stdout]     |
[INFO] [stdout] 101 |         &NaiveDateTime::from_timestamp(start + 3600, 0),
[INFO] [stdout]     |                         ^^^^^^^^^^^^^^
[INFO] [stdout] 
[INFO] [stdout] 
[INFO] [stdout] warning: use of deprecated associated function `chrono::NaiveDateTime::from_timestamp`: use `from_timestamp_opt()` instead
[INFO] [stdout]    --> tests/commands/log/project.rs:102:30
[INFO] [stdout]     |
[INFO] [stdout] 102 |         Some(&NaiveDateTime::from_timestamp(end + 3600, 0)),
[INFO] [stdout]     |                              ^^^^^^^^^^^^^^
[INFO] [stdout] 
[INFO] [stdout] 
[INFO] [stdout] warning: use of deprecated associated function `chrono::NaiveDateTime::from_timestamp`: use `from_timestamp_opt()` instead
[INFO] [stdout]    --> tests/commands/log/project.rs:130:25
[INFO] [stdout]     |
[INFO] [stdout] 130 |         &NaiveDateTime::from_timestamp(start, 0),
[INFO] [stdout]     |                         ^^^^^^^^^^^^^^
[INFO] [stdout] 
[INFO] [stdout] 
[INFO] [stdout] warning: use of deprecated associated function `chrono::NaiveDateTime::from_timestamp`: use `from_timestamp_opt()` instead
[INFO] [stdout]    --> tests/commands/log/project.rs:131:30
[INFO] [stdout]     |
[INFO] [stdout] 131 |         Some(&NaiveDateTime::from_timestamp(end, 0)),
[INFO] [stdout]     |                              ^^^^^^^^^^^^^^
[INFO] [stdout] 
[INFO] [stdout] 
[INFO] [stdout] warning: use of deprecated associated function `chrono::NaiveDateTime::from_timestamp`: use `from_timestamp_opt()` instead
[INFO] [stdout]    --> tests/commands/log/project.rs:137:25
[INFO] [stdout]     |
[INFO] [stdout] 137 |         &NaiveDateTime::from_timestamp(start + 3600, 0),
[INFO] [stdout]     |                         ^^^^^^^^^^^^^^
[INFO] [stdout] 
[INFO] [stdout] 
[INFO] [stdout] warning: use of deprecated associated function `chrono::NaiveDateTime::from_timestamp`: use `from_timestamp_opt()` instead
[INFO] [stdout]    --> tests/commands/log/project.rs:138:30
[INFO] [stdout]     |
[INFO] [stdout] 138 |         Some(&NaiveDateTime::from_timestamp(end + 3600, 0)),
[INFO] [stdout]     |                              ^^^^^^^^^^^^^^
[INFO] [stdout] 
[INFO] [stdout] 
[INFO] [stdout] warning: use of deprecated associated function `chrono::NaiveDateTime::from_timestamp`: use `from_timestamp_opt()` instead
[INFO] [stdout]   --> tests/commands/log/tags.rs:20:25
[INFO] [stdout]    |
[INFO] [stdout] 20 |         &NaiveDateTime::from_timestamp(start, 0),
[INFO] [stdout]    |                         ^^^^^^^^^^^^^^
[INFO] [stdout] 
[INFO] [stdout] 
[INFO] [stdout] warning: use of deprecated associated function `chrono::NaiveDateTime::from_timestamp`: use `from_timestamp_opt()` instead
[INFO] [stdout]   --> tests/commands/log/tags.rs:21:30
[INFO] [stdout]    |
[INFO] [stdout] 21 |         Some(&NaiveDateTime::from_timestamp(end, 0)),
[INFO] [stdout]    |                              ^^^^^^^^^^^^^^
[INFO] [stdout] 
[INFO] [stdout] 
[INFO] [stdout] warning: use of deprecated associated function `chrono::NaiveDateTime::from_timestamp`: use `from_timestamp_opt()` instead
[INFO] [stdout]   --> tests/commands/log/tags.rs:27:25
[INFO] [stdout]    |
[INFO] [stdout] 27 |         &NaiveDateTime::from_timestamp(start + 3600, 0),
[INFO] [stdout]    |                         ^^^^^^^^^^^^^^
[INFO] [stdout] 
[INFO] [stdout] 
[INFO] [stdout] warning: use of deprecated associated function `chrono::NaiveDateTime::from_timestamp`: use `from_timestamp_opt()` instead
[INFO] [stdout]   --> tests/commands/log/tags.rs:28:30
[INFO] [stdout]    |
[INFO] [stdout] 28 |         Some(&NaiveDateTime::from_timestamp(end + 3600, 0)),
[INFO] [stdout]    |                              ^^^^^^^^^^^^^^
[INFO] [stdout] 
[INFO] [stdout] 
[INFO] [stdout] warning: unused import: `chrono::NaiveDateTime`
[INFO] [stdout]  --> src/commands/edit.rs:5:5
[INFO] [stdout]   |
[INFO] [stdout] 5 | use chrono::NaiveDateTime;
[INFO] [stdout]   |     ^^^^^^^^^^^^^^^^^^^^^
[INFO] [stdout]   |
[INFO] [stdout]   = note: `#[warn(unused_imports)]` on by default
[INFO] [stdout] 
[INFO] [stdout] 
[INFO] [stdout] warning: unused import: `colored::Colorize`
[INFO] [stdout]  --> src/commands/edit.rs:6:5
[INFO] [stdout]   |
[INFO] [stdout] 6 | use colored::Colorize;
[INFO] [stdout]   |     ^^^^^^^^^^^^^^^^^
[INFO] [stdout] 
[INFO] [stdout] 
[INFO] [stdout] warning: unused import: `aze::service::frame::frame_collides`
[INFO] [stdout]   --> src/commands/edit.rs:13:5
[INFO] [stdout]    |
[INFO] [stdout] 13 | use aze::service::frame::frame_collides;
[INFO] [stdout]    |     ^^^^^^^^^^^^^^^^^^^^^^^^^^^^^^^^^^^
[INFO] [stdout] 
[INFO] [stdout] 
[INFO] [stdout] warning: unused import: `project::find_all`
[INFO] [stdout]  --> src/commands/remove.rs:5:20
[INFO] [stdout]   |
[INFO] [stdout] 5 | use aze::service::{project::find_all, frame::find_frame};
[INFO] [stdout]   |                    ^^^^^^^^^^^^^^^^^
[INFO] [stdout] 
[INFO] [stdout] 
[INFO] [stdout] warning: use of deprecated associated function `chrono::NaiveDateTime::from_timestamp`: use `from_timestamp_opt()` instead
[INFO] [stdout]   --> tests/commands/log/tags.rs:55:25
[INFO] [stdout]    |
[INFO] [stdout] 55 |         &NaiveDateTime::from_timestamp(start, 0),
[INFO] [stdout]    |                         ^^^^^^^^^^^^^^
[INFO] [stdout] 
[INFO] [stdout] 
[INFO] [stdout] warning: use of deprecated associated function `chrono::NaiveDateTime::from_timestamp`: use `from_timestamp_opt()` instead
[INFO] [stdout]   --> tests/commands/log/tags.rs:56:30
[INFO] [stdout]    |
[INFO] [stdout] 56 |         Some(&NaiveDateTime::from_timestamp(end, 0)),
[INFO] [stdout]    |                              ^^^^^^^^^^^^^^
[INFO] [stdout] 
[INFO] [stdout] 
[INFO] [stdout] warning: use of deprecated associated function `chrono::NaiveDateTime::from_timestamp`: use `from_timestamp_opt()` instead
[INFO] [stdout]   --> tests/commands/log/tags.rs:62:25
[INFO] [stdout]    |
[INFO] [stdout] 62 |         &NaiveDateTime::from_timestamp(start + 3600, 0),
[INFO] [stdout]    |                         ^^^^^^^^^^^^^^
[INFO] [stdout] 
[INFO] [stdout] 
[INFO] [stdout] warning: use of deprecated associated function `chrono::NaiveDateTime::from_timestamp`: use `from_timestamp_opt()` instead
[INFO] [stdout]   --> tests/commands/log/tags.rs:63:30
[INFO] [stdout]    |
[INFO] [stdout] 63 |         Some(&NaiveDateTime::from_timestamp(end + 3600, 0)),
[INFO] [stdout]    |                              ^^^^^^^^^^^^^^
[INFO] [stdout] 
[INFO] [stdout] 
[INFO] [stdout] warning: use of deprecated associated function `chrono::NaiveDateTime::from_timestamp`: use `from_timestamp_opt()` instead
[INFO] [stdout]   --> tests/commands/log/tags.rs:93:25
[INFO] [stdout]    |
[INFO] [stdout] 93 |         &NaiveDateTime::from_timestamp(start, 0),
[INFO] [stdout]    |                         ^^^^^^^^^^^^^^
[INFO] [stdout] 
[INFO] [stdout] 
[INFO] [stdout] warning: use of deprecated associated function `chrono::NaiveDateTime::from_timestamp`: use `from_timestamp_opt()` instead
[INFO] [stdout]   --> tests/commands/log/tags.rs:94:30
[INFO] [stdout]    |
[INFO] [stdout] 94 |         Some(&NaiveDateTime::from_timestamp(end, 0)),
[INFO] [stdout]    |                              ^^^^^^^^^^^^^^
[INFO] [stdout] 
[INFO] [stdout] 
[INFO] [stdout] warning: use of deprecated associated function `chrono::NaiveDateTime::from_timestamp`: use `from_timestamp_opt()` instead
[INFO] [stdout]    --> tests/commands/log/tags.rs:100:25
[INFO] [stdout]     |
[INFO] [stdout] 100 |         &NaiveDateTime::from_timestamp(start + 3600, 0),
[INFO] [stdout]     |                         ^^^^^^^^^^^^^^
[INFO] [stdout] 
[INFO] [stdout] 
[INFO] [stdout] warning: use of deprecated associated function `chrono::NaiveDateTime::from_timestamp`: use `from_timestamp_opt()` instead
[INFO] [stdout]    --> tests/commands/log/tags.rs:101:30
[INFO] [stdout]     |
[INFO] [stdout] 101 |         Some(&NaiveDateTime::from_timestamp(end + 3600, 0)),
[INFO] [stdout]     |                              ^^^^^^^^^^^^^^
[INFO] [stdout] 
[INFO] [stdout] 
[INFO] [stdout] warning: use of deprecated associated function `chrono::NaiveDateTime::from_timestamp`: use `from_timestamp_opt()` instead
[INFO] [stdout]    --> tests/commands/log/tags.rs:129:25
[INFO] [stdout]     |
[INFO] [stdout] 129 |         &NaiveDateTime::from_timestamp(start, 0),
[INFO] [stdout]     |                         ^^^^^^^^^^^^^^
[INFO] [stdout] 
[INFO] [stdout] 
[INFO] [stdout] warning: use of deprecated associated function `chrono::NaiveDateTime::from_timestamp`: use `from_timestamp_opt()` instead
[INFO] [stdout]    --> tests/commands/log/tags.rs:130:30
[INFO] [stdout]     |
[INFO] [stdout] 130 |         Some(&NaiveDateTime::from_timestamp(end, 0)),
[INFO] [stdout]     |                              ^^^^^^^^^^^^^^
[INFO] [stdout] 
[INFO] [stdout] 
[INFO] [stdout] warning: use of deprecated associated function `chrono::NaiveDateTime::from_timestamp`: use `from_timestamp_opt()` instead
[INFO] [stdout]    --> tests/commands/log/tags.rs:136:25
[INFO] [stdout]     |
[INFO] [stdout] 136 |         &NaiveDateTime::from_timestamp(start + 3600, 0),
[INFO] [stdout]     |                         ^^^^^^^^^^^^^^
[INFO] [stdout] 
[INFO] [stdout] 
[INFO] [stdout] warning: use of deprecated associated function `chrono::NaiveDateTime::from_timestamp`: use `from_timestamp_opt()` instead
[INFO] [stdout]    --> tests/commands/log/tags.rs:137:30
[INFO] [stdout]     |
[INFO] [stdout] 137 |         Some(&NaiveDateTime::from_timestamp(end + 3600, 0)),
[INFO] [stdout]     |                              ^^^^^^^^^^^^^^
[INFO] [stdout] 
[INFO] [stdout] 
[INFO] [stdout] warning: use of deprecated associated function `chrono::NaiveDateTime::from_timestamp`: use `from_timestamp_opt()` instead
[INFO] [stdout]    --> tests/commands/log/tags.rs:186:25
[INFO] [stdout]     |
[INFO] [stdout] 186 |         &NaiveDateTime::from_timestamp(start, 0),
[INFO] [stdout]     |                         ^^^^^^^^^^^^^^
[INFO] [stdout] 
[INFO] [stdout] 
[INFO] [stdout] warning: use of deprecated associated function `chrono::NaiveDateTime::from_timestamp`: use `from_timestamp_opt()` instead
[INFO] [stdout]    --> tests/commands/log/tags.rs:187:30
[INFO] [stdout]     |
[INFO] [stdout] 187 |         Some(&NaiveDateTime::from_timestamp(end, 0)),
[INFO] [stdout]     |                              ^^^^^^^^^^^^^^
[INFO] [stdout] 
[INFO] [stdout] 
[INFO] [stdout] warning: use of deprecated associated function `chrono::NaiveDateTime::from_timestamp`: use `from_timestamp_opt()` instead
[INFO] [stdout]    --> tests/commands/log/tags.rs:193:25
[INFO] [stdout]     |
[INFO] [stdout] 193 |         &NaiveDateTime::from_timestamp(start + 3600, 0),
[INFO] [stdout]     |                         ^^^^^^^^^^^^^^
[INFO] [stdout] 
[INFO] [stdout] 
[INFO] [stdout] warning: use of deprecated associated function `chrono::NaiveDateTime::from_timestamp`: use `from_timestamp_opt()` instead
[INFO] [stdout]    --> tests/commands/log/tags.rs:194:30
[INFO] [stdout]     |
[INFO] [stdout] 194 |         Some(&NaiveDateTime::from_timestamp(end + 3600, 0)),
[INFO] [stdout]     |                              ^^^^^^^^^^^^^^
[INFO] [stdout] 
[INFO] [stdout] 
[INFO] [stdout] warning: use of deprecated method `chrono::NaiveDate::pred`: use `pred_opt()` instead
[INFO] [stdout]   --> tests/commands/log/time_filter.rs:24:28
[INFO] [stdout]    |
[INFO] [stdout] 24 |     let today = NaiveDate::pred(&Local::today().naive_local());
[INFO] [stdout]    |                            ^^^^
[INFO] [stdout] 
[INFO] [stdout] 
[INFO] [stdout] warning: use of deprecated associated function `chrono::Local::today`: use `Local::now()` instead
[INFO] [stdout]   --> tests/commands/log/time_filter.rs:24:41
[INFO] [stdout]    |
[INFO] [stdout] 24 |     let today = NaiveDate::pred(&Local::today().naive_local());
[INFO] [stdout]    |                                         ^^^^^
[INFO] [stdout] 
[INFO] [stdout] 
[INFO] [stdout] warning: use of deprecated method `chrono::NaiveDate::pred`: use `pred_opt()` instead
[INFO] [stdout]   --> tests/commands/log/time_filter.rs:44:28
[INFO] [stdout]    |
[INFO] [stdout] 44 |     let today = NaiveDate::pred(&Local::today().naive_local());
[INFO] [stdout]    |                            ^^^^
[INFO] [stdout] 
[INFO] [stdout] 
[INFO] [stdout] warning: use of deprecated associated function `chrono::Local::today`: use `Local::now()` instead
[INFO] [stdout]   --> tests/commands/log/time_filter.rs:44:41
[INFO] [stdout]    |
[INFO] [stdout] 44 |     let today = NaiveDate::pred(&Local::today().naive_local());
[INFO] [stdout]    |                                         ^^^^^
[INFO] [stdout] 
[INFO] [stdout] 
[INFO] [stdout] warning: use of deprecated method `chrono::NaiveDate::succ`: use `succ_opt()` instead
[INFO] [stdout]   --> tests/commands/log/time_filter.rs:64:41
[INFO] [stdout]    |
[INFO] [stdout] 64 |     let day_after_tomorrow = NaiveDate::succ(&Local::today().naive_local()).succ();
[INFO] [stdout]    |                                         ^^^^
[INFO] [stdout] 
[INFO] [stdout] 
[INFO] [stdout] warning: use of deprecated associated function `chrono::Local::today`: use `Local::now()` instead
[INFO] [stdout]   --> tests/commands/log/time_filter.rs:64:54
[INFO] [stdout]    |
[INFO] [stdout] 64 |     let day_after_tomorrow = NaiveDate::succ(&Local::today().naive_local()).succ();
[INFO] [stdout]    |                                                      ^^^^^
[INFO] [stdout] 
[INFO] [stdout] 
[INFO] [stdout] warning: use of deprecated method `chrono::NaiveDate::succ`: use `succ_opt()` instead
[INFO] [stdout]   --> tests/commands/log/time_filter.rs:64:77
[INFO] [stdout]    |
[INFO] [stdout] 64 |     let day_after_tomorrow = NaiveDate::succ(&Local::today().naive_local()).succ();
[INFO] [stdout]    |                                                                             ^^^^
[INFO] [stdout] 
[INFO] [stdout] 
[INFO] [stdout] warning: use of deprecated associated function `chrono::NaiveDateTime::from_timestamp`: use `from_timestamp_opt()` instead
[INFO] [stdout]   --> tests/commands/log/time_filter.rs:94:25
[INFO] [stdout]    |
[INFO] [stdout] 94 |         &NaiveDateTime::from_timestamp(start, 0),
[INFO] [stdout]    |                         ^^^^^^^^^^^^^^
[INFO] [stdout] 
[INFO] [stdout] 
[INFO] [stdout] warning: use of deprecated associated function `chrono::NaiveDateTime::from_timestamp`: use `from_timestamp_opt()` instead
[INFO] [stdout]   --> tests/commands/log/time_filter.rs:95:30
[INFO] [stdout]    |
[INFO] [stdout] 95 |         Some(&NaiveDateTime::from_timestamp(end, 0)),
[INFO] [stdout]    |                              ^^^^^^^^^^^^^^
[INFO] [stdout] 
[INFO] [stdout] 
[INFO] [stdout] warning: use of deprecated associated function `chrono::NaiveDate::from_ymd`: use `from_ymd_opt()` instead
[INFO] [stdout]    --> tests/commands/log/time_filter.rs:113:28
[INFO] [stdout]     |
[INFO] [stdout] 113 |     let start = NaiveDate::from_ymd(2000, 1, 1).and_hms(12, 0, 0);
[INFO] [stdout]     |                            ^^^^^^^^
[INFO] [stdout] 
[INFO] [stdout] 
[INFO] [stdout] warning: use of deprecated method `chrono::NaiveDate::and_hms`: use `and_hms_opt()` instead
[INFO] [stdout]    --> tests/commands/log/time_filter.rs:113:49
[INFO] [stdout]     |
[INFO] [stdout] 113 |     let start = NaiveDate::from_ymd(2000, 1, 1).and_hms(12, 0, 0);
[INFO] [stdout]     |                                                 ^^^^^^^
[INFO] [stdout] 
[INFO] [stdout] 
[INFO] [stdout] warning: use of deprecated associated function `chrono::NaiveDate::from_ymd`: use `from_ymd_opt()` instead
[INFO] [stdout]    --> tests/commands/log/time_filter.rs:114:26
[INFO] [stdout]     |
[INFO] [stdout] 114 |     let end = NaiveDate::from_ymd(2000, 1, 1).and_hms(13, 0, 0);
[INFO] [stdout]     |                          ^^^^^^^^
[INFO] [stdout] 
[INFO] [stdout] 
[INFO] [stdout] warning: use of deprecated method `chrono::NaiveDate::and_hms`: use `and_hms_opt()` instead
[INFO] [stdout]    --> tests/commands/log/time_filter.rs:114:47
[INFO] [stdout]     |
[INFO] [stdout] 114 |     let end = NaiveDate::from_ymd(2000, 1, 1).and_hms(13, 0, 0);
[INFO] [stdout]     |                                               ^^^^^^^
[INFO] [stdout] 
[INFO] [stdout] 
[INFO] [stdout] warning: use of deprecated associated function `chrono::NaiveDate::from_ymd`: use `from_ymd_opt()` instead
[INFO] [stdout]    --> tests/commands/log/time_filter.rs:133:28
[INFO] [stdout]     |
[INFO] [stdout] 133 |     let start = NaiveDate::from_ymd(2000, 1, 1).and_hms(12, 0, 0);
[INFO] [stdout]     |                            ^^^^^^^^
[INFO] [stdout] 
[INFO] [stdout] 
[INFO] [stdout] warning: unused import: `chrono::NaiveDateTime`
[INFO] [stdout]  --> src/commands/edit.rs:5:5
[INFO] [stdout]   |
[INFO] [stdout] 5 | use chrono::NaiveDateTime;
[INFO] [stdout]   |     ^^^^^^^^^^^^^^^^^^^^^
[INFO] [stdout]   |
[INFO] [stdout]   = note: `#[warn(unused_imports)]` on by default
[INFO] [stdout] 
[INFO] [stdout] 
[INFO] [stdout] warning: use of deprecated method `chrono::NaiveDate::and_hms`: use `and_hms_opt()` instead
[INFO] [stdout]    --> tests/commands/log/time_filter.rs:133:49
[INFO] [stdout]     |
[INFO] [stdout] 133 |     let start = NaiveDate::from_ymd(2000, 1, 1).and_hms(12, 0, 0);
[INFO] [stdout]     |                                                 ^^^^^^^
[INFO] [stdout] 
[INFO] [stdout] 
[INFO] [stdout] warning: use of deprecated associated function `chrono::NaiveDate::from_ymd`: use `from_ymd_opt()` instead
[INFO] [stdout]    --> tests/commands/log/time_filter.rs:134:26
[INFO] [stdout]     |
[INFO] [stdout] 134 |     let end = NaiveDate::from_ymd(2000, 1, 1).and_hms(13, 0, 0);
[INFO] [stdout]     |                          ^^^^^^^^
[INFO] [stdout] 
[INFO] [stdout] 
[INFO] [stdout] warning: use of deprecated method `chrono::NaiveDate::and_hms`: use `and_hms_opt()` instead
[INFO] [stdout]    --> tests/commands/log/time_filter.rs:134:47
[INFO] [stdout]     |
[INFO] [stdout] 134 |     let end = NaiveDate::from_ymd(2000, 1, 1).and_hms(13, 0, 0);
[INFO] [stdout]     |                                               ^^^^^^^
[INFO] [stdout] 
[INFO] [stdout] 
[INFO] [stdout] warning: use of deprecated associated function `chrono::NaiveDate::from_ymd`: use `from_ymd_opt()` instead
[INFO] [stdout]    --> tests/commands/log/time_filter.rs:155:28
[INFO] [stdout]     |
[INFO] [stdout] 155 |     let start = NaiveDate::from_ymd(2000, 1, 1).and_hms(12, 0, 0);
[INFO] [stdout]     |                            ^^^^^^^^
[INFO] [stdout] 
[INFO] [stdout] 
[INFO] [stdout] warning: use of deprecated method `chrono::NaiveDate::and_hms`: use `and_hms_opt()` instead
[INFO] [stdout]    --> tests/commands/log/time_filter.rs:155:49
[INFO] [stdout]     |
[INFO] [stdout] 155 |     let start = NaiveDate::from_ymd(2000, 1, 1).and_hms(12, 0, 0);
[INFO] [stdout]     |                                                 ^^^^^^^
[INFO] [stdout] 
[INFO] [stdout] 
[INFO] [stdout] warning: use of deprecated associated function `chrono::NaiveDate::from_ymd`: use `from_ymd_opt()` instead
[INFO] [stdout]    --> tests/commands/log/time_filter.rs:156:26
[INFO] [stdout]     |
[INFO] [stdout] 156 |     let end = NaiveDate::from_ymd(2000, 1, 1).and_hms(13, 0, 0);
[INFO] [stdout]     |                          ^^^^^^^^
[INFO] [stdout] 
[INFO] [stdout] 
[INFO] [stdout] warning: use of deprecated method `chrono::NaiveDate::and_hms`: use `and_hms_opt()` instead
[INFO] [stdout]    --> tests/commands/log/time_filter.rs:156:47
[INFO] [stdout]     |
[INFO] [stdout] 156 |     let end = NaiveDate::from_ymd(2000, 1, 1).and_hms(13, 0, 0);
[INFO] [stdout]     |                                               ^^^^^^^
[INFO] [stdout] 
[INFO] [stdout] 
[INFO] [stdout] warning: use of deprecated associated function `chrono::NaiveDate::from_ymd`: use `from_ymd_opt()` instead
[INFO] [stdout]    --> tests/commands/log/time_filter.rs:179:28
[INFO] [stdout]     |
[INFO] [stdout] 179 |     let start = NaiveDate::from_ymd(2000, 1, 1).and_hms(12, 0, 0);
[INFO] [stdout]     |                            ^^^^^^^^
[INFO] [stdout] 
[INFO] [stdout] 
[INFO] [stdout] warning: use of deprecated method `chrono::NaiveDate::and_hms`: use `and_hms_opt()` instead
[INFO] [stdout]    --> tests/commands/log/time_filter.rs:179:49
[INFO] [stdout]     |
[INFO] [stdout] 179 |     let start = NaiveDate::from_ymd(2000, 1, 1).and_hms(12, 0, 0);
[INFO] [stdout]     |                                                 ^^^^^^^
[INFO] [stdout] 
[INFO] [stdout] 
[INFO] [stdout] warning: use of deprecated associated function `chrono::NaiveDate::from_ymd`: use `from_ymd_opt()` instead
[INFO] [stdout]    --> tests/commands/log/time_filter.rs:180:26
[INFO] [stdout]     |
[INFO] [stdout] 180 |     let end = NaiveDate::from_ymd(2000, 1, 1).and_hms(13, 0, 0);
[INFO] [stdout]     |                          ^^^^^^^^
[INFO] [stdout] 
[INFO] [stdout] 
[INFO] [stdout] warning: use of deprecated method `chrono::NaiveDate::and_hms`: use `and_hms_opt()` instead
[INFO] [stdout]    --> tests/commands/log/time_filter.rs:180:47
[INFO] [stdout]     |
[INFO] [stdout] 180 |     let end = NaiveDate::from_ymd(2000, 1, 1).and_hms(13, 0, 0);
[INFO] [stdout]     |                                               ^^^^^^^
[INFO] [stdout] 
[INFO] [stdout] 
[INFO] [stdout] warning: use of deprecated associated function `chrono::NaiveDateTime::from_timestamp`: use `from_timestamp_opt()` instead
[INFO] [stdout]   --> tests/commands/log/mod.rs:37:35
[INFO] [stdout]    |
[INFO] [stdout] 37 |     let dt_start = NaiveDateTime::from_timestamp(start, 0);
[INFO] [stdout]    |                                   ^^^^^^^^^^^^^^
[INFO] [stdout] 
[INFO] [stdout] 
[INFO] [stdout] warning: use of deprecated associated function `chrono::NaiveDateTime::from_timestamp`: use `from_timestamp_opt()` instead
[INFO] [stdout]   --> tests/commands/log/mod.rs:38:33
[INFO] [stdout]    |
[INFO] [stdout] 38 |     let dt_end = NaiveDateTime::from_timestamp(end, 0);
[INFO] [stdout]    |                                 ^^^^^^^^^^^^^^
[INFO] [stdout] 
[INFO] [stdout] 
[INFO] [stdout] warning: use of deprecated associated function `chrono::NaiveDateTime::from_timestamp`: use `from_timestamp_opt()` instead
[INFO] [stdout]   --> tests/commands/log/mod.rs:60:35
[INFO] [stdout]    |
[INFO] [stdout] 60 |     let dt_start = NaiveDateTime::from_timestamp(start, 0);
[INFO] [stdout]    |                                   ^^^^^^^^^^^^^^
[INFO] [stdout] 
[INFO] [stdout] 
[INFO] [stdout] warning: use of deprecated associated function `chrono::NaiveDateTime::from_timestamp`: use `from_timestamp_opt()` instead
[INFO] [stdout]   --> tests/commands/log/mod.rs:61:33
[INFO] [stdout]    |
[INFO] [stdout] 61 |     let dt_end = NaiveDateTime::from_timestamp(end, 0);
[INFO] [stdout]    |                                 ^^^^^^^^^^^^^^
[INFO] [stdout] 
[INFO] [stdout] 
[INFO] [stdout] warning: use of deprecated associated function `chrono::NaiveDateTime::from_timestamp`: use `from_timestamp_opt()` instead
[INFO] [stdout]   --> tests/commands/log/mod.rs:83:25
[INFO] [stdout]    |
[INFO] [stdout] 83 |         &NaiveDateTime::from_timestamp(start, 0),
[INFO] [stdout]    |                         ^^^^^^^^^^^^^^
[INFO] [stdout] 
[INFO] [stdout] 
[INFO] [stdout] warning: use of deprecated associated function `chrono::NaiveDateTime::from_timestamp`: use `from_timestamp_opt()` instead
[INFO] [stdout]   --> tests/commands/log/mod.rs:84:30
[INFO] [stdout]    |
[INFO] [stdout] 84 |         Some(&NaiveDateTime::from_timestamp(end, 0)),
[INFO] [stdout]    |                              ^^^^^^^^^^^^^^
[INFO] [stdout] 
[INFO] [stdout] 
[INFO] [stdout] warning: use of deprecated associated function `chrono::NaiveDateTime::from_timestamp`: use `from_timestamp_opt()` instead
[INFO] [stdout]   --> tests/commands/log/mod.rs:90:25
[INFO] [stdout]    |
[INFO] [stdout] 90 |         &NaiveDateTime::from_timestamp(start + 3600, 0),
[INFO] [stdout]    |                         ^^^^^^^^^^^^^^
[INFO] [stdout] 
[INFO] [stdout] 
[INFO] [stdout] warning: use of deprecated associated function `chrono::NaiveDateTime::from_timestamp`: use `from_timestamp_opt()` instead
[INFO] [stdout]   --> tests/commands/log/mod.rs:91:30
[INFO] [stdout]    |
[INFO] [stdout] 91 |         Some(&NaiveDateTime::from_timestamp(end + 3600, 0)),
[INFO] [stdout]    |                              ^^^^^^^^^^^^^^
[INFO] [stdout] 
[INFO] [stdout] 
[INFO] [stdout] warning: use of deprecated associated function `chrono::NaiveDateTime::from_timestamp`: use `from_timestamp_opt()` instead
[INFO] [stdout]    --> tests/commands/log/mod.rs:115:25
[INFO] [stdout]     |
[INFO] [stdout] 115 |         &NaiveDateTime::from_timestamp(start, 0),
[INFO] [stdout]     |                         ^^^^^^^^^^^^^^
[INFO] [stdout] 
[INFO] [stdout] 
[INFO] [stdout] warning: use of deprecated associated function `chrono::NaiveDateTime::from_timestamp`: use `from_timestamp_opt()` instead
[INFO] [stdout]    --> tests/commands/log/mod.rs:137:25
[INFO] [stdout]     |
[INFO] [stdout] 137 |         &NaiveDateTime::from_timestamp(start, 0),
[INFO] [stdout]     |                         ^^^^^^^^^^^^^^
[INFO] [stdout] 
[INFO] [stdout] 
[INFO] [stdout] warning: use of deprecated associated function `chrono::NaiveDateTime::from_timestamp`: use `from_timestamp_opt()` instead
[INFO] [stdout]    --> tests/commands/log/mod.rs:162:25
[INFO] [stdout]     |
[INFO] [stdout] 162 |         &NaiveDateTime::from_timestamp(start, 0),
[INFO] [stdout]     |                         ^^^^^^^^^^^^^^
[INFO] [stdout] 
[INFO] [stdout] 
[INFO] [stdout] warning: use of deprecated associated function `chrono::NaiveDateTime::from_timestamp`: use `from_timestamp_opt()` instead
[INFO] [stdout]    --> tests/commands/log/mod.rs:163:30
[INFO] [stdout]     |
[INFO] [stdout] 163 |         Some(&NaiveDateTime::from_timestamp(end, 0)),
[INFO] [stdout]     |                              ^^^^^^^^^^^^^^
[INFO] [stdout] 
[INFO] [stdout] 
[INFO] [stdout] warning: use of deprecated associated function `chrono::NaiveDateTime::from_timestamp`: use `from_timestamp_opt()` instead
[INFO] [stdout]    --> tests/commands/log/mod.rs:169:25
[INFO] [stdout]     |
[INFO] [stdout] 169 |         &NaiveDateTime::from_timestamp(start + 3600, 0),
[INFO] [stdout]     |                         ^^^^^^^^^^^^^^
[INFO] [stdout] 
[INFO] [stdout] 
[INFO] [stdout] warning: use of deprecated associated function `chrono::NaiveDateTime::from_timestamp`: use `from_timestamp_opt()` instead
[INFO] [stdout]    --> tests/commands/log/mod.rs:170:30
[INFO] [stdout]     |
[INFO] [stdout] 170 |         Some(&NaiveDateTime::from_timestamp(end + 3600, 0)),
[INFO] [stdout]     |                              ^^^^^^^^^^^^^^
[INFO] [stdout] 
[INFO] [stdout] 
[INFO] [stdout] warning: use of deprecated associated function `chrono::NaiveDateTime::from_timestamp`: use `from_timestamp_opt()` instead
[INFO] [stdout]    --> tests/commands/log/mod.rs:197:25
[INFO] [stdout]     |
[INFO] [stdout] 197 |         &NaiveDateTime::from_timestamp(start, 0),
[INFO] [stdout]     |                         ^^^^^^^^^^^^^^
[INFO] [stdout] 
[INFO] [stdout] 
[INFO] [stdout] warning: use of deprecated associated function `chrono::NaiveDateTime::from_timestamp`: use `from_timestamp_opt()` instead
[INFO] [stdout]    --> tests/commands/log/mod.rs:198:30
[INFO] [stdout]     |
[INFO] [stdout] 198 |         Some(&NaiveDateTime::from_timestamp(end, 0)),
[INFO] [stdout]     |                              ^^^^^^^^^^^^^^
[INFO] [stdout] 
[INFO] [stdout] 
[INFO] [stdout] warning: use of deprecated associated function `chrono::NaiveDateTime::from_timestamp`: use `from_timestamp_opt()` instead
[INFO] [stdout]    --> tests/commands/log/mod.rs:204:25
[INFO] [stdout]     |
[INFO] [stdout] 204 |         &NaiveDateTime::from_timestamp(start + 3600, 0),
[INFO] [stdout]     |                         ^^^^^^^^^^^^^^
[INFO] [stdout] 
[INFO] [stdout] 
[INFO] [stdout] warning: use of deprecated associated function `chrono::NaiveDateTime::from_timestamp`: use `from_timestamp_opt()` instead
[INFO] [stdout]    --> tests/commands/log/mod.rs:205:30
[INFO] [stdout]     |
[INFO] [stdout] 205 |         Some(&NaiveDateTime::from_timestamp(end + 3600, 0)),
[INFO] [stdout]     |                              ^^^^^^^^^^^^^^
[INFO] [stdout] 
[INFO] [stdout] 
[INFO] [stdout] warning: use of deprecated associated function `chrono::NaiveDate::from_ymd`: use `from_ymd_opt()` instead
[INFO] [stdout]   --> tests/commands/frames.rs:32:21
[INFO] [stdout]    |
[INFO] [stdout] 32 |         &NaiveDate::from_ymd(2016, 7, 8).and_hms(9, 10, 11),
[INFO] [stdout]    |                     ^^^^^^^^
[INFO] [stdout] 
[INFO] [stdout] 
[INFO] [stdout] warning: use of deprecated method `chrono::NaiveDate::and_hms`: use `and_hms_opt()` instead
[INFO] [stdout]   --> tests/commands/frames.rs:32:42
[INFO] [stdout]    |
[INFO] [stdout] 32 |         &NaiveDate::from_ymd(2016, 7, 8).and_hms(9, 10, 11),
[INFO] [stdout]    |                                          ^^^^^^^
[INFO] [stdout] 
[INFO] [stdout] 
[INFO] [stdout] warning: use of deprecated associated function `chrono::NaiveDate::from_ymd`: use `from_ymd_opt()` instead
[INFO] [stdout]   --> tests/commands/frames.rs:33:34
[INFO] [stdout]    |
[INFO] [stdout] 33 |         Option::from(&NaiveDate::from_ymd(2016, 7, 8).and_hms(10, 11, 12)),
[INFO] [stdout]    |                                  ^^^^^^^^
[INFO] [stdout] 
[INFO] [stdout] 
[INFO] [stdout] warning: use of deprecated method `chrono::NaiveDate::and_hms`: use `and_hms_opt()` instead
[INFO] [stdout]   --> tests/commands/frames.rs:33:55
[INFO] [stdout]    |
[INFO] [stdout] 33 |         Option::from(&NaiveDate::from_ymd(2016, 7, 8).and_hms(10, 11, 12)),
[INFO] [stdout]    |                                                       ^^^^^^^
[INFO] [stdout] 
[INFO] [stdout] 
[INFO] [stdout] warning: use of deprecated associated function `chrono::NaiveDate::from_ymd`: use `from_ymd_opt()` instead
[INFO] [stdout]   --> tests/commands/projects.rs:32:21
[INFO] [stdout]    |
[INFO] [stdout] 32 |         &NaiveDate::from_ymd(2016, 7, 8).and_hms(9, 10, 11),
[INFO] [stdout]    |                     ^^^^^^^^
[INFO] [stdout] 
[INFO] [stdout] 
[INFO] [stdout] warning: use of deprecated method `chrono::NaiveDate::and_hms`: use `and_hms_opt()` instead
[INFO] [stdout]   --> tests/commands/projects.rs:32:42
[INFO] [stdout]    |
[INFO] [stdout] 32 |         &NaiveDate::from_ymd(2016, 7, 8).and_hms(9, 10, 11),
[INFO] [stdout]    |                                          ^^^^^^^
[INFO] [stdout] 
[INFO] [stdout] 
[INFO] [stdout] warning: use of deprecated associated function `chrono::NaiveDate::from_ymd`: use `from_ymd_opt()` instead
[INFO] [stdout]   --> tests/commands/projects.rs:33:34
[INFO] [stdout]    |
[INFO] [stdout] 33 |         Option::from(&NaiveDate::from_ymd(2016, 7, 8).and_hms(10, 11, 12)),
[INFO] [stdout]    |                                  ^^^^^^^^
[INFO] [stdout] 
[INFO] [stdout] 
[INFO] [stdout] warning: use of deprecated method `chrono::NaiveDate::and_hms`: use `and_hms_opt()` instead
[INFO] [stdout]   --> tests/commands/projects.rs:33:55
[INFO] [stdout]    |
[INFO] [stdout] 33 |         Option::from(&NaiveDate::from_ymd(2016, 7, 8).and_hms(10, 11, 12)),
[INFO] [stdout]    |                                                       ^^^^^^^
[INFO] [stdout] 
[INFO] [stdout] 
[INFO] [stdout] warning: use of deprecated associated function `chrono::NaiveDate::from_ymd`: use `from_ymd_opt()` instead
[INFO] [stdout]   --> tests/commands/projects.rs:57:21
[INFO] [stdout]    |
[INFO] [stdout] 57 |         &NaiveDate::from_ymd(2016, 7, 8).and_hms(9, 10, 11),
[INFO] [stdout]    |                     ^^^^^^^^
[INFO] [stdout] 
[INFO] [stdout] 
[INFO] [stdout] warning: use of deprecated method `chrono::NaiveDate::and_hms`: use `and_hms_opt()` instead
[INFO] [stdout]   --> tests/commands/projects.rs:57:42
[INFO] [stdout]    |
[INFO] [stdout] 57 |         &NaiveDate::from_ymd(2016, 7, 8).and_hms(9, 10, 11),
[INFO] [stdout]    |                                          ^^^^^^^
[INFO] [stdout] 
[INFO] [stdout] 
[INFO] [stdout] warning: use of deprecated associated function `chrono::NaiveDate::from_ymd`: use `from_ymd_opt()` instead
[INFO] [stdout]   --> tests/commands/projects.rs:58:34
[INFO] [stdout]    |
[INFO] [stdout] 58 |         Option::from(&NaiveDate::from_ymd(2016, 7, 8).and_hms(10, 11, 12)),
[INFO] [stdout]    |                                  ^^^^^^^^
[INFO] [stdout] 
[INFO] [stdout] 
[INFO] [stdout] warning: use of deprecated method `chrono::NaiveDate::and_hms`: use `and_hms_opt()` instead
[INFO] [stdout]   --> tests/commands/projects.rs:58:55
[INFO] [stdout]    |
[INFO] [stdout] 58 |         Option::from(&NaiveDate::from_ymd(2016, 7, 8).and_hms(10, 11, 12)),
[INFO] [stdout]    |                                                       ^^^^^^^
[INFO] [stdout] 
[INFO] [stdout] 
[INFO] [stdout] warning: use of deprecated associated function `chrono::NaiveDate::from_ymd`: use `from_ymd_opt()` instead
[INFO] [stdout]   --> tests/commands/projects.rs:65:21
[INFO] [stdout]    |
[INFO] [stdout] 65 |         &NaiveDate::from_ymd(2018, 7, 8).and_hms(9, 10, 11),
[INFO] [stdout]    |                     ^^^^^^^^
[INFO] [stdout] 
[INFO] [stdout] 
[INFO] [stdout] warning: use of deprecated method `chrono::NaiveDate::and_hms`: use `and_hms_opt()` instead
[INFO] [stdout]   --> tests/commands/projects.rs:65:42
[INFO] [stdout]    |
[INFO] [stdout] 65 |         &NaiveDate::from_ymd(2018, 7, 8).and_hms(9, 10, 11),
[INFO] [stdout]    |                                          ^^^^^^^
[INFO] [stdout] 
[INFO] [stdout] 
[INFO] [stdout] warning: use of deprecated associated function `chrono::NaiveDate::from_ymd`: use `from_ymd_opt()` instead
[INFO] [stdout]   --> tests/commands/projects.rs:66:34
[INFO] [stdout]    |
[INFO] [stdout] 66 |         Option::from(&NaiveDate::from_ymd(2018, 7, 8).and_hms(10, 11, 12)),
[INFO] [stdout]    |                                  ^^^^^^^^
[INFO] [stdout] 
[INFO] [stdout] 
[INFO] [stdout] warning: use of deprecated method `chrono::NaiveDate::and_hms`: use `and_hms_opt()` instead
[INFO] [stdout]   --> tests/commands/projects.rs:66:55
[INFO] [stdout]    |
[INFO] [stdout] 66 |         Option::from(&NaiveDate::from_ymd(2018, 7, 8).and_hms(10, 11, 12)),
[INFO] [stdout]    |                                                       ^^^^^^^
[INFO] [stdout] 
[INFO] [stdout] 
[INFO] [stdout] warning: use of deprecated associated function `chrono::NaiveDate::from_ymd`: use `from_ymd_opt()` instead
[INFO] [stdout]   --> tests/commands/remove.rs:47:21
[INFO] [stdout]    |
[INFO] [stdout] 47 |         &NaiveDate::from_ymd(2016, 7, 8).and_hms(9, 10, 11),
[INFO] [stdout]    |                     ^^^^^^^^
[INFO] [stdout] 
[INFO] [stdout] 
[INFO] [stdout] warning: use of deprecated method `chrono::NaiveDate::and_hms`: use `and_hms_opt()` instead
[INFO] [stdout]   --> tests/commands/remove.rs:47:42
[INFO] [stdout]    |
[INFO] [stdout] 47 |         &NaiveDate::from_ymd(2016, 7, 8).and_hms(9, 10, 11),
[INFO] [stdout]    |                                          ^^^^^^^
[INFO] [stdout] 
[INFO] [stdout] 
[INFO] [stdout] warning: use of deprecated associated function `chrono::NaiveDate::from_ymd`: use `from_ymd_opt()` instead
[INFO] [stdout]   --> tests/commands/remove.rs:48:34
[INFO] [stdout]    |
[INFO] [stdout] 48 |         Option::from(&NaiveDate::from_ymd(2016, 7, 8).and_hms(10, 11, 12)),
[INFO] [stdout]    |                                  ^^^^^^^^
[INFO] [stdout] 
[INFO] [stdout] 
[INFO] [stdout] warning: unused import: `colored::Colorize`
[INFO] [stdout]  --> src/commands/edit.rs:6:5
[INFO] [stdout]   |
[INFO] [stdout] 6 | use colored::Colorize;
[INFO] [stdout]   |     ^^^^^^^^^^^^^^^^^
[INFO] [stdout] 
[INFO] [stdout] 
[INFO] [stdout] warning: unused import: `aze::service::frame::frame_collides`
[INFO] [stdout]   --> src/commands/edit.rs:13:5
[INFO] [stdout]    |
[INFO] [stdout] 13 | use aze::service::frame::frame_collides;
[INFO] [stdout]    |     ^^^^^^^^^^^^^^^^^^^^^^^^^^^^^^^^^^^
[INFO] [stdout] 
[INFO] [stdout] 
[INFO] [stdout] warning: unused import: `project::find_all`
[INFO] [stdout]  --> src/commands/remove.rs:5:20
[INFO] [stdout]   |
[INFO] [stdout] 5 | use aze::service::{project::find_all, frame::find_frame};
[INFO] [stdout]   |                    ^^^^^^^^^^^^^^^^^
[INFO] [stdout] 
[INFO] [stdout] 
[INFO] [stdout] warning: use of deprecated method `chrono::NaiveDate::and_hms`: use `and_hms_opt()` instead
[INFO] [stdout]   --> tests/commands/remove.rs:48:55
[INFO] [stdout]    |
[INFO] [stdout] 48 |         Option::from(&NaiveDate::from_ymd(2016, 7, 8).and_hms(10, 11, 12)),
[INFO] [stdout]    |                                                       ^^^^^^^
[INFO] [stdout] 
[INFO] [stdout] 
[INFO] [stdout] warning: use of deprecated method `chrono::NaiveDate::succ`: use `succ_opt()` instead
[INFO] [stdout]    --> src/commands/log.rs:198:35
[INFO] [stdout]     |
[INFO] [stdout] 198 |         let tomorrow = NaiveDate::succ(&Local::today().naive_local()).and_hms(23, 59, 59);
[INFO] [stdout]     |                                   ^^^^
[INFO] [stdout]     |
[INFO] [stdout]     = note: `#[warn(deprecated)]` on by default
[INFO] [stdout] 
[INFO] [stdout] 
[INFO] [stdout] warning: use of deprecated associated function `chrono::Local::today`: use `Local::now()` instead
[INFO] [stdout]    --> src/commands/log.rs:198:48
[INFO] [stdout]     |
[INFO] [stdout] 198 |         let tomorrow = NaiveDate::succ(&Local::today().naive_local()).and_hms(23, 59, 59);
[INFO] [stdout]     |                                                ^^^^^
[INFO] [stdout] 
[INFO] [stdout] 
[INFO] [stdout] warning: use of deprecated method `chrono::NaiveDate::and_hms`: use `and_hms_opt()` instead
[INFO] [stdout]    --> src/commands/log.rs:198:71
[INFO] [stdout]     |
[INFO] [stdout] 198 |         let tomorrow = NaiveDate::succ(&Local::today().naive_local()).and_hms(23, 59, 59);
[INFO] [stdout]     |                                                                       ^^^^^^^
[INFO] [stdout] 
[INFO] [stdout] 
[INFO] [stdout] warning: use of deprecated method `chrono::NaiveDate::succ`: use `succ_opt()` instead
[INFO] [stdout]    --> src/commands/log.rs:198:35
[INFO] [stdout]     |
[INFO] [stdout] 198 |         let tomorrow = NaiveDate::succ(&Local::today().naive_local()).and_hms(23, 59, 59);
[INFO] [stdout]     |                                   ^^^^
[INFO] [stdout]     |
[INFO] [stdout]     = note: `#[warn(deprecated)]` on by default
[INFO] [stdout] 
[INFO] [stdout] 
[INFO] [stdout] warning: use of deprecated associated function `chrono::Local::today`: use `Local::now()` instead
[INFO] [stdout]    --> src/commands/log.rs:198:48
[INFO] [stdout]     |
[INFO] [stdout] 198 |         let tomorrow = NaiveDate::succ(&Local::today().naive_local()).and_hms(23, 59, 59);
[INFO] [stdout]     |                                                ^^^^^
[INFO] [stdout] 
[INFO] [stdout] 
[INFO] [stdout] warning: use of deprecated method `chrono::NaiveDate::and_hms`: use `and_hms_opt()` instead
[INFO] [stdout]    --> src/commands/log.rs:198:71
[INFO] [stdout]     |
[INFO] [stdout] 198 |         let tomorrow = NaiveDate::succ(&Local::today().naive_local()).and_hms(23, 59, 59);
[INFO] [stdout]     |                                                                       ^^^^^^^
[INFO] [stdout] 
[INFO] [stdout] 
[INFO] [stdout] warning: unused variable: `output`
[INFO] [stdout]   --> src/commands/edit.rs:46:19
[INFO] [stdout]    |
[INFO] [stdout] 46 |     fn run(&self, output: super::Output) -> Result<()> {
[INFO] [stdout]    |                   ^^^^^^ help: if this is intentional, prefix it with an underscore: `_output`
[INFO] [stdout]    |
[INFO] [stdout]    = note: `#[warn(unused_variables)]` on by default
[INFO] [stdout] 
[INFO] [stdout] 
[INFO] [stdout] warning: unused variable: `output`
[INFO] [stdout]   --> src/commands/edit.rs:46:19
[INFO] [stdout]    |
[INFO] [stdout] 46 |     fn run(&self, output: super::Output) -> Result<()> {
[INFO] [stdout]    |                   ^^^^^^ help: if this is intentional, prefix it with an underscore: `_output`
[INFO] [stdout]    |
[INFO] [stdout]    = note: `#[warn(unused_variables)]` on by default
[INFO] [stdout] 
[INFO] [stdout] 
[INFO] [stdout] warning: unused `Result` that must be used
[INFO] [stdout]   --> src/commands/remove.rs:44:13
[INFO] [stdout]    |
[INFO] [stdout] 44 | /             write!(
[INFO] [stdout] 45 | |                 output.out,
[INFO] [stdout] 46 | |                 "You are about to remove frame {} from {}{}",
[INFO] [stdout] 47 | |                 frame.project.purple(),
[INFO] [stdout] ...  |
[INFO] [stdout] 53 | |                 }
[INFO] [stdout] 54 | |             );
[INFO] [stdout]    | |_____________^
[INFO] [stdout]    |
[INFO] [stdout]    = note: this `Result` may be an `Err` variant, which should be handled
[INFO] [stdout]    = note: `#[warn(unused_must_use)]` on by default
[INFO] [stdout]    = note: this warning originates in the macro `write` (in Nightly builds, run with -Z macro-backtrace for more info)
[INFO] [stdout] 
[INFO] [stdout] 
[INFO] [stdout] warning: unused `Result` that must be used
[INFO] [stdout]   --> src/commands/remove.rs:44:13
[INFO] [stdout]    |
[INFO] [stdout] 44 | /             write!(
[INFO] [stdout] 45 | |                 output.out,
[INFO] [stdout] 46 | |                 "You are about to remove frame {} from {}{}",
[INFO] [stdout] 47 | |                 frame.project.purple(),
[INFO] [stdout] ...  |
[INFO] [stdout] 53 | |                 }
[INFO] [stdout] 54 | |             );
[INFO] [stdout]    | |_____________^
[INFO] [stdout]    |
[INFO] [stdout]    = note: this `Result` may be an `Err` variant, which should be handled
[INFO] [stdout]    = note: `#[warn(unused_must_use)]` on by default
[INFO] [stdout]    = note: this warning originates in the macro `write` (in Nightly builds, run with -Z macro-backtrace for more info)
[INFO] [stdout] 
[INFO] [stdout] 
[INFO] [stdout] warning: 9 warnings emitted
[INFO] [stdout] 
[INFO] [stdout] 
[INFO] [stdout] warning: 9 warnings emitted
[INFO] [stdout] 
[INFO] [stdout] 
[INFO] [stdout] warning: 118 warnings emitted
[INFO] [stdout] 
[INFO] [stdout] 
[INFO] [stderr]     Finished test [unoptimized + debuginfo] target(s) in 35.92s
[INFO] running `Command { std: "docker" "inspect" "e4fa312231b1bdaf84b2c129ad619dc08b449ba50a1922f1c55e3b27e3598a6b", kill_on_drop: false }`
[INFO] running `Command { std: "docker" "rm" "-f" "e4fa312231b1bdaf84b2c129ad619dc08b449ba50a1922f1c55e3b27e3598a6b", kill_on_drop: false }`
[INFO] [stdout] e4fa312231b1bdaf84b2c129ad619dc08b449ba50a1922f1c55e3b27e3598a6b
[INFO] running `Command { std: "docker" "create" "-v" "/var/lib/crater-agent-workspace/builds/worker-7-tc1/target:/opt/rustwide/target:rw,Z" "-v" "/var/lib/crater-agent-workspace/builds/worker-7-tc1/source:/opt/rustwide/workdir:ro,Z" "-v" "/var/lib/crater-agent-workspace/cargo-home:/opt/rustwide/cargo-home:ro,Z" "-v" "/var/lib/crater-agent-workspace/rustup-home:/opt/rustwide/rustup-home:ro,Z" "-e" "SOURCE_DIR=/opt/rustwide/workdir" "-e" "CARGO_TARGET_DIR=/opt/rustwide/target" "-e" "CARGO_INCREMENTAL=0" "-e" "RUST_BACKTRACE=full" "-e" "RUSTFLAGS=--cap-lints=warn" "-e" "RUSTDOCFLAGS=--cap-lints=warn" "-e" "CARGO_HOME=/opt/rustwide/cargo-home" "-e" "RUSTUP_HOME=/opt/rustwide/rustup-home" "-w" "/opt/rustwide/workdir" "-m" "1610612736" "--user" "0:0" "--network" "none" "ghcr.io/rust-lang/crates-build-env/linux@sha256:5ff2268d62e97bff2cde7d5815dd6ed5b47097566f13b8d0ca110b04b60e07ed" "/opt/rustwide/cargo-home/bin/cargo" "+1.69.0" "test" "--frozen", kill_on_drop: false }`
[INFO] [stdout] 0d3be0aedee14ee811fd298c6a8e1cca7d70afcd3be9768f947a0bc4a2dca03e
[INFO] running `Command { std: "docker" "start" "-a" "0d3be0aedee14ee811fd298c6a8e1cca7d70afcd3be9768f947a0bc4a2dca03e", kill_on_drop: false }`
[INFO] [stderr] warning: use of deprecated method `chrono::DateTime::<Tz>::date`: Use `date_naive()` instead
[INFO] [stderr]   --> src/display/mod.rs:76:32
[INFO] [stderr]    |
[INFO] [stderr] 76 |             date: Local::now().date().naive_local(),
[INFO] [stderr]    |                                ^^^^
[INFO] [stderr]    |
[INFO] [stderr]    = note: `#[warn(deprecated)]` on by default
[INFO] [stderr] 
[INFO] [stderr] warning: use of deprecated associated function `chrono::NaiveDate::from_ymd`: use `from_ymd_opt()` instead
[INFO] [stderr]   --> src/display/mod.rs:86:47
[INFO] [stderr]    |
[INFO] [stderr] 86 |         let start: NaiveDateTime = NaiveDate::from_ymd(2001, 1, 1).and_hms(10, 0, 0);
[INFO] [stderr]    |                                               ^^^^^^^^
[INFO] [stderr] 
[INFO] [stderr] warning: use of deprecated method `chrono::NaiveDate::and_hms`: use `and_hms_opt()` instead
[INFO] [stderr]   --> src/display/mod.rs:86:68
[INFO] [stderr]    |
[INFO] [stderr] 86 |         let start: NaiveDateTime = NaiveDate::from_ymd(2001, 1, 1).and_hms(10, 0, 0);
[INFO] [stderr]    |                                                                    ^^^^^^^
[INFO] [stderr] 
[INFO] [stderr] warning: use of deprecated associated function `chrono::NaiveDate::from_ymd`: use `from_ymd_opt()` instead
[INFO] [stderr]   --> src/display/mod.rs:87:45
[INFO] [stderr]    |
[INFO] [stderr] 87 |         let end: NaiveDateTime = NaiveDate::from_ymd(2001, 1, 1).and_hms(11, 0, 0);
[INFO] [stderr]    |                                             ^^^^^^^^
[INFO] [stderr] 
[INFO] [stderr] warning: use of deprecated method `chrono::NaiveDate::and_hms`: use `and_hms_opt()` instead
[INFO] [stderr]   --> src/display/mod.rs:87:66
[INFO] [stderr]    |
[INFO] [stderr] 87 |         let end: NaiveDateTime = NaiveDate::from_ymd(2001, 1, 1).and_hms(11, 0, 0);
[INFO] [stderr]    |                                                                  ^^^^^^^
[INFO] [stderr] 
[INFO] [stderr] warning: use of deprecated method `chrono::DateTime::<Tz>::date`: Use `date_naive()` instead
[INFO] [stderr]    --> src/display/mod.rs:109:32
[INFO] [stderr]     |
[INFO] [stderr] 109 |             date: Local::now().date().naive_local(),
[INFO] [stderr]     |                                ^^^^
[INFO] [stderr] 
[INFO] [stderr] warning: `aze` (lib test) generated 6 warnings
[INFO] [stderr] warning: unused import: `chrono::NaiveDateTime`
[INFO] [stderr]  --> src/commands/edit.rs:5:5
[INFO] [stderr]   |
[INFO] [stderr] 5 | use chrono::NaiveDateTime;
[INFO] [stderr]   |     ^^^^^^^^^^^^^^^^^^^^^
[INFO] [stderr]   |
[INFO] [stderr]   = note: `#[warn(unused_imports)]` on by default
[INFO] [stderr] 
[INFO] [stderr] warning: unused import: `colored::Colorize`
[INFO] [stderr]  --> src/commands/edit.rs:6:5
[INFO] [stderr]   |
[INFO] [stderr] 6 | use colored::Colorize;
[INFO] [stderr]   |     ^^^^^^^^^^^^^^^^^
[INFO] [stderr] 
[INFO] [stderr] warning: unused import: `aze::service::frame::frame_collides`
[INFO] [stderr]   --> src/commands/edit.rs:13:5
[INFO] [stderr]    |
[INFO] [stderr] 13 | use aze::service::frame::frame_collides;
[INFO] [stderr]    |     ^^^^^^^^^^^^^^^^^^^^^^^^^^^^^^^^^^^
[INFO] [stderr] 
[INFO] [stderr] warning: unused import: `project::find_all`
[INFO] [stderr]  --> src/commands/remove.rs:5:20
[INFO] [stderr]   |
[INFO] [stderr] 5 | use aze::service::{project::find_all, frame::find_frame};
[INFO] [stderr]   |                    ^^^^^^^^^^^^^^^^^
[INFO] [stderr] 
[INFO] [stderr] warning: use of deprecated method `chrono::NaiveDate::succ`: use `succ_opt()` instead
[INFO] [stderr]    --> src/commands/log.rs:198:35
[INFO] [stderr]     |
[INFO] [stderr] 198 |         let tomorrow = NaiveDate::succ(&Local::today().naive_local()).and_hms(23, 59, 59);
[INFO] [stderr]     |                                   ^^^^
[INFO] [stderr]     |
[INFO] [stderr]     = note: `#[warn(deprecated)]` on by default
[INFO] [stderr] 
[INFO] [stderr] warning: use of deprecated associated function `chrono::Local::today`: use `Local::now()` instead
[INFO] [stderr]    --> src/commands/log.rs:198:48
[INFO] [stderr]     |
[INFO] [stderr] 198 |         let tomorrow = NaiveDate::succ(&Local::today().naive_local()).and_hms(23, 59, 59);
[INFO] [stderr]     |                                                ^^^^^
[INFO] [stderr] 
[INFO] [stderr] warning: use of deprecated method `chrono::NaiveDate::and_hms`: use `and_hms_opt()` instead
[INFO] [stderr]    --> src/commands/log.rs:198:71
[INFO] [stderr]     |
[INFO] [stderr] 198 |         let tomorrow = NaiveDate::succ(&Local::today().naive_local()).and_hms(23, 59, 59);
[INFO] [stderr]     |                                                                       ^^^^^^^
[INFO] [stderr] 
[INFO] [stderr] warning: unused variable: `output`
[INFO] [stderr]   --> src/commands/edit.rs:46:19
[INFO] [stderr]    |
[INFO] [stderr] 46 |     fn run(&self, output: super::Output) -> Result<()> {
[INFO] [stderr]    |                   ^^^^^^ help: if this is intentional, prefix it with an underscore: `_output`
[INFO] [stderr]    |
[INFO] [stderr]    = note: `#[warn(unused_variables)]` on by default
[INFO] [stderr] 
[INFO] [stderr] warning: unused `Result` that must be used
[INFO] [stderr]   --> src/commands/remove.rs:44:13
[INFO] [stderr]    |
[INFO] [stderr] 44 | /             write!(
[INFO] [stderr] 45 | |                 output.out,
[INFO] [stderr] 46 | |                 "You are about to remove frame {} from {}{}",
[INFO] [stderr] 47 | |                 frame.project.purple(),
[INFO] [stderr] ...  |
[INFO] [stderr] 53 | |                 }
[INFO] [stderr] 54 | |             );
[INFO] [stderr]    | |_____________^
[INFO] [stderr]    |
[INFO] [stderr]    = note: this `Result` may be an `Err` variant, which should be handled
[INFO] [stderr]    = note: `#[warn(unused_must_use)]` on by default
[INFO] [stderr]    = note: this warning originates in the macro `write` (in Nightly builds, run with -Z macro-backtrace for more info)
[INFO] [stderr] 
[INFO] [stderr] warning: unused import: `chrono::Local`
[INFO] [stderr]  --> tests/commands/edit.rs:3:5
[INFO] [stderr]   |
[INFO] [stderr] 3 | use chrono::Local;
[INFO] [stderr]   |     ^^^^^^^^^^^^^
[INFO] [stderr]   |
[INFO] [stderr]   = note: `#[warn(unused_imports)]` on by default
[INFO] [stderr] 
[INFO] [stderr] warning: unused imports: `Stdio`, `fs::File`
[INFO] [stderr]  --> tests/commands/edit.rs:5:30
[INFO] [stderr]   |
[INFO] [stderr] 5 | use std::{process::{Command, Stdio}, fs::File};
[INFO] [stderr]   |                              ^^^^^   ^^^^^^^^
[INFO] [stderr] 
[INFO] [stderr] warning: unused import: `crate::TestDb`
[INFO] [stderr]  --> tests/commands/edit.rs:7:5
[INFO] [stderr]   |
[INFO] [stderr] 7 | use crate::TestDb;
[INFO] [stderr]   |     ^^^^^^^^^^^^^
[INFO] [stderr] 
[INFO] [stderr] warning: unused import: `std::io::Read`
[INFO] [stderr]  --> tests/commands/edit.rs:8:5
[INFO] [stderr]   |
[INFO] [stderr] 8 | use std::io::Read;
[INFO] [stderr]   |     ^^^^^^^^^^^^^
[INFO] [stderr] 
[INFO] [stderr] warning: unused import: `super::add_frame`
[INFO] [stderr]  --> tests/commands/edit.rs:9:5
[INFO] [stderr]   |
[INFO] [stderr] 9 | use super::add_frame;
[INFO] [stderr]   |     ^^^^^^^^^^^^^^^^
[INFO] [stderr] 
[INFO] [stderr] warning: unused imports: `Date`, `Local`, `NaiveDateTime`
[INFO] [stderr]  --> tests/commands/frames.rs:3:14
[INFO] [stderr]   |
[INFO] [stderr] 3 | use chrono::{Local, NaiveDateTime, Date, NaiveDate};
[INFO] [stderr]   |              ^^^^^  ^^^^^^^^^^^^^  ^^^^
[INFO] [stderr] 
[INFO] [stderr] warning: unused imports: `Stdio`, `fs::File`
[INFO] [stderr]  --> tests/commands/frames.rs:5:30
[INFO] [stderr]   |
[INFO] [stderr] 5 | use std::{process::{Command, Stdio}, fs::File};
[INFO] [stderr]   |                              ^^^^^   ^^^^^^^^
[INFO] [stderr] 
[INFO] [stderr] warning: unused import: `std::io::Read`
[INFO] [stderr]  --> tests/commands/frames.rs:8:5
[INFO] [stderr]   |
[INFO] [stderr] 8 | use std::io::Read;
[INFO] [stderr]   |     ^^^^^^^^^^^^^
[INFO] [stderr] 
[INFO] [stderr] warning: unused imports: `Date`, `Local`, `NaiveDateTime`
[INFO] [stderr]  --> tests/commands/projects.rs:3:14
[INFO] [stderr]   |
[INFO] [stderr] 3 | use chrono::{Local, NaiveDateTime, Date, NaiveDate};
[INFO] [stderr]   |              ^^^^^  ^^^^^^^^^^^^^  ^^^^
[INFO] [stderr] 
[INFO] [stderr] warning: unused imports: `Stdio`, `fs::File`
[INFO] [stderr]  --> tests/commands/projects.rs:5:30
[INFO] [stderr]   |
[INFO] [stderr] 5 | use std::{process::{Command, Stdio}, fs::File};
[INFO] [stderr]   |                              ^^^^^   ^^^^^^^^
[INFO] [stderr] 
[INFO] [stderr] warning: unused import: `commands::get_frames`
[INFO] [stderr]  --> tests/commands/projects.rs:7:21
[INFO] [stderr]   |
[INFO] [stderr] 7 | use crate::{TestDb, commands::get_frames};
[INFO] [stderr]   |                     ^^^^^^^^^^^^^^^^^^^^
[INFO] [stderr] 
[INFO] [stderr] warning: unused import: `std::io::Read`
[INFO] [stderr]  --> tests/commands/projects.rs:8:5
[INFO] [stderr]   |
[INFO] [stderr] 8 | use std::io::Read;
[INFO] [stderr]   |     ^^^^^^^^^^^^^
[INFO] [stderr] 
[INFO] [stderr] warning: unused imports: `Date`, `Local`, `NaiveDateTime`
[INFO] [stderr]  --> tests/commands/remove.rs:3:14
[INFO] [stderr]   |
[INFO] [stderr] 3 | use chrono::{Local, NaiveDateTime, Date, NaiveDate};
[INFO] [stderr]   |              ^^^^^  ^^^^^^^^^^^^^  ^^^^
[INFO] [stderr] 
[INFO] [stderr] warning: unused import: `fs::File`
[INFO] [stderr]  --> tests/commands/remove.rs:5:38
[INFO] [stderr]   |
[INFO] [stderr] 5 | use std::{process::{Command, Stdio}, fs::File};
[INFO] [stderr]   |                                      ^^^^^^^^
[INFO] [stderr] 
[INFO] [stderr] warning: unused import: `std::io::Write`
[INFO] [stderr]  --> tests/commands/remove.rs:6:5
[INFO] [stderr]   |
[INFO] [stderr] 6 | use std::io::Write;
[INFO] [stderr]   |     ^^^^^^^^^^^^^^
[INFO] [stderr] 
[INFO] [stderr] warning: unused import: `std::io::Read`
[INFO] [stderr]  --> tests/commands/remove.rs:8:5
[INFO] [stderr]   |
[INFO] [stderr] 8 | use std::io::Read;
[INFO] [stderr]   |     ^^^^^^^^^^^^^
[INFO] [stderr] 
[INFO] [stderr] warning: use of deprecated struct `chrono::Date`: Use `NaiveDate` or `DateTime<Tz>` instead
[INFO] [stderr]  --> tests/commands/frames.rs:3:36
[INFO] [stderr]   |
[INFO] [stderr] 3 | use chrono::{Local, NaiveDateTime, Date, NaiveDate};
[INFO] [stderr]   |                                    ^^^^
[INFO] [stderr]   |
[INFO] [stderr]   = note: `#[warn(deprecated)]` on by default
[INFO] [stderr] 
[INFO] [stderr] warning: use of deprecated struct `chrono::Date`: Use `NaiveDate` or `DateTime<Tz>` instead
[INFO] [stderr]  --> tests/commands/projects.rs:3:36
[INFO] [stderr]   |
[INFO] [stderr] 3 | use chrono::{Local, NaiveDateTime, Date, NaiveDate};
[INFO] [stderr]   |                                    ^^^^
[INFO] [stderr] 
[INFO] [stderr] warning: use of deprecated struct `chrono::Date`: Use `NaiveDate` or `DateTime<Tz>` instead
[INFO] [stderr]  --> tests/commands/remove.rs:3:36
[INFO] [stderr]   |
[INFO] [stderr] 3 | use chrono::{Local, NaiveDateTime, Date, NaiveDate};
[INFO] [stderr]   |                                    ^^^^
[INFO] [stderr] 
[INFO] [stderr] warning: use of deprecated associated function `chrono::NaiveDateTime::from_timestamp`: use `from_timestamp_opt()` instead
[INFO] [stderr]   --> tests/commands/log/project.rs:20:25
[INFO] [stderr]    |
[INFO] [stderr] 20 |         &NaiveDateTime::from_timestamp(start, 0),
[INFO] [stderr]    |                         ^^^^^^^^^^^^^^
[INFO] [stderr] 
[INFO] [stderr] warning: use of deprecated associated function `chrono::NaiveDateTime::from_timestamp`: use `from_timestamp_opt()` instead
[INFO] [stderr]   --> tests/commands/log/project.rs:21:30
[INFO] [stderr]    |
[INFO] [stderr] 21 |         Some(&NaiveDateTime::from_timestamp(end, 0)),
[INFO] [stderr]    |                              ^^^^^^^^^^^^^^
[INFO] [stderr] 
[INFO] [stderr] warning: use of deprecated associated function `chrono::NaiveDateTime::from_timestamp`: use `from_timestamp_opt()` instead
[INFO] [stderr]   --> tests/commands/log/project.rs:27:25
[INFO] [stderr]    |
[INFO] [stderr] 27 |         &NaiveDateTime::from_timestamp(start + 3600, 0),
[INFO] [stderr]    |                         ^^^^^^^^^^^^^^
[INFO] [stderr] 
[INFO] [stderr] warning: use of deprecated associated function `chrono::NaiveDateTime::from_timestamp`: use `from_timestamp_opt()` instead
[INFO] [stderr]   --> tests/commands/log/project.rs:28:30
[INFO] [stderr]    |
[INFO] [stderr] 28 |         Some(&NaiveDateTime::from_timestamp(end + 3600, 0)),
[INFO] [stderr]    |                              ^^^^^^^^^^^^^^
[INFO] [stderr] 
[INFO] [stderr] warning: use of deprecated associated function `chrono::NaiveDateTime::from_timestamp`: use `from_timestamp_opt()` instead
[INFO] [stderr]   --> tests/commands/log/project.rs:56:25
[INFO] [stderr]    |
[INFO] [stderr] 56 |         &NaiveDateTime::from_timestamp(start, 0),
[INFO] [stderr]    |                         ^^^^^^^^^^^^^^
[INFO] [stderr] 
[INFO] [stderr] warning: use of deprecated associated function `chrono::NaiveDateTime::from_timestamp`: use `from_timestamp_opt()` instead
[INFO] [stderr]   --> tests/commands/log/project.rs:57:30
[INFO] [stderr]    |
[INFO] [stderr] 57 |         Some(&NaiveDateTime::from_timestamp(end, 0)),
[INFO] [stderr]    |                              ^^^^^^^^^^^^^^
[INFO] [stderr] 
[INFO] [stderr] warning: use of deprecated associated function `chrono::NaiveDateTime::from_timestamp`: use `from_timestamp_opt()` instead
[INFO] [stderr]   --> tests/commands/log/project.rs:63:25
[INFO] [stderr]    |
[INFO] [stderr] 63 |         &NaiveDateTime::from_timestamp(start + 3600, 0),
[INFO] [stderr]    |                         ^^^^^^^^^^^^^^
[INFO] [stderr] 
[INFO] [stderr] warning: use of deprecated associated function `chrono::NaiveDateTime::from_timestamp`: use `from_timestamp_opt()` instead
[INFO] [stderr]   --> tests/commands/log/project.rs:64:30
[INFO] [stderr]    |
[INFO] [stderr] 64 |         Some(&NaiveDateTime::from_timestamp(end + 3600, 0)),
[INFO] [stderr]    |                              ^^^^^^^^^^^^^^
[INFO] [stderr] 
[INFO] [stderr] warning: use of deprecated associated function `chrono::NaiveDateTime::from_timestamp`: use `from_timestamp_opt()` instead
[INFO] [stderr]   --> tests/commands/log/project.rs:94:25
[INFO] [stderr]    |
[INFO] [stderr] 94 |         &NaiveDateTime::from_timestamp(start, 0),
[INFO] [stderr]    |                         ^^^^^^^^^^^^^^
[INFO] [stderr] 
[INFO] [stderr] warning: use of deprecated associated function `chrono::NaiveDateTime::from_timestamp`: use `from_timestamp_opt()` instead
[INFO] [stderr]   --> tests/commands/log/project.rs:95:30
[INFO] [stderr]    |
[INFO] [stderr] 95 |         Some(&NaiveDateTime::from_timestamp(end, 0)),
[INFO] [stderr]    |                              ^^^^^^^^^^^^^^
[INFO] [stderr] 
[INFO] [stderr] warning: use of deprecated associated function `chrono::NaiveDateTime::from_timestamp`: use `from_timestamp_opt()` instead
[INFO] [stderr]    --> tests/commands/log/project.rs:101:25
[INFO] [stderr]     |
[INFO] [stderr] 101 |         &NaiveDateTime::from_timestamp(start + 3600, 0),
[INFO] [stderr]     |                         ^^^^^^^^^^^^^^
[INFO] [stderr] 
[INFO] [stderr] warning: use of deprecated associated function `chrono::NaiveDateTime::from_timestamp`: use `from_timestamp_opt()` instead
[INFO] [stderr]    --> tests/commands/log/project.rs:102:30
[INFO] [stderr]     |
[INFO] [stderr] 102 |         Some(&NaiveDateTime::from_timestamp(end + 3600, 0)),
[INFO] [stderr]     |                              ^^^^^^^^^^^^^^
[INFO] [stderr] 
[INFO] [stderr] warning: use of deprecated associated function `chrono::NaiveDateTime::from_timestamp`: use `from_timestamp_opt()` instead
[INFO] [stderr]    --> tests/commands/log/project.rs:130:25
[INFO] [stderr]     |
[INFO] [stderr] 130 |         &NaiveDateTime::from_timestamp(start, 0),
[INFO] [stderr]     |                         ^^^^^^^^^^^^^^
[INFO] [stderr] 
[INFO] [stderr] warning: use of deprecated associated function `chrono::NaiveDateTime::from_timestamp`: use `from_timestamp_opt()` instead
[INFO] [stderr]    --> tests/commands/log/project.rs:131:30
[INFO] [stderr]     |
[INFO] [stderr] 131 |         Some(&NaiveDateTime::from_timestamp(end, 0)),
[INFO] [stderr]     |                              ^^^^^^^^^^^^^^
[INFO] [stderr] 
[INFO] [stderr] warning: use of deprecated associated function `chrono::NaiveDateTime::from_timestamp`: use `from_timestamp_opt()` instead
[INFO] [stderr]    --> tests/commands/log/project.rs:137:25
[INFO] [stderr]     |
[INFO] [stderr] 137 |         &NaiveDateTime::from_timestamp(start + 3600, 0),
[INFO] [stderr]     |                         ^^^^^^^^^^^^^^
[INFO] [stderr] 
[INFO] [stderr] warning: use of deprecated associated function `chrono::NaiveDateTime::from_timestamp`: use `from_timestamp_opt()` instead
[INFO] [stderr]    --> tests/commands/log/project.rs:138:30
[INFO] [stderr]     |
[INFO] [stderr] 138 |         Some(&NaiveDateTime::from_timestamp(end + 3600, 0)),
[INFO] [stderr]     |                              ^^^^^^^^^^^^^^
[INFO] [stderr] 
[INFO] [stderr] warning: use of deprecated associated function `chrono::NaiveDateTime::from_timestamp`: use `from_timestamp_opt()` instead
[INFO] [stderr]   --> tests/commands/log/tags.rs:20:25
[INFO] [stderr]    |
[INFO] [stderr] 20 |         &NaiveDateTime::from_timestamp(start, 0),
[INFO] [stderr]    |                         ^^^^^^^^^^^^^^
[INFO] [stderr] 
[INFO] [stderr] warning: use of deprecated associated function `chrono::NaiveDateTime::from_timestamp`: use `from_timestamp_opt()` instead
[INFO] [stderr]   --> tests/commands/log/tags.rs:21:30
[INFO] [stderr]    |
[INFO] [stderr] 21 |         Some(&NaiveDateTime::from_timestamp(end, 0)),
[INFO] [stderr]    |                              ^^^^^^^^^^^^^^
[INFO] [stderr] 
[INFO] [stderr] warning: use of deprecated associated function `chrono::NaiveDateTime::from_timestamp`: use `from_timestamp_opt()` instead
[INFO] [stderr]   --> tests/commands/log/tags.rs:27:25
[INFO] [stderr]    |
[INFO] [stderr] 27 |         &NaiveDateTime::from_timestamp(start + 3600, 0),
[INFO] [stderr]    |                         ^^^^^^^^^^^^^^
[INFO] [stderr] 
[INFO] [stderr] warning: use of deprecated associated function `chrono::NaiveDateTime::from_timestamp`: use `from_timestamp_opt()` instead
[INFO] [stderr]   --> tests/commands/log/tags.rs:28:30
[INFO] [stderr]    |
[INFO] [stderr] 28 |         Some(&NaiveDateTime::from_timestamp(end + 3600, 0)),
[INFO] [stderr]    |                              ^^^^^^^^^^^^^^
[INFO] [stderr] 
[INFO] [stderr] warning: use of deprecated associated function `chrono::NaiveDateTime::from_timestamp`: use `from_timestamp_opt()` instead
[INFO] [stderr]   --> tests/commands/log/tags.rs:55:25
[INFO] [stderr]    |
[INFO] [stderr] 55 |         &NaiveDateTime::from_timestamp(start, 0),
[INFO] [stderr]    |                         ^^^^^^^^^^^^^^
[INFO] [stderr] 
[INFO] [stderr] warning: use of deprecated associated function `chrono::NaiveDateTime::from_timestamp`: use `from_timestamp_opt()` instead
[INFO] [stderr]   --> tests/commands/log/tags.rs:56:30
[INFO] [stderr]    |
[INFO] [stderr] 56 |         Some(&NaiveDateTime::from_timestamp(end, 0)),
[INFO] [stderr]    |                              ^^^^^^^^^^^^^^
[INFO] [stderr] 
[INFO] [stderr] warning: use of deprecated associated function `chrono::NaiveDateTime::from_timestamp`: use `from_timestamp_opt()` instead
[INFO] [stderr]   --> tests/commands/log/tags.rs:62:25
[INFO] [stderr]    |
[INFO] [stderr] 62 |         &NaiveDateTime::from_timestamp(start + 3600, 0),
[INFO] [stderr]    |                         ^^^^^^^^^^^^^^
[INFO] [stderr] 
[INFO] [stderr] warning: use of deprecated associated function `chrono::NaiveDateTime::from_timestamp`: use `from_timestamp_opt()` instead
[INFO] [stderr]   --> tests/commands/log/tags.rs:63:30
[INFO] [stderr]    |
[INFO] [stderr] 63 |         Some(&NaiveDateTime::from_timestamp(end + 3600, 0)),
[INFO] [stderr]    |                              ^^^^^^^^^^^^^^
[INFO] [stderr] 
[INFO] [stderr] warning: use of deprecated associated function `chrono::NaiveDateTime::from_timestamp`: use `from_timestamp_opt()` instead
[INFO] [stderr]   --> tests/commands/log/tags.rs:93:25
[INFO] [stderr]    |
[INFO] [stderr] 93 |         &NaiveDateTime::from_timestamp(start, 0),
[INFO] [stderr]    |                         ^^^^^^^^^^^^^^
[INFO] [stderr] 
[INFO] [stderr] warning: use of deprecated associated function `chrono::NaiveDateTime::from_timestamp`: use `from_timestamp_opt()` instead
[INFO] [stderr]   --> tests/commands/log/tags.rs:94:30
[INFO] [stderr]    |
[INFO] [stderr] 94 |         Some(&NaiveDateTime::from_timestamp(end, 0)),
[INFO] [stderr]    |                              ^^^^^^^^^^^^^^
[INFO] [stderr] 
[INFO] [stderr] warning: use of deprecated associated function `chrono::NaiveDateTime::from_timestamp`: use `from_timestamp_opt()` instead
[INFO] [stderr]    --> tests/commands/log/tags.rs:100:25
[INFO] [stderr]     |
[INFO] [stderr] 100 |         &NaiveDateTime::from_timestamp(start + 3600, 0),
[INFO] [stderr]     |                         ^^^^^^^^^^^^^^
[INFO] [stderr] 
[INFO] [stderr] warning: use of deprecated associated function `chrono::NaiveDateTime::from_timestamp`: use `from_timestamp_opt()` instead
[INFO] [stderr]    --> tests/commands/log/tags.rs:101:30
[INFO] [stderr]     |
[INFO] [stderr] 101 |         Some(&NaiveDateTime::from_timestamp(end + 3600, 0)),
[INFO] [stderr]     |                              ^^^^^^^^^^^^^^
[INFO] [stderr] 
[INFO] [stderr] warning: use of deprecated associated function `chrono::NaiveDateTime::from_timestamp`: use `from_timestamp_opt()` instead
[INFO] [stderr]    --> tests/commands/log/tags.rs:129:25
[INFO] [stderr]     |
[INFO] [stderr] 129 |         &NaiveDateTime::from_timestamp(start, 0),
[INFO] [stderr]     |                         ^^^^^^^^^^^^^^
[INFO] [stderr] 
[INFO] [stderr] warning: use of deprecated associated function `chrono::NaiveDateTime::from_timestamp`: use `from_timestamp_opt()` instead
[INFO] [stderr]    --> tests/commands/log/tags.rs:130:30
[INFO] [stderr]     |
[INFO] [stderr] 130 |         Some(&NaiveDateTime::from_timestamp(end, 0)),
[INFO] [stderr]     |                              ^^^^^^^^^^^^^^
[INFO] [stderr] 
[INFO] [stderr] warning: use of deprecated associated function `chrono::NaiveDateTime::from_timestamp`: use `from_timestamp_opt()` instead
[INFO] [stderr]    --> tests/commands/log/tags.rs:136:25
[INFO] [stderr]     |
[INFO] [stderr] 136 |         &NaiveDateTime::from_timestamp(start + 3600, 0),
[INFO] [stderr]     |                         ^^^^^^^^^^^^^^
[INFO] [stderr] 
[INFO] [stderr] warning: use of deprecated associated function `chrono::NaiveDateTime::from_timestamp`: use `from_timestamp_opt()` instead
[INFO] [stderr]    --> tests/commands/log/tags.rs:137:30
[INFO] [stderr]     |
[INFO] [stderr] 137 |         Some(&NaiveDateTime::from_timestamp(end + 3600, 0)),
[INFO] [stderr]     |                              ^^^^^^^^^^^^^^
[INFO] [stderr] 
[INFO] [stderr] warning: use of deprecated associated function `chrono::NaiveDateTime::from_timestamp`: use `from_timestamp_opt()` instead
[INFO] [stderr]    --> tests/commands/log/tags.rs:186:25
[INFO] [stderr]     |
[INFO] [stderr] 186 |         &NaiveDateTime::from_timestamp(start, 0),
[INFO] [stderr]     |                         ^^^^^^^^^^^^^^
[INFO] [stderr] 
[INFO] [stderr] warning: use of deprecated associated function `chrono::NaiveDateTime::from_timestamp`: use `from_timestamp_opt()` instead
[INFO] [stderr]    --> tests/commands/log/tags.rs:187:30
[INFO] [stderr]     |
[INFO] [stderr] 187 |         Some(&NaiveDateTime::from_timestamp(end, 0)),
[INFO] [stderr]     |                              ^^^^^^^^^^^^^^
[INFO] [stderr] 
[INFO] [stderr] warning: use of deprecated associated function `chrono::NaiveDateTime::from_timestamp`: use `from_timestamp_opt()` instead
[INFO] [stderr]    --> tests/commands/log/tags.rs:193:25
[INFO] [stderr]     |
[INFO] [stderr] 193 |         &NaiveDateTime::from_timestamp(start + 3600, 0),
[INFO] [stderr]     |                         ^^^^^^^^^^^^^^
[INFO] [stderr] 
[INFO] [stderr] warning: use of deprecated associated function `chrono::NaiveDateTime::from_timestamp`: use `from_timestamp_opt()` instead
[INFO] [stderr]    --> tests/commands/log/tags.rs:194:30
[INFO] [stderr]     |
[INFO] [stderr] 194 |         Some(&NaiveDateTime::from_timestamp(end + 3600, 0)),
[INFO] [stderr]     |                              ^^^^^^^^^^^^^^
[INFO] [stderr] 
[INFO] [stderr] warning: use of deprecated method `chrono::NaiveDate::pred`: use `pred_opt()` instead
[INFO] [stderr]   --> tests/commands/log/time_filter.rs:24:28
[INFO] [stderr]    |
[INFO] [stderr] 24 |     let today = NaiveDate::pred(&Local::today().naive_local());
[INFO] [stderr]    |                            ^^^^
[INFO] [stderr] 
[INFO] [stderr] warning: use of deprecated associated function `chrono::Local::today`: use `Local::now()` instead
[INFO] [stderr]   --> tests/commands/log/time_filter.rs:24:41
[INFO] [stderr]    |
[INFO] [stderr] 24 |     let today = NaiveDate::pred(&Local::today().naive_local());
[INFO] [stderr]    |                                         ^^^^^
[INFO] [stderr] 
[INFO] [stderr] warning: use of deprecated method `chrono::NaiveDate::pred`: use `pred_opt()` instead
[INFO] [stderr]   --> tests/commands/log/time_filter.rs:44:28
[INFO] [stderr]    |
[INFO] [stderr] 44 |     let today = NaiveDate::pred(&Local::today().naive_local());
[INFO] [stderr]    |                            ^^^^
[INFO] [stderr] 
[INFO] [stderr] warning: use of deprecated associated function `chrono::Local::today`: use `Local::now()` instead
[INFO] [stderr]   --> tests/commands/log/time_filter.rs:44:41
[INFO] [stderr]    |
[INFO] [stderr] 44 |     let today = NaiveDate::pred(&Local::today().naive_local());
[INFO] [stderr]    |                                         ^^^^^
[INFO] [stderr] 
[INFO] [stderr] warning: use of deprecated method `chrono::NaiveDate::succ`: use `succ_opt()` instead
[INFO] [stderr]   --> tests/commands/log/time_filter.rs:64:41
[INFO] [stderr]    |
[INFO] [stderr] 64 |     let day_after_tomorrow = NaiveDate::succ(&Local::today().naive_local()).succ();
[INFO] [stderr]    |                                         ^^^^
[INFO] [stderr] 
[INFO] [stderr] warning: use of deprecated associated function `chrono::Local::today`: use `Local::now()` instead
[INFO] [stderr]   --> tests/commands/log/time_filter.rs:64:54
[INFO] [stderr]    |
[INFO] [stderr] 64 |     let day_after_tomorrow = NaiveDate::succ(&Local::today().naive_local()).succ();
[INFO] [stderr]    |                                                      ^^^^^
[INFO] [stderr] 
[INFO] [stderr] warning: use of deprecated method `chrono::NaiveDate::succ`: use `succ_opt()` instead
[INFO] [stderr]   --> tests/commands/log/time_filter.rs:64:77
[INFO] [stderr]    |
[INFO] [stderr] 64 |     let day_after_tomorrow = NaiveDate::succ(&Local::today().naive_local()).succ();
[INFO] [stderr]    |                                                                             ^^^^
[INFO] [stderr] 
[INFO] [stderr] warning: use of deprecated associated function `chrono::NaiveDateTime::from_timestamp`: use `from_timestamp_opt()` instead
[INFO] [stderr]   --> tests/commands/log/time_filter.rs:94:25
[INFO] [stderr]    |
[INFO] [stderr] 94 |         &NaiveDateTime::from_timestamp(start, 0),
[INFO] [stderr]    |                         ^^^^^^^^^^^^^^
[INFO] [stderr] 
[INFO] [stderr] warning: use of deprecated associated function `chrono::NaiveDateTime::from_timestamp`: use `from_timestamp_opt()` instead
[INFO] [stderr]   --> tests/commands/log/time_filter.rs:95:30
[INFO] [stderr]    |
[INFO] [stderr] 95 |         Some(&NaiveDateTime::from_timestamp(end, 0)),
[INFO] [stderr]    |                              ^^^^^^^^^^^^^^
[INFO] [stderr] 
[INFO] [stderr] warning: use of deprecated associated function `chrono::NaiveDate::from_ymd`: use `from_ymd_opt()` instead
[INFO] [stderr]    --> tests/commands/log/time_filter.rs:113:28
[INFO] [stderr]     |
[INFO] [stderr] 113 |     let start = NaiveDate::from_ymd(2000, 1, 1).and_hms(12, 0, 0);
[INFO] [stderr]     |                            ^^^^^^^^
[INFO] [stderr] 
[INFO] [stderr] warning: use of deprecated method `chrono::NaiveDate::and_hms`: use `and_hms_opt()` instead
[INFO] [stderr]    --> tests/commands/log/time_filter.rs:113:49
[INFO] [stderr]     |
[INFO] [stderr] 113 |     let start = NaiveDate::from_ymd(2000, 1, 1).and_hms(12, 0, 0);
[INFO] [stderr]     |                                                 ^^^^^^^
[INFO] [stderr] 
[INFO] [stderr] warning: use of deprecated associated function `chrono::NaiveDate::from_ymd`: use `from_ymd_opt()` instead
[INFO] [stderr]    --> tests/commands/log/time_filter.rs:114:26
[INFO] [stderr]     |
[INFO] [stderr] 114 |     let end = NaiveDate::from_ymd(2000, 1, 1).and_hms(13, 0, 0);
[INFO] [stderr]     |                          ^^^^^^^^
[INFO] [stderr] 
[INFO] [stderr] warning: use of deprecated method `chrono::NaiveDate::and_hms`: use `and_hms_opt()` instead
[INFO] [stderr]    --> tests/commands/log/time_filter.rs:114:47
[INFO] [stderr]     |
[INFO] [stderr] 114 |     let end = NaiveDate::from_ymd(2000, 1, 1).and_hms(13, 0, 0);
[INFO] [stderr]     |                                               ^^^^^^^
[INFO] [stderr] 
[INFO] [stderr] warning: use of deprecated associated function `chrono::NaiveDate::from_ymd`: use `from_ymd_opt()` instead
[INFO] [stderr]    --> tests/commands/log/time_filter.rs:133:28
[INFO] [stderr]     |
[INFO] [stderr] 133 |     let start = NaiveDate::from_ymd(2000, 1, 1).and_hms(12, 0, 0);
[INFO] [stderr]     |                            ^^^^^^^^
[INFO] [stderr] 
[INFO] [stderr] warning: use of deprecated method `chrono::NaiveDate::and_hms`: use `and_hms_opt()` instead
[INFO] [stderr]    --> tests/commands/log/time_filter.rs:133:49
[INFO] [stderr]     |
[INFO] [stderr] 133 |     let start = NaiveDate::from_ymd(2000, 1, 1).and_hms(12, 0, 0);
[INFO] [stderr]     |                                                 ^^^^^^^
[INFO] [stderr] 
[INFO] [stderr] warning: use of deprecated associated function `chrono::NaiveDate::from_ymd`: use `from_ymd_opt()` instead
[INFO] [stderr]    --> tests/commands/log/time_filter.rs:134:26
[INFO] [stderr]     |
[INFO] [stderr] 134 |     let end = NaiveDate::from_ymd(2000, 1, 1).and_hms(13, 0, 0);
[INFO] [stderr]     |                          ^^^^^^^^
[INFO] [stderr] 
[INFO] [stderr] warning: use of deprecated method `chrono::NaiveDate::and_hms`: use `and_hms_opt()` instead
[INFO] [stderr]    --> tests/commands/log/time_filter.rs:134:47
[INFO] [stderr]     |
[INFO] [stderr] 134 |     let end = NaiveDate::from_ymd(2000, 1, 1).and_hms(13, 0, 0);
[INFO] [stderr]     |                                               ^^^^^^^
[INFO] [stderr] 
[INFO] [stderr] warning: use of deprecated associated function `chrono::NaiveDate::from_ymd`: use `from_ymd_opt()` instead
[INFO] [stderr]    --> tests/commands/log/time_filter.rs:155:28
[INFO] [stderr]     |
[INFO] [stderr] 155 |     let start = NaiveDate::from_ymd(2000, 1, 1).and_hms(12, 0, 0);
[INFO] [stderr]     |                            ^^^^^^^^
[INFO] [stderr] 
[INFO] [stderr] warning: use of deprecated method `chrono::NaiveDate::and_hms`: use `and_hms_opt()` instead
[INFO] [stderr]    --> tests/commands/log/time_filter.rs:155:49
[INFO] [stderr]     |
[INFO] [stderr] 155 |     let start = NaiveDate::from_ymd(2000, 1, 1).and_hms(12, 0, 0);
[INFO] [stderr]     |                                                 ^^^^^^^
[INFO] [stderr] 
[INFO] [stderr] warning: use of deprecated associated function `chrono::NaiveDate::from_ymd`: use `from_ymd_opt()` instead
[INFO] [stderr]    --> tests/commands/log/time_filter.rs:156:26
[INFO] [stderr]     |
[INFO] [stderr] 156 |     let end = NaiveDate::from_ymd(2000, 1, 1).and_hms(13, 0, 0);
[INFO] [stderr]     |                          ^^^^^^^^
[INFO] [stderr] 
[INFO] [stderr] warning: use of deprecated method `chrono::NaiveDate::and_hms`: use `and_hms_opt()` instead
[INFO] [stderr]    --> tests/commands/log/time_filter.rs:156:47
[INFO] [stderr]     |
[INFO] [stderr] 156 |     let end = NaiveDate::from_ymd(2000, 1, 1).and_hms(13, 0, 0);
[INFO] [stderr]     |                                               ^^^^^^^
[INFO] [stderr] 
[INFO] [stderr] warning: use of deprecated associated function `chrono::NaiveDate::from_ymd`: use `from_ymd_opt()` instead
[INFO] [stderr]    --> tests/commands/log/time_filter.rs:179:28
[INFO] [stderr]     |
[INFO] [stderr] 179 |     let start = NaiveDate::from_ymd(2000, 1, 1).and_hms(12, 0, 0);
[INFO] [stderr]     |                            ^^^^^^^^
[INFO] [stderr] 
[INFO] [stderr] warning: use of deprecated method `chrono::NaiveDate::and_hms`: use `and_hms_opt()` instead
[INFO] [stderr]    --> tests/commands/log/time_filter.rs:179:49
[INFO] [stderr]     |
[INFO] [stderr] 179 |     let start = NaiveDate::from_ymd(2000, 1, 1).and_hms(12, 0, 0);
[INFO] [stderr]     |                                                 ^^^^^^^
[INFO] [stderr] 
[INFO] [stderr] warning: use of deprecated associated function `chrono::NaiveDate::from_ymd`: use `from_ymd_opt()` instead
[INFO] [stderr]    --> tests/commands/log/time_filter.rs:180:26
[INFO] [stderr]     |
[INFO] [stderr] 180 |     let end = NaiveDate::from_ymd(2000, 1, 1).and_hms(13, 0, 0);
[INFO] [stderr]     |                          ^^^^^^^^
[INFO] [stderr] 
[INFO] [stderr] warning: use of deprecated method `chrono::NaiveDate::and_hms`: use `and_hms_opt()` instead
[INFO] [stderr]    --> tests/commands/log/time_filter.rs:180:47
[INFO] [stderr]     |
[INFO] [stderr] 180 |     let end = NaiveDate::from_ymd(2000, 1, 1).and_hms(13, 0, 0);
[INFO] [stderr]     |                                               ^^^^^^^
[INFO] [stderr] 
[INFO] [stderr] warning: use of deprecated associated function `chrono::NaiveDateTime::from_timestamp`: use `from_timestamp_opt()` instead
[INFO] [stderr]   --> tests/commands/log/mod.rs:37:35
[INFO] [stderr]    |
[INFO] [stderr] 37 |     let dt_start = NaiveDateTime::from_timestamp(start, 0);
[INFO] [stderr]    |                                   ^^^^^^^^^^^^^^
[INFO] [stderr] 
[INFO] [stderr] warning: use of deprecated associated function `chrono::NaiveDateTime::from_timestamp`: use `from_timestamp_opt()` instead
[INFO] [stderr]   --> tests/commands/log/mod.rs:38:33
[INFO] [stderr]    |
[INFO] [stderr] 38 |     let dt_end = NaiveDateTime::from_timestamp(end, 0);
[INFO] [stderr]    |                                 ^^^^^^^^^^^^^^
[INFO] [stderr] 
[INFO] [stderr] warning: use of deprecated associated function `chrono::NaiveDateTime::from_timestamp`: use `from_timestamp_opt()` instead
[INFO] [stderr]   --> tests/commands/log/mod.rs:60:35
[INFO] [stderr]    |
[INFO] [stderr] 60 |     let dt_start = NaiveDateTime::from_timestamp(start, 0);
[INFO] [stderr]    |                                   ^^^^^^^^^^^^^^
[INFO] [stderr] 
[INFO] [stderr] warning: use of deprecated associated function `chrono::NaiveDateTime::from_timestamp`: use `from_timestamp_opt()` instead
[INFO] [stderr]   --> tests/commands/log/mod.rs:61:33
[INFO] [stderr]    |
[INFO] [stderr] 61 |     let dt_end = NaiveDateTime::from_timestamp(end, 0);
[INFO] [stderr]    |                                 ^^^^^^^^^^^^^^
[INFO] [stderr] 
[INFO] [stderr] warning: use of deprecated associated function `chrono::NaiveDateTime::from_timestamp`: use `from_timestamp_opt()` instead
[INFO] [stderr]   --> tests/commands/log/mod.rs:83:25
[INFO] [stderr]    |
[INFO] [stderr] 83 |         &NaiveDateTime::from_timestamp(start, 0),
[INFO] [stderr]    |                         ^^^^^^^^^^^^^^
[INFO] [stderr] 
[INFO] [stderr] warning: use of deprecated associated function `chrono::NaiveDateTime::from_timestamp`: use `from_timestamp_opt()` instead
[INFO] [stderr]   --> tests/commands/log/mod.rs:84:30
[INFO] [stderr]    |
[INFO] [stderr] 84 |         Some(&NaiveDateTime::from_timestamp(end, 0)),
[INFO] [stderr]    |                              ^^^^^^^^^^^^^^
[INFO] [stderr] 
[INFO] [stderr] warning: use of deprecated associated function `chrono::NaiveDateTime::from_timestamp`: use `from_timestamp_opt()` instead
[INFO] [stderr]   --> tests/commands/log/mod.rs:90:25
[INFO] [stderr]    |
[INFO] [stderr] 90 |         &NaiveDateTime::from_timestamp(start + 3600, 0),
[INFO] [stderr]    |                         ^^^^^^^^^^^^^^
[INFO] [stderr] 
[INFO] [stderr] warning: use of deprecated associated function `chrono::NaiveDateTime::from_timestamp`: use `from_timestamp_opt()` instead
[INFO] [stderr]   --> tests/commands/log/mod.rs:91:30
[INFO] [stderr]    |
[INFO] [stderr] 91 |         Some(&NaiveDateTime::from_timestamp(end + 3600, 0)),
[INFO] [stderr]    |                              ^^^^^^^^^^^^^^
[INFO] [stderr] 
[INFO] [stderr] warning: use of deprecated associated function `chrono::NaiveDateTime::from_timestamp`: use `from_timestamp_opt()` instead
[INFO] [stderr]    --> tests/commands/log/mod.rs:115:25
[INFO] [stderr]     |
[INFO] [stderr] 115 |         &NaiveDateTime::from_timestamp(start, 0),
[INFO] [stderr]     |                         ^^^^^^^^^^^^^^
[INFO] [stderr] 
[INFO] [stderr] warning: use of deprecated associated function `chrono::NaiveDateTime::from_timestamp`: use `from_timestamp_opt()` instead
[INFO] [stderr]    --> tests/commands/log/mod.rs:137:25
[INFO] [stderr]     |
[INFO] [stderr] 137 |         &NaiveDateTime::from_timestamp(start, 0),
[INFO] [stderr]     |                         ^^^^^^^^^^^^^^
[INFO] [stderr] 
[INFO] [stderr] warning: use of deprecated associated function `chrono::NaiveDateTime::from_timestamp`: use `from_timestamp_opt()` instead
[INFO] [stderr]    --> tests/commands/log/mod.rs:162:25
[INFO] [stderr]     |
[INFO] [stderr] 162 |         &NaiveDateTime::from_timestamp(start, 0),
[INFO] [stderr]     |                         ^^^^^^^^^^^^^^
[INFO] [stderr] 
[INFO] [stderr] warning: use of deprecated associated function `chrono::NaiveDateTime::from_timestamp`: use `from_timestamp_opt()` instead
[INFO] [stderr]    --> tests/commands/log/mod.rs:163:30
[INFO] [stderr]     |
[INFO] [stderr] 163 |         Some(&NaiveDateTime::from_timestamp(end, 0)),
[INFO] [stderr]     |                              ^^^^^^^^^^^^^^
[INFO] [stderr] 
[INFO] [stderr] warning: use of deprecated associated function `chrono::NaiveDateTime::from_timestamp`: use `from_timestamp_opt()` instead
[INFO] [stderr]    --> tests/commands/log/mod.rs:169:25
[INFO] [stderr]     |
[INFO] [stderr] 169 |         &NaiveDateTime::from_timestamp(start + 3600, 0),
[INFO] [stderr]     |                         ^^^^^^^^^^^^^^
[INFO] [stderr] 
[INFO] [stderr] warning: use of deprecated associated function `chrono::NaiveDateTime::from_timestamp`: use `from_timestamp_opt()` instead
[INFO] [stderr]    --> tests/commands/log/mod.rs:170:30
[INFO] [stderr]     |
[INFO] [stderr] 170 |         Some(&NaiveDateTime::from_timestamp(end + 3600, 0)),
[INFO] [stderr]     |                              ^^^^^^^^^^^^^^
[INFO] [stderr] 
[INFO] [stderr] warning: use of deprecated associated function `chrono::NaiveDateTime::from_timestamp`: use `from_timestamp_opt()` instead
[INFO] [stderr]    --> tests/commands/log/mod.rs:197:25
[INFO] [stderr]     |
[INFO] [stderr] 197 |         &NaiveDateTime::from_timestamp(start, 0),
[INFO] [stderr]     |                         ^^^^^^^^^^^^^^
[INFO] [stderr] 
[INFO] [stderr] warning: use of deprecated associated function `chrono::NaiveDateTime::from_timestamp`: use `from_timestamp_opt()` instead
[INFO] [stderr]    --> tests/commands/log/mod.rs:198:30
[INFO] [stderr]     |
[INFO] [stderr] 198 |         Some(&NaiveDateTime::from_timestamp(end, 0)),
[INFO] [stderr]     |                              ^^^^^^^^^^^^^^
[INFO] [stderr] 
[INFO] [stderr] warning: use of deprecated associated function `chrono::NaiveDateTime::from_timestamp`: use `from_timestamp_opt()` instead
[INFO] [stderr]    --> tests/commands/log/mod.rs:204:25
[INFO] [stderr]     |
[INFO] [stderr] 204 |         &NaiveDateTime::from_timestamp(start + 3600, 0),
[INFO] [stderr]     |                         ^^^^^^^^^^^^^^
[INFO] [stderr] 
[INFO] [stderr] warning: use of deprecated associated function `chrono::NaiveDateTime::from_timestamp`: use `from_timestamp_opt()` instead
[INFO] [stderr]    --> tests/commands/log/mod.rs:205:30
[INFO] [stderr]     |
[INFO] [stderr] 205 |         Some(&NaiveDateTime::from_timestamp(end + 3600, 0)),
[INFO] [stderr]     |                              ^^^^^^^^^^^^^^
[INFO] [stderr] 
[INFO] [stderr] warning: use of deprecated associated function `chrono::NaiveDate::from_ymd`: use `from_ymd_opt()` instead
[INFO] [stderr]   --> tests/commands/frames.rs:32:21
[INFO] [stderr]    |
[INFO] [stderr] 32 |         &NaiveDate::from_ymd(2016, 7, 8).and_hms(9, 10, 11),
[INFO] [stderr]    |                     ^^^^^^^^
[INFO] [stderr] 
[INFO] [stderr] warning: use of deprecated method `chrono::NaiveDate::and_hms`: use `and_hms_opt()` instead
[INFO] [stderr]   --> tests/commands/frames.rs:32:42
[INFO] [stderr]    |
[INFO] [stderr] 32 |         &NaiveDate::from_ymd(2016, 7, 8).and_hms(9, 10, 11),
[INFO] [stderr]    |                                          ^^^^^^^
[INFO] [stderr] 
[INFO] [stderr] warning: use of deprecated associated function `chrono::NaiveDate::from_ymd`: use `from_ymd_opt()` instead
[INFO] [stderr]   --> tests/commands/frames.rs:33:34
[INFO] [stderr]    |
[INFO] [stderr] 33 |         Option::from(&NaiveDate::from_ymd(2016, 7, 8).and_hms(10, 11, 12)),
[INFO] [stderr]    |                                  ^^^^^^^^
[INFO] [stderr] 
[INFO] [stderr] warning: use of deprecated method `chrono::NaiveDate::and_hms`: use `and_hms_opt()` instead
[INFO] [stderr]   --> tests/commands/frames.rs:33:55
[INFO] [stderr]    |
[INFO] [stderr] 33 |         Option::from(&NaiveDate::from_ymd(2016, 7, 8).and_hms(10, 11, 12)),
[INFO] [stderr]    |                                                       ^^^^^^^
[INFO] [stderr] 
[INFO] [stderr] warning: use of deprecated associated function `chrono::NaiveDate::from_ymd`: use `from_ymd_opt()` instead
[INFO] [stderr]   --> tests/commands/projects.rs:32:21
[INFO] [stderr]    |
[INFO] [stderr] 32 |         &NaiveDate::from_ymd(2016, 7, 8).and_hms(9, 10, 11),
[INFO] [stderr]    |                     ^^^^^^^^
[INFO] [stderr] 
[INFO] [stderr] warning: use of deprecated method `chrono::NaiveDate::and_hms`: use `and_hms_opt()` instead
[INFO] [stderr]   --> tests/commands/projects.rs:32:42
[INFO] [stderr]    |
[INFO] [stderr] 32 |         &NaiveDate::from_ymd(2016, 7, 8).and_hms(9, 10, 11),
[INFO] [stderr]    |                                          ^^^^^^^
[INFO] [stderr] 
[INFO] [stderr] warning: use of deprecated associated function `chrono::NaiveDate::from_ymd`: use `from_ymd_opt()` instead
[INFO] [stderr]   --> tests/commands/projects.rs:33:34
[INFO] [stderr]    |
[INFO] [stderr] 33 |         Option::from(&NaiveDate::from_ymd(2016, 7, 8).and_hms(10, 11, 12)),
[INFO] [stderr]    |                                  ^^^^^^^^
[INFO] [stderr] 
[INFO] [stderr] warning: use of deprecated method `chrono::NaiveDate::and_hms`: use `and_hms_opt()` instead
[INFO] [stderr]   --> tests/commands/projects.rs:33:55
[INFO] [stderr]    |
[INFO] [stderr] 33 |         Option::from(&NaiveDate::from_ymd(2016, 7, 8).and_hms(10, 11, 12)),
[INFO] [stderr]    |                                                       ^^^^^^^
[INFO] [stderr] 
[INFO] [stderr] warning: use of deprecated associated function `chrono::NaiveDate::from_ymd`: use `from_ymd_opt()` instead
[INFO] [stderr]   --> tests/commands/projects.rs:57:21
[INFO] [stderr]    |
[INFO] [stderr] 57 |         &NaiveDate::from_ymd(2016, 7, 8).and_hms(9, 10, 11),
[INFO] [stderr]    |                     ^^^^^^^^
[INFO] [stderr] 
[INFO] [stderr] warning: use of deprecated method `chrono::NaiveDate::and_hms`: use `and_hms_opt()` instead
[INFO] [stderr]   --> tests/commands/projects.rs:57:42
[INFO] [stderr]    |
[INFO] [stderr] 57 |         &NaiveDate::from_ymd(2016, 7, 8).and_hms(9, 10, 11),
[INFO] [stderr]    |                                          ^^^^^^^
[INFO] [stderr] 
[INFO] [stderr] warning: use of deprecated associated function `chrono::NaiveDate::from_ymd`: use `from_ymd_opt()` instead
[INFO] [stderr]   --> tests/commands/projects.rs:58:34
[INFO] [stderr]    |
[INFO] [stderr] 58 |         Option::from(&NaiveDate::from_ymd(2016, 7, 8).and_hms(10, 11, 12)),
[INFO] [stderr]    |                                  ^^^^^^^^
[INFO] [stderr] 
[INFO] [stderr] warning: use of deprecated method `chrono::NaiveDate::and_hms`: use `and_hms_opt()` instead
[INFO] [stderr]   --> tests/commands/projects.rs:58:55
[INFO] [stderr]    |
[INFO] [stderr] 58 |         Option::from(&NaiveDate::from_ymd(2016, 7, 8).and_hms(10, 11, 12)),
[INFO] [stderr]    |                                                       ^^^^^^^
[INFO] [stderr] 
[INFO] [stderr] warning: use of deprecated associated function `chrono::NaiveDate::from_ymd`: use `from_ymd_opt()` instead
[INFO] [stderr]   --> tests/commands/projects.rs:65:21
[INFO] [stderr]    |
[INFO] [stderr] 65 |         &NaiveDate::from_ymd(2018, 7, 8).and_hms(9, 10, 11),
[INFO] [stderr]    |                     ^^^^^^^^
[INFO] [stderr] 
[INFO] [stderr] warning: use of deprecated method `chrono::NaiveDate::and_hms`: use `and_hms_opt()` instead
[INFO] [stderr]   --> tests/commands/projects.rs:65:42
[INFO] [stderr]    |
[INFO] [stderr] 65 |         &NaiveDate::from_ymd(2018, 7, 8).and_hms(9, 10, 11),
[INFO] [stderr]    |                                          ^^^^^^^
[INFO] [stderr] 
[INFO] [stderr] warning: use of deprecated associated function `chrono::NaiveDate::from_ymd`: use `from_ymd_opt()` instead
[INFO] [stderr]   --> tests/commands/projects.rs:66:34
[INFO] [stderr]    |
[INFO] [stderr] 66 |         Option::from(&NaiveDate::from_ymd(2018, 7, 8).and_hms(10, 11, 12)),
[INFO] [stderr]    |                                  ^^^^^^^^
[INFO] [stderr] 
[INFO] [stderr] warning: use of deprecated method `chrono::NaiveDate::and_hms`: use `and_hms_opt()` instead
[INFO] [stderr]   --> tests/commands/projects.rs:66:55
[INFO] [stderr]    |
[INFO] [stderr] 66 |         Option::from(&NaiveDate::from_ymd(2018, 7, 8).and_hms(10, 11, 12)),
[INFO] [stderr]    |                                                       ^^^^^^^
[INFO] [stderr] 
[INFO] [stderr] warning: use of deprecated associated function `chrono::NaiveDate::from_ymd`: use `from_ymd_opt()` instead
[INFO] [stderr]   --> tests/commands/remove.rs:47:21
[INFO] [stderr]    |
[INFO] [stderr] 47 |         &NaiveDate::from_ymd(2016, 7, 8).and_hms(9, 10, 11),
[INFO] [stderr]    |                     ^^^^^^^^
[INFO] [stderr] 
[INFO] [stderr] warning: use of deprecated method `chrono::NaiveDate::and_hms`: use `and_hms_opt()` instead
[INFO] [stderr]   --> tests/commands/remove.rs:47:42
[INFO] [stderr]    |
[INFO] [stderr] 47 |         &NaiveDate::from_ymd(2016, 7, 8).and_hms(9, 10, 11),
[INFO] [stderr]    |                                          ^^^^^^^
[INFO] [stderr] 
[INFO] [stderr] warning: use of deprecated associated function `chrono::NaiveDate::from_ymd`: use `from_ymd_opt()` instead
[INFO] [stderr]   --> tests/commands/remove.rs:48:34
[INFO] [stderr]    |
[INFO] [stderr] 48 |         Option::from(&NaiveDate::from_ymd(2016, 7, 8).and_hms(10, 11, 12)),
[INFO] [stderr]    |                                  ^^^^^^^^
[INFO] [stderr] 
[INFO] [stderr] warning: use of deprecated method `chrono::NaiveDate::and_hms`: use `and_hms_opt()` instead
[INFO] [stderr]   --> tests/commands/remove.rs:48:55
[INFO] [stderr]    |
[INFO] [stderr] 48 |         Option::from(&NaiveDate::from_ymd(2016, 7, 8).and_hms(10, 11, 12)),
[INFO] [stderr]    |                                                       ^^^^^^^
[INFO] [stderr] 
[INFO] [stderr] warning: `aze` (bin "aze") generated 9 warnings (run `cargo fix --bin "aze"` to apply 5 suggestions)
[INFO] [stderr] warning: `aze` (bin "aze" test) generated 9 warnings (9 duplicates)
[INFO] [stderr] warning: `aze` (test "cli") generated 118 warnings (run `cargo fix --test "cli"` to apply 16 suggestions)
[INFO] [stderr]     Finished test [unoptimized + debuginfo] target(s) in 0.24s
[INFO] [stderr]      Running unittests src/lib.rs (/opt/rustwide/target/debug/deps/aze-1bc180774d1bfd9f)
[INFO] [stdout] 
[INFO] [stdout] running 5 tests
[INFO] [stdout] test config::tests::default_config_dir ... ok
[INFO] [stdout] test display::tests::can_add_multiple_frames ... ok
[INFO] [stdout] test cli::tests::parse_with_date ... ok
[INFO] [stdout] test display::tests::duration_from_multiple_frames ... ok
[INFO] [stdout] test cli::tests::parse_with_datetime ... ok
[INFO] [stdout] 
[INFO] [stdout] test result: ok. 5 passed; 0 failed; 0 ignored; 0 measured; 0 filtered out; finished in 0.01s
[INFO] [stdout] 
[INFO] [stderr]      Running unittests src/main.rs (/opt/rustwide/target/debug/deps/aze-fd414603ddab3565)
[INFO] [stdout] 
[INFO] [stdout] running 1 test
[INFO] [stdout] test config::tests::default_config_dir ... ok
[INFO] [stdout] 
[INFO] [stdout] test result: ok. 1 passed; 0 failed; 0 ignored; 0 measured; 0 filtered out; finished in 0.01s
[INFO] [stdout] 
[INFO] [stderr]      Running tests/cli.rs (/opt/rustwide/target/debug/deps/cli-fcbe84937c4c4e50)
[INFO] [stdout] 
[INFO] [stdout] running 52 tests
[INFO] [stdout] test commands::frames::frames_no_frames_saved ... ok
[INFO] [stdout] test commands::edit::edit_no_project_started ... ok
[INFO] [stdout] test commands::add::add_frame_with_correct_argument ... ok
[INFO] [stdout] test commands::add::add_without_arguments ... ok
[INFO] [stdout] test commands::log::nothing_if_no_entries ... ok
[INFO] [stdout] test commands::add::adding_tags_to_frames ... ok
[INFO] [stdout] test commands::log::entry_from_last_two_weeks_default_not_shown ... ok
[INFO] [stdout] test commands::log::entries_cover_current_frame_if_requested ... ok
[INFO] [stdout] test commands::log::entry_from_this_day ... ok
[INFO] [stdout] test commands::frames::frames_frame_saved ... ok
[INFO] [stdout] test commands::log::project::ignore_and_select_projects ... ok
[INFO] [stdout] test commands::log::order_oldest_top ... ok
[INFO] [stdout] test commands::log::entries_does_not_cover_current_frame ... ok
[INFO] [stdout] test commands::log::project::ignore_multiple_projects ... ok
[INFO] [stdout] test commands::add::frames_are_saved_to_database ... ok
[INFO] [stdout] test commands::log::time_filter::time_can_be_parsed_by_datetime ... ok
[INFO] [stdout] test commands::log::time_filter::time_from_cannot_be_parsed ... ok
[INFO] [stdout] test commands::log::project::get_only_correct_projects_entries ... ok
[INFO] [stdout] test commands::log::order_newest_top ... ok
[INFO] [stdout] test commands::add::end_in_overlapping_frame_returns_in_error ... ok
[INFO] [stdout] test commands::log::time_filter::time_can_be_parsed_by_date ... ok
[INFO] [stdout] test commands::log::time_filter::time_from_cannot_past_to ... ok
[INFO] [stdout] test commands::log::duration_correctly_calculated ... FAILED
[INFO] [stdout] test commands::log::project::get_only_correct_project_entries ... ok
[INFO] [stdout] test commands::add::start_and_end_in_overlapping_frame_returns_in_error ... ok
[INFO] [stdout] test commands::log::tags::ignore_and_select_tags ... ok
[INFO] [stdout] test commands::add::start_in_overlapping_frame_returns_in_error ... ok
[INFO] [stdout] test commands::remove::remove_no_id_given ... ok
[INFO] [stdout] test commands::log::project::ignore_single_project ... ok
[INFO] [stdout] test commands::remove::remove_with_id_nonexistent ... ok
[INFO] [stdout] test commands::projects::projects_no_frames_saved ... ok
[INFO] [stdout] test commands::start::start_requires_project ... ok
[INFO] [stdout] test commands::log::tags::get_entries_from_multiple_tags ... ok
[INFO] [stdout] test commands::start::start_project_with_tags ... ok
[INFO] [stdout] test commands::status::status_no_project_started ... ok
[INFO] [stdout] test commands::log::tags::ignore_single_tag ... ok
[INFO] [stdout] test commands::log::tags::ignore_multiple_tags ... ok
[INFO] [stdout] test commands::start::start_with_project ... ok
[INFO] [stdout] test commands::log::tags::get_only_correct_tag_entries ... ok
[INFO] [stdout] test commands::stop::stop_no_project_started ... ok
[INFO] [stdout] test commands::log::time_filter::time_from_includes ... ok
[INFO] [stdout] test commands::log::time_filter::time_from_searches_for_start ... ok
[INFO] [stdout] test commands::log::time_filter::time_to_includes ... ok
[INFO] [stdout] test commands::log::time_filter::time_to_searches_for_end ... ok
[INFO] [stdout] test commands::log::tags::get_only_correct_tags_entries ... ok
[INFO] [stdout] test commands::projects::projects_frame_saved ... ok
[INFO] [stdout] test commands::start::start_with_project_but_already_started ... ok
[INFO] [stdout] test commands::log::time_filter::time_to_is_inclusive_tomorrow_default ... ok
[INFO] [stdout] test commands::status::status_project_started ... ok
[INFO] [stdout] test commands::remove::remove_with_id ... ok
[INFO] [stdout] test commands::stop::stop_is_stopping_project ... ok
[INFO] [stdout] test commands::projects::projects_frames_saved ... ok
[INFO] [stdout] 
[INFO] [stdout] failures:
[INFO] [stdout] 
[INFO] [stdout] ---- commands::log::duration_correctly_calculated stdout ----
[INFO] [stdout] thread 'commands::log::duration_correctly_calculated' panicked at 'Unexpected stdout, failed var.contains(1h 00m 00s)
[INFO] [stdout] ├── var: Sun 30 4 2023 (0h 30m 00s)
[INFO] [stdout] │   	b743b0e	00:59 to 01:29	0h 30m 00s	test
[INFO] [stdout] │   Sat 29 4 2023 (0h 30m 00s)
[INFO] [stdout] │   	4063c61	23:59 to 00:29	0h 30m 00s	test
[INFO] [stdout] └── var as str: Sun 30 4 2023 (0h 30m 00s)
[INFO] [stdout]     	b743b0e	00:59 to 01:29	0h 30m 00s	test
[INFO] [stdout]     Sat 29 4 2023 (0h 30m 00s)
[INFO] [stdout]     	4063c61	23:59 to 00:29	0h 30m 00s	test
[INFO] [stdout] 
[INFO] [stdout] command=`DATABASE_URL="/tmp/azeJQC7v/test.db" "/opt/rustwide/target/debug/aze" "log"`
[INFO] [stdout] code=0
[INFO] [stdout] stdout="Sun 30 4 2023 (0h 30m 00s)\n\tb743b0e\t00:59 to 01:29\t0h 30m 00s\ttest\nSat 29 4 2023 (0h 30m 00s)\n\t4063c61\t23:59 to 00:29\t0h 30m 00s\ttest\n"
[INFO] [stdout] stderr=""
[INFO] [stdout] ', /rustc/84c898d65adf2f39a5a98507f1fe0ce10a2b8dbc/library/core/src/ops/function.rs:250:5
[INFO] [stdout] stack backtrace:
[INFO] [stdout]    0:     0x55db27c63fea - std::backtrace_rs::backtrace::libunwind::trace::ha9053a9a07ca49cb
[INFO] [stdout]                                at /rustc/84c898d65adf2f39a5a98507f1fe0ce10a2b8dbc/library/std/src/../../backtrace/src/backtrace/libunwind.rs:93:5
[INFO] [stdout]    1:     0x55db27c63fea - std::backtrace_rs::backtrace::trace_unsynchronized::h9c2852a457ad564e
[INFO] [stdout]                                at /rustc/84c898d65adf2f39a5a98507f1fe0ce10a2b8dbc/library/std/src/../../backtrace/src/backtrace/mod.rs:66:5
[INFO] [stdout]    2:     0x55db27c63fea - std::sys_common::backtrace::_print_fmt::h457936fbfaa0070f
[INFO] [stdout]                                at /rustc/84c898d65adf2f39a5a98507f1fe0ce10a2b8dbc/library/std/src/sys_common/backtrace.rs:65:5
[INFO] [stdout]    3:     0x55db27c63fea - <std::sys_common::backtrace::_print::DisplayBacktrace as core::fmt::Display>::fmt::h5779d7bf7f70cb0c
[INFO] [stdout]                                at /rustc/84c898d65adf2f39a5a98507f1fe0ce10a2b8dbc/library/std/src/sys_common/backtrace.rs:44:22
[INFO] [stdout]    4:     0x55db27c8a38e - core::fmt::write::h5a4baaff1bcd3eb5
[INFO] [stdout]                                at /rustc/84c898d65adf2f39a5a98507f1fe0ce10a2b8dbc/library/core/src/fmt/mod.rs:1232:17
[INFO] [stdout]    5:     0x55db27c61105 - std::io::Write::write_fmt::h478f79c628ef31d1
[INFO] [stdout]                                at /rustc/84c898d65adf2f39a5a98507f1fe0ce10a2b8dbc/library/std/src/io/mod.rs:1684:15
[INFO] [stdout]    6:     0x55db27c63db5 - std::sys_common::backtrace::_print::h5fcdc36060f177e8
[INFO] [stdout]                                at /rustc/84c898d65adf2f39a5a98507f1fe0ce10a2b8dbc/library/std/src/sys_common/backtrace.rs:47:5
[INFO] [stdout]    7:     0x55db27c63db5 - std::sys_common::backtrace::print::h54ca9458b876c8bf
[INFO] [stdout]                                at /rustc/84c898d65adf2f39a5a98507f1fe0ce10a2b8dbc/library/std/src/sys_common/backtrace.rs:34:9
[INFO] [stdout]    8:     0x55db27c65bff - std::panicking::default_hook::{{closure}}::hbe471161c7664ed6
[INFO] [stdout]                                at /rustc/84c898d65adf2f39a5a98507f1fe0ce10a2b8dbc/library/std/src/panicking.rs:271:22
[INFO] [stdout]    9:     0x55db27c658bf - std::panicking::default_hook::ha3500da57aa4ac4f
[INFO] [stdout]                                at /rustc/84c898d65adf2f39a5a98507f1fe0ce10a2b8dbc/library/std/src/panicking.rs:287:9
[INFO] [stdout]   10:     0x55db2786e307 - <alloc::boxed::Box<F,A> as core::ops::function::Fn<Args>>::call::hdf1b89dd137ece34
[INFO] [stdout]                                at /rustc/84c898d65adf2f39a5a98507f1fe0ce10a2b8dbc/library/alloc/src/boxed.rs:2001:9
[INFO] [stdout]   11:     0x55db2786e307 - test::test_main::{{closure}}::h9081a79f20e75698
[INFO] [stdout]                                at /rustc/84c898d65adf2f39a5a98507f1fe0ce10a2b8dbc/library/test/src/lib.rs:135:21
[INFO] [stdout]   12:     0x55db27c6632d - <alloc::boxed::Box<F,A> as core::ops::function::Fn<Args>>::call::h6507bddc3eebb4a5
[INFO] [stdout]                                at /rustc/84c898d65adf2f39a5a98507f1fe0ce10a2b8dbc/library/alloc/src/boxed.rs:2001:9
[INFO] [stdout]   13:     0x55db27c6632d - std::panicking::rust_panic_with_hook::h50c09d000dc561d2
[INFO] [stdout]                                at /rustc/84c898d65adf2f39a5a98507f1fe0ce10a2b8dbc/library/std/src/panicking.rs:696:13
[INFO] [stdout]   14:     0x55db27c660a9 - std::panicking::begin_panic_handler::{{closure}}::h9e2b2176e00e0d9c
[INFO] [stdout]                                at /rustc/84c898d65adf2f39a5a98507f1fe0ce10a2b8dbc/library/std/src/panicking.rs:583:13
[INFO] [stdout]   15:     0x55db27c64456 - std::sys_common::backtrace::__rust_end_short_backtrace::h5739b8e512c09d02
[INFO] [stdout]                                at /rustc/84c898d65adf2f39a5a98507f1fe0ce10a2b8dbc/library/std/src/sys_common/backtrace.rs:150:18
[INFO] [stdout]   16:     0x55db27c65db2 - rust_begin_unwind
[INFO] [stdout]                                at /rustc/84c898d65adf2f39a5a98507f1fe0ce10a2b8dbc/library/std/src/panicking.rs:579:5
[INFO] [stdout]   17:     0x55db27806683 - core::panicking::panic_fmt::hf33a1475b4dc5c3e
[INFO] [stdout]                                at /rustc/84c898d65adf2f39a5a98507f1fe0ce10a2b8dbc/library/core/src/panicking.rs:64:14
[INFO] [stdout]   18:     0x55db2787e2cc - core::panicking::panic_display::h13f2551e7c95ae00
[INFO] [stdout]                                at /rustc/84c898d65adf2f39a5a98507f1fe0ce10a2b8dbc/library/core/src/panicking.rs:147:5
[INFO] [stdout]   19:     0x55db2787aed7 - assert_cmd::assert::AssertError::panic::h08047948deb425e4
[INFO] [stdout]                                at /opt/rustwide/cargo-home/registry/src/github.com-1ecc6299db9ec823/assert_cmd-2.0.7/src/assert.rs:1036:9
[INFO] [stdout]   20:     0x55db2787c117 - core::ops::function::FnOnce::call_once::h251783c4bc58b7f2
[INFO] [stdout]                                at /rustc/84c898d65adf2f39a5a98507f1fe0ce10a2b8dbc/library/core/src/ops/function.rs:250:5
[INFO] [stdout]   21:     0x55db27878f10 - core::result::Result<T,E>::unwrap_or_else::h6ca7510c0ed0e76e
[INFO] [stdout]                                at /rustc/84c898d65adf2f39a5a98507f1fe0ce10a2b8dbc/library/core/src/result.rs:1465:23
[INFO] [stdout]   22:     0x55db27811d89 - assert_cmd::assert::Assert::stdout::he776b11ca8bb169f
[INFO] [stdout]                                at /opt/rustwide/cargo-home/registry/src/github.com-1ecc6299db9ec823/assert_cmd-2.0.7/src/assert.rs:362:9
[INFO] [stdout]   23:     0x55db2782acd7 - cli::commands::log::duration_correctly_calculated::h853cf34099bd9a1f
[INFO] [stdout]                                at /opt/rustwide/workdir/tests/commands/log/mod.rs:98:5
[INFO] [stdout]   24:     0x55db2782a577 - cli::commands::log::duration_correctly_calculated::{{closure}}::h589bb0d89bd0f308
[INFO] [stdout]                                at /opt/rustwide/workdir/tests/commands/log/mod.rs:74:39
[INFO] [stdout]   25:     0x55db27833835 - core::ops::function::FnOnce::call_once::h860c0a912b471931
[INFO] [stdout]                                at /rustc/84c898d65adf2f39a5a98507f1fe0ce10a2b8dbc/library/core/src/ops/function.rs:250:5
[INFO] [stdout]   26:     0x55db278736ef - core::ops::function::FnOnce::call_once::h7d969581be7d0075
[INFO] [stdout]                                at /rustc/84c898d65adf2f39a5a98507f1fe0ce10a2b8dbc/library/core/src/ops/function.rs:250:5
[INFO] [stdout]   27:     0x55db278736ef - test::__rust_begin_short_backtrace::hca25a52684e56655
[INFO] [stdout]                                at /rustc/84c898d65adf2f39a5a98507f1fe0ce10a2b8dbc/library/test/src/lib.rs:656:18
[INFO] [stdout]   28:     0x55db27844d0c - test::run_test::{{closure}}::ha8ac744c4af1a4bb
[INFO] [stdout]                                at /rustc/84c898d65adf2f39a5a98507f1fe0ce10a2b8dbc/library/test/src/lib.rs:647:30
[INFO] [stdout]   29:     0x55db27844d0c - core::ops::function::FnOnce::call_once{{vtable.shim}}::h7b411a9ed45bdecf
[INFO] [stdout]                                at /rustc/84c898d65adf2f39a5a98507f1fe0ce10a2b8dbc/library/core/src/ops/function.rs:250:5
[INFO] [stdout]   30:     0x55db278726b6 - <alloc::boxed::Box<F,A> as core::ops::function::FnOnce<Args>>::call_once::hd05328869a8ed200
[INFO] [stdout]                                at /rustc/84c898d65adf2f39a5a98507f1fe0ce10a2b8dbc/library/alloc/src/boxed.rs:1987:9
[INFO] [stdout]   31:     0x55db278726b6 - <core::panic::unwind_safe::AssertUnwindSafe<F> as core::ops::function::FnOnce<()>>::call_once::h0c601ce20bd5b2be
[INFO] [stdout]                                at /rustc/84c898d65adf2f39a5a98507f1fe0ce10a2b8dbc/library/core/src/panic/unwind_safe.rs:271:9
[INFO] [stdout]   32:     0x55db278726b6 - std::panicking::try::do_call::ha4be5c164fe30854
[INFO] [stdout]                                at /rustc/84c898d65adf2f39a5a98507f1fe0ce10a2b8dbc/library/std/src/panicking.rs:487:40
[INFO] [stdout]   33:     0x55db278726b6 - std::panicking::try::h604546f3609af05f
[INFO] [stdout]                                at /rustc/84c898d65adf2f39a5a98507f1fe0ce10a2b8dbc/library/std/src/panicking.rs:451:19
[INFO] [stdout]   34:     0x55db278726b6 - std::panic::catch_unwind::h5bfa8afe44c9c2f9
[INFO] [stdout]                                at /rustc/84c898d65adf2f39a5a98507f1fe0ce10a2b8dbc/library/std/src/panic.rs:140:14
[INFO] [stdout]   35:     0x55db278726b6 - test::run_test_in_process::hd50dee55dd63e6aa
[INFO] [stdout]                                at /rustc/84c898d65adf2f39a5a98507f1fe0ce10a2b8dbc/library/test/src/lib.rs:679:27
[INFO] [stdout]   36:     0x55db278726b6 - test::run_test::run_test_inner::{{closure}}::h4aa0f433aa85cea8
[INFO] [stdout]                                at /rustc/84c898d65adf2f39a5a98507f1fe0ce10a2b8dbc/library/test/src/lib.rs:573:39
[INFO] [stdout]   37:     0x55db2783f381 - test::run_test::run_test_inner::{{closure}}::had56431adf24b4d6
[INFO] [stdout]                                at /rustc/84c898d65adf2f39a5a98507f1fe0ce10a2b8dbc/library/test/src/lib.rs:600:37
[INFO] [stdout]   38:     0x55db2783f381 - std::sys_common::backtrace::__rust_begin_short_backtrace::ha8d9890e0c73bf13
[INFO] [stdout]                                at /rustc/84c898d65adf2f39a5a98507f1fe0ce10a2b8dbc/library/std/src/sys_common/backtrace.rs:134:18
[INFO] [stdout]   39:     0x55db27844d9b - std::thread::Builder::spawn_unchecked_::{{closure}}::{{closure}}::h251832bcb4a95327
[INFO] [stdout]                                at /rustc/84c898d65adf2f39a5a98507f1fe0ce10a2b8dbc/library/std/src/thread/mod.rs:560:17
[INFO] [stdout]   40:     0x55db27844d9b - <core::panic::unwind_safe::AssertUnwindSafe<F> as core::ops::function::FnOnce<()>>::call_once::h8fdff598fa414831
[INFO] [stdout]                                at /rustc/84c898d65adf2f39a5a98507f1fe0ce10a2b8dbc/library/core/src/panic/unwind_safe.rs:271:9
[INFO] [stdout]   41:     0x55db27844d9b - std::panicking::try::do_call::h455dd2f7764a950f
[INFO] [stdout]                                at /rustc/84c898d65adf2f39a5a98507f1fe0ce10a2b8dbc/library/std/src/panicking.rs:487:40
[INFO] [stdout]   42:     0x55db27844d9b - std::panicking::try::had6f23b7b73ae72a
[INFO] [stdout]                                at /rustc/84c898d65adf2f39a5a98507f1fe0ce10a2b8dbc/library/std/src/panicking.rs:451:19
[INFO] [stdout]   43:     0x55db27844d9b - std::panic::catch_unwind::ha6a5ca3915b4dad0
[INFO] [stdout]                                at /rustc/84c898d65adf2f39a5a98507f1fe0ce10a2b8dbc/library/std/src/panic.rs:140:14
[INFO] [stdout]   44:     0x55db27844d9b - std::thread::Builder::spawn_unchecked_::{{closure}}::h883b72ef75da6231
[INFO] [stdout]                                at /rustc/84c898d65adf2f39a5a98507f1fe0ce10a2b8dbc/library/std/src/thread/mod.rs:559:30
[INFO] [stdout]   45:     0x55db27844d9b - core::ops::function::FnOnce::call_once{{vtable.shim}}::hb7dff73dc8bd2ccb
[INFO] [stdout]                                at /rustc/84c898d65adf2f39a5a98507f1fe0ce10a2b8dbc/library/core/src/ops/function.rs:250:5
[INFO] [stdout]   46:     0x55db27c6b753 - <alloc::boxed::Box<F,A> as core::ops::function::FnOnce<Args>>::call_once::h39990b24eedef2ab
[INFO] [stdout]                                at /rustc/84c898d65adf2f39a5a98507f1fe0ce10a2b8dbc/library/alloc/src/boxed.rs:1987:9
[INFO] [stdout]   47:     0x55db27c6b753 - <alloc::boxed::Box<F,A> as core::ops::function::FnOnce<Args>>::call_once::h01a027258444143b
[INFO] [stdout]                                at /rustc/84c898d65adf2f39a5a98507f1fe0ce10a2b8dbc/library/alloc/src/boxed.rs:1987:9
[INFO] [stdout]   48:     0x55db27c6b753 - std::sys::unix::thread::Thread::new::thread_start::ha4f1cdd9c25884ba
[INFO] [stdout]                                at /rustc/84c898d65adf2f39a5a98507f1fe0ce10a2b8dbc/library/std/src/sys/unix/thread.rs:108:17
[INFO] [stdout]   49:     0x7ff7fe0c4b43 - <unknown>
[INFO] [stdout]   50:     0x7ff7fe155bb4 - __clone
[INFO] [stdout]   51:                0x0 - <unknown>
[INFO] [stdout] 
[INFO] [stdout] 
[INFO] [stdout] failures:
[INFO] [stdout]     commands::log::duration_correctly_calculated
[INFO] [stdout] 
[INFO] [stdout] test result: FAILED. 51 passed; 1 failed; 0 ignored; 0 measured; 0 filtered out; finished in 1.12s
[INFO] [stdout] 
[INFO] [stderr] error: test failed, to rerun pass `--test cli`
[INFO] running `Command { std: "docker" "inspect" "0d3be0aedee14ee811fd298c6a8e1cca7d70afcd3be9768f947a0bc4a2dca03e", kill_on_drop: false }`
[INFO] running `Command { std: "docker" "rm" "-f" "0d3be0aedee14ee811fd298c6a8e1cca7d70afcd3be9768f947a0bc4a2dca03e", kill_on_drop: false }`
[INFO] [stdout] 0d3be0aedee14ee811fd298c6a8e1cca7d70afcd3be9768f947a0bc4a2dca03e
