[INFO] cloning repository https://github.com/lavrxxx/leetcode
[INFO] running `Command { std: "git" "-c" "credential.helper=" "-c" "credential.helper=/workspace/cargo-home/bin/git-credential-null" "clone" "--bare" "https://github.com/lavrxxx/leetcode" "/workspace/cache/git-repos/https%3A%2F%2Fgithub.com%2Flavrxxx%2Fleetcode", kill_on_drop: false }`
[INFO] [stderr] Cloning into bare repository '/workspace/cache/git-repos/https%3A%2F%2Fgithub.com%2Flavrxxx%2Fleetcode'...
[INFO] running `Command { std: "git" "rev-parse" "HEAD", kill_on_drop: false }`
[INFO] [stdout] 0a357004fee62c49837e3228670e85d50c3b80ba
[INFO] testing lavrxxx/leetcode against 1.69.0 for beta-1.70-1
[INFO] running `Command { std: "git" "clone" "/workspace/cache/git-repos/https%3A%2F%2Fgithub.com%2Flavrxxx%2Fleetcode" "/workspace/builds/worker-3-tc1/source", kill_on_drop: false }`
[INFO] [stderr] Cloning into '/workspace/builds/worker-3-tc1/source'...
[INFO] [stderr] done.
[INFO] validating manifest of git repo https://github.com/lavrxxx/leetcode on toolchain 1.69.0
[INFO] running `Command { std: CARGO_HOME="/workspace/cargo-home" RUSTUP_HOME="/workspace/rustup-home" "/workspace/cargo-home/bin/cargo" "+1.69.0" "metadata" "--manifest-path" "Cargo.toml" "--no-deps", kill_on_drop: false }`
[INFO] started tweaking git repo https://github.com/lavrxxx/leetcode
[INFO] finished tweaking git repo https://github.com/lavrxxx/leetcode
[INFO] tweaked toml for git repo https://github.com/lavrxxx/leetcode written to /workspace/builds/worker-3-tc1/source/Cargo.toml
[INFO] crate git repo https://github.com/lavrxxx/leetcode already has a lockfile, it will not be regenerated
[INFO] running `Command { std: CARGO_HOME="/workspace/cargo-home" RUSTUP_HOME="/workspace/rustup-home" "/workspace/cargo-home/bin/cargo" "+1.69.0" "fetch" "--manifest-path" "Cargo.toml", kill_on_drop: false }`
[INFO] running `Command { std: "docker" "create" "-v" "/var/lib/crater-agent-workspace/builds/worker-3-tc1/target:/opt/rustwide/target:rw,Z" "-v" "/var/lib/crater-agent-workspace/builds/worker-3-tc1/source:/opt/rustwide/workdir:ro,Z" "-v" "/var/lib/crater-agent-workspace/cargo-home:/opt/rustwide/cargo-home:ro,Z" "-v" "/var/lib/crater-agent-workspace/rustup-home:/opt/rustwide/rustup-home:ro,Z" "-e" "SOURCE_DIR=/opt/rustwide/workdir" "-e" "CARGO_TARGET_DIR=/opt/rustwide/target" "-e" "CARGO_HOME=/opt/rustwide/cargo-home" "-e" "RUSTUP_HOME=/opt/rustwide/rustup-home" "-w" "/opt/rustwide/workdir" "-m" "1610612736" "--user" "0:0" "--network" "none" "ghcr.io/rust-lang/crates-build-env/linux@sha256:5ff2268d62e97bff2cde7d5815dd6ed5b47097566f13b8d0ca110b04b60e07ed" "/opt/rustwide/cargo-home/bin/cargo" "+1.69.0" "metadata" "--no-deps" "--format-version=1", kill_on_drop: false }`
[INFO] [stdout] 9b9753dccb8f302c67d20c9e9577fab2a62017fb34215dec3829016e04034e26
[INFO] running `Command { std: "docker" "start" "-a" "9b9753dccb8f302c67d20c9e9577fab2a62017fb34215dec3829016e04034e26", kill_on_drop: false }`
[INFO] running `Command { std: "docker" "inspect" "9b9753dccb8f302c67d20c9e9577fab2a62017fb34215dec3829016e04034e26", kill_on_drop: false }`
[INFO] running `Command { std: "docker" "rm" "-f" "9b9753dccb8f302c67d20c9e9577fab2a62017fb34215dec3829016e04034e26", kill_on_drop: false }`
[INFO] [stdout] 9b9753dccb8f302c67d20c9e9577fab2a62017fb34215dec3829016e04034e26
[INFO] running `Command { std: "docker" "create" "-v" "/var/lib/crater-agent-workspace/builds/worker-3-tc1/target:/opt/rustwide/target:rw,Z" "-v" "/var/lib/crater-agent-workspace/builds/worker-3-tc1/source:/opt/rustwide/workdir:ro,Z" "-v" "/var/lib/crater-agent-workspace/cargo-home:/opt/rustwide/cargo-home:ro,Z" "-v" "/var/lib/crater-agent-workspace/rustup-home:/opt/rustwide/rustup-home:ro,Z" "-e" "SOURCE_DIR=/opt/rustwide/workdir" "-e" "CARGO_TARGET_DIR=/opt/rustwide/target" "-e" "CARGO_INCREMENTAL=0" "-e" "RUST_BACKTRACE=full" "-e" "RUSTFLAGS=--cap-lints=warn" "-e" "RUSTDOCFLAGS=--cap-lints=warn" "-e" "CARGO_HOME=/opt/rustwide/cargo-home" "-e" "RUSTUP_HOME=/opt/rustwide/rustup-home" "-w" "/opt/rustwide/workdir" "-m" "1610612736" "--user" "0:0" "--network" "none" "ghcr.io/rust-lang/crates-build-env/linux@sha256:5ff2268d62e97bff2cde7d5815dd6ed5b47097566f13b8d0ca110b04b60e07ed" "/opt/rustwide/cargo-home/bin/cargo" "+1.69.0" "build" "--frozen" "--message-format=json", kill_on_drop: false }`
[INFO] [stdout] e33781e513d8e94a5b9d881b42606d5f842cce05f46dd2a553575f746a1d602f
[INFO] running `Command { std: "docker" "start" "-a" "e33781e513d8e94a5b9d881b42606d5f842cce05f46dd2a553575f746a1d602f", kill_on_drop: false }`
[INFO] [stderr]    Compiling autocfg v1.1.0
[INFO] [stderr]    Compiling ppv-lite86 v0.2.16
[INFO] [stderr]    Compiling binary_search v0.1.0 (/opt/rustwide/workdir/algorithms/binary_search)
[INFO] [stderr]    Compiling sum_array v0.1.0 (/opt/rustwide/workdir/algorithms/sum_array)
[INFO] [stderr]    Compiling hash_table v0.1.0 (/opt/rustwide/workdir/algorithms/hash_table)
[INFO] [stderr]    Compiling n_125_valid_palindrome v0.1.0 (/opt/rustwide/workdir/problems/n_125_valid_palindrome)
[INFO] [stderr]    Compiling n_9_palindrome_number v0.1.0 (/opt/rustwide/workdir/problems/n_9_palindrome_number)
[INFO] [stderr]    Compiling getrandom v0.2.6
[INFO] [stdout] warning: type alias `Type` is never used
[INFO] [stdout]  --> algorithms/sum_array/src/lib.rs:1:6
[INFO] [stdout]   |
[INFO] [stdout] 1 | type Type = i128;
[INFO] [stdout]   |      ^^^^
[INFO] [stdout]   |
[INFO] [stdout]   = note: `#[warn(dead_code)]` on by default
[INFO] [stdout] 
[INFO] [stdout] 
[INFO] [stdout] warning: function `sum_recursive_dc` is never used
[INFO] [stdout]  --> algorithms/sum_array/src/lib.rs:4:4
[INFO] [stdout]   |
[INFO] [stdout] 4 | fn sum_recursive_dc(v: Vec<Type>) -> Type {
[INFO] [stdout]   |    ^^^^^^^^^^^^^^^^
[INFO] [stdout] 
[INFO] [stdout] 
[INFO] [stdout] warning: function `sum` is never used
[INFO] [stdout]   --> algorithms/sum_array/src/lib.rs:11:4
[INFO] [stdout]    |
[INFO] [stdout] 11 | fn sum(v: Vec<Type>) -> Type {
[INFO] [stdout]    |    ^^^
[INFO] [stdout] 
[INFO] [stdout] 
[INFO] [stdout] warning: struct `Solution` is never constructed
[INFO] [stdout]  --> problems/n_9_palindrome_number/src/lib.rs:1:8
[INFO] [stdout]   |
[INFO] [stdout] 1 | struct Solution {}
[INFO] [stdout]   |        ^^^^^^^^
[INFO] [stdout]   |
[INFO] [stdout]   = note: `#[warn(dead_code)]` on by default
[INFO] [stdout] 
[INFO] [stdout] 
[INFO] [stdout] warning: associated function `is_palindrome` is never used
[INFO] [stdout]  --> problems/n_9_palindrome_number/src/lib.rs:4:12
[INFO] [stdout]   |
[INFO] [stdout] 4 |     pub fn is_palindrome(mut x: i32) -> bool {
[INFO] [stdout]   |            ^^^^^^^^^^^^^
[INFO] [stdout] 
[INFO] [stdout] 
[INFO] [stdout] warning: 3 warnings emitted
[INFO] [stdout] 
[INFO] [stdout] 
[INFO] [stderr]    Compiling time v0.1.43
[INFO] [stdout] warning: 2 warnings emitted
[INFO] [stdout] 
[INFO] [stdout] 
[INFO] [stderr]    Compiling quicksort v0.1.0 (/opt/rustwide/workdir/algorithms/quicksort)
[INFO] [stdout] warning: constant `SIZE` is never used
[INFO] [stdout]  --> algorithms/hash_table/src/lib.rs:1:7
[INFO] [stdout]   |
[INFO] [stdout] 1 | const SIZE: usize = 10;
[INFO] [stdout]   |       ^^^^
[INFO] [stdout]   |
[INFO] [stdout]   = note: `#[warn(dead_code)]` on by default
[INFO] [stdout] 
[INFO] [stdout] 
[INFO] [stdout] warning: type alias `HashFn` is never used
[INFO] [stdout]  --> algorithms/hash_table/src/lib.rs:3:6
[INFO] [stdout]   |
[INFO] [stdout] 3 | type HashFn = Box<dyn Fn(&str) -> usize>;
[INFO] [stdout]   |      ^^^^^^
[INFO] [stdout] 
[INFO] [stdout] 
[INFO] [stdout] warning: fields `key` and `data` are never read
[INFO] [stdout]   --> algorithms/hash_table/src/lib.rs:9:5
[INFO] [stdout]    |
[INFO] [stdout] 8  | struct Value {
[INFO] [stdout]    |        ----- fields in this struct
[INFO] [stdout] 9  |     key: String,
[INFO] [stdout]    |     ^^^
[INFO] [stdout] 10 |     data: DataType,
[INFO] [stdout]    |     ^^^^
[INFO] [stdout]    |
[INFO] [stdout]    = note: `Value` has a derived impl for the trait `Debug`, but this is intentionally ignored during dead code analysis
[INFO] [stdout] 
[INFO] [stdout] 
[INFO] [stdout] warning: struct `HashTable` is never constructed
[INFO] [stdout]   --> algorithms/hash_table/src/lib.rs:22:8
[INFO] [stdout]    |
[INFO] [stdout] 22 | struct HashTable {
[INFO] [stdout]    |        ^^^^^^^^^
[INFO] [stdout] 
[INFO] [stdout] 
[INFO] [stdout] warning: function `hash_fn_mod` is never used
[INFO] [stdout]   --> algorithms/hash_table/src/lib.rs:84:4
[INFO] [stdout]    |
[INFO] [stdout] 84 | fn hash_fn_mod(data: &str) -> usize {
[INFO] [stdout]    |    ^^^^^^^^^^^
[INFO] [stdout] 
[INFO] [stdout] 
[INFO] [stdout] warning: associated function `new` is never used
[INFO] [stdout]   --> algorithms/hash_table/src/lib.rs:14:8
[INFO] [stdout]    |
[INFO] [stdout] 14 |     fn new(key: &str, data: DataType) -> Self {
[INFO] [stdout]    |        ^^^
[INFO] [stdout] 
[INFO] [stdout] 
[INFO] [stdout] warning: associated function `new` is never used
[INFO] [stdout]   --> algorithms/hash_table/src/lib.rs:28:8
[INFO] [stdout]    |
[INFO] [stdout] 28 |     fn new(hash_fn: HashFn) -> Self {
[INFO] [stdout]    |        ^^^
[INFO] [stdout] 
[INFO] [stdout] 
[INFO] [stdout] warning: method `insert` is never used
[INFO] [stdout]   --> algorithms/hash_table/src/lib.rs:36:8
[INFO] [stdout]    |
[INFO] [stdout] 36 |     fn insert(&mut self, key: &str, data: DataType) {
[INFO] [stdout]    |        ^^^^^^
[INFO] [stdout] 
[INFO] [stdout] 
[INFO] [stdout] warning: method `get` is never used
[INFO] [stdout]   --> algorithms/hash_table/src/lib.rs:50:8
[INFO] [stdout]    |
[INFO] [stdout] 50 |     fn get(&self, key: &str) -> Option<DataType> {
[INFO] [stdout]    |        ^^^
[INFO] [stdout] 
[INFO] [stdout] 
[INFO] [stdout] warning: method `delete` is never used
[INFO] [stdout]   --> algorithms/hash_table/src/lib.rs:61:8
[INFO] [stdout]    |
[INFO] [stdout] 61 |     fn delete(&mut self, key: &str) {
[INFO] [stdout]    |        ^^^^^^
[INFO] [stdout] 
[INFO] [stdout] 
[INFO] [stdout] warning: method `load_factor` is never used
[INFO] [stdout]   --> algorithms/hash_table/src/lib.rs:72:8
[INFO] [stdout]    |
[INFO] [stdout] 72 |     fn load_factor(&self) -> f64 {
[INFO] [stdout]    |        ^^^^^^^^^^^
[INFO] [stdout] 
[INFO] [stdout] 
[INFO] [stdout] warning: struct `Solution` is never constructed
[INFO] [stdout]  --> problems/n_125_valid_palindrome/src/lib.rs:3:8
[INFO] [stdout]   |
[INFO] [stdout] 3 | struct Solution {}
[INFO] [stdout]   |        ^^^^^^^^
[INFO] [stdout]   |
[INFO] [stdout]   = note: `#[warn(dead_code)]` on by default
[INFO] [stdout] 
[INFO] [stdout] 
[INFO] [stdout] warning: associated function `is_palindrome` is never used
[INFO] [stdout]  --> problems/n_125_valid_palindrome/src/lib.rs:6:12
[INFO] [stdout]   |
[INFO] [stdout] 6 |     pub fn is_palindrome(str: String) -> bool {
[INFO] [stdout]   |            ^^^^^^^^^^^^^
[INFO] [stdout] 
[INFO] [stdout] 
[INFO] [stdout] warning: associated function `check_palindrome` is never used
[INFO] [stdout]   --> problems/n_125_valid_palindrome/src/lib.rs:28:8
[INFO] [stdout]    |
[INFO] [stdout] 28 |     fn check_palindrome(str: &str) -> bool {
[INFO] [stdout]    |        ^^^^^^^^^^^^^^^^
[INFO] [stdout] 
[INFO] [stdout] 
[INFO] [stdout] warning: function `binary_search` is never used
[INFO] [stdout]  --> algorithms/binary_search/src/lib.rs:1:4
[INFO] [stdout]   |
[INFO] [stdout] 1 | fn binary_search(v: Vec<u128>, target: u128) -> Option<usize> {
[INFO] [stdout]   |    ^^^^^^^^^^^^^
[INFO] [stdout]   |
[INFO] [stdout]   = note: `#[warn(dead_code)]` on by default
[INFO] [stdout] 
[INFO] [stdout] 
[INFO] [stdout] warning: function `binary_search_recursive` is never used
[INFO] [stdout]   --> algorithms/binary_search/src/lib.rs:24:4
[INFO] [stdout]    |
[INFO] [stdout] 24 | fn binary_search_recursive(v: Vec<u128>, target: u128, start: usize, stop: usize) -> Option<usize> {
[INFO] [stdout]    |    ^^^^^^^^^^^^^^^^^^^^^^^
[INFO] [stdout] 
[INFO] [stdout] 
[INFO] [stdout] warning: 3 warnings emitted
[INFO] [stdout] 
[INFO] [stdout] 
[INFO] [stderr]    Compiling dynamic v0.1.0 (/opt/rustwide/workdir/algorithms/dynamic)
[INFO] [stdout] warning: 2 warnings emitted
[INFO] [stdout] 
[INFO] [stdout] 
[INFO] [stderr]    Compiling find_max_size_square_plots v0.1.0 (/opt/rustwide/workdir/algorithms/find_max_size_square_plots)
[INFO] [stdout] warning: 11 warnings emitted
[INFO] [stdout] 
[INFO] [stdout] 
[INFO] [stderr]    Compiling selection_sort v0.1.0 (/opt/rustwide/workdir/algorithms/selection_sort)
[INFO] [stdout] warning: function `quicksort` is never used
[INFO] [stdout]   --> algorithms/quicksort/src/lib.rs:11:4
[INFO] [stdout]    |
[INFO] [stdout] 11 | fn quicksort(mut v: Vec<u128>, asc: bool, partition: Box<dyn Partition>) -> Vec<u128> {
[INFO] [stdout]    |    ^^^^^^^^^
[INFO] [stdout]    |
[INFO] [stdout]    = note: `#[warn(dead_code)]` on by default
[INFO] [stdout] 
[INFO] [stdout] 
[INFO] [stdout] warning: function `quicksort_recursive` is never used
[INFO] [stdout]    --> algorithms/quicksort/src/lib.rs:129:4
[INFO] [stdout]     |
[INFO] [stdout] 129 | fn quicksort_recursive(mut v: Vec<u128>, asc: bool) -> Vec<u128> {
[INFO] [stdout]     |    ^^^^^^^^^^^^^^^^^^^
[INFO] [stdout] 
[INFO] [stdout] 
[INFO] [stdout] warning: function `choose_sub_array` is never used
[INFO] [stdout]    --> algorithms/quicksort/src/lib.rs:159:4
[INFO] [stdout]     |
[INFO] [stdout] 159 | fn choose_sub_array(
[INFO] [stdout]     |    ^^^^^^^^^^^^^^^^
[INFO] [stdout] 
[INFO] [stdout] 
[INFO] [stdout] warning: function `swap` is never used
[INFO] [stdout]    --> algorithms/quicksort/src/lib.rs:187:4
[INFO] [stdout]     |
[INFO] [stdout] 187 | fn swap(v: &mut Vec<u128>, i1: usize, i2: usize, asc: bool) {
[INFO] [stdout]     |    ^^^^
[INFO] [stdout] 
[INFO] [stdout] 
[INFO] [stdout] warning: fields `weight` and `price` are never read
[INFO] [stdout]  --> algorithms/dynamic/src/lib.rs:8:5
[INFO] [stdout]   |
[INFO] [stdout] 7 | struct Item {
[INFO] [stdout]   |        ---- fields in this struct
[INFO] [stdout] 8 |     weight: Weight,
[INFO] [stdout]   |     ^^^^^^
[INFO] [stdout] 9 |     price: Price,
[INFO] [stdout]   |     ^^^^^
[INFO] [stdout]   |
[INFO] [stdout]   = note: `Item` has a derived impl for the trait `Clone`, but this is intentionally ignored during dead code analysis
[INFO] [stdout]   = note: `#[warn(dead_code)]` on by default
[INFO] [stdout] 
[INFO] [stdout] 
[INFO] [stdout] warning: fields `price` and `items` are never read
[INFO] [stdout]   --> algorithms/dynamic/src/lib.rs:14:5
[INFO] [stdout]    |
[INFO] [stdout] 13 | struct Cell {
[INFO] [stdout]    |        ---- fields in this struct
[INFO] [stdout] 14 |     price: Price,
[INFO] [stdout]    |     ^^^^^
[INFO] [stdout] 15 |     items: Vec<String>,
[INFO] [stdout]    |     ^^^^^
[INFO] [stdout]    |
[INFO] [stdout]    = note: `Cell` has a derived impl for the trait `Clone`, but this is intentionally ignored during dead code analysis
[INFO] [stdout] 
[INFO] [stdout] 
[INFO] [stdout] warning: function `run_knapsack_problem` is never used
[INFO] [stdout]   --> algorithms/dynamic/src/lib.rs:19:4
[INFO] [stdout]    |
[INFO] [stdout] 19 | fn run_knapsack_problem(
[INFO] [stdout]    |    ^^^^^^^^^^^^^^^^^^^^
[INFO] [stdout] 
[INFO] [stdout] 
[INFO] [stdout] warning: function `longest_common_substring` is never used
[INFO] [stdout]   --> algorithms/dynamic/src/lib.rs:87:4
[INFO] [stdout]    |
[INFO] [stdout] 87 | fn longest_common_substring(target: String, variants: Vec<String>) -> Vec<(String, i128)> {
[INFO] [stdout]    |    ^^^^^^^^^^^^^^^^^^^^^^^^
[INFO] [stdout] 
[INFO] [stdout] 
[INFO] [stdout] warning: 4 warnings emitted
[INFO] [stdout] 
[INFO] [stdout] 
[INFO] [stderr]    Compiling rand_core v0.6.3
[INFO] [stdout] warning: function `find` is never used
[INFO] [stdout]  --> algorithms/find_max_size_square_plots/src/lib.rs:1:4
[INFO] [stdout]   |
[INFO] [stdout] 1 | fn find(height: u128, width: u128) -> u128 {
[INFO] [stdout]   |    ^^^^
[INFO] [stdout]   |
[INFO] [stdout]   = note: `#[warn(dead_code)]` on by default
[INFO] [stdout] 
[INFO] [stdout] 
[INFO] [stdout] warning: 1 warning emitted
[INFO] [stdout] 
[INFO] [stdout] 
[INFO] [stdout] warning: type alias `Type` is never used
[INFO] [stdout]  --> algorithms/selection_sort/src/lib.rs:1:6
[INFO] [stdout]   |
[INFO] [stdout] 1 | type Type = u128;
[INFO] [stdout]   |      ^^^^
[INFO] [stdout]   |
[INFO] [stdout]   = note: `#[warn(dead_code)]` on by default
[INFO] [stdout] 
[INFO] [stdout] 
[INFO] [stdout] warning: function `selection_sort` is never used
[INFO] [stdout]  --> algorithms/selection_sort/src/lib.rs:3:4
[INFO] [stdout]   |
[INFO] [stdout] 3 | fn selection_sort(mut v: Vec<Type>, asc: bool) -> Vec<Type> {
[INFO] [stdout]   |    ^^^^^^^^^^^^^^
[INFO] [stdout] 
[INFO] [stdout] 
[INFO] [stdout] warning: function `find_extremum` is never used
[INFO] [stdout]   --> algorithms/selection_sort/src/lib.rs:16:4
[INFO] [stdout]    |
[INFO] [stdout] 16 | fn find_extremum(v: Vec<Type>, asc: bool) -> usize {
[INFO] [stdout]    |    ^^^^^^^^^^^^^
[INFO] [stdout] 
[INFO] [stdout] 
[INFO] [stdout] warning: 3 warnings emitted
[INFO] [stdout] 
[INFO] [stdout] 
[INFO] [stdout] warning: 4 warnings emitted
[INFO] [stdout] 
[INFO] [stdout] 
[INFO] [stderr]    Compiling num-traits v0.2.14
[INFO] [stderr]    Compiling num-integer v0.1.45
[INFO] [stderr]    Compiling rand_chacha v0.3.1
[INFO] [stderr]    Compiling rand v0.8.5
[INFO] [stderr]    Compiling graph v0.1.0 (/opt/rustwide/workdir/algorithms/graph)
[INFO] [stdout] warning: enum `ActResult` is never used
[INFO] [stdout]   --> algorithms/graph/src/lib.rs:11:6
[INFO] [stdout]    |
[INFO] [stdout] 11 | enum ActResult {
[INFO] [stdout]    |      ^^^^^^^^^
[INFO] [stdout]    |
[INFO] [stdout]    = note: `#[warn(dead_code)]` on by default
[INFO] [stdout] 
[INFO] [stdout] 
[INFO] [stdout] warning: function `breadth_first_search` is never used
[INFO] [stdout]   --> algorithms/graph/src/lib.rs:92:4
[INFO] [stdout]    |
[INFO] [stdout] 92 | fn breadth_first_search<T>(root: Link<T>, target: &str) -> Option<T>
[INFO] [stdout]    |    ^^^^^^^^^^^^^^^^^^^^
[INFO] [stdout] 
[INFO] [stdout] 
[INFO] [stdout] warning: function `print_node` is never used
[INFO] [stdout]    --> algorithms/graph/src/lib.rs:110:4
[INFO] [stdout]     |
[INFO] [stdout] 110 | fn print_node<T>(node: &Node<T>) {
[INFO] [stdout]     |    ^^^^^^^^^^
[INFO] [stdout] 
[INFO] [stdout] 
[INFO] [stdout] warning: function `print_edge` is never used
[INFO] [stdout]    --> algorithms/graph/src/lib.rs:121:4
[INFO] [stdout]     |
[INFO] [stdout] 121 | fn print_edge<T>(edge: &Edge<T>) -> ActResult {
[INFO] [stdout]     |    ^^^^^^^^^^
[INFO] [stdout] 
[INFO] [stdout] 
[INFO] [stdout] warning: function `depth_first_topological_sort` is never used
[INFO] [stdout]    --> algorithms/graph/src/lib.rs:135:4
[INFO] [stdout]     |
[INFO] [stdout] 135 | fn depth_first_topological_sort<T>(root: Link<T>) -> VecDeque<Link<T>> {
[INFO] [stdout]     |    ^^^^^^^^^^^^^^^^^^^^^^^^^^^^
[INFO] [stdout] 
[INFO] [stdout] 
[INFO] [stdout] warning: function `visit` is never used
[INFO] [stdout]    --> algorithms/graph/src/lib.rs:160:4
[INFO] [stdout]     |
[INFO] [stdout] 160 | fn visit<T>(
[INFO] [stdout]     |    ^^^^^
[INFO] [stdout] 
[INFO] [stdout] 
[INFO] [stdout] warning: function `dijkstra` is never used
[INFO] [stdout]    --> algorithms/graph/src/lib.rs:188:4
[INFO] [stdout]     |
[INFO] [stdout] 188 | fn dijkstra<T>(root: Link<T>) -> (HashMap<NodeName, Weight>, HashMap<NodeName, Option<Link<T>>>)
[INFO] [stdout]     |    ^^^^^^^^
[INFO] [stdout] 
[INFO] [stdout] 
[INFO] [stdout] warning: function `find_closest_node` is never used
[INFO] [stdout]    --> algorithms/graph/src/lib.rs:231:4
[INFO] [stdout]     |
[INFO] [stdout] 231 | fn find_closest_node<T>(
[INFO] [stdout]     |    ^^^^^^^^^^^^^^^^^
[INFO] [stdout] 
[INFO] [stdout] 
[INFO] [stdout] warning: function `bellman_ford` is never used
[INFO] [stdout]    --> algorithms/graph/src/lib.rs:249:4
[INFO] [stdout]     |
[INFO] [stdout] 249 | fn bellman_ford<T>(root: Link<T>) -> (HashMap<NodeName, Weight>, HashMap<NodeName, Option<Link<T>>>)
[INFO] [stdout]     |    ^^^^^^^^^^^^
[INFO] [stdout] 
[INFO] [stdout] 
[INFO] [stdout] warning: associated function `new` is never used
[INFO] [stdout]   --> algorithms/graph/src/lib.rs:30:8
[INFO] [stdout]    |
[INFO] [stdout] 30 |     fn new(name: NodeName, data: T) -> Link<T> {
[INFO] [stdout]    |        ^^^
[INFO] [stdout] 
[INFO] [stdout] 
[INFO] [stdout] warning: method `add_edge` is never used
[INFO] [stdout]   --> algorithms/graph/src/lib.rs:38:8
[INFO] [stdout]    |
[INFO] [stdout] 38 |     fn add_edge(&mut self, node: Link<T>, weight: Weight) -> &mut Self {
[INFO] [stdout]    |        ^^^^^^^^
[INFO] [stdout] 
[INFO] [stdout] 
[INFO] [stdout] warning: method `traverse_depth_first` is never used
[INFO] [stdout]   --> algorithms/graph/src/lib.rs:43:8
[INFO] [stdout]    |
[INFO] [stdout] 43 |     fn traverse_depth_first<F>(&self, act: &F, seen: &mut HashSet<NodeName>)
[INFO] [stdout]    |        ^^^^^^^^^^^^^^^^^^^^
[INFO] [stdout] 
[INFO] [stdout] 
[INFO] [stdout] warning: method `traverse_breadth_first` is never used
[INFO] [stdout]   --> algorithms/graph/src/lib.rs:57:8
[INFO] [stdout]    |
[INFO] [stdout] 57 |     fn traverse_breadth_first<F>(&self, act: &F, seen: &mut HashSet<NodeName>)
[INFO] [stdout]    |        ^^^^^^^^^^^^^^^^^^^^^^
[INFO] [stdout] 
[INFO] [stdout] 
[INFO] [stdout] warning: 13 warnings emitted
[INFO] [stdout] 
[INFO] [stdout] 
[INFO] [stderr]    Compiling chrono v0.4.19
[INFO] [stderr]    Compiling greedy v0.1.0 (/opt/rustwide/workdir/algorithms/greedy)
[INFO] [stdout] warning: function `schedule_problem` is never used
[INFO] [stdout]   --> algorithms/greedy/src/lib.rs:26:4
[INFO] [stdout]    |
[INFO] [stdout] 26 | fn schedule_problem(classes: Vec<Class>) -> Vec<Class> {
[INFO] [stdout]    |    ^^^^^^^^^^^^^^^^
[INFO] [stdout]    |
[INFO] [stdout]    = note: `#[warn(dead_code)]` on by default
[INFO] [stdout] 
[INFO] [stdout] 
[INFO] [stdout] warning: function `set_covering_problem` is never used
[INFO] [stdout]   --> algorithms/greedy/src/lib.rs:46:4
[INFO] [stdout]    |
[INFO] [stdout] 46 | fn set_covering_problem<'a>(
[INFO] [stdout]    |    ^^^^^^^^^^^^^^^^^^^^
[INFO] [stdout] 
[INFO] [stdout] 
[INFO] [stdout] warning: function `salesperson_problem` is never used
[INFO] [stdout]   --> algorithms/greedy/src/lib.rs:69:4
[INFO] [stdout]    |
[INFO] [stdout] 69 | fn salesperson_problem(
[INFO] [stdout]    |    ^^^^^^^^^^^^^^^^^^^
[INFO] [stdout] 
[INFO] [stdout] 
[INFO] [stdout] warning: associated function `new` is never used
[INFO] [stdout]   --> algorithms/greedy/src/lib.rs:13:8
[INFO] [stdout]    |
[INFO] [stdout] 13 |     fn new(name: &str, start: &str, stop: &str) -> Self {
[INFO] [stdout]    |        ^^^
[INFO] [stdout] 
[INFO] [stdout] 
[INFO] [stdout] warning: 4 warnings emitted
[INFO] [stdout] 
[INFO] [stdout] 
[INFO] [stderr]     Finished dev [unoptimized + debuginfo] target(s) in 4.14s
[INFO] running `Command { std: "docker" "inspect" "e33781e513d8e94a5b9d881b42606d5f842cce05f46dd2a553575f746a1d602f", kill_on_drop: false }`
[INFO] running `Command { std: "docker" "rm" "-f" "e33781e513d8e94a5b9d881b42606d5f842cce05f46dd2a553575f746a1d602f", kill_on_drop: false }`
[INFO] [stdout] e33781e513d8e94a5b9d881b42606d5f842cce05f46dd2a553575f746a1d602f
[INFO] running `Command { std: "docker" "create" "-v" "/var/lib/crater-agent-workspace/builds/worker-3-tc1/target:/opt/rustwide/target:rw,Z" "-v" "/var/lib/crater-agent-workspace/builds/worker-3-tc1/source:/opt/rustwide/workdir:ro,Z" "-v" "/var/lib/crater-agent-workspace/cargo-home:/opt/rustwide/cargo-home:ro,Z" "-v" "/var/lib/crater-agent-workspace/rustup-home:/opt/rustwide/rustup-home:ro,Z" "-e" "SOURCE_DIR=/opt/rustwide/workdir" "-e" "CARGO_TARGET_DIR=/opt/rustwide/target" "-e" "CARGO_INCREMENTAL=0" "-e" "RUST_BACKTRACE=full" "-e" "RUSTFLAGS=--cap-lints=warn" "-e" "RUSTDOCFLAGS=--cap-lints=warn" "-e" "CARGO_HOME=/opt/rustwide/cargo-home" "-e" "RUSTUP_HOME=/opt/rustwide/rustup-home" "-w" "/opt/rustwide/workdir" "-m" "1610612736" "--user" "0:0" "--network" "none" "ghcr.io/rust-lang/crates-build-env/linux@sha256:5ff2268d62e97bff2cde7d5815dd6ed5b47097566f13b8d0ca110b04b60e07ed" "/opt/rustwide/cargo-home/bin/cargo" "+1.69.0" "test" "--frozen" "--no-run" "--message-format=json", kill_on_drop: false }`
[INFO] [stdout] dcf732bd74bc2d226337e9a05989248bf69a45eda0029f8e891ff6b2165aea2a
[INFO] running `Command { std: "docker" "start" "-a" "dcf732bd74bc2d226337e9a05989248bf69a45eda0029f8e891ff6b2165aea2a", kill_on_drop: false }`
[INFO] [stdout] warning: struct `Solution` is never constructed
[INFO] [stdout]  --> problems/n_125_valid_palindrome/src/lib.rs:3:8
[INFO] [stdout]   |
[INFO] [stdout] 3 | struct Solution {}
[INFO] [stdout]   |        ^^^^^^^^
[INFO] [stdout]   |
[INFO] [stdout]   = note: `#[warn(dead_code)]` on by default
[INFO] [stdout] 
[INFO] [stdout] 
[INFO] [stdout] warning: associated function `is_palindrome` is never used
[INFO] [stdout]  --> problems/n_125_valid_palindrome/src/lib.rs:6:12
[INFO] [stdout]   |
[INFO] [stdout] 6 |     pub fn is_palindrome(str: String) -> bool {
[INFO] [stdout]   |            ^^^^^^^^^^^^^
[INFO] [stdout] 
[INFO] [stdout] 
[INFO] [stdout] warning: associated function `check_palindrome` is never used
[INFO] [stdout]   --> problems/n_125_valid_palindrome/src/lib.rs:28:8
[INFO] [stdout]    |
[INFO] [stdout] 28 |     fn check_palindrome(str: &str) -> bool {
[INFO] [stdout]    |        ^^^^^^^^^^^^^^^^
[INFO] [stdout] 
[INFO] [stdout] 
[INFO] [stdout] warning: 3 warnings emitted
[INFO] [stdout] 
[INFO] [stdout] 
[INFO] [stdout] warning: function `binary_search` is never used
[INFO] [stdout]  --> algorithms/binary_search/src/lib.rs:1:4
[INFO] [stdout]   |
[INFO] [stdout] 1 | fn binary_search(v: Vec<u128>, target: u128) -> Option<usize> {
[INFO] [stdout]   |    ^^^^^^^^^^^^^
[INFO] [stdout]   |
[INFO] [stdout]   = note: `#[warn(dead_code)]` on by default
[INFO] [stdout] 
[INFO] [stdout] 
[INFO] [stdout] warning: function `binary_search_recursive` is never used
[INFO] [stdout]   --> algorithms/binary_search/src/lib.rs:24:4
[INFO] [stdout]    |
[INFO] [stdout] 24 | fn binary_search_recursive(v: Vec<u128>, target: u128, start: usize, stop: usize) -> Option<usize> {
[INFO] [stdout]    |    ^^^^^^^^^^^^^^^^^^^^^^^
[INFO] [stdout] 
[INFO] [stdout] 
[INFO] [stdout] warning: 2 warnings emitted
[INFO] [stdout] 
[INFO] [stdout] 
[INFO] [stderr]    Compiling hash_table v0.1.0 (/opt/rustwide/workdir/algorithms/hash_table)
[INFO] [stderr]    Compiling selection_sort v0.1.0 (/opt/rustwide/workdir/algorithms/selection_sort)
[INFO] [stderr]    Compiling dynamic v0.1.0 (/opt/rustwide/workdir/algorithms/dynamic)
[INFO] [stderr]    Compiling n_125_valid_palindrome v0.1.0 (/opt/rustwide/workdir/problems/n_125_valid_palindrome)
[INFO] [stderr]    Compiling n_9_palindrome_number v0.1.0 (/opt/rustwide/workdir/problems/n_9_palindrome_number)
[INFO] [stderr]    Compiling find_max_size_square_plots v0.1.0 (/opt/rustwide/workdir/algorithms/find_max_size_square_plots)
[INFO] [stdout] warning: constant `SIZE` is never used
[INFO] [stdout]  --> algorithms/hash_table/src/lib.rs:1:7
[INFO] [stdout]   |
[INFO] [stdout] 1 | const SIZE: usize = 10;
[INFO] [stdout]   |       ^^^^
[INFO] [stdout]   |
[INFO] [stdout]   = note: `#[warn(dead_code)]` on by default
[INFO] [stdout] 
[INFO] [stdout] 
[INFO] [stdout] warning: type alias `HashFn` is never used
[INFO] [stdout]  --> algorithms/hash_table/src/lib.rs:3:6
[INFO] [stdout]   |
[INFO] [stdout] 3 | type HashFn = Box<dyn Fn(&str) -> usize>;
[INFO] [stdout]   |      ^^^^^^
[INFO] [stdout] 
[INFO] [stdout] 
[INFO] [stdout] warning: fields `key` and `data` are never read
[INFO] [stdout]   --> algorithms/hash_table/src/lib.rs:9:5
[INFO] [stdout]    |
[INFO] [stdout] 8  | struct Value {
[INFO] [stdout]    |        ----- fields in this struct
[INFO] [stdout] 9  |     key: String,
[INFO] [stdout]    |     ^^^
[INFO] [stdout] 10 |     data: DataType,
[INFO] [stdout]    |     ^^^^
[INFO] [stdout]    |
[INFO] [stdout]    = note: `Value` has a derived impl for the trait `Debug`, but this is intentionally ignored during dead code analysis
[INFO] [stdout] 
[INFO] [stdout] 
[INFO] [stdout] warning: struct `HashTable` is never constructed
[INFO] [stdout]   --> algorithms/hash_table/src/lib.rs:22:8
[INFO] [stdout]    |
[INFO] [stdout] 22 | struct HashTable {
[INFO] [stdout]    |        ^^^^^^^^^
[INFO] [stdout] 
[INFO] [stdout] 
[INFO] [stdout] warning: function `hash_fn_mod` is never used
[INFO] [stdout]   --> algorithms/hash_table/src/lib.rs:84:4
[INFO] [stdout]    |
[INFO] [stdout] 84 | fn hash_fn_mod(data: &str) -> usize {
[INFO] [stdout]    |    ^^^^^^^^^^^
[INFO] [stdout] 
[INFO] [stdout] 
[INFO] [stdout] warning: associated function `new` is never used
[INFO] [stdout]   --> algorithms/hash_table/src/lib.rs:14:8
[INFO] [stdout]    |
[INFO] [stdout] 14 |     fn new(key: &str, data: DataType) -> Self {
[INFO] [stdout]    |        ^^^
[INFO] [stdout] 
[INFO] [stdout] 
[INFO] [stdout] warning: associated function `new` is never used
[INFO] [stdout]   --> algorithms/hash_table/src/lib.rs:28:8
[INFO] [stdout]    |
[INFO] [stdout] 28 |     fn new(hash_fn: HashFn) -> Self {
[INFO] [stdout]    |        ^^^
[INFO] [stdout] 
[INFO] [stdout] 
[INFO] [stdout] warning: method `insert` is never used
[INFO] [stdout]   --> algorithms/hash_table/src/lib.rs:36:8
[INFO] [stdout]    |
[INFO] [stdout] 36 |     fn insert(&mut self, key: &str, data: DataType) {
[INFO] [stdout]    |        ^^^^^^
[INFO] [stdout] 
[INFO] [stdout] 
[INFO] [stdout] warning: method `get` is never used
[INFO] [stdout]   --> algorithms/hash_table/src/lib.rs:50:8
[INFO] [stdout]    |
[INFO] [stdout] 50 |     fn get(&self, key: &str) -> Option<DataType> {
[INFO] [stdout]    |        ^^^
[INFO] [stdout] 
[INFO] [stdout] 
[INFO] [stdout] warning: method `delete` is never used
[INFO] [stdout]   --> algorithms/hash_table/src/lib.rs:61:8
[INFO] [stdout]    |
[INFO] [stdout] 61 |     fn delete(&mut self, key: &str) {
[INFO] [stdout]    |        ^^^^^^
[INFO] [stdout] 
[INFO] [stdout] 
[INFO] [stdout] warning: method `load_factor` is never used
[INFO] [stdout]   --> algorithms/hash_table/src/lib.rs:72:8
[INFO] [stdout]    |
[INFO] [stdout] 72 |     fn load_factor(&self) -> f64 {
[INFO] [stdout]    |        ^^^^^^^^^^^
[INFO] [stdout] 
[INFO] [stdout] 
[INFO] [stdout] warning: 11 warnings emitted
[INFO] [stdout] 
[INFO] [stdout] 
[INFO] [stdout] warning: type alias `Type` is never used
[INFO] [stdout]  --> algorithms/selection_sort/src/lib.rs:1:6
[INFO] [stdout]   |
[INFO] [stdout] 1 | type Type = u128;
[INFO] [stdout]   |      ^^^^
[INFO] [stdout]   |
[INFO] [stdout]   = note: `#[warn(dead_code)]` on by default
[INFO] [stdout] 
[INFO] [stdout] 
[INFO] [stdout] warning: function `selection_sort` is never used
[INFO] [stdout]  --> algorithms/selection_sort/src/lib.rs:3:4
[INFO] [stdout]   |
[INFO] [stdout] 3 | fn selection_sort(mut v: Vec<Type>, asc: bool) -> Vec<Type> {
[INFO] [stdout]   |    ^^^^^^^^^^^^^^
[INFO] [stdout] 
[INFO] [stdout] 
[INFO] [stdout] warning: function `find_extremum` is never used
[INFO] [stdout]   --> algorithms/selection_sort/src/lib.rs:16:4
[INFO] [stdout]    |
[INFO] [stdout] 16 | fn find_extremum(v: Vec<Type>, asc: bool) -> usize {
[INFO] [stdout]    |    ^^^^^^^^^^^^^
[INFO] [stdout] 
[INFO] [stdout] 
[INFO] [stdout] warning: 3 warnings emitted
[INFO] [stdout] 
[INFO] [stdout] 
[INFO] [stdout] warning: function `find` is never used
[INFO] [stdout]  --> algorithms/find_max_size_square_plots/src/lib.rs:1:4
[INFO] [stdout]   |
[INFO] [stdout] 1 | fn find(height: u128, width: u128) -> u128 {
[INFO] [stdout]   |    ^^^^
[INFO] [stdout]   |
[INFO] [stdout]   = note: `#[warn(dead_code)]` on by default
[INFO] [stdout] 
[INFO] [stdout] 
[INFO] [stdout] warning: 1 warning emitted
[INFO] [stdout] 
[INFO] [stdout] 
[INFO] [stdout] warning: fields `weight` and `price` are never read
[INFO] [stdout]  --> algorithms/dynamic/src/lib.rs:8:5
[INFO] [stdout]   |
[INFO] [stdout] 7 | struct Item {
[INFO] [stdout]   |        ---- fields in this struct
[INFO] [stdout] 8 |     weight: Weight,
[INFO] [stdout]   |     ^^^^^^
[INFO] [stdout] 9 |     price: Price,
[INFO] [stdout]   |     ^^^^^
[INFO] [stdout]   |
[INFO] [stdout]   = note: `Item` has a derived impl for the trait `Clone`, but this is intentionally ignored during dead code analysis
[INFO] [stdout]   = note: `#[warn(dead_code)]` on by default
[INFO] [stdout] 
[INFO] [stdout] 
[INFO] [stdout] warning: fields `price` and `items` are never read
[INFO] [stdout]   --> algorithms/dynamic/src/lib.rs:14:5
[INFO] [stdout]    |
[INFO] [stdout] 13 | struct Cell {
[INFO] [stdout]    |        ---- fields in this struct
[INFO] [stdout] 14 |     price: Price,
[INFO] [stdout]    |     ^^^^^
[INFO] [stdout] 15 |     items: Vec<String>,
[INFO] [stdout]    |     ^^^^^
[INFO] [stdout]    |
[INFO] [stdout]    = note: `Cell` has a derived impl for the trait `Clone`, but this is intentionally ignored during dead code analysis
[INFO] [stdout] 
[INFO] [stdout] 
[INFO] [stdout] warning: function `run_knapsack_problem` is never used
[INFO] [stdout]   --> algorithms/dynamic/src/lib.rs:19:4
[INFO] [stdout]    |
[INFO] [stdout] 19 | fn run_knapsack_problem(
[INFO] [stdout]    |    ^^^^^^^^^^^^^^^^^^^^
[INFO] [stdout] 
[INFO] [stdout] 
[INFO] [stdout] warning: function `longest_common_substring` is never used
[INFO] [stdout]   --> algorithms/dynamic/src/lib.rs:87:4
[INFO] [stdout]    |
[INFO] [stdout] 87 | fn longest_common_substring(target: String, variants: Vec<String>) -> Vec<(String, i128)> {
[INFO] [stdout]    |    ^^^^^^^^^^^^^^^^^^^^^^^^
[INFO] [stdout] 
[INFO] [stdout] 
[INFO] [stdout] warning: 4 warnings emitted
[INFO] [stdout] 
[INFO] [stdout] 
[INFO] [stdout] warning: type alias `Type` is never used
[INFO] [stdout]  --> algorithms/sum_array/src/lib.rs:1:6
[INFO] [stdout]   |
[INFO] [stdout] 1 | type Type = i128;
[INFO] [stdout]   |      ^^^^
[INFO] [stdout]   |
[INFO] [stdout]   = note: `#[warn(dead_code)]` on by default
[INFO] [stdout] 
[INFO] [stdout] 
[INFO] [stdout] warning: function `sum_recursive_dc` is never used
[INFO] [stdout]  --> algorithms/sum_array/src/lib.rs:4:4
[INFO] [stdout]   |
[INFO] [stdout] 4 | fn sum_recursive_dc(v: Vec<Type>) -> Type {
[INFO] [stdout]   |    ^^^^^^^^^^^^^^^^
[INFO] [stdout] 
[INFO] [stdout] 
[INFO] [stdout] warning: function `sum` is never used
[INFO] [stdout]   --> algorithms/sum_array/src/lib.rs:11:4
[INFO] [stdout]    |
[INFO] [stdout] 11 | fn sum(v: Vec<Type>) -> Type {
[INFO] [stdout]    |    ^^^
[INFO] [stdout] 
[INFO] [stdout] 
[INFO] [stdout] warning: 3 warnings emitted
[INFO] [stdout] 
[INFO] [stdout] 
[INFO] [stdout] warning: struct `Solution` is never constructed
[INFO] [stdout]  --> problems/n_9_palindrome_number/src/lib.rs:1:8
[INFO] [stdout]   |
[INFO] [stdout] 1 | struct Solution {}
[INFO] [stdout]   |        ^^^^^^^^
[INFO] [stdout]   |
[INFO] [stdout]   = note: `#[warn(dead_code)]` on by default
[INFO] [stdout] 
[INFO] [stdout] 
[INFO] [stdout] warning: associated function `is_palindrome` is never used
[INFO] [stdout]  --> problems/n_9_palindrome_number/src/lib.rs:4:12
[INFO] [stdout]   |
[INFO] [stdout] 4 |     pub fn is_palindrome(mut x: i32) -> bool {
[INFO] [stdout]   |            ^^^^^^^^^^^^^
[INFO] [stdout] 
[INFO] [stdout] 
[INFO] [stdout] warning: 2 warnings emitted
[INFO] [stdout] 
[INFO] [stdout] 
[INFO] [stdout] warning: function `quicksort` is never used
[INFO] [stdout]   --> algorithms/quicksort/src/lib.rs:11:4
[INFO] [stdout]    |
[INFO] [stdout] 11 | fn quicksort(mut v: Vec<u128>, asc: bool, partition: Box<dyn Partition>) -> Vec<u128> {
[INFO] [stdout]    |    ^^^^^^^^^
[INFO] [stdout]    |
[INFO] [stdout]    = note: `#[warn(dead_code)]` on by default
[INFO] [stdout] 
[INFO] [stdout] 
[INFO] [stdout] warning: function `quicksort_recursive` is never used
[INFO] [stdout]    --> algorithms/quicksort/src/lib.rs:129:4
[INFO] [stdout]     |
[INFO] [stdout] 129 | fn quicksort_recursive(mut v: Vec<u128>, asc: bool) -> Vec<u128> {
[INFO] [stdout]     |    ^^^^^^^^^^^^^^^^^^^
[INFO] [stdout] 
[INFO] [stdout] 
[INFO] [stdout] warning: function `choose_sub_array` is never used
[INFO] [stdout]    --> algorithms/quicksort/src/lib.rs:159:4
[INFO] [stdout]     |
[INFO] [stdout] 159 | fn choose_sub_array(
[INFO] [stdout]     |    ^^^^^^^^^^^^^^^^
[INFO] [stdout] 
[INFO] [stdout] 
[INFO] [stdout] warning: function `swap` is never used
[INFO] [stdout]    --> algorithms/quicksort/src/lib.rs:187:4
[INFO] [stdout]     |
[INFO] [stdout] 187 | fn swap(v: &mut Vec<u128>, i1: usize, i2: usize, asc: bool) {
[INFO] [stdout]     |    ^^^^
[INFO] [stdout] 
[INFO] [stdout] 
[INFO] [stdout] warning: 4 warnings emitted
[INFO] [stdout] 
[INFO] [stdout] 
[INFO] [stdout] warning: enum `ActResult` is never used
[INFO] [stdout]   --> algorithms/graph/src/lib.rs:11:6
[INFO] [stdout]    |
[INFO] [stdout] 11 | enum ActResult {
[INFO] [stdout]    |      ^^^^^^^^^
[INFO] [stdout]    |
[INFO] [stdout]    = note: `#[warn(dead_code)]` on by default
[INFO] [stdout] 
[INFO] [stdout] 
[INFO] [stdout] warning: function `breadth_first_search` is never used
[INFO] [stdout]   --> algorithms/graph/src/lib.rs:92:4
[INFO] [stdout]    |
[INFO] [stdout] 92 | fn breadth_first_search<T>(root: Link<T>, target: &str) -> Option<T>
[INFO] [stdout]    |    ^^^^^^^^^^^^^^^^^^^^
[INFO] [stdout] 
[INFO] [stdout] 
[INFO] [stderr]    Compiling graph v0.1.0 (/opt/rustwide/workdir/algorithms/graph)
[INFO] [stdout] warning: function `print_node` is never used
[INFO] [stdout]    --> algorithms/graph/src/lib.rs:110:4
[INFO] [stdout]     |
[INFO] [stdout] 110 | fn print_node<T>(node: &Node<T>) {
[INFO] [stdout]     |    ^^^^^^^^^^
[INFO] [stdout] 
[INFO] [stdout] 
[INFO] [stderr]    Compiling greedy v0.1.0 (/opt/rustwide/workdir/algorithms/greedy)
[INFO] [stdout] warning: function `print_edge` is never used
[INFO] [stdout]    --> algorithms/graph/src/lib.rs:121:4
[INFO] [stdout]     |
[INFO] [stdout] 121 | fn print_edge<T>(edge: &Edge<T>) -> ActResult {
[INFO] [stdout]     |    ^^^^^^^^^^
[INFO] [stdout] 
[INFO] [stdout] 
[INFO] [stdout] warning: function `depth_first_topological_sort` is never used
[INFO] [stdout]    --> algorithms/graph/src/lib.rs:135:4
[INFO] [stdout]     |
[INFO] [stdout] 135 | fn depth_first_topological_sort<T>(root: Link<T>) -> VecDeque<Link<T>> {
[INFO] [stdout]     |    ^^^^^^^^^^^^^^^^^^^^^^^^^^^^
[INFO] [stdout] 
[INFO] [stdout] 
[INFO] [stdout] warning: function `visit` is never used
[INFO] [stdout]    --> algorithms/graph/src/lib.rs:160:4
[INFO] [stdout]     |
[INFO] [stdout] 160 | fn visit<T>(
[INFO] [stdout]     |    ^^^^^
[INFO] [stdout] 
[INFO] [stdout] 
[INFO] [stdout] warning: function `dijkstra` is never used
[INFO] [stdout]    --> algorithms/graph/src/lib.rs:188:4
[INFO] [stdout]     |
[INFO] [stdout] 188 | fn dijkstra<T>(root: Link<T>) -> (HashMap<NodeName, Weight>, HashMap<NodeName, Option<Link<T>>>)
[INFO] [stdout]     |    ^^^^^^^^
[INFO] [stdout] 
[INFO] [stdout] 
[INFO] [stdout] warning: function `find_closest_node` is never used
[INFO] [stdout]    --> algorithms/graph/src/lib.rs:231:4
[INFO] [stdout]     |
[INFO] [stdout] 231 | fn find_closest_node<T>(
[INFO] [stdout]     |    ^^^^^^^^^^^^^^^^^
[INFO] [stdout] 
[INFO] [stdout] 
[INFO] [stdout] warning: function `bellman_ford` is never used
[INFO] [stdout]    --> algorithms/graph/src/lib.rs:249:4
[INFO] [stdout]     |
[INFO] [stdout] 249 | fn bellman_ford<T>(root: Link<T>) -> (HashMap<NodeName, Weight>, HashMap<NodeName, Option<Link<T>>>)
[INFO] [stdout]     |    ^^^^^^^^^^^^
[INFO] [stdout] 
[INFO] [stdout] 
[INFO] [stdout] warning: associated function `new` is never used
[INFO] [stdout]   --> algorithms/graph/src/lib.rs:30:8
[INFO] [stdout]    |
[INFO] [stdout] 30 |     fn new(name: NodeName, data: T) -> Link<T> {
[INFO] [stdout]    |        ^^^
[INFO] [stdout] 
[INFO] [stdout] 
[INFO] [stdout] warning: method `add_edge` is never used
[INFO] [stdout]   --> algorithms/graph/src/lib.rs:38:8
[INFO] [stdout]    |
[INFO] [stdout] 38 |     fn add_edge(&mut self, node: Link<T>, weight: Weight) -> &mut Self {
[INFO] [stdout]    |        ^^^^^^^^
[INFO] [stdout] 
[INFO] [stdout] 
[INFO] [stdout] warning: method `traverse_depth_first` is never used
[INFO] [stdout]   --> algorithms/graph/src/lib.rs:43:8
[INFO] [stdout]    |
[INFO] [stdout] 43 |     fn traverse_depth_first<F>(&self, act: &F, seen: &mut HashSet<NodeName>)
[INFO] [stdout]    |        ^^^^^^^^^^^^^^^^^^^^
[INFO] [stdout] 
[INFO] [stdout] 
[INFO] [stdout] warning: method `traverse_breadth_first` is never used
[INFO] [stdout]   --> algorithms/graph/src/lib.rs:57:8
[INFO] [stdout]    |
[INFO] [stdout] 57 |     fn traverse_breadth_first<F>(&self, act: &F, seen: &mut HashSet<NodeName>)
[INFO] [stdout]    |        ^^^^^^^^^^^^^^^^^^^^^^
[INFO] [stdout] 
[INFO] [stdout] 
[INFO] [stdout] warning: 13 warnings emitted
[INFO] [stdout] 
[INFO] [stdout] 
[INFO] [stdout] warning: function `schedule_problem` is never used
[INFO] [stdout]   --> algorithms/greedy/src/lib.rs:26:4
[INFO] [stdout]    |
[INFO] [stdout] 26 | fn schedule_problem(classes: Vec<Class>) -> Vec<Class> {
[INFO] [stdout]    |    ^^^^^^^^^^^^^^^^
[INFO] [stdout]    |
[INFO] [stdout]    = note: `#[warn(dead_code)]` on by default
[INFO] [stdout] 
[INFO] [stdout] 
[INFO] [stdout] warning: function `set_covering_problem` is never used
[INFO] [stdout]   --> algorithms/greedy/src/lib.rs:46:4
[INFO] [stdout]    |
[INFO] [stdout] 46 | fn set_covering_problem<'a>(
[INFO] [stdout]    |    ^^^^^^^^^^^^^^^^^^^^
[INFO] [stdout] 
[INFO] [stdout] 
[INFO] [stdout] warning: function `salesperson_problem` is never used
[INFO] [stdout]   --> algorithms/greedy/src/lib.rs:69:4
[INFO] [stdout]    |
[INFO] [stdout] 69 | fn salesperson_problem(
[INFO] [stdout]    |    ^^^^^^^^^^^^^^^^^^^
[INFO] [stdout] 
[INFO] [stdout] 
[INFO] [stdout] warning: associated function `new` is never used
[INFO] [stdout]   --> algorithms/greedy/src/lib.rs:13:8
[INFO] [stdout]    |
[INFO] [stdout] 13 |     fn new(name: &str, start: &str, stop: &str) -> Self {
[INFO] [stdout]    |        ^^^
[INFO] [stdout] 
[INFO] [stdout] 
[INFO] [stdout] warning: 4 warnings emitted
[INFO] [stdout] 
[INFO] [stdout] 
[INFO] [stderr]    Compiling binary_search v0.1.0 (/opt/rustwide/workdir/algorithms/binary_search)
[INFO] [stderr]    Compiling quicksort v0.1.0 (/opt/rustwide/workdir/algorithms/quicksort)
[INFO] [stderr]    Compiling sum_array v0.1.0 (/opt/rustwide/workdir/algorithms/sum_array)
[INFO] [stderr]     Finished test [unoptimized + debuginfo] target(s) in 3.25s
[INFO] running `Command { std: "docker" "inspect" "dcf732bd74bc2d226337e9a05989248bf69a45eda0029f8e891ff6b2165aea2a", kill_on_drop: false }`
[INFO] running `Command { std: "docker" "rm" "-f" "dcf732bd74bc2d226337e9a05989248bf69a45eda0029f8e891ff6b2165aea2a", kill_on_drop: false }`
[INFO] [stdout] dcf732bd74bc2d226337e9a05989248bf69a45eda0029f8e891ff6b2165aea2a
[INFO] running `Command { std: "docker" "create" "-v" "/var/lib/crater-agent-workspace/builds/worker-3-tc1/target:/opt/rustwide/target:rw,Z" "-v" "/var/lib/crater-agent-workspace/builds/worker-3-tc1/source:/opt/rustwide/workdir:ro,Z" "-v" "/var/lib/crater-agent-workspace/cargo-home:/opt/rustwide/cargo-home:ro,Z" "-v" "/var/lib/crater-agent-workspace/rustup-home:/opt/rustwide/rustup-home:ro,Z" "-e" "SOURCE_DIR=/opt/rustwide/workdir" "-e" "CARGO_TARGET_DIR=/opt/rustwide/target" "-e" "CARGO_INCREMENTAL=0" "-e" "RUST_BACKTRACE=full" "-e" "RUSTFLAGS=--cap-lints=warn" "-e" "RUSTDOCFLAGS=--cap-lints=warn" "-e" "CARGO_HOME=/opt/rustwide/cargo-home" "-e" "RUSTUP_HOME=/opt/rustwide/rustup-home" "-w" "/opt/rustwide/workdir" "-m" "1610612736" "--user" "0:0" "--network" "none" "ghcr.io/rust-lang/crates-build-env/linux@sha256:5ff2268d62e97bff2cde7d5815dd6ed5b47097566f13b8d0ca110b04b60e07ed" "/opt/rustwide/cargo-home/bin/cargo" "+1.69.0" "test" "--frozen", kill_on_drop: false }`
[INFO] [stdout] f92db06d5676117de527c45b5d099ae42b811ecf3017496ca4fc9e3d5e00e75b
[INFO] running `Command { std: "docker" "start" "-a" "f92db06d5676117de527c45b5d099ae42b811ecf3017496ca4fc9e3d5e00e75b", kill_on_drop: false }`
[INFO] [stderr] warning: function `find` is never used
[INFO] [stdout] 
[INFO] [stderr]  --> algorithms/find_max_size_square_plots/src/lib.rs:1:4
[INFO] [stdout] running 2 tests
[INFO] [stderr]   |
[INFO] [stdout] test tests::test_binary_search ... ok
[INFO] [stderr] 1 | fn find(height: u128, width: u128) -> u128 {
[INFO] [stderr]   |    ^^^^
[INFO] [stderr]   |
[INFO] [stderr]   = note: `#[warn(dead_code)]` on by default
[INFO] [stderr] 
[INFO] [stderr] warning: struct `Solution` is never constructed
[INFO] [stderr]  --> problems/n_125_valid_palindrome/src/lib.rs:3:8
[INFO] [stderr]   |
[INFO] [stderr] 3 | struct Solution {}
[INFO] [stderr]   |        ^^^^^^^^
[INFO] [stderr]   |
[INFO] [stderr]   = note: `#[warn(dead_code)]` on by default
[INFO] [stderr] 
[INFO] [stderr] warning: associated function `is_palindrome` is never used
[INFO] [stderr]  --> problems/n_125_valid_palindrome/src/lib.rs:6:12
[INFO] [stderr]   |
[INFO] [stderr] 6 |     pub fn is_palindrome(str: String) -> bool {
[INFO] [stderr]   |            ^^^^^^^^^^^^^
[INFO] [stderr] 
[INFO] [stderr] warning: associated function `check_palindrome` is never used
[INFO] [stderr]   --> problems/n_125_valid_palindrome/src/lib.rs:28:8
[INFO] [stderr]    |
[INFO] [stderr] 28 |     fn check_palindrome(str: &str) -> bool {
[INFO] [stderr]    |        ^^^^^^^^^^^^^^^^
[INFO] [stderr] 
[INFO] [stderr] warning: constant `SIZE` is never used
[INFO] [stderr]  --> algorithms/hash_table/src/lib.rs:1:7
[INFO] [stderr]   |
[INFO] [stderr] 1 | const SIZE: usize = 10;
[INFO] [stderr]   |       ^^^^
[INFO] [stderr]   |
[INFO] [stderr]   = note: `#[warn(dead_code)]` on by default
[INFO] [stderr] 
[INFO] [stderr] warning: type alias `HashFn` is never used
[INFO] [stderr]  --> algorithms/hash_table/src/lib.rs:3:6
[INFO] [stderr]   |
[INFO] [stderr] 3 | type HashFn = Box<dyn Fn(&str) -> usize>;
[INFO] [stderr]   |      ^^^^^^
[INFO] [stderr] 
[INFO] [stderr] warning: fields `key` and `data` are never read
[INFO] [stderr]   --> algorithms/hash_table/src/lib.rs:9:5
[INFO] [stderr]    |
[INFO] [stderr] 8  | struct Value {
[INFO] [stderr]    |        ----- fields in this struct
[INFO] [stderr] 9  |     key: String,
[INFO] [stderr]    |     ^^^
[INFO] [stderr] 10 |     data: DataType,
[INFO] [stderr]    |     ^^^^
[INFO] [stderr]    |
[INFO] [stderr]    = note: `Value` has a derived impl for the trait `Debug`, but this is intentionally ignored during dead code analysis
[INFO] [stderr] 
[INFO] [stderr] warning: struct `HashTable` is never constructed
[INFO] [stderr]   --> algorithms/hash_table/src/lib.rs:22:8
[INFO] [stderr]    |
[INFO] [stderr] 22 | struct HashTable {
[INFO] [stderr]    |        ^^^^^^^^^
[INFO] [stderr] 
[INFO] [stderr] warning: function `hash_fn_mod` is never used
[INFO] [stderr]   --> algorithms/hash_table/src/lib.rs:84:4
[INFO] [stderr]    |
[INFO] [stderr] 84 | fn hash_fn_mod(data: &str) -> usize {
[INFO] [stderr]    |    ^^^^^^^^^^^
[INFO] [stderr] 
[INFO] [stderr] warning: associated function `new` is never used
[INFO] [stderr]   --> algorithms/hash_table/src/lib.rs:14:8
[INFO] [stderr]    |
[INFO] [stderr] 14 |     fn new(key: &str, data: DataType) -> Self {
[INFO] [stderr]    |        ^^^
[INFO] [stderr] 
[INFO] [stderr] warning: associated function `new` is never used
[INFO] [stderr]   --> algorithms/hash_table/src/lib.rs:28:8
[INFO] [stderr]    |
[INFO] [stderr] 28 |     fn new(hash_fn: HashFn) -> Self {
[INFO] [stderr]    |        ^^^
[INFO] [stderr] 
[INFO] [stderr] warning: method `insert` is never used
[INFO] [stderr]   --> algorithms/hash_table/src/lib.rs:36:8
[INFO] [stderr]    |
[INFO] [stderr] 36 |     fn insert(&mut self, key: &str, data: DataType) {
[INFO] [stderr]    |        ^^^^^^
[INFO] [stderr] 
[INFO] [stderr] warning: method `get` is never used
[INFO] [stderr]   --> algorithms/hash_table/src/lib.rs:50:8
[INFO] [stderr]    |
[INFO] [stderr] 50 |     fn get(&self, key: &str) -> Option<DataType> {
[INFO] [stderr]    |        ^^^
[INFO] [stderr] 
[INFO] [stderr] warning: method `delete` is never used
[INFO] [stderr]   --> algorithms/hash_table/src/lib.rs:61:8
[INFO] [stderr]    |
[INFO] [stderr] 61 |     fn delete(&mut self, key: &str) {
[INFO] [stderr]    |        ^^^^^^
[INFO] [stderr] 
[INFO] [stderr] warning: method `load_factor` is never used
[INFO] [stderr]   --> algorithms/hash_table/src/lib.rs:72:8
[INFO] [stderr]    |
[INFO] [stderr] 72 |     fn load_factor(&self) -> f64 {
[INFO] [stderr]    |        ^^^^^^^^^^^
[INFO] [stderr] 
[INFO] [stderr] warning: function `binary_search` is never used
[INFO] [stderr]  --> algorithms/binary_search/src/lib.rs:1:4
[INFO] [stderr]   |
[INFO] [stderr] 1 | fn binary_search(v: Vec<u128>, target: u128) -> Option<usize> {
[INFO] [stderr]   |    ^^^^^^^^^^^^^
[INFO] [stderr]   |
[INFO] [stderr]   = note: `#[warn(dead_code)]` on by default
[INFO] [stderr] 
[INFO] [stderr] warning: function `binary_search_recursive` is never used
[INFO] [stderr]   --> algorithms/binary_search/src/lib.rs:24:4
[INFO] [stderr]    |
[INFO] [stderr] 24 | fn binary_search_recursive(v: Vec<u128>, target: u128, start: usize, stop: usize) -> Option<usize> {
[INFO] [stderr]    |    ^^^^^^^^^^^^^^^^^^^^^^^
[INFO] [stderr] 
[INFO] [stderr] warning: `find_max_size_square_plots` (lib) generated 1 warning
[INFO] [stderr] warning: `n_125_valid_palindrome` (lib) generated 3 warnings
[INFO] [stderr] warning: `hash_table` (lib) generated 11 warnings
[INFO] [stderr] warning: `binary_search` (lib) generated 2 warnings
[INFO] [stderr] warning: struct `Solution` is never constructed
[INFO] [stderr]  --> problems/n_9_palindrome_number/src/lib.rs:1:8
[INFO] [stderr]   |
[INFO] [stderr] 1 | struct Solution {}
[INFO] [stderr]   |        ^^^^^^^^
[INFO] [stderr]   |
[INFO] [stderr]   = note: `#[warn(dead_code)]` on by default
[INFO] [stderr] 
[INFO] [stderr] warning: associated function `is_palindrome` is never used
[INFO] [stderr]  --> problems/n_9_palindrome_number/src/lib.rs:4:12
[INFO] [stderr]   |
[INFO] [stderr] 4 |     pub fn is_palindrome(mut x: i32) -> bool {
[INFO] [stderr]   |            ^^^^^^^^^^^^^
[INFO] [stderr] 
[INFO] [stderr] warning: function `quicksort` is never used
[INFO] [stderr]   --> algorithms/quicksort/src/lib.rs:11:4
[INFO] [stderr]    |
[INFO] [stderr] 11 | fn quicksort(mut v: Vec<u128>, asc: bool, partition: Box<dyn Partition>) -> Vec<u128> {
[INFO] [stderr]    |    ^^^^^^^^^
[INFO] [stderr]    |
[INFO] [stderr]    = note: `#[warn(dead_code)]` on by default
[INFO] [stderr] 
[INFO] [stderr] warning: function `quicksort_recursive` is never used
[INFO] [stderr]    --> algorithms/quicksort/src/lib.rs:129:4
[INFO] [stderr]     |
[INFO] [stderr] 129 | fn quicksort_recursive(mut v: Vec<u128>, asc: bool) -> Vec<u128> {
[INFO] [stderr]     |    ^^^^^^^^^^^^^^^^^^^
[INFO] [stderr] 
[INFO] [stderr] warning: function `choose_sub_array` is never used
[INFO] [stderr]    --> algorithms/quicksort/src/lib.rs:159:4
[INFO] [stderr]     |
[INFO] [stderr] 159 | fn choose_sub_array(
[INFO] [stderr]     |    ^^^^^^^^^^^^^^^^
[INFO] [stderr] 
[INFO] [stderr] warning: function `swap` is never used
[INFO] [stderr]    --> algorithms/quicksort/src/lib.rs:187:4
[INFO] [stderr]     |
[INFO] [stderr] 187 | fn swap(v: &mut Vec<u128>, i1: usize, i2: usize, asc: bool) {
[INFO] [stderr]     |    ^^^^
[INFO] [stderr] 
[INFO] [stderr] warning: fields `weight` and `price` are never read
[INFO] [stderr]  --> algorithms/dynamic/src/lib.rs:8:5
[INFO] [stderr]   |
[INFO] [stderr] 7 | struct Item {
[INFO] [stderr]   |        ---- fields in this struct
[INFO] [stderr] 8 |     weight: Weight,
[INFO] [stderr]   |     ^^^^^^
[INFO] [stderr] 9 |     price: Price,
[INFO] [stderr]   |     ^^^^^
[INFO] [stderr]   |
[INFO] [stderr]   = note: `Item` has a derived impl for the trait `Clone`, but this is intentionally ignored during dead code analysis
[INFO] [stderr]   = note: `#[warn(dead_code)]` on by default
[INFO] [stderr] 
[INFO] [stderr] warning: fields `price` and `items` are never read
[INFO] [stderr]   --> algorithms/dynamic/src/lib.rs:14:5
[INFO] [stderr]    |
[INFO] [stderr] 13 | struct Cell {
[INFO] [stderr]    |        ---- fields in this struct
[INFO] [stderr] 14 |     price: Price,
[INFO] [stderr]    |     ^^^^^
[INFO] [stderr] 15 |     items: Vec<String>,
[INFO] [stderr]    |     ^^^^^
[INFO] [stderr]    |
[INFO] [stderr]    = note: `Cell` has a derived impl for the trait `Clone`, but this is intentionally ignored during dead code analysis
[INFO] [stderr] 
[INFO] [stderr] warning: function `run_knapsack_problem` is never used
[INFO] [stderr]   --> algorithms/dynamic/src/lib.rs:19:4
[INFO] [stderr]    |
[INFO] [stderr] 19 | fn run_knapsack_problem(
[INFO] [stderr]    |    ^^^^^^^^^^^^^^^^^^^^
[INFO] [stderr] 
[INFO] [stderr] warning: function `longest_common_substring` is never used
[INFO] [stderr]   --> algorithms/dynamic/src/lib.rs:87:4
[INFO] [stderr]    |
[INFO] [stderr] 87 | fn longest_common_substring(target: String, variants: Vec<String>) -> Vec<(String, i128)> {
[INFO] [stderr]    |    ^^^^^^^^^^^^^^^^^^^^^^^^
[INFO] [stderr] 
[INFO] [stderr] warning: type alias `Type` is never used
[INFO] [stderr]  --> algorithms/selection_sort/src/lib.rs:1:6
[INFO] [stderr]   |
[INFO] [stderr] 1 | type Type = u128;
[INFO] [stderr]   |      ^^^^
[INFO] [stderr]   |
[INFO] [stderr]   = note: `#[warn(dead_code)]` on by default
[INFO] [stderr] 
[INFO] [stderr] warning: function `selection_sort` is never used
[INFO] [stderr]  --> algorithms/selection_sort/src/lib.rs:3:4
[INFO] [stderr]   |
[INFO] [stderr] 3 | fn selection_sort(mut v: Vec<Type>, asc: bool) -> Vec<Type> {
[INFO] [stderr]   |    ^^^^^^^^^^^^^^
[INFO] [stderr] 
[INFO] [stderr] warning: function `find_extremum` is never used
[INFO] [stderr]   --> algorithms/selection_sort/src/lib.rs:16:4
[INFO] [stderr]    |
[INFO] [stderr] 16 | fn find_extremum(v: Vec<Type>, asc: bool) -> usize {
[INFO] [stderr]    |    ^^^^^^^^^^^^^
[INFO] [stderr] 
[INFO] [stderr] warning: type alias `Type` is never used
[INFO] [stderr]  --> algorithms/sum_array/src/lib.rs:1:6
[INFO] [stderr]   |
[INFO] [stderr] 1 | type Type = i128;
[INFO] [stderr]   |      ^^^^
[INFO] [stderr]   |
[INFO] [stderr]   = note: `#[warn(dead_code)]` on by default
[INFO] [stderr] 
[INFO] [stderr] warning: function `sum_recursive_dc` is never used
[INFO] [stderr]  --> algorithms/sum_array/src/lib.rs:4:4
[INFO] [stderr]   |
[INFO] [stderr] 4 | fn sum_recursive_dc(v: Vec<Type>) -> Type {
[INFO] [stderr]   |    ^^^^^^^^^^^^^^^^
[INFO] [stderr] 
[INFO] [stderr] warning: function `sum` is never used
[INFO] [stderr]   --> algorithms/sum_array/src/lib.rs:11:4
[INFO] [stderr]    |
[INFO] [stderr] 11 | fn sum(v: Vec<Type>) -> Type {
[INFO] [stderr]    |    ^^^
[INFO] [stderr] 
[INFO] [stderr] warning: `n_9_palindrome_number` (lib) generated 2 warnings
[INFO] [stderr] warning: `quicksort` (lib) generated 4 warnings
[INFO] [stderr] warning: `dynamic` (lib) generated 4 warnings
[INFO] [stderr] warning: `selection_sort` (lib) generated 3 warnings
[INFO] [stderr] warning: `sum_array` (lib) generated 3 warnings
[INFO] [stderr] warning: enum `ActResult` is never used
[INFO] [stderr]   --> algorithms/graph/src/lib.rs:11:6
[INFO] [stderr]    |
[INFO] [stderr] 11 | enum ActResult {
[INFO] [stderr]    |      ^^^^^^^^^
[INFO] [stderr]    |
[INFO] [stderr]    = note: `#[warn(dead_code)]` on by default
[INFO] [stderr] 
[INFO] [stderr] warning: function `breadth_first_search` is never used
[INFO] [stderr]   --> algorithms/graph/src/lib.rs:92:4
[INFO] [stderr]    |
[INFO] [stderr] 92 | fn breadth_first_search<T>(root: Link<T>, target: &str) -> Option<T>
[INFO] [stderr]    |    ^^^^^^^^^^^^^^^^^^^^
[INFO] [stderr] 
[INFO] [stderr] warning: function `print_node` is never used
[INFO] [stderr]    --> algorithms/graph/src/lib.rs:110:4
[INFO] [stderr]     |
[INFO] [stderr] 110 | fn print_node<T>(node: &Node<T>) {
[INFO] [stderr]     |    ^^^^^^^^^^
[INFO] [stderr] 
[INFO] [stderr] warning: function `print_edge` is never used
[INFO] [stderr]    --> algorithms/graph/src/lib.rs:121:4
[INFO] [stderr]     |
[INFO] [stderr] 121 | fn print_edge<T>(edge: &Edge<T>) -> ActResult {
[INFO] [stderr]     |    ^^^^^^^^^^
[INFO] [stderr] 
[INFO] [stderr] warning: function `depth_first_topological_sort` is never used
[INFO] [stderr]    --> algorithms/graph/src/lib.rs:135:4
[INFO] [stderr]     |
[INFO] [stderr] 135 | fn depth_first_topological_sort<T>(root: Link<T>) -> VecDeque<Link<T>> {
[INFO] [stderr]     |    ^^^^^^^^^^^^^^^^^^^^^^^^^^^^
[INFO] [stderr] 
[INFO] [stderr] warning: function `visit` is never used
[INFO] [stderr]    --> algorithms/graph/src/lib.rs:160:4
[INFO] [stderr]     |
[INFO] [stderr] 160 | fn visit<T>(
[INFO] [stderr]     |    ^^^^^
[INFO] [stderr] 
[INFO] [stderr] warning: function `dijkstra` is never used
[INFO] [stderr]    --> algorithms/graph/src/lib.rs:188:4
[INFO] [stderr]     |
[INFO] [stderr] 188 | fn dijkstra<T>(root: Link<T>) -> (HashMap<NodeName, Weight>, HashMap<NodeName, Option<Link<T>>>)
[INFO] [stderr]     |    ^^^^^^^^
[INFO] [stderr] 
[INFO] [stderr] warning: function `find_closest_node` is never used
[INFO] [stderr]    --> algorithms/graph/src/lib.rs:231:4
[INFO] [stderr]     |
[INFO] [stderr] 231 | fn find_closest_node<T>(
[INFO] [stderr]     |    ^^^^^^^^^^^^^^^^^
[INFO] [stderr] 
[INFO] [stderr] warning: function `bellman_ford` is never used
[INFO] [stderr]    --> algorithms/graph/src/lib.rs:249:4
[INFO] [stderr]     |
[INFO] [stderr] 249 | fn bellman_ford<T>(root: Link<T>) -> (HashMap<NodeName, Weight>, HashMap<NodeName, Option<Link<T>>>)
[INFO] [stderr]     |    ^^^^^^^^^^^^
[INFO] [stderr] 
[INFO] [stderr] warning: associated function `new` is never used
[INFO] [stderr]   --> algorithms/graph/src/lib.rs:30:8
[INFO] [stderr]    |
[INFO] [stderr] 30 |     fn new(name: NodeName, data: T) -> Link<T> {
[INFO] [stderr]    |        ^^^
[INFO] [stderr] 
[INFO] [stderr] warning: method `add_edge` is never used
[INFO] [stderr]   --> algorithms/graph/src/lib.rs:38:8
[INFO] [stderr]    |
[INFO] [stderr] 38 |     fn add_edge(&mut self, node: Link<T>, weight: Weight) -> &mut Self {
[INFO] [stderr]    |        ^^^^^^^^
[INFO] [stderr] 
[INFO] [stderr] warning: method `traverse_depth_first` is never used
[INFO] [stderr]   --> algorithms/graph/src/lib.rs:43:8
[INFO] [stderr]    |
[INFO] [stderr] 43 |     fn traverse_depth_first<F>(&self, act: &F, seen: &mut HashSet<NodeName>)
[INFO] [stderr]    |        ^^^^^^^^^^^^^^^^^^^^
[INFO] [stderr] 
[INFO] [stderr] warning: method `traverse_breadth_first` is never used
[INFO] [stderr]   --> algorithms/graph/src/lib.rs:57:8
[INFO] [stderr]    |
[INFO] [stderr] 57 |     fn traverse_breadth_first<F>(&self, act: &F, seen: &mut HashSet<NodeName>)
[INFO] [stderr]    |        ^^^^^^^^^^^^^^^^^^^^^^
[INFO] [stderr] 
[INFO] [stderr] warning: `graph` (lib) generated 13 warnings
[INFO] [stderr] warning: function `schedule_problem` is never used
[INFO] [stderr]   --> algorithms/greedy/src/lib.rs:26:4
[INFO] [stderr]    |
[INFO] [stderr] 26 | fn schedule_problem(classes: Vec<Class>) -> Vec<Class> {
[INFO] [stderr]    |    ^^^^^^^^^^^^^^^^
[INFO] [stderr]    |
[INFO] [stderr]    = note: `#[warn(dead_code)]` on by default
[INFO] [stderr] 
[INFO] [stderr] warning: function `set_covering_problem` is never used
[INFO] [stderr]   --> algorithms/greedy/src/lib.rs:46:4
[INFO] [stderr]    |
[INFO] [stderr] 46 | fn set_covering_problem<'a>(
[INFO] [stderr]    |    ^^^^^^^^^^^^^^^^^^^^
[INFO] [stderr] 
[INFO] [stderr] warning: function `salesperson_problem` is never used
[INFO] [stderr]   --> algorithms/greedy/src/lib.rs:69:4
[INFO] [stderr]    |
[INFO] [stderr] 69 | fn salesperson_problem(
[INFO] [stderr]    |    ^^^^^^^^^^^^^^^^^^^
[INFO] [stderr] 
[INFO] [stderr] warning: associated function `new` is never used
[INFO] [stderr]   --> algorithms/greedy/src/lib.rs:13:8
[INFO] [stderr]    |
[INFO] [stderr] 13 |     fn new(name: &str, start: &str, stop: &str) -> Self {
[INFO] [stderr]    |        ^^^
[INFO] [stderr] 
[INFO] [stderr] warning: `greedy` (lib) generated 4 warnings
[INFO] [stderr]     Finished test [unoptimized + debuginfo] target(s) in 0.02s
[INFO] [stderr]      Running unittests src/lib.rs (/opt/rustwide/target/debug/deps/binary_search-8945ff580930c64c)
[INFO] [stderr]      Running unittests src/lib.rs (/opt/rustwide/target/debug/deps/dynamic-a290f605212b98e4)
[INFO] [stdout] test tests::test_binary_search_recursive ... ok
[INFO] [stdout] 
[INFO] [stdout] test result: ok. 2 passed; 0 failed; 0 ignored; 0 measured; 0 filtered out; finished in 0.00s
[INFO] [stdout] 
[INFO] [stdout] 
[INFO] [stdout] running 2 tests
[INFO] [stdout] test tests::test_lcs ... ok
[INFO] [stderr]      Running unittests src/lib.rs (/opt/rustwide/target/debug/deps/find_max_size_square_plots-4495ea3118ce69e4)
[INFO] [stdout] test tests::test_knapsack ... ok
[INFO] [stdout] 
[INFO] [stdout] test result: ok. 2 passed; 0 failed; 0 ignored; 0 measured; 0 filtered out; finished in 0.66s
[INFO] [stdout] 
[INFO] [stderr]      Running unittests src/lib.rs (/opt/rustwide/target/debug/deps/graph-c8267a66ea5627df)
[INFO] [stdout] 
[INFO] [stdout] running 1 test
[INFO] [stdout] test tests::it_works ... ok
[INFO] [stdout] 
[INFO] [stdout] test result: ok. 1 passed; 0 failed; 0 ignored; 0 measured; 0 filtered out; finished in 0.00s
[INFO] [stdout] 
[INFO] [stdout] 
[INFO] [stdout] running 7 tests
[INFO] [stdout] test tests::test_depth_first_traverse ... ok
[INFO] [stdout] test tests::test_breadth_first_traverse ... ok
[INFO] [stdout] test tests::test_dijkstra ... ok
[INFO] [stdout] test tests::test_breadth_first_topology_sort ... ok
[INFO] [stdout] test tests::test_bellman_ford ... ok
[INFO] [stdout] test tests::test_breadth_first_search ... ok
[INFO] [stdout] test tests::test_rand ... ok
[INFO] [stderr]      Running unittests src/lib.rs (/opt/rustwide/target/debug/deps/greedy-12a86ee5ff44d595)
[INFO] [stdout] 
[INFO] [stdout] test result: ok. 7 passed; 0 failed; 0 ignored; 0 measured; 0 filtered out; finished in 0.06s
[INFO] [stdout] 
[INFO] [stdout] 
[INFO] [stdout] running 3 tests
[INFO] [stdout] test tests::test_salesperson_problem ... ok
[INFO] [stdout] test tests::test_schedule_problem ... ok
[INFO] [stderr] error: test failed, to rerun pass `-p greedy --lib`
[INFO] [stdout] test tests::test_covering_problem ... FAILED
[INFO] [stdout] 
[INFO] [stdout] failures:
[INFO] [stdout] 
[INFO] [stdout] ---- tests::test_covering_problem stdout ----
[INFO] [stdout] thread 'tests::test_covering_problem' panicked at 'assertion failed: `(left == right)`
[INFO] [stdout]   left: `{"kfour"}`,
[INFO] [stdout]  right: `{}`', algorithms/greedy/src/lib.rs:170:9
[INFO] [stdout] stack backtrace:
[INFO] [stdout]    0:     0x55beebe6e9fa - std::backtrace_rs::backtrace::libunwind::trace::ha9053a9a07ca49cb
[INFO] [stdout]                                at /rustc/84c898d65adf2f39a5a98507f1fe0ce10a2b8dbc/library/std/src/../../backtrace/src/backtrace/libunwind.rs:93:5
[INFO] [stdout]    1:     0x55beebe6e9fa - std::backtrace_rs::backtrace::trace_unsynchronized::h9c2852a457ad564e
[INFO] [stdout]                                at /rustc/84c898d65adf2f39a5a98507f1fe0ce10a2b8dbc/library/std/src/../../backtrace/src/backtrace/mod.rs:66:5
[INFO] [stdout]    2:     0x55beebe6e9fa - std::sys_common::backtrace::_print_fmt::h457936fbfaa0070f
[INFO] [stdout]                                at /rustc/84c898d65adf2f39a5a98507f1fe0ce10a2b8dbc/library/std/src/sys_common/backtrace.rs:65:5
[INFO] [stdout]    3:     0x55beebe6e9fa - <std::sys_common::backtrace::_print::DisplayBacktrace as core::fmt::Display>::fmt::h5779d7bf7f70cb0c
[INFO] [stdout]                                at /rustc/84c898d65adf2f39a5a98507f1fe0ce10a2b8dbc/library/std/src/sys_common/backtrace.rs:44:22
[INFO] [stdout]    4:     0x55beebe9212e - core::fmt::write::h5a4baaff1bcd3eb5
[INFO] [stdout]                                at /rustc/84c898d65adf2f39a5a98507f1fe0ce10a2b8dbc/library/core/src/fmt/mod.rs:1232:17
[INFO] [stdout]    5:     0x55beebe6be75 - std::io::Write::write_fmt::h478f79c628ef31d1
[INFO] [stdout]                                at /rustc/84c898d65adf2f39a5a98507f1fe0ce10a2b8dbc/library/std/src/io/mod.rs:1684:15
[INFO] [stdout]    6:     0x55beebe6e7c5 - std::sys_common::backtrace::_print::h5fcdc36060f177e8
[INFO] [stdout]                                at /rustc/84c898d65adf2f39a5a98507f1fe0ce10a2b8dbc/library/std/src/sys_common/backtrace.rs:47:5
[INFO] [stdout]    7:     0x55beebe6e7c5 - std::sys_common::backtrace::print::h54ca9458b876c8bf
[INFO] [stdout]                                at /rustc/84c898d65adf2f39a5a98507f1fe0ce10a2b8dbc/library/std/src/sys_common/backtrace.rs:34:9
[INFO] [stdout]    8:     0x55beebe7058f - std::panicking::default_hook::{{closure}}::hbe471161c7664ed6
[INFO] [stdout]                                at /rustc/84c898d65adf2f39a5a98507f1fe0ce10a2b8dbc/library/std/src/panicking.rs:271:22
[INFO] [stdout]    9:     0x55beebe7024f - std::panicking::default_hook::ha3500da57aa4ac4f
[INFO] [stdout]                                at /rustc/84c898d65adf2f39a5a98507f1fe0ce10a2b8dbc/library/std/src/panicking.rs:287:9
[INFO] [stdout]   10:     0x55beebe1e037 - <alloc::boxed::Box<F,A> as core::ops::function::Fn<Args>>::call::hdf1b89dd137ece34
[INFO] [stdout]                                at /rustc/84c898d65adf2f39a5a98507f1fe0ce10a2b8dbc/library/alloc/src/boxed.rs:2001:9
[INFO] [stdout]   11:     0x55beebe1e037 - test::test_main::{{closure}}::h9081a79f20e75698
[INFO] [stdout]                                at /rustc/84c898d65adf2f39a5a98507f1fe0ce10a2b8dbc/library/test/src/lib.rs:135:21
[INFO] [stdout]   12:     0x55beebe70cbd - <alloc::boxed::Box<F,A> as core::ops::function::Fn<Args>>::call::h6507bddc3eebb4a5
[INFO] [stdout]                                at /rustc/84c898d65adf2f39a5a98507f1fe0ce10a2b8dbc/library/alloc/src/boxed.rs:2001:9
[INFO] [stdout]   13:     0x55beebe70cbd - std::panicking::rust_panic_with_hook::h50c09d000dc561d2
[INFO] [stdout]                                at /rustc/84c898d65adf2f39a5a98507f1fe0ce10a2b8dbc/library/std/src/panicking.rs:696:13
[INFO] [stdout]   14:     0x55beebe70a39 - std::panicking::begin_panic_handler::{{closure}}::h9e2b2176e00e0d9c
[INFO] [stdout]                                at /rustc/84c898d65adf2f39a5a98507f1fe0ce10a2b8dbc/library/std/src/panicking.rs:583:13
[INFO] [stdout]   15:     0x55beebe6ee66 - std::sys_common::backtrace::__rust_end_short_backtrace::h5739b8e512c09d02
[INFO] [stdout]                                at /rustc/84c898d65adf2f39a5a98507f1fe0ce10a2b8dbc/library/std/src/sys_common/backtrace.rs:150:18
[INFO] [stdout]   16:     0x55beebe70742 - rust_begin_unwind
[INFO] [stdout]                                at /rustc/84c898d65adf2f39a5a98507f1fe0ce10a2b8dbc/library/std/src/panicking.rs:579:5
[INFO] [stdout]   17:     0x55beebdc3b83 - core::panicking::panic_fmt::hf33a1475b4dc5c3e
[INFO] [stdout]                                at /rustc/84c898d65adf2f39a5a98507f1fe0ce10a2b8dbc/library/core/src/panicking.rs:64:14
[INFO] [stdout]   18:     0x55beebdc3e5f - core::panicking::assert_failed_inner::haf9816227b20b6f2
[INFO] [stdout]   19:     0x55beebdd5b3a - core::panicking::assert_failed::h943c4a735c9f93a3
[INFO] [stdout]                                at /rustc/84c898d65adf2f39a5a98507f1fe0ce10a2b8dbc/library/core/src/panicking.rs:211:5
[INFO] [stdout]   20:     0x55beebde25c8 - greedy::tests::test_covering_problem::h961ff04794fc728a
[INFO] [stdout]                                at /opt/rustwide/workdir/algorithms/greedy/src/lib.rs:170:9
[INFO] [stdout]   21:     0x55beebde1c97 - greedy::tests::test_covering_problem::{{closure}}::hf9d6c034495243f6
[INFO] [stdout]                                at /opt/rustwide/workdir/algorithms/greedy/src/lib.rs:155:32
[INFO] [stdout]   22:     0x55beebdeb5c5 - core::ops::function::FnOnce::call_once::h6b2cb05a87bcc517
[INFO] [stdout]                                at /rustc/84c898d65adf2f39a5a98507f1fe0ce10a2b8dbc/library/core/src/ops/function.rs:250:5
[INFO] [stdout]   23:     0x55beebe2341f - core::ops::function::FnOnce::call_once::h7d969581be7d0075
[INFO] [stdout]                                at /rustc/84c898d65adf2f39a5a98507f1fe0ce10a2b8dbc/library/core/src/ops/function.rs:250:5
[INFO] [stdout]   24:     0x55beebe2341f - test::__rust_begin_short_backtrace::hca25a52684e56655
[INFO] [stdout]                                at /rustc/84c898d65adf2f39a5a98507f1fe0ce10a2b8dbc/library/test/src/lib.rs:656:18
[INFO] [stdout]   25:     0x55beebdf4a3c - test::run_test::{{closure}}::ha8ac744c4af1a4bb
[INFO] [stdout]                                at /rustc/84c898d65adf2f39a5a98507f1fe0ce10a2b8dbc/library/test/src/lib.rs:647:30
[INFO] [stdout]   26:     0x55beebdf4a3c - core::ops::function::FnOnce::call_once{{vtable.shim}}::h7b411a9ed45bdecf
[INFO] [stdout]                                at /rustc/84c898d65adf2f39a5a98507f1fe0ce10a2b8dbc/library/core/src/ops/function.rs:250:5
[INFO] [stdout]   27:     0x55beebe223e6 - <alloc::boxed::Box<F,A> as core::ops::function::FnOnce<Args>>::call_once::hd05328869a8ed200
[INFO] [stdout]                                at /rustc/84c898d65adf2f39a5a98507f1fe0ce10a2b8dbc/library/alloc/src/boxed.rs:1987:9
[INFO] [stdout]   28:     0x55beebe223e6 - <core::panic::unwind_safe::AssertUnwindSafe<F> as core::ops::function::FnOnce<()>>::call_once::h0c601ce20bd5b2be
[INFO] [stdout]                                at /rustc/84c898d65adf2f39a5a98507f1fe0ce10a2b8dbc/library/core/src/panic/unwind_safe.rs:271:9
[INFO] [stdout]   29:     0x55beebe223e6 - std::panicking::try::do_call::ha4be5c164fe30854
[INFO] [stdout]                                at /rustc/84c898d65adf2f39a5a98507f1fe0ce10a2b8dbc/library/std/src/panicking.rs:487:40
[INFO] [stdout]   30:     0x55beebe223e6 - std::panicking::try::h604546f3609af05f
[INFO] [stdout]                                at /rustc/84c898d65adf2f39a5a98507f1fe0ce10a2b8dbc/library/std/src/panicking.rs:451:19
[INFO] [stdout]   31:     0x55beebe223e6 - std::panic::catch_unwind::h5bfa8afe44c9c2f9
[INFO] [stdout]                                at /rustc/84c898d65adf2f39a5a98507f1fe0ce10a2b8dbc/library/std/src/panic.rs:140:14
[INFO] [stdout]   32:     0x55beebe223e6 - test::run_test_in_process::hd50dee55dd63e6aa
[INFO] [stdout]                                at /rustc/84c898d65adf2f39a5a98507f1fe0ce10a2b8dbc/library/test/src/lib.rs:679:27
[INFO] [stdout]   33:     0x55beebe223e6 - test::run_test::run_test_inner::{{closure}}::h4aa0f433aa85cea8
[INFO] [stdout]                                at /rustc/84c898d65adf2f39a5a98507f1fe0ce10a2b8dbc/library/test/src/lib.rs:573:39
[INFO] [stdout]   34:     0x55beebdef0b1 - test::run_test::run_test_inner::{{closure}}::had56431adf24b4d6
[INFO] [stdout]                                at /rustc/84c898d65adf2f39a5a98507f1fe0ce10a2b8dbc/library/test/src/lib.rs:600:37
[INFO] [stdout]   35:     0x55beebdef0b1 - std::sys_common::backtrace::__rust_begin_short_backtrace::ha8d9890e0c73bf13
[INFO] [stdout]                                at /rustc/84c898d65adf2f39a5a98507f1fe0ce10a2b8dbc/library/std/src/sys_common/backtrace.rs:134:18
[INFO] [stdout]   36:     0x55beebdf4acb - std::thread::Builder::spawn_unchecked_::{{closure}}::{{closure}}::h251832bcb4a95327
[INFO] [stdout]                                at /rustc/84c898d65adf2f39a5a98507f1fe0ce10a2b8dbc/library/std/src/thread/mod.rs:560:17
[INFO] [stdout]   37:     0x55beebdf4acb - <core::panic::unwind_safe::AssertUnwindSafe<F> as core::ops::function::FnOnce<()>>::call_once::h8fdff598fa414831
[INFO] [stdout]                                at /rustc/84c898d65adf2f39a5a98507f1fe0ce10a2b8dbc/library/core/src/panic/unwind_safe.rs:271:9
[INFO] [stdout]   38:     0x55beebdf4acb - std::panicking::try::do_call::h455dd2f7764a950f
[INFO] [stdout]                                at /rustc/84c898d65adf2f39a5a98507f1fe0ce10a2b8dbc/library/std/src/panicking.rs:487:40
[INFO] [stdout]   39:     0x55beebdf4acb - std::panicking::try::had6f23b7b73ae72a
[INFO] [stdout]                                at /rustc/84c898d65adf2f39a5a98507f1fe0ce10a2b8dbc/library/std/src/panicking.rs:451:19
[INFO] [stdout]   40:     0x55beebdf4acb - std::panic::catch_unwind::ha6a5ca3915b4dad0
[INFO] [stdout]                                at /rustc/84c898d65adf2f39a5a98507f1fe0ce10a2b8dbc/library/std/src/panic.rs:140:14
[INFO] [stdout]   41:     0x55beebdf4acb - std::thread::Builder::spawn_unchecked_::{{closure}}::h883b72ef75da6231
[INFO] [stdout]                                at /rustc/84c898d65adf2f39a5a98507f1fe0ce10a2b8dbc/library/std/src/thread/mod.rs:559:30
[INFO] [stdout]   42:     0x55beebdf4acb - core::ops::function::FnOnce::call_once{{vtable.shim}}::hb7dff73dc8bd2ccb
[INFO] [stdout]                                at /rustc/84c898d65adf2f39a5a98507f1fe0ce10a2b8dbc/library/core/src/ops/function.rs:250:5
[INFO] [stdout]   43:     0x55beebe75023 - <alloc::boxed::Box<F,A> as core::ops::function::FnOnce<Args>>::call_once::h39990b24eedef2ab
[INFO] [stdout]                                at /rustc/84c898d65adf2f39a5a98507f1fe0ce10a2b8dbc/library/alloc/src/boxed.rs:1987:9
[INFO] [stdout]   44:     0x55beebe75023 - <alloc::boxed::Box<F,A> as core::ops::function::FnOnce<Args>>::call_once::h01a027258444143b
[INFO] [stdout]                                at /rustc/84c898d65adf2f39a5a98507f1fe0ce10a2b8dbc/library/alloc/src/boxed.rs:1987:9
[INFO] [stdout]   45:     0x55beebe75023 - std::sys::unix::thread::Thread::new::thread_start::ha4f1cdd9c25884ba
[INFO] [stdout]                                at /rustc/84c898d65adf2f39a5a98507f1fe0ce10a2b8dbc/library/std/src/sys/unix/thread.rs:108:17
[INFO] [stdout]   46:     0x7f8c36158b43 - <unknown>
[INFO] [stdout]   47:     0x7f8c361e9bb4 - __clone
[INFO] [stdout]   48:                0x0 - <unknown>
[INFO] [stdout] 
[INFO] [stdout] 
[INFO] [stdout] failures:
[INFO] [stdout]     tests::test_covering_problem
[INFO] [stdout] 
[INFO] [stdout] test result: FAILED. 2 passed; 1 failed; 0 ignored; 0 measured; 0 filtered out; finished in 0.01s
[INFO] [stdout] 
[INFO] running `Command { std: "docker" "inspect" "f92db06d5676117de527c45b5d099ae42b811ecf3017496ca4fc9e3d5e00e75b", kill_on_drop: false }`
[INFO] running `Command { std: "docker" "rm" "-f" "f92db06d5676117de527c45b5d099ae42b811ecf3017496ca4fc9e3d5e00e75b", kill_on_drop: false }`
[INFO] [stdout] f92db06d5676117de527c45b5d099ae42b811ecf3017496ca4fc9e3d5e00e75b
