[INFO] cloning repository https://github.com/prasmussen/glot-run-data-decoder
[INFO] running `Command { std: "git" "-c" "credential.helper=" "-c" "credential.helper=/workspace/cargo-home/bin/git-credential-null" "clone" "--bare" "https://github.com/prasmussen/glot-run-data-decoder" "/workspace/cache/git-repos/https%3A%2F%2Fgithub.com%2Fprasmussen%2Fglot-run-data-decoder", kill_on_drop: false }`
[INFO] [stderr] Cloning into bare repository '/workspace/cache/git-repos/https%3A%2F%2Fgithub.com%2Fprasmussen%2Fglot-run-data-decoder'...
[INFO] [stderr] error: unable to create temporary file: No space left on device
[INFO] [stderr] fatal: failed to write object
[INFO] [stderr] fatal: unpack-objects failed
[WARN] Retrying crate fetch in 3 seconds (attempt 1)
[INFO] cloning repository https://github.com/prasmussen/glot-run-data-decoder
[INFO] running `Command { std: "git" "-c" "credential.helper=" "-c" "credential.helper=/workspace/cargo-home/bin/git-credential-null" "clone" "--bare" "https://github.com/prasmussen/glot-run-data-decoder" "/workspace/cache/git-repos/https%3A%2F%2Fgithub.com%2Fprasmussen%2Fglot-run-data-decoder", kill_on_drop: false }`
[INFO] [stderr] Cloning into bare repository '/workspace/cache/git-repos/https%3A%2F%2Fgithub.com%2Fprasmussen%2Fglot-run-data-decoder'...
[INFO] [stderr] error: unable to write symref for HEAD: No space left on device
[WARN] Retrying crate fetch in 3 seconds (attempt 2)
[INFO] cloning repository https://github.com/prasmussen/glot-run-data-decoder
[INFO] running `Command { std: "git" "-c" "credential.helper=" "-c" "credential.helper=/workspace/cargo-home/bin/git-credential-null" "clone" "--bare" "https://github.com/prasmussen/glot-run-data-decoder" "/workspace/cache/git-repos/https%3A%2F%2Fgithub.com%2Fprasmussen%2Fglot-run-data-decoder", kill_on_drop: false }`
[INFO] [stderr] Cloning into bare repository '/workspace/cache/git-repos/https%3A%2F%2Fgithub.com%2Fprasmussen%2Fglot-run-data-decoder'...
[INFO] [stderr] error: unable to write symref for HEAD: No space left on device
[WARN] Retrying crate fetch in 3 seconds (attempt 3)
[INFO] cloning repository https://github.com/prasmussen/glot-run-data-decoder
[INFO] running `Command { std: "git" "-c" "credential.helper=" "-c" "credential.helper=/workspace/cargo-home/bin/git-credential-null" "clone" "--bare" "https://github.com/prasmussen/glot-run-data-decoder" "/workspace/cache/git-repos/https%3A%2F%2Fgithub.com%2Fprasmussen%2Fglot-run-data-decoder", kill_on_drop: false }`
[INFO] [stderr] Cloning into bare repository '/workspace/cache/git-repos/https%3A%2F%2Fgithub.com%2Fprasmussen%2Fglot-run-data-decoder'...
[INFO] [stderr] /workspace/cache/git-repos/https%3A%2F%2Fgithub.com%2Fprasmussen%2Fglot-run-data-decoder/refs/heads: No space left on device
[WARN] Retrying crate fetch in 3 seconds (attempt 4)
[INFO] cloning repository https://github.com/prasmussen/glot-run-data-decoder
[INFO] running `Command { std: "git" "-c" "credential.helper=" "-c" "credential.helper=/workspace/cargo-home/bin/git-credential-null" "clone" "--bare" "https://github.com/prasmussen/glot-run-data-decoder" "/workspace/cache/git-repos/https%3A%2F%2Fgithub.com%2Fprasmussen%2Fglot-run-data-decoder", kill_on_drop: false }`
[INFO] [stderr] Cloning into bare repository '/workspace/cache/git-repos/https%3A%2F%2Fgithub.com%2Fprasmussen%2Fglot-run-data-decoder'...
[INFO] [stderr] /workspace/cache/git-repos/https%3A%2F%2Fgithub.com%2Fprasmussen%2Fglot-run-data-decoder/refs: No space left on device
[WARN] Retrying crate fetch in 3 seconds (attempt 5)
[INFO] cloning repository https://github.com/prasmussen/glot-run-data-decoder
[INFO] running `Command { std: "git" "-c" "credential.helper=" "-c" "credential.helper=/workspace/cargo-home/bin/git-credential-null" "clone" "--bare" "https://github.com/prasmussen/glot-run-data-decoder" "/workspace/cache/git-repos/https%3A%2F%2Fgithub.com%2Fprasmussen%2Fglot-run-data-decoder", kill_on_drop: false }`
[INFO] [stderr] Cloning into bare repository '/workspace/cache/git-repos/https%3A%2F%2Fgithub.com%2Fprasmussen%2Fglot-run-data-decoder'...
[INFO] [stderr] /workspace/cache/git-repos/https%3A%2F%2Fgithub.com%2Fprasmussen%2Fglot-run-data-decoder/branches/: No space left on device
[WARN] Retrying crate fetch in 3 seconds (attempt 6)
[INFO] cloning repository https://github.com/prasmussen/glot-run-data-decoder
[INFO] running `Command { std: "git" "-c" "credential.helper=" "-c" "credential.helper=/workspace/cargo-home/bin/git-credential-null" "clone" "--bare" "https://github.com/prasmussen/glot-run-data-decoder" "/workspace/cache/git-repos/https%3A%2F%2Fgithub.com%2Fprasmussen%2Fglot-run-data-decoder", kill_on_drop: false }`
[INFO] [stderr] Cloning into bare repository '/workspace/cache/git-repos/https%3A%2F%2Fgithub.com%2Fprasmussen%2Fglot-run-data-decoder'...
[INFO] running `Command { std: "git" "rev-parse" "HEAD", kill_on_drop: false }`
[INFO] [stdout] 9a8dbd71fa44f80bec156820a92866c83a329c62
[INFO] testing prasmussen/glot-run-data-decoder against 1.69.0 for beta-1.70-1
[INFO] running `Command { std: "git" "clone" "/workspace/cache/git-repos/https%3A%2F%2Fgithub.com%2Fprasmussen%2Fglot-run-data-decoder" "/workspace/builds/worker-7-tc1/source", kill_on_drop: false }`
[INFO] [stderr] Cloning into '/workspace/builds/worker-7-tc1/source'...
[INFO] [stderr] done.
[INFO] validating manifest of git repo https://github.com/prasmussen/glot-run-data-decoder on toolchain 1.69.0
[INFO] running `Command { std: CARGO_HOME="/workspace/cargo-home" RUSTUP_HOME="/workspace/rustup-home" "/workspace/cargo-home/bin/cargo" "+1.69.0" "metadata" "--manifest-path" "Cargo.toml" "--no-deps", kill_on_drop: false }`
[INFO] started tweaking git repo https://github.com/prasmussen/glot-run-data-decoder
[INFO] finished tweaking git repo https://github.com/prasmussen/glot-run-data-decoder
[INFO] tweaked toml for git repo https://github.com/prasmussen/glot-run-data-decoder written to /workspace/builds/worker-7-tc1/source/Cargo.toml
[INFO] crate git repo https://github.com/prasmussen/glot-run-data-decoder already has a lockfile, it will not be regenerated
[INFO] running `Command { std: CARGO_HOME="/workspace/cargo-home" RUSTUP_HOME="/workspace/rustup-home" "/workspace/cargo-home/bin/cargo" "+1.69.0" "fetch" "--manifest-path" "Cargo.toml", kill_on_drop: false }`
[INFO] [stderr]  Downloading crates ...
[INFO] [stderr]   Downloaded eetf v0.4.0
[INFO] running `Command { std: "docker" "create" "-v" "/var/lib/crater-agent-workspace/builds/worker-7-tc1/target:/opt/rustwide/target:rw,Z" "-v" "/var/lib/crater-agent-workspace/builds/worker-7-tc1/source:/opt/rustwide/workdir:ro,Z" "-v" "/var/lib/crater-agent-workspace/cargo-home:/opt/rustwide/cargo-home:ro,Z" "-v" "/var/lib/crater-agent-workspace/rustup-home:/opt/rustwide/rustup-home:ro,Z" "-e" "SOURCE_DIR=/opt/rustwide/workdir" "-e" "CARGO_TARGET_DIR=/opt/rustwide/target" "-e" "CARGO_HOME=/opt/rustwide/cargo-home" "-e" "RUSTUP_HOME=/opt/rustwide/rustup-home" "-w" "/opt/rustwide/workdir" "-m" "1610612736" "--user" "0:0" "--network" "none" "ghcr.io/rust-lang/crates-build-env/linux@sha256:5ff2268d62e97bff2cde7d5815dd6ed5b47097566f13b8d0ca110b04b60e07ed" "/opt/rustwide/cargo-home/bin/cargo" "+1.69.0" "metadata" "--no-deps" "--format-version=1", kill_on_drop: false }`
[INFO] [stdout] d40958a59236865ea9e5e7b7e1a23d9ac9a685ea29a8484a0d6f03dedd4a455e
[INFO] running `Command { std: "docker" "start" "-a" "d40958a59236865ea9e5e7b7e1a23d9ac9a685ea29a8484a0d6f03dedd4a455e", kill_on_drop: false }`
[INFO] running `Command { std: "docker" "inspect" "d40958a59236865ea9e5e7b7e1a23d9ac9a685ea29a8484a0d6f03dedd4a455e", kill_on_drop: false }`
[INFO] running `Command { std: "docker" "rm" "-f" "d40958a59236865ea9e5e7b7e1a23d9ac9a685ea29a8484a0d6f03dedd4a455e", kill_on_drop: false }`
[INFO] [stdout] d40958a59236865ea9e5e7b7e1a23d9ac9a685ea29a8484a0d6f03dedd4a455e
[INFO] running `Command { std: "docker" "create" "-v" "/var/lib/crater-agent-workspace/builds/worker-7-tc1/target:/opt/rustwide/target:rw,Z" "-v" "/var/lib/crater-agent-workspace/builds/worker-7-tc1/source:/opt/rustwide/workdir:ro,Z" "-v" "/var/lib/crater-agent-workspace/cargo-home:/opt/rustwide/cargo-home:ro,Z" "-v" "/var/lib/crater-agent-workspace/rustup-home:/opt/rustwide/rustup-home:ro,Z" "-e" "SOURCE_DIR=/opt/rustwide/workdir" "-e" "CARGO_TARGET_DIR=/opt/rustwide/target" "-e" "CARGO_INCREMENTAL=0" "-e" "RUST_BACKTRACE=full" "-e" "RUSTFLAGS=--cap-lints=warn" "-e" "RUSTDOCFLAGS=--cap-lints=warn" "-e" "CARGO_HOME=/opt/rustwide/cargo-home" "-e" "RUSTUP_HOME=/opt/rustwide/rustup-home" "-w" "/opt/rustwide/workdir" "-m" "1610612736" "--user" "0:0" "--network" "none" "ghcr.io/rust-lang/crates-build-env/linux@sha256:5ff2268d62e97bff2cde7d5815dd6ed5b47097566f13b8d0ca110b04b60e07ed" "/opt/rustwide/cargo-home/bin/cargo" "+1.69.0" "build" "--frozen" "--message-format=json", kill_on_drop: false }`
[INFO] [stdout] ea3c4382148fdcd95561c43b40087451715be1561e0e8b1af9af0ecb1039b5eb
[INFO] running `Command { std: "docker" "start" "-a" "ea3c4382148fdcd95561c43b40087451715be1561e0e8b1af9af0ecb1039b5eb", kill_on_drop: false }`
[INFO] [stderr]    Compiling autocfg v1.0.1
[INFO] [stderr]    Compiling proc-macro2 v1.0.24
[INFO] [stderr]    Compiling unicode-xid v0.2.1
[INFO] [stderr]    Compiling syn v1.0.48
[INFO] [stderr]    Compiling serde_derive v1.0.117
[INFO] [stderr]    Compiling crc32fast v1.2.1
[INFO] [stderr]    Compiling byteorder v1.3.4
[INFO] [stderr]    Compiling ryu v1.0.5
[INFO] [stderr]    Compiling cfg-if v1.0.0
[INFO] [stderr]    Compiling serde v1.0.117
[INFO] [stdout] error: linking with `cc` failed: exit status: 1
[INFO] [stdout]   |
[INFO] [stdout]   = note: LC_ALL="C" PATH="/opt/rustwide/rustup-home/toolchains/1.69.0-x86_64-unknown-linux-gnu/lib/rustlib/x86_64-unknown-linux-gnu/bin:/opt/rustwide/cargo-home/bin:/usr/local/sbin:/usr/local/bin:/usr/sbin:/usr/bin:/sbin:/bin" VSLANG="1033" "cc" "-m64" "/tmp/rustc5jXqyy/symbols.o" "/opt/rustwide/target/debug/build/crc32fast-f120ccfd1fda62a7/build_script_build-f120ccfd1fda62a7.build_script_build.85cac11b-cgu.0.rcgu.o" "/opt/rustwide/target/debug/build/crc32fast-f120ccfd1fda62a7/build_script_build-f120ccfd1fda62a7.build_script_build.85cac11b-cgu.1.rcgu.o" "/opt/rustwide/target/debug/build/crc32fast-f120ccfd1fda62a7/build_script_build-f120ccfd1fda62a7.build_script_build.85cac11b-cgu.10.rcgu.o" "/opt/rustwide/target/debug/build/crc32fast-f120ccfd1fda62a7/build_script_build-f120ccfd1fda62a7.build_script_build.85cac11b-cgu.11.rcgu.o" "/opt/rustwide/target/debug/build/crc32fast-f120ccfd1fda62a7/build_script_build-f120ccfd1fda62a7.build_script_build.85cac11b-cgu.12.rcgu.o" "/opt/rustwide/target/debug/build/crc32fast-f120ccfd1fda62a7/build_script_build-f120ccfd1fda62a7.build_script_build.85cac11b-cgu.13.rcgu.o" "/opt/rustwide/target/debug/build/crc32fast-f120ccfd1fda62a7/build_script_build-f120ccfd1fda62a7.build_script_build.85cac11b-cgu.14.rcgu.o" "/opt/rustwide/target/debug/build/crc32fast-f120ccfd1fda62a7/build_script_build-f120ccfd1fda62a7.build_script_build.85cac11b-cgu.15.rcgu.o" "/opt/rustwide/target/debug/build/crc32fast-f120ccfd1fda62a7/build_script_build-f120ccfd1fda62a7.build_script_build.85cac11b-cgu.2.rcgu.o" "/opt/rustwide/target/debug/build/crc32fast-f120ccfd1fda62a7/build_script_build-f120ccfd1fda62a7.build_script_build.85cac11b-cgu.3.rcgu.o" "/opt/rustwide/target/debug/build/crc32fast-f120ccfd1fda62a7/build_script_build-f120ccfd1fda62a7.build_script_build.85cac11b-cgu.4.rcgu.o" "/opt/rustwide/target/debug/build/crc32fast-f120ccfd1fda62a7/build_script_build-f120ccfd1fda62a7.build_script_build.85cac11b-cgu.5.rcgu.o" "/opt/rustwide/target/debug/build/crc32fast-f120ccfd1fda62a7/build_script_build-f120ccfd1fda62a7.build_script_build.85cac11b-cgu.6.rcgu.o" "/opt/rustwide/target/debug/build/crc32fast-f120ccfd1fda62a7/build_script_build-f120ccfd1fda62a7.build_script_build.85cac11b-cgu.7.rcgu.o" "/opt/rustwide/target/debug/build/crc32fast-f120ccfd1fda62a7/build_script_build-f120ccfd1fda62a7.build_script_build.85cac11b-cgu.8.rcgu.o" "/opt/rustwide/target/debug/build/crc32fast-f120ccfd1fda62a7/build_script_build-f120ccfd1fda62a7.build_script_build.85cac11b-cgu.9.rcgu.o" "/opt/rustwide/target/debug/build/crc32fast-f120ccfd1fda62a7/build_script_build-f120ccfd1fda62a7.2qljdgcwe63gq9it.rcgu.o" "-Wl,--as-needed" "-L" "/opt/rustwide/target/debug/deps" "-L" "/opt/rustwide/rustup-home/toolchains/1.69.0-x86_64-unknown-linux-gnu/lib/rustlib/x86_64-unknown-linux-gnu/lib" "-Wl,-Bstatic" "/opt/rustwide/rustup-home/toolchains/1.69.0-x86_64-unknown-linux-gnu/lib/rustlib/x86_64-unknown-linux-gnu/lib/libstd-89bc084783fdc439.rlib" "/opt/rustwide/rustup-home/toolchains/1.69.0-x86_64-unknown-linux-gnu/lib/rustlib/x86_64-unknown-linux-gnu/lib/libpanic_unwind-8bee4b287d4367c1.rlib" "/opt/rustwide/rustup-home/toolchains/1.69.0-x86_64-unknown-linux-gnu/lib/rustlib/x86_64-unknown-linux-gnu/lib/libobject-d61707aed80694c0.rlib" "/opt/rustwide/rustup-home/toolchains/1.69.0-x86_64-unknown-linux-gnu/lib/rustlib/x86_64-unknown-linux-gnu/lib/libmemchr-d85366256f22345b.rlib" "/opt/rustwide/rustup-home/toolchains/1.69.0-x86_64-unknown-linux-gnu/lib/rustlib/x86_64-unknown-linux-gnu/lib/libaddr2line-96069b86b8a8cae9.rlib" "/opt/rustwide/rustup-home/toolchains/1.69.0-x86_64-unknown-linux-gnu/lib/rustlib/x86_64-unknown-linux-gnu/lib/libgimli-d19d53abf68dfa6c.rlib" "/opt/rustwide/rustup-home/toolchains/1.69.0-x86_64-unknown-linux-gnu/lib/rustlib/x86_64-unknown-linux-gnu/lib/librustc_demangle-787cbccd19d64ac6.rlib" "/opt/rustwide/rustup-home/toolchains/1.69.0-x86_64-unknown-linux-gnu/lib/rustlib/x86_64-unknown-linux-gnu/lib/libstd_detect-b3837a36b830e0d0.rlib" "/opt/rustwide/rustup-home/toolchains/1.69.0-x86_64-unknown-linux-gnu/lib/rustlib/x86_64-unknown-linux-gnu/lib/libhashbrown-e3deb0e7e3f04966.rlib" "/opt/rustwide/rustup-home/toolchains/1.69.0-x86_64-unknown-linux-gnu/lib/rustlib/x86_64-unknown-linux-gnu/lib/libminiz_oxide-dabbb79c9815def4.rlib" "/opt/rustwide/rustup-home/toolchains/1.69.0-x86_64-unknown-linux-gnu/lib/rustlib/x86_64-unknown-linux-gnu/lib/libadler-305b01f34c9409f2.rlib" "/opt/rustwide/rustup-home/toolchains/1.69.0-x86_64-unknown-linux-gnu/lib/rustlib/x86_64-unknown-linux-gnu/lib/librustc_std_workspace_alloc-f833521df6074e73.rlib" "/opt/rustwide/rustup-home/toolchains/1.69.0-x86_64-unknown-linux-gnu/lib/rustlib/x86_64-unknown-linux-gnu/lib/libunwind-9ac333113350d171.rlib" "/opt/rustwide/rustup-home/toolchains/1.69.0-x86_64-unknown-linux-gnu/lib/rustlib/x86_64-unknown-linux-gnu/lib/libcfg_if-1c126114322d0eee.rlib" "/opt/rustwide/rustup-home/toolchains/1.69.0-x86_64-unknown-linux-gnu/lib/rustlib/x86_64-unknown-linux-gnu/lib/liblibc-bad9164fdeeecf92.rlib" "/opt/rustwide/rustup-home/toolchains/1.69.0-x86_64-unknown-linux-gnu/lib/rustlib/x86_64-unknown-linux-gnu/lib/liballoc-f9374b1e480fa681.rlib" "/opt/rustwide/rustup-home/toolchains/1.69.0-x86_64-unknown-linux-gnu/lib/rustlib/x86_64-unknown-linux-gnu/lib/librustc_std_workspace_core-207f06e41d9603af.rlib" "/opt/rustwide/rustup-home/toolchains/1.69.0-x86_64-unknown-linux-gnu/lib/rustlib/x86_64-unknown-linux-gnu/lib/libcore-7e2768e66e984e85.rlib" "/opt/rustwide/rustup-home/toolchains/1.69.0-x86_64-unknown-linux-gnu/lib/rustlib/x86_64-unknown-linux-gnu/lib/libcompiler_builtins-957b4aff41f8cd46.rlib" "-Wl,-Bdynamic" "-lgcc_s" "-lutil" "-lrt" "-lpthread" "-lm" "-ldl" "-lc" "-Wl,--eh-frame-hdr" "-Wl,-z,noexecstack" "-L" "/opt/rustwide/rustup-home/toolchains/1.69.0-x86_64-unknown-linux-gnu/lib/rustlib/x86_64-unknown-linux-gnu/lib" "-o" "/opt/rustwide/target/debug/build/crc32fast-f120ccfd1fda62a7/build_script_build-f120ccfd1fda62a7" "-Wl,--gc-sections" "-pie" "-Wl,-z,relro,-z,now" "-nodefaultlibs"
[INFO] [stdout]   = note: /usr/bin/ld: final link failed: No space left on device
[INFO] [stdout]           collect2: error: ld returned 1 exit status
[INFO] [stdout]           
[INFO] [stdout] 
[INFO] [stdout] 
[INFO] [stdout] error: aborting due to previous error
[INFO] [stdout] 
[INFO] [stdout] 
[INFO] [stdout] error: linking with `cc` failed: exit status: 1
[INFO] [stdout]   |
[INFO] [stdout]   = note: LC_ALL="C" PATH="/opt/rustwide/rustup-home/toolchains/1.69.0-x86_64-unknown-linux-gnu/lib/rustlib/x86_64-unknown-linux-gnu/bin:/opt/rustwide/cargo-home/bin:/usr/local/sbin:/usr/local/bin:/usr/sbin:/usr/bin:/sbin:/bin" VSLANG="1033" "cc" "-m64" "/tmp/rustcXnzOUf/symbols.o" "/opt/rustwide/target/debug/build/serde_derive-06186fd7a2c38a9e/build_script_build-06186fd7a2c38a9e.build_script_build.ec6ea520-cgu.0.rcgu.o" "/opt/rustwide/target/debug/build/serde_derive-06186fd7a2c38a9e/build_script_build-06186fd7a2c38a9e.build_script_build.ec6ea520-cgu.1.rcgu.o" "/opt/rustwide/target/debug/build/serde_derive-06186fd7a2c38a9e/build_script_build-06186fd7a2c38a9e.build_script_build.ec6ea520-cgu.10.rcgu.o" "/opt/rustwide/target/debug/build/serde_derive-06186fd7a2c38a9e/build_script_build-06186fd7a2c38a9e.build_script_build.ec6ea520-cgu.11.rcgu.o" "/opt/rustwide/target/debug/build/serde_derive-06186fd7a2c38a9e/build_script_build-06186fd7a2c38a9e.build_script_build.ec6ea520-cgu.12.rcgu.o" "/opt/rustwide/target/debug/build/serde_derive-06186fd7a2c38a9e/build_script_build-06186fd7a2c38a9e.build_script_build.ec6ea520-cgu.13.rcgu.o" "/opt/rustwide/target/debug/build/serde_derive-06186fd7a2c38a9e/build_script_build-06186fd7a2c38a9e.build_script_build.ec6ea520-cgu.14.rcgu.o" "/opt/rustwide/target/debug/build/serde_derive-06186fd7a2c38a9e/build_script_build-06186fd7a2c38a9e.build_script_build.ec6ea520-cgu.15.rcgu.o" "/opt/rustwide/target/debug/build/serde_derive-06186fd7a2c38a9e/build_script_build-06186fd7a2c38a9e.build_script_build.ec6ea520-cgu.2.rcgu.o" "/opt/rustwide/target/debug/build/serde_derive-06186fd7a2c38a9e/build_script_build-06186fd7a2c38a9e.build_script_build.ec6ea520-cgu.3.rcgu.o" "/opt/rustwide/target/debug/build/serde_derive-06186fd7a2c38a9e/build_script_build-06186fd7a2c38a9e.build_script_build.ec6ea520-cgu.4.rcgu.o" "/opt/rustwide/target/debug/build/serde_derive-06186fd7a2c38a9e/build_script_build-06186fd7a2c38a9e.build_script_build.ec6ea520-cgu.5.rcgu.o" "/opt/rustwide/target/debug/build/serde_derive-06186fd7a2c38a9e/build_script_build-06186fd7a2c38a9e.build_script_build.ec6ea520-cgu.6.rcgu.o" "/opt/rustwide/target/debug/build/serde_derive-06186fd7a2c38a9e/build_script_build-06186fd7a2c38a9e.build_script_build.ec6ea520-cgu.7.rcgu.o" "/opt/rustwide/target/debug/build/serde_derive-06186fd7a2c38a9e/build_script_build-06186fd7a2c38a9e.build_script_build.ec6ea520-cgu.8.rcgu.o" "/opt/rustwide/target/debug/build/serde_derive-06186fd7a2c38a9e/build_script_build-06186fd7a2c38a9e.build_script_build.ec6ea520-cgu.9.rcgu.o" "/opt/rustwide/target/debug/build/serde_derive-06186fd7a2c38a9e/build_script_build-06186fd7a2c38a9e.1ai4bjymf2pwusr7.rcgu.o" "-Wl,--as-needed" "-L" "/opt/rustwide/target/debug/deps" "-L" "/opt/rustwide/rustup-home/toolchains/1.69.0-x86_64-unknown-linux-gnu/lib/rustlib/x86_64-unknown-linux-gnu/lib" "-Wl,-Bstatic" "/opt/rustwide/rustup-home/toolchains/1.69.0-x86_64-unknown-linux-gnu/lib/rustlib/x86_64-unknown-linux-gnu/lib/libstd-89bc084783fdc439.rlib" "/opt/rustwide/rustup-home/toolchains/1.69.0-x86_64-unknown-linux-gnu/lib/rustlib/x86_64-unknown-linux-gnu/lib/libpanic_unwind-8bee4b287d4367c1.rlib" "/opt/rustwide/rustup-home/toolchains/1.69.0-x86_64-unknown-linux-gnu/lib/rustlib/x86_64-unknown-linux-gnu/lib/libobject-d61707aed80694c0.rlib" "/opt/rustwide/rustup-home/toolchains/1.69.0-x86_64-unknown-linux-gnu/lib/rustlib/x86_64-unknown-linux-gnu/lib/libmemchr-d85366256f22345b.rlib" "/opt/rustwide/rustup-home/toolchains/1.69.0-x86_64-unknown-linux-gnu/lib/rustlib/x86_64-unknown-linux-gnu/lib/libaddr2line-96069b86b8a8cae9.rlib" "/opt/rustwide/rustup-home/toolchains/1.69.0-x86_64-unknown-linux-gnu/lib/rustlib/x86_64-unknown-linux-gnu/lib/libgimli-d19d53abf68dfa6c.rlib" "/opt/rustwide/rustup-home/toolchains/1.69.0-x86_64-unknown-linux-gnu/lib/rustlib/x86_64-unknown-linux-gnu/lib/librustc_demangle-787cbccd19d64ac6.rlib" "/opt/rustwide/rustup-home/toolchains/1.69.0-x86_64-unknown-linux-gnu/lib/rustlib/x86_64-unknown-linux-gnu/lib/libstd_detect-b3837a36b830e0d0.rlib" "/opt/rustwide/rustup-home/toolchains/1.69.0-x86_64-unknown-linux-gnu/lib/rustlib/x86_64-unknown-linux-gnu/lib/libhashbrown-e3deb0e7e3f04966.rlib" "/opt/rustwide/rustup-home/toolchains/1.69.0-x86_64-unknown-linux-gnu/lib/rustlib/x86_64-unknown-linux-gnu/lib/libminiz_oxide-dabbb79c9815def4.rlib" "/opt/rustwide/rustup-home/toolchains/1.69.0-x86_64-unknown-linux-gnu/lib/rustlib/x86_64-unknown-linux-gnu/lib/libadler-305b01f34c9409f2.rlib" "/opt/rustwide/rustup-home/toolchains/1.69.0-x86_64-unknown-linux-gnu/lib/rustlib/x86_64-unknown-linux-gnu/lib/librustc_std_workspace_alloc-f833521df6074e73.rlib" "/opt/rustwide/rustup-home/toolchains/1.69.0-x86_64-unknown-linux-gnu/lib/rustlib/x86_64-unknown-linux-gnu/lib/libunwind-9ac333113350d171.rlib" "/opt/rustwide/rustup-home/toolchains/1.69.0-x86_64-unknown-linux-gnu/lib/rustlib/x86_64-unknown-linux-gnu/lib/libcfg_if-1c126114322d0eee.rlib" "/opt/rustwide/rustup-home/toolchains/1.69.0-x86_64-unknown-linux-gnu/lib/rustlib/x86_64-unknown-linux-gnu/lib/liblibc-bad9164fdeeecf92.rlib" "/opt/rustwide/rustup-home/toolchains/1.69.0-x86_64-unknown-linux-gnu/lib/rustlib/x86_64-unknown-linux-gnu/lib/liballoc-f9374b1e480fa681.rlib" "/opt/rustwide/rustup-home/toolchains/1.69.0-x86_64-unknown-linux-gnu/lib/rustlib/x86_64-unknown-linux-gnu/lib/librustc_std_workspace_core-207f06e41d9603af.rlib" "/opt/rustwide/rustup-home/toolchains/1.69.0-x86_64-unknown-linux-gnu/lib/rustlib/x86_64-unknown-linux-gnu/lib/libcore-7e2768e66e984e85.rlib" "/opt/rustwide/rustup-home/toolchains/1.69.0-x86_64-unknown-linux-gnu/lib/rustlib/x86_64-unknown-linux-gnu/lib/libcompiler_builtins-957b4aff41f8cd46.rlib" "-Wl,-Bdynamic" "-lgcc_s" "-lutil" "-lrt" "-lpthread" "-lm" "-ldl" "-lc" "-Wl,--eh-frame-hdr" "-Wl,-z,noexecstack" "-L" "/opt/rustwide/rustup-home/toolchains/1.69.0-x86_64-unknown-linux-gnu/lib/rustlib/x86_64-unknown-linux-gnu/lib" "-o" "/opt/rustwide/target/debug/build/serde_derive-06186fd7a2c38a9e/build_script_build-06186fd7a2c38a9e" "-Wl,--gc-sections" "-pie" "-Wl,-z,relro,-z,now" "-nodefaultlibs"
[INFO] [stdout]   = note: /usr/bin/ld: final link failed: No space left on device
[INFO] [stdout]           collect2: error: ld returned 1 exit status
[INFO] [stdout]           
[INFO] [stdout] 
[INFO] [stdout] 
[INFO] [stdout] error: aborting due to previous error
[INFO] [stdout] 
[INFO] [stdout] 
[INFO] [stderr] error: could not compile `serde_derive` due to 2 previous errors
[INFO] [stderr] warning: build failed, waiting for other jobs to finish...
[INFO] [stderr] LLVM ERROR: IO failure on output stream: No space left on device
[INFO] [stderr] LLVM ERROR: IO failure on output stream: No space left on device
[INFO] [stderr] error: could not compile `crc32fast` due to 2 previous errors
[INFO] [stdout] error: linking with `cc` failed: exit status: 1
[INFO] [stdout]   |
[INFO] [stdout]   = note: LC_ALL="C" PATH="/opt/rustwide/rustup-home/toolchains/1.69.0-x86_64-unknown-linux-gnu/lib/rustlib/x86_64-unknown-linux-gnu/bin:/opt/rustwide/cargo-home/bin:/usr/local/sbin:/usr/local/bin:/usr/sbin:/usr/bin:/sbin:/bin" VSLANG="1033" "cc" "-m64" "/tmp/rustc4WNHzs/symbols.o" "/opt/rustwide/target/debug/build/ryu-8d78a6f95eff8a02/build_script_build-8d78a6f95eff8a02.build_script_build.9f47e161-cgu.0.rcgu.o" "/opt/rustwide/target/debug/build/ryu-8d78a6f95eff8a02/build_script_build-8d78a6f95eff8a02.build_script_build.9f47e161-cgu.1.rcgu.o" "/opt/rustwide/target/debug/build/ryu-8d78a6f95eff8a02/build_script_build-8d78a6f95eff8a02.build_script_build.9f47e161-cgu.10.rcgu.o" "/opt/rustwide/target/debug/build/ryu-8d78a6f95eff8a02/build_script_build-8d78a6f95eff8a02.build_script_build.9f47e161-cgu.11.rcgu.o" "/opt/rustwide/target/debug/build/ryu-8d78a6f95eff8a02/build_script_build-8d78a6f95eff8a02.build_script_build.9f47e161-cgu.12.rcgu.o" "/opt/rustwide/target/debug/build/ryu-8d78a6f95eff8a02/build_script_build-8d78a6f95eff8a02.build_script_build.9f47e161-cgu.13.rcgu.o" "/opt/rustwide/target/debug/build/ryu-8d78a6f95eff8a02/build_script_build-8d78a6f95eff8a02.build_script_build.9f47e161-cgu.14.rcgu.o" "/opt/rustwide/target/debug/build/ryu-8d78a6f95eff8a02/build_script_build-8d78a6f95eff8a02.build_script_build.9f47e161-cgu.15.rcgu.o" "/opt/rustwide/target/debug/build/ryu-8d78a6f95eff8a02/build_script_build-8d78a6f95eff8a02.build_script_build.9f47e161-cgu.2.rcgu.o" "/opt/rustwide/target/debug/build/ryu-8d78a6f95eff8a02/build_script_build-8d78a6f95eff8a02.build_script_build.9f47e161-cgu.3.rcgu.o" "/opt/rustwide/target/debug/build/ryu-8d78a6f95eff8a02/build_script_build-8d78a6f95eff8a02.build_script_build.9f47e161-cgu.4.rcgu.o" "/opt/rustwide/target/debug/build/ryu-8d78a6f95eff8a02/build_script_build-8d78a6f95eff8a02.build_script_build.9f47e161-cgu.5.rcgu.o" "/opt/rustwide/target/debug/build/ryu-8d78a6f95eff8a02/build_script_build-8d78a6f95eff8a02.build_script_build.9f47e161-cgu.6.rcgu.o" "/opt/rustwide/target/debug/build/ryu-8d78a6f95eff8a02/build_script_build-8d78a6f95eff8a02.build_script_build.9f47e161-cgu.7.rcgu.o" "/opt/rustwide/target/debug/build/ryu-8d78a6f95eff8a02/build_script_build-8d78a6f95eff8a02.build_script_build.9f47e161-cgu.8.rcgu.o" "/opt/rustwide/target/debug/build/ryu-8d78a6f95eff8a02/build_script_build-8d78a6f95eff8a02.build_script_build.9f47e161-cgu.9.rcgu.o" "/opt/rustwide/target/debug/build/ryu-8d78a6f95eff8a02/build_script_build-8d78a6f95eff8a02.28depiuprawb8vfq.rcgu.o" "-Wl,--as-needed" "-L" "/opt/rustwide/target/debug/deps" "-L" "/opt/rustwide/rustup-home/toolchains/1.69.0-x86_64-unknown-linux-gnu/lib/rustlib/x86_64-unknown-linux-gnu/lib" "-Wl,-Bstatic" "/opt/rustwide/rustup-home/toolchains/1.69.0-x86_64-unknown-linux-gnu/lib/rustlib/x86_64-unknown-linux-gnu/lib/libstd-89bc084783fdc439.rlib" "/opt/rustwide/rustup-home/toolchains/1.69.0-x86_64-unknown-linux-gnu/lib/rustlib/x86_64-unknown-linux-gnu/lib/libpanic_unwind-8bee4b287d4367c1.rlib" "/opt/rustwide/rustup-home/toolchains/1.69.0-x86_64-unknown-linux-gnu/lib/rustlib/x86_64-unknown-linux-gnu/lib/libobject-d61707aed80694c0.rlib" "/opt/rustwide/rustup-home/toolchains/1.69.0-x86_64-unknown-linux-gnu/lib/rustlib/x86_64-unknown-linux-gnu/lib/libmemchr-d85366256f22345b.rlib" "/opt/rustwide/rustup-home/toolchains/1.69.0-x86_64-unknown-linux-gnu/lib/rustlib/x86_64-unknown-linux-gnu/lib/libaddr2line-96069b86b8a8cae9.rlib" "/opt/rustwide/rustup-home/toolchains/1.69.0-x86_64-unknown-linux-gnu/lib/rustlib/x86_64-unknown-linux-gnu/lib/libgimli-d19d53abf68dfa6c.rlib" "/opt/rustwide/rustup-home/toolchains/1.69.0-x86_64-unknown-linux-gnu/lib/rustlib/x86_64-unknown-linux-gnu/lib/librustc_demangle-787cbccd19d64ac6.rlib" "/opt/rustwide/rustup-home/toolchains/1.69.0-x86_64-unknown-linux-gnu/lib/rustlib/x86_64-unknown-linux-gnu/lib/libstd_detect-b3837a36b830e0d0.rlib" "/opt/rustwide/rustup-home/toolchains/1.69.0-x86_64-unknown-linux-gnu/lib/rustlib/x86_64-unknown-linux-gnu/lib/libhashbrown-e3deb0e7e3f04966.rlib" "/opt/rustwide/rustup-home/toolchains/1.69.0-x86_64-unknown-linux-gnu/lib/rustlib/x86_64-unknown-linux-gnu/lib/libminiz_oxide-dabbb79c9815def4.rlib" "/opt/rustwide/rustup-home/toolchains/1.69.0-x86_64-unknown-linux-gnu/lib/rustlib/x86_64-unknown-linux-gnu/lib/libadler-305b01f34c9409f2.rlib" "/opt/rustwide/rustup-home/toolchains/1.69.0-x86_64-unknown-linux-gnu/lib/rustlib/x86_64-unknown-linux-gnu/lib/librustc_std_workspace_alloc-f833521df6074e73.rlib" "/opt/rustwide/rustup-home/toolchains/1.69.0-x86_64-unknown-linux-gnu/lib/rustlib/x86_64-unknown-linux-gnu/lib/libunwind-9ac333113350d171.rlib" "/opt/rustwide/rustup-home/toolchains/1.69.0-x86_64-unknown-linux-gnu/lib/rustlib/x86_64-unknown-linux-gnu/lib/libcfg_if-1c126114322d0eee.rlib" "/opt/rustwide/rustup-home/toolchains/1.69.0-x86_64-unknown-linux-gnu/lib/rustlib/x86_64-unknown-linux-gnu/lib/liblibc-bad9164fdeeecf92.rlib" "/opt/rustwide/rustup-home/toolchains/1.69.0-x86_64-unknown-linux-gnu/lib/rustlib/x86_64-unknown-linux-gnu/lib/liballoc-f9374b1e480fa681.rlib" "/opt/rustwide/rustup-home/toolchains/1.69.0-x86_64-unknown-linux-gnu/lib/rustlib/x86_64-unknown-linux-gnu/lib/librustc_std_workspace_core-207f06e41d9603af.rlib" "/opt/rustwide/rustup-home/toolchains/1.69.0-x86_64-unknown-linux-gnu/lib/rustlib/x86_64-unknown-linux-gnu/lib/libcore-7e2768e66e984e85.rlib" "/opt/rustwide/rustup-home/toolchains/1.69.0-x86_64-unknown-linux-gnu/lib/rustlib/x86_64-unknown-linux-gnu/lib/libcompiler_builtins-957b4aff41f8cd46.rlib" "-Wl,-Bdynamic" "-lgcc_s" "-lutil" "-lrt" "-lpthread" "-lm" "-ldl" "-lc" "-Wl,--eh-frame-hdr" "-Wl,-z,noexecstack" "-L" "/opt/rustwide/rustup-home/toolchains/1.69.0-x86_64-unknown-linux-gnu/lib/rustlib/x86_64-unknown-linux-gnu/lib" "-o" "/opt/rustwide/target/debug/build/ryu-8d78a6f95eff8a02/build_script_build-8d78a6f95eff8a02" "-Wl,--gc-sections" "-pie" "-Wl,-z,relro,-z,now" "-nodefaultlibs"
[INFO] [stdout]   = note: /usr/bin/ld: final link failed: No space left on device
[INFO] [stdout]           collect2: error: ld returned 1 exit status
[INFO] [stdout]           
[INFO] [stdout] 
[INFO] [stdout] 
[INFO] [stderr] error: could not compile `serde`
[INFO] [stderr] error: could not compile `autocfg`
[INFO] [stderr] error: could not compile `ryu` due to previous error
[INFO] [stdout] error: linking with `cc` failed: exit status: 1
[INFO] [stdout]   |
[INFO] [stdout]   = note: LC_ALL="C" PATH="/opt/rustwide/rustup-home/toolchains/1.69.0-x86_64-unknown-linux-gnu/lib/rustlib/x86_64-unknown-linux-gnu/bin:/opt/rustwide/cargo-home/bin:/usr/local/sbin:/usr/local/bin:/usr/sbin:/usr/bin:/sbin:/bin" VSLANG="1033" "cc" "-m64" "/tmp/rustcsQa6yF/symbols.o" "/opt/rustwide/target/debug/build/syn-66e2c04b78f2a9ee/build_script_build-66e2c04b78f2a9ee.build_script_build.4e7fdffe-cgu.0.rcgu.o" "/opt/rustwide/target/debug/build/syn-66e2c04b78f2a9ee/build_script_build-66e2c04b78f2a9ee.build_script_build.4e7fdffe-cgu.1.rcgu.o" "/opt/rustwide/target/debug/build/syn-66e2c04b78f2a9ee/build_script_build-66e2c04b78f2a9ee.build_script_build.4e7fdffe-cgu.10.rcgu.o" "/opt/rustwide/target/debug/build/syn-66e2c04b78f2a9ee/build_script_build-66e2c04b78f2a9ee.build_script_build.4e7fdffe-cgu.11.rcgu.o" "/opt/rustwide/target/debug/build/syn-66e2c04b78f2a9ee/build_script_build-66e2c04b78f2a9ee.build_script_build.4e7fdffe-cgu.12.rcgu.o" "/opt/rustwide/target/debug/build/syn-66e2c04b78f2a9ee/build_script_build-66e2c04b78f2a9ee.build_script_build.4e7fdffe-cgu.13.rcgu.o" "/opt/rustwide/target/debug/build/syn-66e2c04b78f2a9ee/build_script_build-66e2c04b78f2a9ee.build_script_build.4e7fdffe-cgu.14.rcgu.o" "/opt/rustwide/target/debug/build/syn-66e2c04b78f2a9ee/build_script_build-66e2c04b78f2a9ee.build_script_build.4e7fdffe-cgu.15.rcgu.o" "/opt/rustwide/target/debug/build/syn-66e2c04b78f2a9ee/build_script_build-66e2c04b78f2a9ee.build_script_build.4e7fdffe-cgu.2.rcgu.o" "/opt/rustwide/target/debug/build/syn-66e2c04b78f2a9ee/build_script_build-66e2c04b78f2a9ee.build_script_build.4e7fdffe-cgu.3.rcgu.o" "/opt/rustwide/target/debug/build/syn-66e2c04b78f2a9ee/build_script_build-66e2c04b78f2a9ee.build_script_build.4e7fdffe-cgu.4.rcgu.o" "/opt/rustwide/target/debug/build/syn-66e2c04b78f2a9ee/build_script_build-66e2c04b78f2a9ee.build_script_build.4e7fdffe-cgu.5.rcgu.o" "/opt/rustwide/target/debug/build/syn-66e2c04b78f2a9ee/build_script_build-66e2c04b78f2a9ee.build_script_build.4e7fdffe-cgu.6.rcgu.o" "/opt/rustwide/target/debug/build/syn-66e2c04b78f2a9ee/build_script_build-66e2c04b78f2a9ee.build_script_build.4e7fdffe-cgu.7.rcgu.o" "/opt/rustwide/target/debug/build/syn-66e2c04b78f2a9ee/build_script_build-66e2c04b78f2a9ee.build_script_build.4e7fdffe-cgu.8.rcgu.o" "/opt/rustwide/target/debug/build/syn-66e2c04b78f2a9ee/build_script_build-66e2c04b78f2a9ee.build_script_build.4e7fdffe-cgu.9.rcgu.o" "/opt/rustwide/target/debug/build/syn-66e2c04b78f2a9ee/build_script_build-66e2c04b78f2a9ee.4mpktuhja5igzllv.rcgu.o" "-Wl,--as-needed" "-L" "/opt/rustwide/target/debug/deps" "-L" "/opt/rustwide/rustup-home/toolchains/1.69.0-x86_64-unknown-linux-gnu/lib/rustlib/x86_64-unknown-linux-gnu/lib" "-Wl,-Bstatic" "/opt/rustwide/rustup-home/toolchains/1.69.0-x86_64-unknown-linux-gnu/lib/rustlib/x86_64-unknown-linux-gnu/lib/libstd-89bc084783fdc439.rlib" "/opt/rustwide/rustup-home/toolchains/1.69.0-x86_64-unknown-linux-gnu/lib/rustlib/x86_64-unknown-linux-gnu/lib/libpanic_unwind-8bee4b287d4367c1.rlib" "/opt/rustwide/rustup-home/toolchains/1.69.0-x86_64-unknown-linux-gnu/lib/rustlib/x86_64-unknown-linux-gnu/lib/libobject-d61707aed80694c0.rlib" "/opt/rustwide/rustup-home/toolchains/1.69.0-x86_64-unknown-linux-gnu/lib/rustlib/x86_64-unknown-linux-gnu/lib/libmemchr-d85366256f22345b.rlib" "/opt/rustwide/rustup-home/toolchains/1.69.0-x86_64-unknown-linux-gnu/lib/rustlib/x86_64-unknown-linux-gnu/lib/libaddr2line-96069b86b8a8cae9.rlib" "/opt/rustwide/rustup-home/toolchains/1.69.0-x86_64-unknown-linux-gnu/lib/rustlib/x86_64-unknown-linux-gnu/lib/libgimli-d19d53abf68dfa6c.rlib" "/opt/rustwide/rustup-home/toolchains/1.69.0-x86_64-unknown-linux-gnu/lib/rustlib/x86_64-unknown-linux-gnu/lib/librustc_demangle-787cbccd19d64ac6.rlib" "/opt/rustwide/rustup-home/toolchains/1.69.0-x86_64-unknown-linux-gnu/lib/rustlib/x86_64-unknown-linux-gnu/lib/libstd_detect-b3837a36b830e0d0.rlib" "/opt/rustwide/rustup-home/toolchains/1.69.0-x86_64-unknown-linux-gnu/lib/rustlib/x86_64-unknown-linux-gnu/lib/libhashbrown-e3deb0e7e3f04966.rlib" "/opt/rustwide/rustup-home/toolchains/1.69.0-x86_64-unknown-linux-gnu/lib/rustlib/x86_64-unknown-linux-gnu/lib/libminiz_oxide-dabbb79c9815def4.rlib" "/opt/rustwide/rustup-home/toolchains/1.69.0-x86_64-unknown-linux-gnu/lib/rustlib/x86_64-unknown-linux-gnu/lib/libadler-305b01f34c9409f2.rlib" "/opt/rustwide/rustup-home/toolchains/1.69.0-x86_64-unknown-linux-gnu/lib/rustlib/x86_64-unknown-linux-gnu/lib/librustc_std_workspace_alloc-f833521df6074e73.rlib" "/opt/rustwide/rustup-home/toolchains/1.69.0-x86_64-unknown-linux-gnu/lib/rustlib/x86_64-unknown-linux-gnu/lib/libunwind-9ac333113350d171.rlib" "/opt/rustwide/rustup-home/toolchains/1.69.0-x86_64-unknown-linux-gnu/lib/rustlib/x86_64-unknown-linux-gnu/lib/libcfg_if-1c126114322d0eee.rlib" "/opt/rustwide/rustup-home/toolchains/1.69.0-x86_64-unknown-linux-gnu/lib/rustlib/x86_64-unknown-linux-gnu/lib/liblibc-bad9164fdeeecf92.rlib" "/opt/rustwide/rustup-home/toolchains/1.69.0-x86_64-unknown-linux-gnu/lib/rustlib/x86_64-unknown-linux-gnu/lib/liballoc-f9374b1e480fa681.rlib" "/opt/rustwide/rustup-home/toolchains/1.69.0-x86_64-unknown-linux-gnu/lib/rustlib/x86_64-unknown-linux-gnu/lib/librustc_std_workspace_core-207f06e41d9603af.rlib" "/opt/rustwide/rustup-home/toolchains/1.69.0-x86_64-unknown-linux-gnu/lib/rustlib/x86_64-unknown-linux-gnu/lib/libcore-7e2768e66e984e85.rlib" "/opt/rustwide/rustup-home/toolchains/1.69.0-x86_64-unknown-linux-gnu/lib/rustlib/x86_64-unknown-linux-gnu/lib/libcompiler_builtins-957b4aff41f8cd46.rlib" "-Wl,-Bdynamic" "-lgcc_s" "-lutil" "-lrt" "-lpthread" "-lm" "-ldl" "-lc" "-Wl,--eh-frame-hdr" "-Wl,-z,noexecstack" "-L" "/opt/rustwide/rustup-home/toolchains/1.69.0-x86_64-unknown-linux-gnu/lib/rustlib/x86_64-unknown-linux-gnu/lib" "-o" "/opt/rustwide/target/debug/build/syn-66e2c04b78f2a9ee/build_script_build-66e2c04b78f2a9ee" "-Wl,--gc-sections" "-pie" "-Wl,-z,relro,-z,now" "-nodefaultlibs"
[INFO] [stdout]   = note: /usr/bin/ld: final link failed: No space left on device
[INFO] [stdout]           collect2: error: ld returned 1 exit status
[INFO] [stdout]           
[INFO] [stdout] 
[INFO] [stdout] 
[INFO] [stderr] error: could not compile `syn` due to previous error
[INFO] [stdout] error: linking with `cc` failed: exit status: 1
[INFO] [stdout]   |
[INFO] [stdout]   = note: LC_ALL="C" PATH="/opt/rustwide/rustup-home/toolchains/1.69.0-x86_64-unknown-linux-gnu/lib/rustlib/x86_64-unknown-linux-gnu/bin:/opt/rustwide/cargo-home/bin:/usr/local/sbin:/usr/local/bin:/usr/sbin:/usr/bin:/sbin:/bin" VSLANG="1033" "cc" "-m64" "/tmp/rustcxu0OEb/symbols.o" "/opt/rustwide/target/debug/build/proc-macro2-74c743c4b1f95f15/build_script_build-74c743c4b1f95f15.build_script_build.099ea0be-cgu.0.rcgu.o" "/opt/rustwide/target/debug/build/proc-macro2-74c743c4b1f95f15/build_script_build-74c743c4b1f95f15.build_script_build.099ea0be-cgu.1.rcgu.o" "/opt/rustwide/target/debug/build/proc-macro2-74c743c4b1f95f15/build_script_build-74c743c4b1f95f15.build_script_build.099ea0be-cgu.10.rcgu.o" "/opt/rustwide/target/debug/build/proc-macro2-74c743c4b1f95f15/build_script_build-74c743c4b1f95f15.build_script_build.099ea0be-cgu.11.rcgu.o" "/opt/rustwide/target/debug/build/proc-macro2-74c743c4b1f95f15/build_script_build-74c743c4b1f95f15.build_script_build.099ea0be-cgu.12.rcgu.o" "/opt/rustwide/target/debug/build/proc-macro2-74c743c4b1f95f15/build_script_build-74c743c4b1f95f15.build_script_build.099ea0be-cgu.13.rcgu.o" "/opt/rustwide/target/debug/build/proc-macro2-74c743c4b1f95f15/build_script_build-74c743c4b1f95f15.build_script_build.099ea0be-cgu.14.rcgu.o" "/opt/rustwide/target/debug/build/proc-macro2-74c743c4b1f95f15/build_script_build-74c743c4b1f95f15.build_script_build.099ea0be-cgu.15.rcgu.o" "/opt/rustwide/target/debug/build/proc-macro2-74c743c4b1f95f15/build_script_build-74c743c4b1f95f15.build_script_build.099ea0be-cgu.2.rcgu.o" "/opt/rustwide/target/debug/build/proc-macro2-74c743c4b1f95f15/build_script_build-74c743c4b1f95f15.build_script_build.099ea0be-cgu.3.rcgu.o" "/opt/rustwide/target/debug/build/proc-macro2-74c743c4b1f95f15/build_script_build-74c743c4b1f95f15.build_script_build.099ea0be-cgu.4.rcgu.o" "/opt/rustwide/target/debug/build/proc-macro2-74c743c4b1f95f15/build_script_build-74c743c4b1f95f15.build_script_build.099ea0be-cgu.5.rcgu.o" "/opt/rustwide/target/debug/build/proc-macro2-74c743c4b1f95f15/build_script_build-74c743c4b1f95f15.build_script_build.099ea0be-cgu.6.rcgu.o" "/opt/rustwide/target/debug/build/proc-macro2-74c743c4b1f95f15/build_script_build-74c743c4b1f95f15.build_script_build.099ea0be-cgu.7.rcgu.o" "/opt/rustwide/target/debug/build/proc-macro2-74c743c4b1f95f15/build_script_build-74c743c4b1f95f15.build_script_build.099ea0be-cgu.8.rcgu.o" "/opt/rustwide/target/debug/build/proc-macro2-74c743c4b1f95f15/build_script_build-74c743c4b1f95f15.build_script_build.099ea0be-cgu.9.rcgu.o" "/opt/rustwide/target/debug/build/proc-macro2-74c743c4b1f95f15/build_script_build-74c743c4b1f95f15.1mlmcb8frp32pb12.rcgu.o" "-Wl,--as-needed" "-L" "/opt/rustwide/target/debug/deps" "-L" "/opt/rustwide/rustup-home/toolchains/1.69.0-x86_64-unknown-linux-gnu/lib/rustlib/x86_64-unknown-linux-gnu/lib" "-Wl,-Bstatic" "/opt/rustwide/rustup-home/toolchains/1.69.0-x86_64-unknown-linux-gnu/lib/rustlib/x86_64-unknown-linux-gnu/lib/libstd-89bc084783fdc439.rlib" "/opt/rustwide/rustup-home/toolchains/1.69.0-x86_64-unknown-linux-gnu/lib/rustlib/x86_64-unknown-linux-gnu/lib/libpanic_unwind-8bee4b287d4367c1.rlib" "/opt/rustwide/rustup-home/toolchains/1.69.0-x86_64-unknown-linux-gnu/lib/rustlib/x86_64-unknown-linux-gnu/lib/libobject-d61707aed80694c0.rlib" "/opt/rustwide/rustup-home/toolchains/1.69.0-x86_64-unknown-linux-gnu/lib/rustlib/x86_64-unknown-linux-gnu/lib/libmemchr-d85366256f22345b.rlib" "/opt/rustwide/rustup-home/toolchains/1.69.0-x86_64-unknown-linux-gnu/lib/rustlib/x86_64-unknown-linux-gnu/lib/libaddr2line-96069b86b8a8cae9.rlib" "/opt/rustwide/rustup-home/toolchains/1.69.0-x86_64-unknown-linux-gnu/lib/rustlib/x86_64-unknown-linux-gnu/lib/libgimli-d19d53abf68dfa6c.rlib" "/opt/rustwide/rustup-home/toolchains/1.69.0-x86_64-unknown-linux-gnu/lib/rustlib/x86_64-unknown-linux-gnu/lib/librustc_demangle-787cbccd19d64ac6.rlib" "/opt/rustwide/rustup-home/toolchains/1.69.0-x86_64-unknown-linux-gnu/lib/rustlib/x86_64-unknown-linux-gnu/lib/libstd_detect-b3837a36b830e0d0.rlib" "/opt/rustwide/rustup-home/toolchains/1.69.0-x86_64-unknown-linux-gnu/lib/rustlib/x86_64-unknown-linux-gnu/lib/libhashbrown-e3deb0e7e3f04966.rlib" "/opt/rustwide/rustup-home/toolchains/1.69.0-x86_64-unknown-linux-gnu/lib/rustlib/x86_64-unknown-linux-gnu/lib/libminiz_oxide-dabbb79c9815def4.rlib" "/opt/rustwide/rustup-home/toolchains/1.69.0-x86_64-unknown-linux-gnu/lib/rustlib/x86_64-unknown-linux-gnu/lib/libadler-305b01f34c9409f2.rlib" "/opt/rustwide/rustup-home/toolchains/1.69.0-x86_64-unknown-linux-gnu/lib/rustlib/x86_64-unknown-linux-gnu/lib/librustc_std_workspace_alloc-f833521df6074e73.rlib" "/opt/rustwide/rustup-home/toolchains/1.69.0-x86_64-unknown-linux-gnu/lib/rustlib/x86_64-unknown-linux-gnu/lib/libunwind-9ac333113350d171.rlib" "/opt/rustwide/rustup-home/toolchains/1.69.0-x86_64-unknown-linux-gnu/lib/rustlib/x86_64-unknown-linux-gnu/lib/libcfg_if-1c126114322d0eee.rlib" "/opt/rustwide/rustup-home/toolchains/1.69.0-x86_64-unknown-linux-gnu/lib/rustlib/x86_64-unknown-linux-gnu/lib/liblibc-bad9164fdeeecf92.rlib" "/opt/rustwide/rustup-home/toolchains/1.69.0-x86_64-unknown-linux-gnu/lib/rustlib/x86_64-unknown-linux-gnu/lib/liballoc-f9374b1e480fa681.rlib" "/opt/rustwide/rustup-home/toolchains/1.69.0-x86_64-unknown-linux-gnu/lib/rustlib/x86_64-unknown-linux-gnu/lib/librustc_std_workspace_core-207f06e41d9603af.rlib" "/opt/rustwide/rustup-home/toolchains/1.69.0-x86_64-unknown-linux-gnu/lib/rustlib/x86_64-unknown-linux-gnu/lib/libcore-7e2768e66e984e85.rlib" "/opt/rustwide/rustup-home/toolchains/1.69.0-x86_64-unknown-linux-gnu/lib/rustlib/x86_64-unknown-linux-gnu/lib/libcompiler_builtins-957b4aff41f8cd46.rlib" "-Wl,-Bdynamic" "-lgcc_s" "-lutil" "-lrt" "-lpthread" "-lm" "-ldl" "-lc" "-Wl,--eh-frame-hdr" "-Wl,-z,noexecstack" "-L" "/opt/rustwide/rustup-home/toolchains/1.69.0-x86_64-unknown-linux-gnu/lib/rustlib/x86_64-unknown-linux-gnu/lib" "-o" "/opt/rustwide/target/debug/build/proc-macro2-74c743c4b1f95f15/build_script_build-74c743c4b1f95f15" "-Wl,--gc-sections" "-pie" "-Wl,-z,relro,-z,now" "-nodefaultlibs"
[INFO] [stdout]   = note: /usr/bin/ld: final link failed: No space left on device
[INFO] [stdout]           collect2: error: ld returned 1 exit status
[INFO] [stdout]           
[INFO] [stdout] 
[INFO] [stdout] 
[INFO] [stderr] error: could not compile `proc-macro2` due to previous error
[INFO] [stdout] error: linking with `cc` failed: exit status: 1
[INFO] [stdout]   |
[INFO] [stdout]   = note: LC_ALL="C" PATH="/opt/rustwide/rustup-home/toolchains/1.69.0-x86_64-unknown-linux-gnu/lib/rustlib/x86_64-unknown-linux-gnu/bin:/opt/rustwide/cargo-home/bin:/usr/local/sbin:/usr/local/bin:/usr/sbin:/usr/bin:/sbin:/bin" VSLANG="1033" "cc" "-m64" "/tmp/rustcet1Yo3/symbols.o" "/opt/rustwide/target/debug/build/byteorder-24f18b280da87765/build_script_build-24f18b280da87765.build_script_build.b400002c-cgu.0.rcgu.o" "/opt/rustwide/target/debug/build/byteorder-24f18b280da87765/build_script_build-24f18b280da87765.build_script_build.b400002c-cgu.1.rcgu.o" "/opt/rustwide/target/debug/build/byteorder-24f18b280da87765/build_script_build-24f18b280da87765.build_script_build.b400002c-cgu.10.rcgu.o" "/opt/rustwide/target/debug/build/byteorder-24f18b280da87765/build_script_build-24f18b280da87765.build_script_build.b400002c-cgu.11.rcgu.o" "/opt/rustwide/target/debug/build/byteorder-24f18b280da87765/build_script_build-24f18b280da87765.build_script_build.b400002c-cgu.12.rcgu.o" "/opt/rustwide/target/debug/build/byteorder-24f18b280da87765/build_script_build-24f18b280da87765.build_script_build.b400002c-cgu.13.rcgu.o" "/opt/rustwide/target/debug/build/byteorder-24f18b280da87765/build_script_build-24f18b280da87765.build_script_build.b400002c-cgu.14.rcgu.o" "/opt/rustwide/target/debug/build/byteorder-24f18b280da87765/build_script_build-24f18b280da87765.build_script_build.b400002c-cgu.15.rcgu.o" "/opt/rustwide/target/debug/build/byteorder-24f18b280da87765/build_script_build-24f18b280da87765.build_script_build.b400002c-cgu.2.rcgu.o" "/opt/rustwide/target/debug/build/byteorder-24f18b280da87765/build_script_build-24f18b280da87765.build_script_build.b400002c-cgu.3.rcgu.o" "/opt/rustwide/target/debug/build/byteorder-24f18b280da87765/build_script_build-24f18b280da87765.build_script_build.b400002c-cgu.4.rcgu.o" "/opt/rustwide/target/debug/build/byteorder-24f18b280da87765/build_script_build-24f18b280da87765.build_script_build.b400002c-cgu.5.rcgu.o" "/opt/rustwide/target/debug/build/byteorder-24f18b280da87765/build_script_build-24f18b280da87765.build_script_build.b400002c-cgu.6.rcgu.o" "/opt/rustwide/target/debug/build/byteorder-24f18b280da87765/build_script_build-24f18b280da87765.build_script_build.b400002c-cgu.7.rcgu.o" "/opt/rustwide/target/debug/build/byteorder-24f18b280da87765/build_script_build-24f18b280da87765.build_script_build.b400002c-cgu.8.rcgu.o" "/opt/rustwide/target/debug/build/byteorder-24f18b280da87765/build_script_build-24f18b280da87765.build_script_build.b400002c-cgu.9.rcgu.o" "/opt/rustwide/target/debug/build/byteorder-24f18b280da87765/build_script_build-24f18b280da87765.1o1g35fn6z387swv.rcgu.o" "-Wl,--as-needed" "-L" "/opt/rustwide/target/debug/deps" "-L" "/opt/rustwide/rustup-home/toolchains/1.69.0-x86_64-unknown-linux-gnu/lib/rustlib/x86_64-unknown-linux-gnu/lib" "-Wl,-Bstatic" "/opt/rustwide/rustup-home/toolchains/1.69.0-x86_64-unknown-linux-gnu/lib/rustlib/x86_64-unknown-linux-gnu/lib/libstd-89bc084783fdc439.rlib" "/opt/rustwide/rustup-home/toolchains/1.69.0-x86_64-unknown-linux-gnu/lib/rustlib/x86_64-unknown-linux-gnu/lib/libpanic_unwind-8bee4b287d4367c1.rlib" "/opt/rustwide/rustup-home/toolchains/1.69.0-x86_64-unknown-linux-gnu/lib/rustlib/x86_64-unknown-linux-gnu/lib/libobject-d61707aed80694c0.rlib" "/opt/rustwide/rustup-home/toolchains/1.69.0-x86_64-unknown-linux-gnu/lib/rustlib/x86_64-unknown-linux-gnu/lib/libmemchr-d85366256f22345b.rlib" "/opt/rustwide/rustup-home/toolchains/1.69.0-x86_64-unknown-linux-gnu/lib/rustlib/x86_64-unknown-linux-gnu/lib/libaddr2line-96069b86b8a8cae9.rlib" "/opt/rustwide/rustup-home/toolchains/1.69.0-x86_64-unknown-linux-gnu/lib/rustlib/x86_64-unknown-linux-gnu/lib/libgimli-d19d53abf68dfa6c.rlib" "/opt/rustwide/rustup-home/toolchains/1.69.0-x86_64-unknown-linux-gnu/lib/rustlib/x86_64-unknown-linux-gnu/lib/librustc_demangle-787cbccd19d64ac6.rlib" "/opt/rustwide/rustup-home/toolchains/1.69.0-x86_64-unknown-linux-gnu/lib/rustlib/x86_64-unknown-linux-gnu/lib/libstd_detect-b3837a36b830e0d0.rlib" "/opt/rustwide/rustup-home/toolchains/1.69.0-x86_64-unknown-linux-gnu/lib/rustlib/x86_64-unknown-linux-gnu/lib/libhashbrown-e3deb0e7e3f04966.rlib" "/opt/rustwide/rustup-home/toolchains/1.69.0-x86_64-unknown-linux-gnu/lib/rustlib/x86_64-unknown-linux-gnu/lib/libminiz_oxide-dabbb79c9815def4.rlib" "/opt/rustwide/rustup-home/toolchains/1.69.0-x86_64-unknown-linux-gnu/lib/rustlib/x86_64-unknown-linux-gnu/lib/libadler-305b01f34c9409f2.rlib" "/opt/rustwide/rustup-home/toolchains/1.69.0-x86_64-unknown-linux-gnu/lib/rustlib/x86_64-unknown-linux-gnu/lib/librustc_std_workspace_alloc-f833521df6074e73.rlib" "/opt/rustwide/rustup-home/toolchains/1.69.0-x86_64-unknown-linux-gnu/lib/rustlib/x86_64-unknown-linux-gnu/lib/libunwind-9ac333113350d171.rlib" "/opt/rustwide/rustup-home/toolchains/1.69.0-x86_64-unknown-linux-gnu/lib/rustlib/x86_64-unknown-linux-gnu/lib/libcfg_if-1c126114322d0eee.rlib" "/opt/rustwide/rustup-home/toolchains/1.69.0-x86_64-unknown-linux-gnu/lib/rustlib/x86_64-unknown-linux-gnu/lib/liblibc-bad9164fdeeecf92.rlib" "/opt/rustwide/rustup-home/toolchains/1.69.0-x86_64-unknown-linux-gnu/lib/rustlib/x86_64-unknown-linux-gnu/lib/liballoc-f9374b1e480fa681.rlib" "/opt/rustwide/rustup-home/toolchains/1.69.0-x86_64-unknown-linux-gnu/lib/rustlib/x86_64-unknown-linux-gnu/lib/librustc_std_workspace_core-207f06e41d9603af.rlib" "/opt/rustwide/rustup-home/toolchains/1.69.0-x86_64-unknown-linux-gnu/lib/rustlib/x86_64-unknown-linux-gnu/lib/libcore-7e2768e66e984e85.rlib" "/opt/rustwide/rustup-home/toolchains/1.69.0-x86_64-unknown-linux-gnu/lib/rustlib/x86_64-unknown-linux-gnu/lib/libcompiler_builtins-957b4aff41f8cd46.rlib" "-Wl,-Bdynamic" "-lgcc_s" "-lutil" "-lrt" "-lpthread" "-lm" "-ldl" "-lc" "-Wl,--eh-frame-hdr" "-Wl,-z,noexecstack" "-L" "/opt/rustwide/rustup-home/toolchains/1.69.0-x86_64-unknown-linux-gnu/lib/rustlib/x86_64-unknown-linux-gnu/lib" "-o" "/opt/rustwide/target/debug/build/byteorder-24f18b280da87765/build_script_build-24f18b280da87765" "-Wl,--gc-sections" "-pie" "-Wl,-z,relro,-z,now" "-nodefaultlibs"
[INFO] [stdout]   = note: /usr/bin/ld: final link failed: No space left on device
[INFO] [stdout]           collect2: error: ld returned 1 exit status
[INFO] [stdout]           
[INFO] [stdout] 
[INFO] [stdout] 
[INFO] [stderr] error: could not compile `byteorder` due to previous error
[INFO] running `Command { std: "docker" "inspect" "ea3c4382148fdcd95561c43b40087451715be1561e0e8b1af9af0ecb1039b5eb", kill_on_drop: false }`
[INFO] running `Command { std: "docker" "rm" "-f" "ea3c4382148fdcd95561c43b40087451715be1561e0e8b1af9af0ecb1039b5eb", kill_on_drop: false }`
[INFO] [stdout] ea3c4382148fdcd95561c43b40087451715be1561e0e8b1af9af0ecb1039b5eb
