[INFO] cloning repository https://github.com/piavgh/gif-portal-solana
[INFO] running `Command { std: "git" "-c" "credential.helper=" "-c" "credential.helper=/workspace/cargo-home/bin/git-credential-null" "clone" "--bare" "https://github.com/piavgh/gif-portal-solana" "/workspace/cache/git-repos/https%3A%2F%2Fgithub.com%2Fpiavgh%2Fgif-portal-solana", kill_on_drop: false }`
[INFO] [stderr] Cloning into bare repository '/workspace/cache/git-repos/https%3A%2F%2Fgithub.com%2Fpiavgh%2Fgif-portal-solana'...
[INFO] [stderr] /workspace/cache/git-repos/https%3A%2F%2Fgithub.com%2Fpiavgh%2Fgif-portal-solana: No space left on device
[WARN] Retrying crate fetch in 3 seconds (attempt 1)
[INFO] cloning repository https://github.com/piavgh/gif-portal-solana
[INFO] running `Command { std: "git" "-c" "credential.helper=" "-c" "credential.helper=/workspace/cargo-home/bin/git-credential-null" "clone" "--bare" "https://github.com/piavgh/gif-portal-solana" "/workspace/cache/git-repos/https%3A%2F%2Fgithub.com%2Fpiavgh%2Fgif-portal-solana", kill_on_drop: false }`
[INFO] [stderr] Cloning into bare repository '/workspace/cache/git-repos/https%3A%2F%2Fgithub.com%2Fpiavgh%2Fgif-portal-solana'...
[INFO] [stderr] /workspace/cache/git-repos/https%3A%2F%2Fgithub.com%2Fpiavgh%2Fgif-portal-solana: No space left on device
[WARN] Retrying crate fetch in 3 seconds (attempt 2)
[INFO] cloning repository https://github.com/piavgh/gif-portal-solana
[INFO] running `Command { std: "git" "-c" "credential.helper=" "-c" "credential.helper=/workspace/cargo-home/bin/git-credential-null" "clone" "--bare" "https://github.com/piavgh/gif-portal-solana" "/workspace/cache/git-repos/https%3A%2F%2Fgithub.com%2Fpiavgh%2Fgif-portal-solana", kill_on_drop: false }`
[INFO] [stderr] Cloning into bare repository '/workspace/cache/git-repos/https%3A%2F%2Fgithub.com%2Fpiavgh%2Fgif-portal-solana'...
[INFO] [stderr] /workspace/cache/git-repos/https%3A%2F%2Fgithub.com%2Fpiavgh%2Fgif-portal-solana: No space left on device
[WARN] Retrying crate fetch in 3 seconds (attempt 3)
[INFO] cloning repository https://github.com/piavgh/gif-portal-solana
[INFO] running `Command { std: "git" "-c" "credential.helper=" "-c" "credential.helper=/workspace/cargo-home/bin/git-credential-null" "clone" "--bare" "https://github.com/piavgh/gif-portal-solana" "/workspace/cache/git-repos/https%3A%2F%2Fgithub.com%2Fpiavgh%2Fgif-portal-solana", kill_on_drop: false }`
[INFO] [stderr] Cloning into bare repository '/workspace/cache/git-repos/https%3A%2F%2Fgithub.com%2Fpiavgh%2Fgif-portal-solana'...
[INFO] [stderr] /workspace/cache/git-repos/https%3A%2F%2Fgithub.com%2Fpiavgh%2Fgif-portal-solana: No space left on device
[WARN] Retrying crate fetch in 3 seconds (attempt 4)
[INFO] cloning repository https://github.com/piavgh/gif-portal-solana
[INFO] running `Command { std: "git" "-c" "credential.helper=" "-c" "credential.helper=/workspace/cargo-home/bin/git-credential-null" "clone" "--bare" "https://github.com/piavgh/gif-portal-solana" "/workspace/cache/git-repos/https%3A%2F%2Fgithub.com%2Fpiavgh%2Fgif-portal-solana", kill_on_drop: false }`
[INFO] [stderr] Cloning into bare repository '/workspace/cache/git-repos/https%3A%2F%2Fgithub.com%2Fpiavgh%2Fgif-portal-solana'...
[INFO] [stderr] /workspace/cache/git-repos/https%3A%2F%2Fgithub.com%2Fpiavgh%2Fgif-portal-solana: No space left on device
[WARN] Retrying crate fetch in 3 seconds (attempt 5)
[INFO] cloning repository https://github.com/piavgh/gif-portal-solana
[INFO] running `Command { std: "git" "-c" "credential.helper=" "-c" "credential.helper=/workspace/cargo-home/bin/git-credential-null" "clone" "--bare" "https://github.com/piavgh/gif-portal-solana" "/workspace/cache/git-repos/https%3A%2F%2Fgithub.com%2Fpiavgh%2Fgif-portal-solana", kill_on_drop: false }`
[INFO] [stderr] Cloning into bare repository '/workspace/cache/git-repos/https%3A%2F%2Fgithub.com%2Fpiavgh%2Fgif-portal-solana'...
[INFO] running `Command { std: "git" "rev-parse" "HEAD", kill_on_drop: false }`
[INFO] [stdout] 22f6600d9361ba9c19e3d14126e3bdd3a3e4e321
[INFO] testing piavgh/gif-portal-solana against 1.69.0 for beta-1.70-1
[INFO] running `Command { std: "git" "clone" "/workspace/cache/git-repos/https%3A%2F%2Fgithub.com%2Fpiavgh%2Fgif-portal-solana" "/workspace/builds/worker-7-tc1/source", kill_on_drop: false }`
[INFO] [stderr] Cloning into '/workspace/builds/worker-7-tc1/source'...
[INFO] [stderr] done.
[INFO] validating manifest of git repo https://github.com/piavgh/gif-portal-solana on toolchain 1.69.0
[INFO] running `Command { std: CARGO_HOME="/workspace/cargo-home" RUSTUP_HOME="/workspace/rustup-home" "/workspace/cargo-home/bin/cargo" "+1.69.0" "metadata" "--manifest-path" "Cargo.toml" "--no-deps", kill_on_drop: false }`
[INFO] started tweaking git repo https://github.com/piavgh/gif-portal-solana
[INFO] finished tweaking git repo https://github.com/piavgh/gif-portal-solana
[INFO] tweaked toml for git repo https://github.com/piavgh/gif-portal-solana written to /workspace/builds/worker-7-tc1/source/Cargo.toml
[INFO] crate git repo https://github.com/piavgh/gif-portal-solana already has a lockfile, it will not be regenerated
[INFO] running `Command { std: CARGO_HOME="/workspace/cargo-home" RUSTUP_HOME="/workspace/rustup-home" "/workspace/cargo-home/bin/cargo" "+1.69.0" "fetch" "--manifest-path" "Cargo.toml", kill_on_drop: false }`
[INFO] [stderr]  Downloading crates ...
[INFO] [stderr]   Downloaded solana-sdk-macro v1.7.11
[INFO] [stderr]   Downloaded solana-frozen-abi v1.7.11
[INFO] [stderr]   Downloaded solana-frozen-abi-macro v1.7.11
[INFO] [stderr]   Downloaded solana-logger v1.7.11
[INFO] [stderr]   Downloaded solana-program v1.7.11
[INFO] [stderr]   Downloaded anchor-attribute-program v0.16.2
[INFO] [stderr]   Downloaded anchor-derive-accounts v0.16.2
[INFO] [stderr]   Downloaded anchor-attribute-interface v0.16.2
[INFO] [stderr]   Downloaded anchor-attribute-state v0.16.2
[INFO] [stderr]   Downloaded anchor-attribute-error v0.16.2
[INFO] [stderr]   Downloaded anchor-lang v0.16.2
[INFO] [stderr]   Downloaded anchor-attribute-account v0.16.2
[INFO] [stderr]   Downloaded anchor-attribute-event v0.16.2
[INFO] [stderr]   Downloaded anchor-attribute-access-control v0.16.2
[INFO] [stderr]   Downloaded anchor-syn v0.16.2
[INFO] running `Command { std: "docker" "create" "-v" "/var/lib/crater-agent-workspace/builds/worker-7-tc1/target:/opt/rustwide/target:rw,Z" "-v" "/var/lib/crater-agent-workspace/builds/worker-7-tc1/source:/opt/rustwide/workdir:ro,Z" "-v" "/var/lib/crater-agent-workspace/cargo-home:/opt/rustwide/cargo-home:ro,Z" "-v" "/var/lib/crater-agent-workspace/rustup-home:/opt/rustwide/rustup-home:ro,Z" "-e" "SOURCE_DIR=/opt/rustwide/workdir" "-e" "CARGO_TARGET_DIR=/opt/rustwide/target" "-e" "CARGO_HOME=/opt/rustwide/cargo-home" "-e" "RUSTUP_HOME=/opt/rustwide/rustup-home" "-w" "/opt/rustwide/workdir" "-m" "1610612736" "--user" "0:0" "--network" "none" "ghcr.io/rust-lang/crates-build-env/linux@sha256:97d61d7686bf65f8ecb15491ab51835e82dc9176a96a831f143a431b191fc501" "/opt/rustwide/cargo-home/bin/cargo" "+1.69.0" "metadata" "--no-deps" "--format-version=1", kill_on_drop: false }`
[INFO] [stdout] 3e1fb4bd1d82217e0f372b034154c5fd9cd486bf7ea768deec023e9f806414bd
[INFO] running `Command { std: "docker" "start" "-a" "3e1fb4bd1d82217e0f372b034154c5fd9cd486bf7ea768deec023e9f806414bd", kill_on_drop: false }`
[INFO] running `Command { std: "docker" "inspect" "3e1fb4bd1d82217e0f372b034154c5fd9cd486bf7ea768deec023e9f806414bd", kill_on_drop: false }`
[INFO] running `Command { std: "docker" "rm" "-f" "3e1fb4bd1d82217e0f372b034154c5fd9cd486bf7ea768deec023e9f806414bd", kill_on_drop: false }`
[INFO] [stdout] 3e1fb4bd1d82217e0f372b034154c5fd9cd486bf7ea768deec023e9f806414bd
[INFO] running `Command { std: "docker" "create" "-v" "/var/lib/crater-agent-workspace/builds/worker-7-tc1/target:/opt/rustwide/target:rw,Z" "-v" "/var/lib/crater-agent-workspace/builds/worker-7-tc1/source:/opt/rustwide/workdir:ro,Z" "-v" "/var/lib/crater-agent-workspace/cargo-home:/opt/rustwide/cargo-home:ro,Z" "-v" "/var/lib/crater-agent-workspace/rustup-home:/opt/rustwide/rustup-home:ro,Z" "-e" "SOURCE_DIR=/opt/rustwide/workdir" "-e" "CARGO_TARGET_DIR=/opt/rustwide/target" "-e" "CARGO_INCREMENTAL=0" "-e" "RUST_BACKTRACE=full" "-e" "RUSTFLAGS=--cap-lints=warn" "-e" "RUSTDOCFLAGS=--cap-lints=warn" "-e" "CARGO_HOME=/opt/rustwide/cargo-home" "-e" "RUSTUP_HOME=/opt/rustwide/rustup-home" "-w" "/opt/rustwide/workdir" "-m" "1610612736" "--user" "0:0" "--network" "none" "ghcr.io/rust-lang/crates-build-env/linux@sha256:97d61d7686bf65f8ecb15491ab51835e82dc9176a96a831f143a431b191fc501" "/opt/rustwide/cargo-home/bin/cargo" "+1.69.0" "build" "--frozen" "--message-format=json", kill_on_drop: false }`
[INFO] [stdout] fb5e0987a3b6b1eeb2bfe7adcb882ba3f06341690daab7d6db9b5bc142b67cf7
[INFO] running `Command { std: "docker" "start" "-a" "fb5e0987a3b6b1eeb2bfe7adcb882ba3f06341690daab7d6db9b5bc142b67cf7", kill_on_drop: false }`
[INFO] [stderr]     Blocking waiting for file lock on package cache
[INFO] [stderr]     Blocking waiting for file lock on package cache
[INFO] [stderr]    Compiling proc-macro2 v1.0.32
[INFO] [stderr]    Compiling unicode-xid v0.2.2
[INFO] [stderr]    Compiling syn v1.0.81
[INFO] [stderr]    Compiling serde_derive v1.0.130
[INFO] [stderr]    Compiling serde v1.0.130
[INFO] [stderr]    Compiling version_check v0.9.3
[INFO] [stderr]    Compiling typenum v1.14.0
[INFO] [stderr]    Compiling cfg-if v1.0.0
[INFO] [stderr]    Compiling block-padding v0.2.1
[INFO] [stderr]    Compiling libc v0.2.107
[INFO] [stderr]    Compiling opaque-debug v0.3.0
[INFO] [stderr]    Compiling cpufeatures v0.2.1
[INFO] [stderr]    Compiling ryu v1.0.5
[INFO] [stderr]    Compiling bs58 v0.3.1
[INFO] [stderr]    Compiling subtle v2.4.1
[INFO] [stderr]    Compiling semver-parser v0.7.0
[INFO] [stderr]    Compiling serde_json v1.0.69
[INFO] [stderr]    Compiling anyhow v1.0.45
[INFO] [stderr]    Compiling unicode-segmentation v1.8.0
[INFO] [stderr]    Compiling itoa v0.4.8
[INFO] [stderr]    Compiling yansi v0.5.0
[INFO] [stderr]    Compiling crunchy v0.2.2
[INFO] [stderr]    Compiling semver v0.9.0
[INFO] [stderr]    Compiling memchr v2.4.1
[INFO] [stderr]    Compiling getrandom v0.1.16
[INFO] [stderr]    Compiling generic-array v0.14.4
[INFO] [stderr]    Compiling proc-macro2-diagnostics v0.9.1
[INFO] [stderr]    Compiling rustc_version v0.2.3
[INFO] [stderr]    Compiling heck v0.3.3
[INFO] [stderr]    Compiling log v0.4.14
[INFO] [stderr]    Compiling regex-syntax v0.6.25
[INFO] [stderr]    Compiling feature-probe v0.1.1
[INFO] [stderr]    Compiling rustversion v1.0.5
[INFO] [stderr]    Compiling cc v1.0.71
[INFO] [stdout] error: linking with `cc` failed: exit status: 1
[INFO] [stdout]   |
[INFO] [stdout]   = note: LC_ALL="C" PATH="/opt/rustwide/rustup-home/toolchains/1.69.0-x86_64-unknown-linux-gnu/lib/rustlib/x86_64-unknown-linux-gnu/bin:/opt/rustwide/cargo-home/bin:/usr/local/sbin:/usr/local/bin:/usr/sbin:/usr/bin:/sbin:/bin" VSLANG="1033" "cc" "-m64" "/tmp/rustcTFZYLr/symbols.o" "/opt/rustwide/target/debug/build/getrandom-f60c0acb04bc9a5b/build_script_build-f60c0acb04bc9a5b.build_script_build.8f738774-cgu.0.rcgu.o" "/opt/rustwide/target/debug/build/getrandom-f60c0acb04bc9a5b/build_script_build-f60c0acb04bc9a5b.build_script_build.8f738774-cgu.1.rcgu.o" "/opt/rustwide/target/debug/build/getrandom-f60c0acb04bc9a5b/build_script_build-f60c0acb04bc9a5b.build_script_build.8f738774-cgu.10.rcgu.o" "/opt/rustwide/target/debug/build/getrandom-f60c0acb04bc9a5b/build_script_build-f60c0acb04bc9a5b.build_script_build.8f738774-cgu.11.rcgu.o" "/opt/rustwide/target/debug/build/getrandom-f60c0acb04bc9a5b/build_script_build-f60c0acb04bc9a5b.build_script_build.8f738774-cgu.12.rcgu.o" "/opt/rustwide/target/debug/build/getrandom-f60c0acb04bc9a5b/build_script_build-f60c0acb04bc9a5b.build_script_build.8f738774-cgu.13.rcgu.o" "/opt/rustwide/target/debug/build/getrandom-f60c0acb04bc9a5b/build_script_build-f60c0acb04bc9a5b.build_script_build.8f738774-cgu.14.rcgu.o" "/opt/rustwide/target/debug/build/getrandom-f60c0acb04bc9a5b/build_script_build-f60c0acb04bc9a5b.build_script_build.8f738774-cgu.15.rcgu.o" "/opt/rustwide/target/debug/build/getrandom-f60c0acb04bc9a5b/build_script_build-f60c0acb04bc9a5b.build_script_build.8f738774-cgu.2.rcgu.o" "/opt/rustwide/target/debug/build/getrandom-f60c0acb04bc9a5b/build_script_build-f60c0acb04bc9a5b.build_script_build.8f738774-cgu.3.rcgu.o" "/opt/rustwide/target/debug/build/getrandom-f60c0acb04bc9a5b/build_script_build-f60c0acb04bc9a5b.build_script_build.8f738774-cgu.4.rcgu.o" "/opt/rustwide/target/debug/build/getrandom-f60c0acb04bc9a5b/build_script_build-f60c0acb04bc9a5b.build_script_build.8f738774-cgu.5.rcgu.o" "/opt/rustwide/target/debug/build/getrandom-f60c0acb04bc9a5b/build_script_build-f60c0acb04bc9a5b.build_script_build.8f738774-cgu.6.rcgu.o" "/opt/rustwide/target/debug/build/getrandom-f60c0acb04bc9a5b/build_script_build-f60c0acb04bc9a5b.build_script_build.8f738774-cgu.7.rcgu.o" "/opt/rustwide/target/debug/build/getrandom-f60c0acb04bc9a5b/build_script_build-f60c0acb04bc9a5b.build_script_build.8f738774-cgu.8.rcgu.o" "/opt/rustwide/target/debug/build/getrandom-f60c0acb04bc9a5b/build_script_build-f60c0acb04bc9a5b.build_script_build.8f738774-cgu.9.rcgu.o" "/opt/rustwide/target/debug/build/getrandom-f60c0acb04bc9a5b/build_script_build-f60c0acb04bc9a5b.4l57hwnhw6yv26d.rcgu.o" "-Wl,--as-needed" "-L" "/opt/rustwide/target/debug/deps" "-L" "/opt/rustwide/rustup-home/toolchains/1.69.0-x86_64-unknown-linux-gnu/lib/rustlib/x86_64-unknown-linux-gnu/lib" "-Wl,-Bstatic" "/opt/rustwide/rustup-home/toolchains/1.69.0-x86_64-unknown-linux-gnu/lib/rustlib/x86_64-unknown-linux-gnu/lib/libstd-89bc084783fdc439.rlib" "/opt/rustwide/rustup-home/toolchains/1.69.0-x86_64-unknown-linux-gnu/lib/rustlib/x86_64-unknown-linux-gnu/lib/libpanic_unwind-8bee4b287d4367c1.rlib" "/opt/rustwide/rustup-home/toolchains/1.69.0-x86_64-unknown-linux-gnu/lib/rustlib/x86_64-unknown-linux-gnu/lib/libobject-d61707aed80694c0.rlib" "/opt/rustwide/rustup-home/toolchains/1.69.0-x86_64-unknown-linux-gnu/lib/rustlib/x86_64-unknown-linux-gnu/lib/libmemchr-d85366256f22345b.rlib" "/opt/rustwide/rustup-home/toolchains/1.69.0-x86_64-unknown-linux-gnu/lib/rustlib/x86_64-unknown-linux-gnu/lib/libaddr2line-96069b86b8a8cae9.rlib" "/opt/rustwide/rustup-home/toolchains/1.69.0-x86_64-unknown-linux-gnu/lib/rustlib/x86_64-unknown-linux-gnu/lib/libgimli-d19d53abf68dfa6c.rlib" "/opt/rustwide/rustup-home/toolchains/1.69.0-x86_64-unknown-linux-gnu/lib/rustlib/x86_64-unknown-linux-gnu/lib/librustc_demangle-787cbccd19d64ac6.rlib" "/opt/rustwide/rustup-home/toolchains/1.69.0-x86_64-unknown-linux-gnu/lib/rustlib/x86_64-unknown-linux-gnu/lib/libstd_detect-b3837a36b830e0d0.rlib" "/opt/rustwide/rustup-home/toolchains/1.69.0-x86_64-unknown-linux-gnu/lib/rustlib/x86_64-unknown-linux-gnu/lib/libhashbrown-e3deb0e7e3f04966.rlib" "/opt/rustwide/rustup-home/toolchains/1.69.0-x86_64-unknown-linux-gnu/lib/rustlib/x86_64-unknown-linux-gnu/lib/libminiz_oxide-dabbb79c9815def4.rlib" "/opt/rustwide/rustup-home/toolchains/1.69.0-x86_64-unknown-linux-gnu/lib/rustlib/x86_64-unknown-linux-gnu/lib/libadler-305b01f34c9409f2.rlib" "/opt/rustwide/rustup-home/toolchains/1.69.0-x86_64-unknown-linux-gnu/lib/rustlib/x86_64-unknown-linux-gnu/lib/librustc_std_workspace_alloc-f833521df6074e73.rlib" "/opt/rustwide/rustup-home/toolchains/1.69.0-x86_64-unknown-linux-gnu/lib/rustlib/x86_64-unknown-linux-gnu/lib/libunwind-9ac333113350d171.rlib" "/opt/rustwide/rustup-home/toolchains/1.69.0-x86_64-unknown-linux-gnu/lib/rustlib/x86_64-unknown-linux-gnu/lib/libcfg_if-1c126114322d0eee.rlib" "/opt/rustwide/rustup-home/toolchains/1.69.0-x86_64-unknown-linux-gnu/lib/rustlib/x86_64-unknown-linux-gnu/lib/liblibc-bad9164fdeeecf92.rlib" "/opt/rustwide/rustup-home/toolchains/1.69.0-x86_64-unknown-linux-gnu/lib/rustlib/x86_64-unknown-linux-gnu/lib/liballoc-f9374b1e480fa681.rlib" "/opt/rustwide/rustup-home/toolchains/1.69.0-x86_64-unknown-linux-gnu/lib/rustlib/x86_64-unknown-linux-gnu/lib/librustc_std_workspace_core-207f06e41d9603af.rlib" "/opt/rustwide/rustup-home/toolchains/1.69.0-x86_64-unknown-linux-gnu/lib/rustlib/x86_64-unknown-linux-gnu/lib/libcore-7e2768e66e984e85.rlib" "/opt/rustwide/rustup-home/toolchains/1.69.0-x86_64-unknown-linux-gnu/lib/rustlib/x86_64-unknown-linux-gnu/lib/libcompiler_builtins-957b4aff41f8cd46.rlib" "-Wl,-Bdynamic" "-lgcc_s" "-lutil" "-lrt" "-lpthread" "-lm" "-ldl" "-lc" "-Wl,--eh-frame-hdr" "-Wl,-z,noexecstack" "-L" "/opt/rustwide/rustup-home/toolchains/1.69.0-x86_64-unknown-linux-gnu/lib/rustlib/x86_64-unknown-linux-gnu/lib" "-o" "/opt/rustwide/target/debug/build/getrandom-f60c0acb04bc9a5b/build_script_build-f60c0acb04bc9a5b" "-Wl,--gc-sections" "-pie" "-Wl,-z,relro,-z,now" "-nodefaultlibs"
[INFO] [stdout]   = note: /usr/bin/ld: final link failed: No space left on device
[INFO] [stdout]           collect2: error: ld returned 1 exit status
[INFO] [stdout]           
[INFO] [stdout] 
[INFO] [stdout] 
[INFO] [stdout] error: aborting due to previous error
[INFO] [stdout] 
[INFO] [stdout] 
[INFO] [stdout] error: linking with `cc` failed: exit status: 1
[INFO] [stdout]   |
[INFO] [stdout]   = note: LC_ALL="C" PATH="/opt/rustwide/rustup-home/toolchains/1.69.0-x86_64-unknown-linux-gnu/lib/rustlib/x86_64-unknown-linux-gnu/bin:/opt/rustwide/cargo-home/bin:/usr/local/sbin:/usr/local/bin:/usr/sbin:/usr/bin:/sbin:/bin" VSLANG="1033" "cc" "-m64" "/tmp/rustcvRQ70R/symbols.o" "/opt/rustwide/target/debug/build/proc-macro2-diagnostics-7fb52be79491e357/build_script_build-7fb52be79491e357.build_script_build.a9bbaef2-cgu.0.rcgu.o" "/opt/rustwide/target/debug/build/proc-macro2-diagnostics-7fb52be79491e357/build_script_build-7fb52be79491e357.build_script_build.a9bbaef2-cgu.1.rcgu.o" "/opt/rustwide/target/debug/build/proc-macro2-diagnostics-7fb52be79491e357/build_script_build-7fb52be79491e357.build_script_build.a9bbaef2-cgu.2.rcgu.o" "/opt/rustwide/target/debug/build/proc-macro2-diagnostics-7fb52be79491e357/build_script_build-7fb52be79491e357.build_script_build.a9bbaef2-cgu.3.rcgu.o" "/opt/rustwide/target/debug/build/proc-macro2-diagnostics-7fb52be79491e357/build_script_build-7fb52be79491e357.build_script_build.a9bbaef2-cgu.4.rcgu.o" "/opt/rustwide/target/debug/build/proc-macro2-diagnostics-7fb52be79491e357/build_script_build-7fb52be79491e357.build_script_build.a9bbaef2-cgu.5.rcgu.o" "/opt/rustwide/target/debug/build/proc-macro2-diagnostics-7fb52be79491e357/build_script_build-7fb52be79491e357.428di2zxa1ivpzpi.rcgu.o" "-Wl,--as-needed" "-L" "/opt/rustwide/target/debug/deps" "-L" "/opt/rustwide/rustup-home/toolchains/1.69.0-x86_64-unknown-linux-gnu/lib/rustlib/x86_64-unknown-linux-gnu/lib" "-Wl,-Bstatic" "/opt/rustwide/target/debug/deps/libversion_check-f356d3569f511e40.rlib" "/opt/rustwide/rustup-home/toolchains/1.69.0-x86_64-unknown-linux-gnu/lib/rustlib/x86_64-unknown-linux-gnu/lib/libstd-89bc084783fdc439.rlib" "/opt/rustwide/rustup-home/toolchains/1.69.0-x86_64-unknown-linux-gnu/lib/rustlib/x86_64-unknown-linux-gnu/lib/libpanic_unwind-8bee4b287d4367c1.rlib" "/opt/rustwide/rustup-home/toolchains/1.69.0-x86_64-unknown-linux-gnu/lib/rustlib/x86_64-unknown-linux-gnu/lib/libobject-d61707aed80694c0.rlib" "/opt/rustwide/rustup-home/toolchains/1.69.0-x86_64-unknown-linux-gnu/lib/rustlib/x86_64-unknown-linux-gnu/lib/libmemchr-d85366256f22345b.rlib" "/opt/rustwide/rustup-home/toolchains/1.69.0-x86_64-unknown-linux-gnu/lib/rustlib/x86_64-unknown-linux-gnu/lib/libaddr2line-96069b86b8a8cae9.rlib" "/opt/rustwide/rustup-home/toolchains/1.69.0-x86_64-unknown-linux-gnu/lib/rustlib/x86_64-unknown-linux-gnu/lib/libgimli-d19d53abf68dfa6c.rlib" "/opt/rustwide/rustup-home/toolchains/1.69.0-x86_64-unknown-linux-gnu/lib/rustlib/x86_64-unknown-linux-gnu/lib/librustc_demangle-787cbccd19d64ac6.rlib" "/opt/rustwide/rustup-home/toolchains/1.69.0-x86_64-unknown-linux-gnu/lib/rustlib/x86_64-unknown-linux-gnu/lib/libstd_detect-b3837a36b830e0d0.rlib" "/opt/rustwide/rustup-home/toolchains/1.69.0-x86_64-unknown-linux-gnu/lib/rustlib/x86_64-unknown-linux-gnu/lib/libhashbrown-e3deb0e7e3f04966.rlib" "/opt/rustwide/rustup-home/toolchains/1.69.0-x86_64-unknown-linux-gnu/lib/rustlib/x86_64-unknown-linux-gnu/lib/libminiz_oxide-dabbb79c9815def4.rlib" "/opt/rustwide/rustup-home/toolchains/1.69.0-x86_64-unknown-linux-gnu/lib/rustlib/x86_64-unknown-linux-gnu/lib/libadler-305b01f34c9409f2.rlib" "/opt/rustwide/rustup-home/toolchains/1.69.0-x86_64-unknown-linux-gnu/lib/rustlib/x86_64-unknown-linux-gnu/lib/librustc_std_workspace_alloc-f833521df6074e73.rlib" "/opt/rustwide/rustup-home/toolchains/1.69.0-x86_64-unknown-linux-gnu/lib/rustlib/x86_64-unknown-linux-gnu/lib/libunwind-9ac333113350d171.rlib" "/opt/rustwide/rustup-home/toolchains/1.69.0-x86_64-unknown-linux-gnu/lib/rustlib/x86_64-unknown-linux-gnu/lib/libcfg_if-1c126114322d0eee.rlib" "/opt/rustwide/rustup-home/toolchains/1.69.0-x86_64-unknown-linux-gnu/lib/rustlib/x86_64-unknown-linux-gnu/lib/liblibc-bad9164fdeeecf92.rlib" "/opt/rustwide/rustup-home/toolchains/1.69.0-x86_64-unknown-linux-gnu/lib/rustlib/x86_64-unknown-linux-gnu/lib/liballoc-f9374b1e480fa681.rlib" "/opt/rustwide/rustup-home/toolchains/1.69.0-x86_64-unknown-linux-gnu/lib/rustlib/x86_64-unknown-linux-gnu/lib/librustc_std_workspace_core-207f06e41d9603af.rlib" "/opt/rustwide/rustup-home/toolchains/1.69.0-x86_64-unknown-linux-gnu/lib/rustlib/x86_64-unknown-linux-gnu/lib/libcore-7e2768e66e984e85.rlib" "/opt/rustwide/rustup-home/toolchains/1.69.0-x86_64-unknown-linux-gnu/lib/rustlib/x86_64-unknown-linux-gnu/lib/libcompiler_builtins-957b4aff41f8cd46.rlib" "-Wl,-Bdynamic" "-lgcc_s" "-lutil" "-lrt" "-lpthread" "-lm" "-ldl" "-lc" "-Wl,--eh-frame-hdr" "-Wl,-z,noexecstack" "-L" "/opt/rustwide/rustup-home/toolchains/1.69.0-x86_64-unknown-linux-gnu/lib/rustlib/x86_64-unknown-linux-gnu/lib" "-o" "/opt/rustwide/target/debug/build/proc-macro2-diagnostics-7fb52be79491e357/build_script_build-7fb52be79491e357" "-Wl,--gc-sections" "-pie" "-Wl,-z,relro,-z,now" "-nodefaultlibs"
[INFO] [stdout]   = note: /usr/bin/ld: final link failed: No space left on device
[INFO] [stdout]           collect2: error: ld returned 1 exit status
[INFO] [stdout]           
[INFO] [stdout] 
[INFO] [stdout] 
[INFO] [stdout] error: aborting due to previous error
[INFO] [stdout] 
[INFO] [stdout] 
[INFO] [stderr] error: could not compile `getrandom` due to 2 previous errors
[INFO] [stderr] warning: build failed, waiting for other jobs to finish...
[INFO] [stderr] error: could not compile `proc-macro2-diagnostics` due to 2 previous errors
[INFO] [stderr] LLVM ERROR: LLVM ERROR: IO failure on output stream: No space left on device
[INFO] [stderr] LLVM ERROR: IO failure on output stream: No space left on device
[INFO] [stdout] error: linking with `cc` failed: exit status: 1
[INFO] [stdout]   |
[INFO] [stdout]   = note: LC_ALL="C" PATH="/opt/rustwide/rustup-home/toolchains/1.69.0-x86_64-unknown-linux-gnu/lib/rustlib/x86_64-unknown-linux-gnu/bin:/opt/rustwide/cargo-home/bin:/usr/local/sbin:/usr/local/bin:/usr/sbin:/usr/bin:/sbin:/bin" VSLANG="1033" "cc" "-m64" "/tmp/rustc0GcOwO/symbols.o" "/opt/rustwide/target/debug/build/log-dc4ab2b4de2cabb2/build_script_build-dc4ab2b4de2cabb2.build_script_build.23346dc7-cgu.0.rcgu.o" "/opt/rustwide/target/debug/build/log-dc4ab2b4de2cabb2/build_script_build-dc4ab2b4de2cabb2.build_script_build.23346dc7-cgu.1.rcgu.o" "/opt/rustwide/target/debug/build/log-dc4ab2b4de2cabb2/build_script_build-dc4ab2b4de2cabb2.build_script_build.23346dc7-cgu.10.rcgu.o" "/opt/rustwide/target/debug/build/log-dc4ab2b4de2cabb2/build_script_build-dc4ab2b4de2cabb2.build_script_build.23346dc7-cgu.11.rcgu.o" "/opt/rustwide/target/debug/build/log-dc4ab2b4de2cabb2/build_script_build-dc4ab2b4de2cabb2.build_script_build.23346dc7-cgu.12.rcgu.o" "/opt/rustwide/target/debug/build/log-dc4ab2b4de2cabb2/build_script_build-dc4ab2b4de2cabb2.build_script_build.23346dc7-cgu.13.rcgu.o" "/opt/rustwide/target/debug/build/log-dc4ab2b4de2cabb2/build_script_build-dc4ab2b4de2cabb2.build_script_build.23346dc7-cgu.14.rcgu.o" "/opt/rustwide/target/debug/build/log-dc4ab2b4de2cabb2/build_script_build-dc4ab2b4de2cabb2.build_script_build.23346dc7-cgu.15.rcgu.o" "/opt/rustwide/target/debug/build/log-dc4ab2b4de2cabb2/build_script_build-dc4ab2b4de2cabb2.build_script_build.23346dc7-cgu.2.rcgu.o" "/opt/rustwide/target/debug/build/log-dc4ab2b4de2cabb2/build_script_build-dc4ab2b4de2cabb2.build_script_build.23346dc7-cgu.3.rcgu.o" "/opt/rustwide/target/debug/build/log-dc4ab2b4de2cabb2/build_script_build-dc4ab2b4de2cabb2.build_script_build.23346dc7-cgu.4.rcgu.o" "/opt/rustwide/target/debug/build/log-dc4ab2b4de2cabb2/build_script_build-dc4ab2b4de2cabb2.build_script_build.23346dc7-cgu.5.rcgu.o" "/opt/rustwide/target/debug/build/log-dc4ab2b4de2cabb2/build_script_build-dc4ab2b4de2cabb2.build_script_build.23346dc7-cgu.6.rcgu.o" "/opt/rustwide/target/debug/build/log-dc4ab2b4de2cabb2/build_script_build-dc4ab2b4de2cabb2.build_script_build.23346dc7-cgu.7.rcgu.o" "/opt/rustwide/target/debug/build/log-dc4ab2b4de2cabb2/build_script_build-dc4ab2b4de2cabb2.build_script_build.23346dc7-cgu.8.rcgu.o" "/opt/rustwide/target/debug/build/log-dc4ab2b4de2cabb2/build_script_build-dc4ab2b4de2cabb2.build_script_build.23346dc7-cgu.9.rcgu.o" "/opt/rustwide/target/debug/build/log-dc4ab2b4de2cabb2/build_script_build-dc4ab2b4de2cabb2.260nr3tqq0f3xtux.rcgu.o" "-Wl,--as-needed" "-L" "/opt/rustwide/target/debug/deps" "-L" "/opt/rustwide/rustup-home/toolchains/1.69.0-x86_64-unknown-linux-gnu/lib/rustlib/x86_64-unknown-linux-gnu/lib" "-Wl,-Bstatic" "/opt/rustwide/rustup-home/toolchains/1.69.0-x86_64-unknown-linux-gnu/lib/rustlib/x86_64-unknown-linux-gnu/lib/libstd-89bc084783fdc439.rlib" "/opt/rustwide/rustup-home/toolchains/1.69.0-x86_64-unknown-linux-gnu/lib/rustlib/x86_64-unknown-linux-gnu/lib/libpanic_unwind-8bee4b287d4367c1.rlib" "/opt/rustwide/rustup-home/toolchains/1.69.0-x86_64-unknown-linux-gnu/lib/rustlib/x86_64-unknown-linux-gnu/lib/libobject-d61707aed80694c0.rlib" "/opt/rustwide/rustup-home/toolchains/1.69.0-x86_64-unknown-linux-gnu/lib/rustlib/x86_64-unknown-linux-gnu/lib/libmemchr-d85366256f22345b.rlib" "/opt/rustwide/rustup-home/toolchains/1.69.0-x86_64-unknown-linux-gnu/lib/rustlib/x86_64-unknown-linux-gnu/lib/libaddr2line-96069b86b8a8cae9.rlib" "/opt/rustwide/rustup-home/toolchains/1.69.0-x86_64-unknown-linux-gnu/lib/rustlib/x86_64-unknown-linux-gnu/lib/libgimli-d19d53abf68dfa6c.rlib" "/opt/rustwide/rustup-home/toolchains/1.69.0-x86_64-unknown-linux-gnu/lib/rustlib/x86_64-unknown-linux-gnu/lib/librustc_demangle-787cbccd19d64ac6.rlib" "/opt/rustwide/rustup-home/toolchains/1.69.0-x86_64-unknown-linux-gnu/lib/rustlib/x86_64-unknown-linux-gnu/lib/libstd_detect-b3837a36b830e0d0.rlib" "/opt/rustwide/rustup-home/toolchains/1.69.0-x86_64-unknown-linux-gnu/lib/rustlib/x86_64-unknown-linux-gnu/lib/libhashbrown-e3deb0e7e3f04966.rlib" "/opt/rustwide/rustup-home/toolchains/1.69.0-x86_64-unknown-linux-gnu/lib/rustlib/x86_64-unknown-linux-gnu/lib/libminiz_oxide-dabbb79c9815def4.rlib" "/opt/rustwide/rustup-home/toolchains/1.69.0-x86_64-unknown-linux-gnu/lib/rustlib/x86_64-unknown-linux-gnu/lib/libadler-305b01f34c9409f2.rlib" "/opt/rustwide/rustup-home/toolchains/1.69.0-x86_64-unknown-linux-gnu/lib/rustlib/x86_64-unknown-linux-gnu/lib/librustc_std_workspace_alloc-f833521df6074e73.rlib" "/opt/rustwide/rustup-home/toolchains/1.69.0-x86_64-unknown-linux-gnu/lib/rustlib/x86_64-unknown-linux-gnu/lib/libunwind-9ac333113350d171.rlib" "/opt/rustwide/rustup-home/toolchains/1.69.0-x86_64-unknown-linux-gnu/lib/rustlib/x86_64-unknown-linux-gnu/lib/libcfg_if-1c126114322d0eee.rlib" "/opt/rustwide/rustup-home/toolchains/1.69.0-x86_64-unknown-linux-gnu/lib/rustlib/x86_64-unknown-linux-gnu/lib/liblibc-bad9164fdeeecf92.rlib" "/opt/rustwide/rustup-home/toolchains/1.69.0-x86_64-unknown-linux-gnu/lib/rustlib/x86_64-unknown-linux-gnu/lib/liballoc-f9374b1e480fa681.rlib" "/opt/rustwide/rustup-home/toolchains/1.69.0-x86_64-unknown-linux-gnu/lib/rustlib/x86_64-unknown-linux-gnu/lib/librustc_std_workspace_core-207f06e41d9603af.rlib" "/opt/rustwide/rustup-home/toolchains/1.69.0-x86_64-unknown-linux-gnu/lib/rustlib/x86_64-unknown-linux-gnu/lib/libcore-7e2768e66e984e85.rlib" "/opt/rustwide/rustup-home/toolchains/1.69.0-x86_64-unknown-linux-gnu/lib/rustlib/x86_64-unknown-linux-gnu/lib/libcompiler_builtins-957b4aff41f8cd46.rlib" "-Wl,-Bdynamic" "-lgcc_s" "-lutil" "-lrt" "-lpthread" "-lm" "-ldl" "-lc" "-Wl,--eh-frame-hdr" "-Wl,-z,noexecstack" "-L" "/opt/rustwide/rustup-home/toolchains/1.69.0-x86_64-unknown-linux-gnu/lib/rustlib/x86_64-unknown-linux-gnu/lib" "-o" "/opt/rustwide/target/debug/build/log-dc4ab2b4de2cabb2/build_script_build-dc4ab2b4de2cabb2" "-Wl,--gc-sections" "-pie" "-Wl,-z,relro,-z,now" "-nodefaultlibs"
[INFO] [stdout]   = note: /usr/bin/ld: final link failed: No space left on device
[INFO] [stdout]           collect2: error: ld returned 1 exit status
[INFO] [stdout]           
[INFO] [stdout] 
[INFO] [stdout] 
[INFO] [stdout] error: aborting due to previous error
[INFO] [stdout] 
[INFO] [stdout] 
[INFO] [stderr] error: could not compile `log` due to 2 previous errors
[INFO] [stderr] thread 'rustc' panicked at 'assertion failed: pos.get() <= self.position()', compiler/rustc_metadata/src/rmeta/encoder.rs:435:9
[INFO] [stderr] error: could not compile `rustversion`
[INFO] [stderr] 
[INFO] [stderr] Caused by:
[INFO] [stderr]   No space left on device (os error 28)
[INFO] [stderr] 
[INFO] [stderr] Caused by:
[INFO] [stderr]   failed to parse process output: `rustc --crate-name build_script_build --edition=2018 /opt/rustwide/cargo-home/registry/src/github.com-1ecc6299db9ec823/rustversion-1.0.5/build/build.rs --error-format=json --json=diagnostic-rendered-ansi,artifacts,future-incompat --crate-type bin --emit=dep-info,link -C embed-bitcode=no -C metadata=952a97abf1bd5f74 -C extra-filename=-952a97abf1bd5f74 --out-dir /opt/rustwide/target/debug/build/rustversion-952a97abf1bd5f74 -L dependency=/opt/rustwide/target/debug/deps --cap-lints allow --cap-lints=warn` (signal: 11, SIGSEGV: invalid memory reference)
[INFO] [stderr] error: could not compile `anyhow`
[INFO] [stderr] 
[INFO] [stderr] Caused by:
[INFO] [stderr]   No space left on device (os error 28)
[INFO] [stderr] 
[INFO] [stderr] Caused by:
[INFO] [stderr]   failed to parse process output: `rustc --crate-name anyhow --edition=2018 /opt/rustwide/cargo-home/registry/src/github.com-1ecc6299db9ec823/anyhow-1.0.45/src/lib.rs --error-format=json --json=diagnostic-rendered-ansi,artifacts,future-incompat --crate-type lib --emit=dep-info,metadata,link -C embed-bitcode=no --cfg 'feature="default"' --cfg 'feature="std"' -C metadata=38876ea64d188845 -C extra-filename=-38876ea64d188845 --out-dir /opt/rustwide/target/debug/deps -L dependency=/opt/rustwide/target/debug/deps --cap-lints allow --cap-lints=warn` (signal: 11, SIGSEGV: invalid memory reference)
[INFO] [stderr] error: could not compile `proc-macro2`
[INFO] [stdout] error: couldn't create a temp dir: No space left on device (os error 28) at path "/opt/rustwide/target/debug/deps/rmeta6iVHyZ"
[INFO] [stdout] 
[INFO] [stdout] 
[INFO] [stderr] error: could not compile `libc` due to previous error
[INFO] [stderr] thread 'rustc' panicked at 'assertion failed: pos.get() <= self.position()', compiler/rustc_metadata/src/rmeta/encoder.rs:435:9
[INFO] [stdout] error: couldn't create a temp dir: No space left on device (os error 28) at path "/opt/rustwide/target/debug/deps/rmetaGolNii"
[INFO] [stdout] 
[INFO] [stdout] 
[INFO] [stderr] error: could not compile `memchr` due to previous error
[INFO] [stderr] error: could not compile `cc`
[INFO] [stdout] error: couldn't create a temp dir: No space left on device (os error 28) at path "/opt/rustwide/target/debug/deps/rmetadtSPrj"
[INFO] [stdout] 
[INFO] [stdout] 
[INFO] [stderr] error: could not compile `regex-syntax` due to previous error
[INFO] running `Command { std: "docker" "inspect" "fb5e0987a3b6b1eeb2bfe7adcb882ba3f06341690daab7d6db9b5bc142b67cf7", kill_on_drop: false }`
[INFO] running `Command { std: "docker" "rm" "-f" "fb5e0987a3b6b1eeb2bfe7adcb882ba3f06341690daab7d6db9b5bc142b67cf7", kill_on_drop: false }`
[INFO] [stdout] fb5e0987a3b6b1eeb2bfe7adcb882ba3f06341690daab7d6db9b5bc142b67cf7
