[INFO] cloning repository https://github.com/one-man-one-laptop/watchtower-rs
[INFO] running `Command { std: "git" "-c" "credential.helper=" "-c" "credential.helper=/workspace/cargo-home/bin/git-credential-null" "clone" "--bare" "https://github.com/one-man-one-laptop/watchtower-rs" "/workspace/cache/git-repos/https%3A%2F%2Fgithub.com%2Fone-man-one-laptop%2Fwatchtower-rs", kill_on_drop: false }`
[INFO] [stderr] Cloning into bare repository '/workspace/cache/git-repos/https%3A%2F%2Fgithub.com%2Fone-man-one-laptop%2Fwatchtower-rs'...
[INFO] running `Command { std: "git" "rev-parse" "HEAD", kill_on_drop: false }`
[INFO] [stdout] 29de215e30a0c6486cb3022037c6ce4ee00bf92e
[INFO] testing one-man-one-laptop/watchtower-rs against 1.69.0 for beta-1.70-1
[INFO] running `Command { std: "git" "clone" "/workspace/cache/git-repos/https%3A%2F%2Fgithub.com%2Fone-man-one-laptop%2Fwatchtower-rs" "/workspace/builds/worker-2-tc1/source", kill_on_drop: false }`
[INFO] [stderr] Cloning into '/workspace/builds/worker-2-tc1/source'...
[INFO] [stderr] done.
[INFO] validating manifest of git repo https://github.com/one-man-one-laptop/watchtower-rs on toolchain 1.69.0
[INFO] running `Command { std: CARGO_HOME="/workspace/cargo-home" RUSTUP_HOME="/workspace/rustup-home" "/workspace/cargo-home/bin/cargo" "+1.69.0" "metadata" "--manifest-path" "Cargo.toml" "--no-deps", kill_on_drop: false }`
[INFO] started tweaking git repo https://github.com/one-man-one-laptop/watchtower-rs
[INFO] finished tweaking git repo https://github.com/one-man-one-laptop/watchtower-rs
[INFO] tweaked toml for git repo https://github.com/one-man-one-laptop/watchtower-rs written to /workspace/builds/worker-2-tc1/source/Cargo.toml
[INFO] crate git repo https://github.com/one-man-one-laptop/watchtower-rs already has a lockfile, it will not be regenerated
[INFO] running `Command { std: CARGO_HOME="/workspace/cargo-home" RUSTUP_HOME="/workspace/rustup-home" "/workspace/cargo-home/bin/cargo" "+1.69.0" "fetch" "--manifest-path" "Cargo.toml", kill_on_drop: false }`
[INFO] [stderr]  Downloading crates ...
[INFO] [stderr]   Downloaded pyo3-macros v0.16.2
[INFO] [stderr]   Downloaded pyo3-build-config v0.16.2
[INFO] [stderr]   Downloaded pyo3-macros-backend v0.16.2
[INFO] [stderr]   Downloaded pyo3-ffi v0.16.2
[INFO] [stderr]   Downloaded pyo3 v0.16.2
[INFO] [stderr]   Downloaded mockito v0.8.2
[INFO] running `Command { std: "docker" "create" "-v" "/var/lib/crater-agent-workspace/builds/worker-2-tc1/target:/opt/rustwide/target:rw,Z" "-v" "/var/lib/crater-agent-workspace/builds/worker-2-tc1/source:/opt/rustwide/workdir:ro,Z" "-v" "/var/lib/crater-agent-workspace/cargo-home:/opt/rustwide/cargo-home:ro,Z" "-v" "/var/lib/crater-agent-workspace/rustup-home:/opt/rustwide/rustup-home:ro,Z" "-e" "SOURCE_DIR=/opt/rustwide/workdir" "-e" "CARGO_TARGET_DIR=/opt/rustwide/target" "-e" "CARGO_HOME=/opt/rustwide/cargo-home" "-e" "RUSTUP_HOME=/opt/rustwide/rustup-home" "-w" "/opt/rustwide/workdir" "-m" "1610612736" "--user" "0:0" "--network" "none" "ghcr.io/rust-lang/crates-build-env/linux@sha256:5ff2268d62e97bff2cde7d5815dd6ed5b47097566f13b8d0ca110b04b60e07ed" "/opt/rustwide/cargo-home/bin/cargo" "+1.69.0" "metadata" "--no-deps" "--format-version=1", kill_on_drop: false }`
[INFO] [stdout] 770f382ca1adfb7309a1469e693eaf37af198e33a26f8817db79cadf75644c11
[INFO] running `Command { std: "docker" "start" "-a" "770f382ca1adfb7309a1469e693eaf37af198e33a26f8817db79cadf75644c11", kill_on_drop: false }`
[INFO] running `Command { std: "docker" "inspect" "770f382ca1adfb7309a1469e693eaf37af198e33a26f8817db79cadf75644c11", kill_on_drop: false }`
[INFO] running `Command { std: "docker" "rm" "-f" "770f382ca1adfb7309a1469e693eaf37af198e33a26f8817db79cadf75644c11", kill_on_drop: false }`
[INFO] [stdout] 770f382ca1adfb7309a1469e693eaf37af198e33a26f8817db79cadf75644c11
[INFO] running `Command { std: "docker" "create" "-v" "/var/lib/crater-agent-workspace/builds/worker-2-tc1/target:/opt/rustwide/target:rw,Z" "-v" "/var/lib/crater-agent-workspace/builds/worker-2-tc1/source:/opt/rustwide/workdir:ro,Z" "-v" "/var/lib/crater-agent-workspace/cargo-home:/opt/rustwide/cargo-home:ro,Z" "-v" "/var/lib/crater-agent-workspace/rustup-home:/opt/rustwide/rustup-home:ro,Z" "-e" "SOURCE_DIR=/opt/rustwide/workdir" "-e" "CARGO_TARGET_DIR=/opt/rustwide/target" "-e" "CARGO_INCREMENTAL=0" "-e" "RUST_BACKTRACE=full" "-e" "RUSTFLAGS=--cap-lints=warn" "-e" "RUSTDOCFLAGS=--cap-lints=warn" "-e" "CARGO_HOME=/opt/rustwide/cargo-home" "-e" "RUSTUP_HOME=/opt/rustwide/rustup-home" "-w" "/opt/rustwide/workdir" "-m" "1610612736" "--user" "0:0" "--network" "none" "ghcr.io/rust-lang/crates-build-env/linux@sha256:5ff2268d62e97bff2cde7d5815dd6ed5b47097566f13b8d0ca110b04b60e07ed" "/opt/rustwide/cargo-home/bin/cargo" "+1.69.0" "build" "--frozen" "--message-format=json", kill_on_drop: false }`
[INFO] [stdout] 1c7ba5ebd16032c3be58379d36a3b915f6d63662d448a88c1b10f76cbcdf0f7f
[INFO] running `Command { std: "docker" "start" "-a" "1c7ba5ebd16032c3be58379d36a3b915f6d63662d448a88c1b10f76cbcdf0f7f", kill_on_drop: false }`
[INFO] [stderr]    Compiling libc v0.2.121
[INFO] [stderr]    Compiling proc-macro2 v1.0.29
[INFO] [stderr]    Compiling unicode-xid v0.2.2
[INFO] [stderr]    Compiling cfg-if v1.0.0
[INFO] [stderr]    Compiling syn v1.0.76
[INFO] [stderr]    Compiling autocfg v1.0.1
[INFO] [stderr]    Compiling log v0.4.14
[INFO] [stderr]    Compiling memchr v2.4.1
[INFO] [stderr]    Compiling futures-core v0.3.17
[INFO] [stderr]    Compiling version_check v0.9.3
[INFO] [stderr]    Compiling proc-macro-hack v0.5.19
[INFO] [stderr]    Compiling lazy_static v1.4.0
[INFO] [stderr]    Compiling slab v0.4.4
[INFO] [stderr]    Compiling cfg-if v0.1.10
[INFO] [stderr] LLVM ERROR: IO failure on output stream: No space left on device
[INFO] [stderr] error: could not compile `log`
[INFO] [stderr] warning: build failed, waiting for other jobs to finish...
[INFO] [stdout] error: couldn't create a temp dir: No space left on device (os error 28) at path "/opt/rustwide/target/debug/deps/rmetak0QdgU"
[INFO] [stdout] 
[INFO] [stdout] 
[INFO] [stderr] LLVM ERROR: IO failure on output stream: No space left on device
[INFO] [stderr] error: could not compile `futures-core` due to previous error
[INFO] [stderr] error: could not compile `proc-macro-hack`
[INFO] [stderr] thread 'rustc' panicked at 'assertion failed: pos.get() <= self.position()', compiler/rustc_metadata/src/rmeta/encoder.rs:454:9
[INFO] [stderr] error: could not compile `memchr`
[INFO] [stderr] thread 'rustc' panicked at 'assertion failed: pos.get() <= self.position()', compiler/rustc_metadata/src/rmeta/encoder.rs:435:9
[INFO] [stderr] thread 'rustc' panicked at 'assertion failed: pos.get() <= self.position()', compiler/rustc_metadata/src/rmeta/encoder.rs:454:9
[INFO] [stderr] error: could not compile `libc`
[INFO] [stderr] error: could not compile `proc-macro2`
[INFO] running `Command { std: "docker" "inspect" "1c7ba5ebd16032c3be58379d36a3b915f6d63662d448a88c1b10f76cbcdf0f7f", kill_on_drop: false }`
[INFO] running `Command { std: "docker" "rm" "-f" "1c7ba5ebd16032c3be58379d36a3b915f6d63662d448a88c1b10f76cbcdf0f7f", kill_on_drop: false }`
[INFO] [stdout] 1c7ba5ebd16032c3be58379d36a3b915f6d63662d448a88c1b10f76cbcdf0f7f
