[INFO] cloning repository https://github.com/ondrejholecek/wsproxy
[INFO] running `Command { std: "git" "-c" "credential.helper=" "-c" "credential.helper=/workspace/cargo-home/bin/git-credential-null" "clone" "--bare" "https://github.com/ondrejholecek/wsproxy" "/workspace/cache/git-repos/https%3A%2F%2Fgithub.com%2Fondrejholecek%2Fwsproxy", kill_on_drop: false }`
[INFO] [stderr] Cloning into bare repository '/workspace/cache/git-repos/https%3A%2F%2Fgithub.com%2Fondrejholecek%2Fwsproxy'...
[INFO] running `Command { std: "git" "rev-parse" "HEAD", kill_on_drop: false }`
[INFO] [stdout] d1d146a7698495bd5e76ada3e244ab0f4ee2ec8c
[INFO] testing ondrejholecek/wsproxy against 1.69.0 for beta-1.70-1
[INFO] running `Command { std: "git" "clone" "/workspace/cache/git-repos/https%3A%2F%2Fgithub.com%2Fondrejholecek%2Fwsproxy" "/workspace/builds/worker-1-tc1/source", kill_on_drop: false }`
[INFO] [stderr] Cloning into '/workspace/builds/worker-1-tc1/source'...
[INFO] [stderr] done.
[INFO] validating manifest of git repo https://github.com/ondrejholecek/wsproxy on toolchain 1.69.0
[INFO] running `Command { std: CARGO_HOME="/workspace/cargo-home" RUSTUP_HOME="/workspace/rustup-home" "/workspace/cargo-home/bin/cargo" "+1.69.0" "metadata" "--manifest-path" "Cargo.toml" "--no-deps", kill_on_drop: false }`
[INFO] started tweaking git repo https://github.com/ondrejholecek/wsproxy
[INFO] finished tweaking git repo https://github.com/ondrejholecek/wsproxy
[INFO] tweaked toml for git repo https://github.com/ondrejholecek/wsproxy written to /workspace/builds/worker-1-tc1/source/Cargo.toml
[INFO] crate git repo https://github.com/ondrejholecek/wsproxy already has a lockfile, it will not be regenerated
[INFO] running `Command { std: CARGO_HOME="/workspace/cargo-home" RUSTUP_HOME="/workspace/rustup-home" "/workspace/cargo-home/bin/cargo" "+1.69.0" "fetch" "--manifest-path" "Cargo.toml", kill_on_drop: false }`
[INFO] running `Command { std: "docker" "create" "-v" "/var/lib/crater-agent-workspace/builds/worker-1-tc1/target:/opt/rustwide/target:rw,Z" "-v" "/var/lib/crater-agent-workspace/builds/worker-1-tc1/source:/opt/rustwide/workdir:ro,Z" "-v" "/var/lib/crater-agent-workspace/cargo-home:/opt/rustwide/cargo-home:ro,Z" "-v" "/var/lib/crater-agent-workspace/rustup-home:/opt/rustwide/rustup-home:ro,Z" "-e" "SOURCE_DIR=/opt/rustwide/workdir" "-e" "CARGO_TARGET_DIR=/opt/rustwide/target" "-e" "CARGO_HOME=/opt/rustwide/cargo-home" "-e" "RUSTUP_HOME=/opt/rustwide/rustup-home" "-w" "/opt/rustwide/workdir" "-m" "1610612736" "--user" "0:0" "--network" "none" "ghcr.io/rust-lang/crates-build-env/linux@sha256:5ff2268d62e97bff2cde7d5815dd6ed5b47097566f13b8d0ca110b04b60e07ed" "/opt/rustwide/cargo-home/bin/cargo" "+1.69.0" "metadata" "--no-deps" "--format-version=1", kill_on_drop: false }`
[INFO] [stdout] ad461ad12fc41d498e58f11eb712912b218523190ee27fc46c2f8cd9def677a7
[INFO] running `Command { std: "docker" "start" "-a" "ad461ad12fc41d498e58f11eb712912b218523190ee27fc46c2f8cd9def677a7", kill_on_drop: false }`
[INFO] running `Command { std: "docker" "inspect" "ad461ad12fc41d498e58f11eb712912b218523190ee27fc46c2f8cd9def677a7", kill_on_drop: false }`
[INFO] running `Command { std: "docker" "rm" "-f" "ad461ad12fc41d498e58f11eb712912b218523190ee27fc46c2f8cd9def677a7", kill_on_drop: false }`
[INFO] [stdout] ad461ad12fc41d498e58f11eb712912b218523190ee27fc46c2f8cd9def677a7
[INFO] running `Command { std: "docker" "create" "-v" "/var/lib/crater-agent-workspace/builds/worker-1-tc1/target:/opt/rustwide/target:rw,Z" "-v" "/var/lib/crater-agent-workspace/builds/worker-1-tc1/source:/opt/rustwide/workdir:ro,Z" "-v" "/var/lib/crater-agent-workspace/cargo-home:/opt/rustwide/cargo-home:ro,Z" "-v" "/var/lib/crater-agent-workspace/rustup-home:/opt/rustwide/rustup-home:ro,Z" "-e" "SOURCE_DIR=/opt/rustwide/workdir" "-e" "CARGO_TARGET_DIR=/opt/rustwide/target" "-e" "CARGO_INCREMENTAL=0" "-e" "RUST_BACKTRACE=full" "-e" "RUSTFLAGS=--cap-lints=warn" "-e" "RUSTDOCFLAGS=--cap-lints=warn" "-e" "CARGO_HOME=/opt/rustwide/cargo-home" "-e" "RUSTUP_HOME=/opt/rustwide/rustup-home" "-w" "/opt/rustwide/workdir" "-m" "1610612736" "--user" "0:0" "--network" "none" "ghcr.io/rust-lang/crates-build-env/linux@sha256:5ff2268d62e97bff2cde7d5815dd6ed5b47097566f13b8d0ca110b04b60e07ed" "/opt/rustwide/cargo-home/bin/cargo" "+1.69.0" "build" "--frozen" "--message-format=json", kill_on_drop: false }`
[INFO] [stdout] a4d9ca1ea3a52d8063ed585e912d11a4de87e7271a0f762f1dbf1f0dc57b2b02
[INFO] running `Command { std: "docker" "start" "-a" "a4d9ca1ea3a52d8063ed585e912d11a4de87e7271a0f762f1dbf1f0dc57b2b02", kill_on_drop: false }`
[INFO] [stderr]    Compiling libc v0.2.62
[INFO] [stderr]    Compiling cfg-if v0.1.10
[INFO] [stderr]    Compiling semver-parser v0.7.0
[INFO] [stderr]    Compiling autocfg v0.1.6
[INFO] [stderr]    Compiling byteorder v1.3.2
[INFO] [stderr]    Compiling lazy_static v1.4.0
[INFO] [stderr]    Compiling futures v0.1.29
[INFO] [stderr]    Compiling log v0.4.8
[INFO] [stderr]    Compiling either v1.5.3
[INFO] [stderr]    Compiling crossbeam-utils v0.6.6
[INFO] [stderr]    Compiling semver v0.9.0
[INFO] [stderr]    Compiling slab v0.4.2
[INFO] [stderr]    Compiling smallvec v0.6.10
[INFO] [stderr]    Compiling rustc_version v0.2.3
[INFO] [stderr]    Compiling rand_core v0.4.2
[INFO] [stderr]    Compiling scopeguard v1.0.0
[INFO] [stderr]    Compiling fnv v1.0.6
[INFO] [stderr]    Compiling memchr v2.2.1
[INFO] [stderr]    Compiling memoffset v0.5.1
[INFO] [stderr]    Compiling parking_lot_core v0.6.2
[INFO] [stderr]    Compiling arrayvec v0.4.11
[INFO] [stderr]    Compiling typenum v1.11.2
[INFO] [stderr]    Compiling parking_lot v0.9.0
[INFO] [stderr]    Compiling iovec v0.1.2
[INFO] [stderr]    Compiling net2 v0.2.33
[INFO] [stderr]    Compiling bytes v0.4.12
[INFO] [stderr]    Compiling tokio-executor v0.1.8
[INFO] [stderr]    Compiling num_cpus v1.10.1
[INFO] [stderr]    Compiling rand_core v0.3.1
[INFO] [stderr]    Compiling itoa v0.4.4
[INFO] [stderr]    Compiling mio v0.6.19
[INFO] [stderr]    Compiling nodrop v0.1.13
[INFO] [stderr]    Compiling tokio-io v0.1.12
[INFO] [stderr]    Compiling lock_api v0.3.1
[INFO] [stderr]    Compiling num-traits v0.2.8
[INFO] [stderr]    Compiling serde v1.0.101
[INFO] [stderr]    Compiling generic-array v0.12.3
[INFO] [stderr]    Compiling crossbeam-epoch v0.7.2
[INFO] [stderr]    Compiling tokio-sync v0.1.6
[INFO] [stderr]    Compiling rand_pcg v0.1.2
[INFO] [stderr]    Compiling rand_chacha v0.1.1
[INFO] [stderr]    Compiling byte-tools v0.3.1
[INFO] [stderr]    Compiling httparse v1.3.4
[INFO] [stderr]    Compiling matches v0.1.8
[INFO] [stderr]    Compiling ryu v1.0.0
[INFO] [stderr]    Compiling serde v0.8.23
[INFO] [stderr]    Compiling version_check v0.1.5
[INFO] [stderr]    Compiling unicode-bidi v0.3.4
[INFO] [stderr]    Compiling tokio-reactor v0.1.10
[INFO] [stderr]    Compiling block-padding v0.1.4
[INFO] [stderr] error: could not parse/generate dep info at: /opt/rustwide/target/debug/deps/version_check-292438e677b9a386.d
[INFO] [stderr] 
[INFO] [stderr] Caused by:
[INFO] [stderr]   failed to write `/opt/rustwide/target/debug/.fingerprint/version_check-292438e677b9a386/dep-lib-version_check`
[INFO] [stderr] 
[INFO] [stderr] Caused by:
[INFO] [stderr]   No space left on device (os error 28)
[INFO] [stderr] warning: build failed, waiting for other jobs to finish...
[INFO] [stderr] LLVM ERROR: IO failure on output stream: No space left on device
[INFO] [stdout] error: linking with `cc` failed: exit status: 1
[INFO] [stdout]   |
[INFO] [stdout]   = note: LC_ALL="C" PATH="/opt/rustwide/rustup-home/toolchains/1.69.0-x86_64-unknown-linux-gnu/lib/rustlib/x86_64-unknown-linux-gnu/bin:/opt/rustwide/cargo-home/bin:/usr/local/sbin:/usr/local/bin:/usr/sbin:/usr/bin:/sbin:/bin" VSLANG="1033" "cc" "-m64" "/tmp/rustcE8lRUt/symbols.o" "/opt/rustwide/target/debug/build/ryu-b61a2b8cd3716fa3/build_script_build-b61a2b8cd3716fa3.build_script_build.746862ae-cgu.0.rcgu.o" "/opt/rustwide/target/debug/build/ryu-b61a2b8cd3716fa3/build_script_build-b61a2b8cd3716fa3.build_script_build.746862ae-cgu.1.rcgu.o" "/opt/rustwide/target/debug/build/ryu-b61a2b8cd3716fa3/build_script_build-b61a2b8cd3716fa3.build_script_build.746862ae-cgu.10.rcgu.o" "/opt/rustwide/target/debug/build/ryu-b61a2b8cd3716fa3/build_script_build-b61a2b8cd3716fa3.build_script_build.746862ae-cgu.11.rcgu.o" "/opt/rustwide/target/debug/build/ryu-b61a2b8cd3716fa3/build_script_build-b61a2b8cd3716fa3.build_script_build.746862ae-cgu.12.rcgu.o" "/opt/rustwide/target/debug/build/ryu-b61a2b8cd3716fa3/build_script_build-b61a2b8cd3716fa3.build_script_build.746862ae-cgu.13.rcgu.o" "/opt/rustwide/target/debug/build/ryu-b61a2b8cd3716fa3/build_script_build-b61a2b8cd3716fa3.build_script_build.746862ae-cgu.14.rcgu.o" "/opt/rustwide/target/debug/build/ryu-b61a2b8cd3716fa3/build_script_build-b61a2b8cd3716fa3.build_script_build.746862ae-cgu.15.rcgu.o" "/opt/rustwide/target/debug/build/ryu-b61a2b8cd3716fa3/build_script_build-b61a2b8cd3716fa3.build_script_build.746862ae-cgu.2.rcgu.o" "/opt/rustwide/target/debug/build/ryu-b61a2b8cd3716fa3/build_script_build-b61a2b8cd3716fa3.build_script_build.746862ae-cgu.3.rcgu.o" "/opt/rustwide/target/debug/build/ryu-b61a2b8cd3716fa3/build_script_build-b61a2b8cd3716fa3.build_script_build.746862ae-cgu.4.rcgu.o" "/opt/rustwide/target/debug/build/ryu-b61a2b8cd3716fa3/build_script_build-b61a2b8cd3716fa3.build_script_build.746862ae-cgu.5.rcgu.o" "/opt/rustwide/target/debug/build/ryu-b61a2b8cd3716fa3/build_script_build-b61a2b8cd3716fa3.build_script_build.746862ae-cgu.6.rcgu.o" "/opt/rustwide/target/debug/build/ryu-b61a2b8cd3716fa3/build_script_build-b61a2b8cd3716fa3.build_script_build.746862ae-cgu.7.rcgu.o" "/opt/rustwide/target/debug/build/ryu-b61a2b8cd3716fa3/build_script_build-b61a2b8cd3716fa3.build_script_build.746862ae-cgu.8.rcgu.o" "/opt/rustwide/target/debug/build/ryu-b61a2b8cd3716fa3/build_script_build-b61a2b8cd3716fa3.build_script_build.746862ae-cgu.9.rcgu.o" "/opt/rustwide/target/debug/build/ryu-b61a2b8cd3716fa3/build_script_build-b61a2b8cd3716fa3.8tdd7ht22tghzlx.rcgu.o" "-Wl,--as-needed" "-L" "/opt/rustwide/target/debug/deps" "-L" "/opt/rustwide/rustup-home/toolchains/1.69.0-x86_64-unknown-linux-gnu/lib/rustlib/x86_64-unknown-linux-gnu/lib" "-Wl,-Bstatic" "/opt/rustwide/rustup-home/toolchains/1.69.0-x86_64-unknown-linux-gnu/lib/rustlib/x86_64-unknown-linux-gnu/lib/libstd-89bc084783fdc439.rlib" "/opt/rustwide/rustup-home/toolchains/1.69.0-x86_64-unknown-linux-gnu/lib/rustlib/x86_64-unknown-linux-gnu/lib/libpanic_unwind-8bee4b287d4367c1.rlib" "/opt/rustwide/rustup-home/toolchains/1.69.0-x86_64-unknown-linux-gnu/lib/rustlib/x86_64-unknown-linux-gnu/lib/libobject-d61707aed80694c0.rlib" "/opt/rustwide/rustup-home/toolchains/1.69.0-x86_64-unknown-linux-gnu/lib/rustlib/x86_64-unknown-linux-gnu/lib/libmemchr-d85366256f22345b.rlib" "/opt/rustwide/rustup-home/toolchains/1.69.0-x86_64-unknown-linux-gnu/lib/rustlib/x86_64-unknown-linux-gnu/lib/libaddr2line-96069b86b8a8cae9.rlib" "/opt/rustwide/rustup-home/toolchains/1.69.0-x86_64-unknown-linux-gnu/lib/rustlib/x86_64-unknown-linux-gnu/lib/libgimli-d19d53abf68dfa6c.rlib" "/opt/rustwide/rustup-home/toolchains/1.69.0-x86_64-unknown-linux-gnu/lib/rustlib/x86_64-unknown-linux-gnu/lib/librustc_demangle-787cbccd19d64ac6.rlib" "/opt/rustwide/rustup-home/toolchains/1.69.0-x86_64-unknown-linux-gnu/lib/rustlib/x86_64-unknown-linux-gnu/lib/libstd_detect-b3837a36b830e0d0.rlib" "/opt/rustwide/rustup-home/toolchains/1.69.0-x86_64-unknown-linux-gnu/lib/rustlib/x86_64-unknown-linux-gnu/lib/libhashbrown-e3deb0e7e3f04966.rlib" "/opt/rustwide/rustup-home/toolchains/1.69.0-x86_64-unknown-linux-gnu/lib/rustlib/x86_64-unknown-linux-gnu/lib/libminiz_oxide-dabbb79c9815def4.rlib" "/opt/rustwide/rustup-home/toolchains/1.69.0-x86_64-unknown-linux-gnu/lib/rustlib/x86_64-unknown-linux-gnu/lib/libadler-305b01f34c9409f2.rlib" "/opt/rustwide/rustup-home/toolchains/1.69.0-x86_64-unknown-linux-gnu/lib/rustlib/x86_64-unknown-linux-gnu/lib/librustc_std_workspace_alloc-f833521df6074e73.rlib" "/opt/rustwide/rustup-home/toolchains/1.69.0-x86_64-unknown-linux-gnu/lib/rustlib/x86_64-unknown-linux-gnu/lib/libunwind-9ac333113350d171.rlib" "/opt/rustwide/rustup-home/toolchains/1.69.0-x86_64-unknown-linux-gnu/lib/rustlib/x86_64-unknown-linux-gnu/lib/libcfg_if-1c126114322d0eee.rlib" "/opt/rustwide/rustup-home/toolchains/1.69.0-x86_64-unknown-linux-gnu/lib/rustlib/x86_64-unknown-linux-gnu/lib/liblibc-bad9164fdeeecf92.rlib" "/opt/rustwide/rustup-home/toolchains/1.69.0-x86_64-unknown-linux-gnu/lib/rustlib/x86_64-unknown-linux-gnu/lib/liballoc-f9374b1e480fa681.rlib" "/opt/rustwide/rustup-home/toolchains/1.69.0-x86_64-unknown-linux-gnu/lib/rustlib/x86_64-unknown-linux-gnu/lib/librustc_std_workspace_core-207f06e41d9603af.rlib" "/opt/rustwide/rustup-home/toolchains/1.69.0-x86_64-unknown-linux-gnu/lib/rustlib/x86_64-unknown-linux-gnu/lib/libcore-7e2768e66e984e85.rlib" "/opt/rustwide/rustup-home/toolchains/1.69.0-x86_64-unknown-linux-gnu/lib/rustlib/x86_64-unknown-linux-gnu/lib/libcompiler_builtins-957b4aff41f8cd46.rlib" "-Wl,-Bdynamic" "-lgcc_s" "-lutil" "-lrt" "-lpthread" "-lm" "-ldl" "-lc" "-Wl,--eh-frame-hdr" "-Wl,-z,noexecstack" "-L" "/opt/rustwide/rustup-home/toolchains/1.69.0-x86_64-unknown-linux-gnu/lib/rustlib/x86_64-unknown-linux-gnu/lib" "-o" "/opt/rustwide/target/debug/build/ryu-b61a2b8cd3716fa3/build_script_build-b61a2b8cd3716fa3" "-Wl,--gc-sections" "-pie" "-Wl,-z,relro,-z,now" "-nodefaultlibs"
[INFO] [stdout]   = note: /usr/bin/ld: final link failed: No space left on device
[INFO] [stdout]           collect2: error: ld returned 1 exit status
[INFO] [stdout]           
[INFO] [stdout] 
[INFO] [stdout] 
[INFO] [stdout] error: aborting due to previous error
[INFO] [stdout] 
[INFO] [stdout] 
[INFO] [stderr] error: could not compile `block-padding`
[INFO] [stderr] error: could not compile `ryu` due to 2 previous errors
[INFO] [stdout] error: linking with `cc` failed: exit status: 1
[INFO] [stdout]   |
[INFO] [stdout]   = note: LC_ALL="C" PATH="/opt/rustwide/rustup-home/toolchains/1.69.0-x86_64-unknown-linux-gnu/lib/rustlib/x86_64-unknown-linux-gnu/bin:/opt/rustwide/cargo-home/bin:/usr/local/sbin:/usr/local/bin:/usr/sbin:/usr/bin:/sbin:/bin" VSLANG="1033" "cc" "-m64" "/tmp/rustcE1olZb/symbols.o" "/opt/rustwide/target/debug/build/httparse-2521025273c9c549/build_script_build-2521025273c9c549.build_script_build.12eac927-cgu.0.rcgu.o" "/opt/rustwide/target/debug/build/httparse-2521025273c9c549/build_script_build-2521025273c9c549.build_script_build.12eac927-cgu.1.rcgu.o" "/opt/rustwide/target/debug/build/httparse-2521025273c9c549/build_script_build-2521025273c9c549.build_script_build.12eac927-cgu.10.rcgu.o" "/opt/rustwide/target/debug/build/httparse-2521025273c9c549/build_script_build-2521025273c9c549.build_script_build.12eac927-cgu.11.rcgu.o" "/opt/rustwide/target/debug/build/httparse-2521025273c9c549/build_script_build-2521025273c9c549.build_script_build.12eac927-cgu.12.rcgu.o" "/opt/rustwide/target/debug/build/httparse-2521025273c9c549/build_script_build-2521025273c9c549.build_script_build.12eac927-cgu.13.rcgu.o" "/opt/rustwide/target/debug/build/httparse-2521025273c9c549/build_script_build-2521025273c9c549.build_script_build.12eac927-cgu.14.rcgu.o" "/opt/rustwide/target/debug/build/httparse-2521025273c9c549/build_script_build-2521025273c9c549.build_script_build.12eac927-cgu.15.rcgu.o" "/opt/rustwide/target/debug/build/httparse-2521025273c9c549/build_script_build-2521025273c9c549.build_script_build.12eac927-cgu.2.rcgu.o" "/opt/rustwide/target/debug/build/httparse-2521025273c9c549/build_script_build-2521025273c9c549.build_script_build.12eac927-cgu.3.rcgu.o" "/opt/rustwide/target/debug/build/httparse-2521025273c9c549/build_script_build-2521025273c9c549.build_script_build.12eac927-cgu.4.rcgu.o" "/opt/rustwide/target/debug/build/httparse-2521025273c9c549/build_script_build-2521025273c9c549.build_script_build.12eac927-cgu.5.rcgu.o" "/opt/rustwide/target/debug/build/httparse-2521025273c9c549/build_script_build-2521025273c9c549.build_script_build.12eac927-cgu.6.rcgu.o" "/opt/rustwide/target/debug/build/httparse-2521025273c9c549/build_script_build-2521025273c9c549.build_script_build.12eac927-cgu.7.rcgu.o" "/opt/rustwide/target/debug/build/httparse-2521025273c9c549/build_script_build-2521025273c9c549.build_script_build.12eac927-cgu.8.rcgu.o" "/opt/rustwide/target/debug/build/httparse-2521025273c9c549/build_script_build-2521025273c9c549.build_script_build.12eac927-cgu.9.rcgu.o" "/opt/rustwide/target/debug/build/httparse-2521025273c9c549/build_script_build-2521025273c9c549.1eeh3tfpbvt07vx0.rcgu.o" "-Wl,--as-needed" "-L" "/opt/rustwide/target/debug/deps" "-L" "/opt/rustwide/rustup-home/toolchains/1.69.0-x86_64-unknown-linux-gnu/lib/rustlib/x86_64-unknown-linux-gnu/lib" "-Wl,-Bstatic" "/opt/rustwide/rustup-home/toolchains/1.69.0-x86_64-unknown-linux-gnu/lib/rustlib/x86_64-unknown-linux-gnu/lib/libstd-89bc084783fdc439.rlib" "/opt/rustwide/rustup-home/toolchains/1.69.0-x86_64-unknown-linux-gnu/lib/rustlib/x86_64-unknown-linux-gnu/lib/libpanic_unwind-8bee4b287d4367c1.rlib" "/opt/rustwide/rustup-home/toolchains/1.69.0-x86_64-unknown-linux-gnu/lib/rustlib/x86_64-unknown-linux-gnu/lib/libobject-d61707aed80694c0.rlib" "/opt/rustwide/rustup-home/toolchains/1.69.0-x86_64-unknown-linux-gnu/lib/rustlib/x86_64-unknown-linux-gnu/lib/libmemchr-d85366256f22345b.rlib" "/opt/rustwide/rustup-home/toolchains/1.69.0-x86_64-unknown-linux-gnu/lib/rustlib/x86_64-unknown-linux-gnu/lib/libaddr2line-96069b86b8a8cae9.rlib" "/opt/rustwide/rustup-home/toolchains/1.69.0-x86_64-unknown-linux-gnu/lib/rustlib/x86_64-unknown-linux-gnu/lib/libgimli-d19d53abf68dfa6c.rlib" "/opt/rustwide/rustup-home/toolchains/1.69.0-x86_64-unknown-linux-gnu/lib/rustlib/x86_64-unknown-linux-gnu/lib/librustc_demangle-787cbccd19d64ac6.rlib" "/opt/rustwide/rustup-home/toolchains/1.69.0-x86_64-unknown-linux-gnu/lib/rustlib/x86_64-unknown-linux-gnu/lib/libstd_detect-b3837a36b830e0d0.rlib" "/opt/rustwide/rustup-home/toolchains/1.69.0-x86_64-unknown-linux-gnu/lib/rustlib/x86_64-unknown-linux-gnu/lib/libhashbrown-e3deb0e7e3f04966.rlib" "/opt/rustwide/rustup-home/toolchains/1.69.0-x86_64-unknown-linux-gnu/lib/rustlib/x86_64-unknown-linux-gnu/lib/libminiz_oxide-dabbb79c9815def4.rlib" "/opt/rustwide/rustup-home/toolchains/1.69.0-x86_64-unknown-linux-gnu/lib/rustlib/x86_64-unknown-linux-gnu/lib/libadler-305b01f34c9409f2.rlib" "/opt/rustwide/rustup-home/toolchains/1.69.0-x86_64-unknown-linux-gnu/lib/rustlib/x86_64-unknown-linux-gnu/lib/librustc_std_workspace_alloc-f833521df6074e73.rlib" "/opt/rustwide/rustup-home/toolchains/1.69.0-x86_64-unknown-linux-gnu/lib/rustlib/x86_64-unknown-linux-gnu/lib/libunwind-9ac333113350d171.rlib" "/opt/rustwide/rustup-home/toolchains/1.69.0-x86_64-unknown-linux-gnu/lib/rustlib/x86_64-unknown-linux-gnu/lib/libcfg_if-1c126114322d0eee.rlib" "/opt/rustwide/rustup-home/toolchains/1.69.0-x86_64-unknown-linux-gnu/lib/rustlib/x86_64-unknown-linux-gnu/lib/liblibc-bad9164fdeeecf92.rlib" "/opt/rustwide/rustup-home/toolchains/1.69.0-x86_64-unknown-linux-gnu/lib/rustlib/x86_64-unknown-linux-gnu/lib/liballoc-f9374b1e480fa681.rlib" "/opt/rustwide/rustup-home/toolchains/1.69.0-x86_64-unknown-linux-gnu/lib/rustlib/x86_64-unknown-linux-gnu/lib/librustc_std_workspace_core-207f06e41d9603af.rlib" "/opt/rustwide/rustup-home/toolchains/1.69.0-x86_64-unknown-linux-gnu/lib/rustlib/x86_64-unknown-linux-gnu/lib/libcore-7e2768e66e984e85.rlib" "/opt/rustwide/rustup-home/toolchains/1.69.0-x86_64-unknown-linux-gnu/lib/rustlib/x86_64-unknown-linux-gnu/lib/libcompiler_builtins-957b4aff41f8cd46.rlib" "-Wl,-Bdynamic" "-lgcc_s" "-lutil" "-lrt" "-lpthread" "-lm" "-ldl" "-lc" "-Wl,--eh-frame-hdr" "-Wl,-z,noexecstack" "-L" "/opt/rustwide/rustup-home/toolchains/1.69.0-x86_64-unknown-linux-gnu/lib/rustlib/x86_64-unknown-linux-gnu/lib" "-o" "/opt/rustwide/target/debug/build/httparse-2521025273c9c549/build_script_build-2521025273c9c549" "-Wl,--gc-sections" "-pie" "-Wl,-z,relro,-z,now" "-nodefaultlibs"
[INFO] [stdout]   = note: /usr/bin/ld: final link failed: No space left on device
[INFO] [stdout]           collect2: error: ld returned 1 exit status
[INFO] [stdout]           
[INFO] [stdout] 
[INFO] [stdout] 
[INFO] [stdout] error: aborting due to previous error
[INFO] [stdout] 
[INFO] [stdout] 
[INFO] [stderr] error: could not compile `httparse` due to 2 previous errors
[INFO] [stdout] error: failed to write /tmp/rustcAAVlMx/lib.rmeta: No space left on device (os error 28)
[INFO] [stdout] 
[INFO] [stdout] 
[INFO] [stdout] error: aborting due to previous error
[INFO] [stdout] 
[INFO] [stdout] 
[INFO] [stderr] error: could not compile `unicode-bidi` due to 2 previous errors
[INFO] [stderr] LLVM ERROR: LLVM ERROR: IO failure on output stream: No space left on device
[INFO] [stderr] error: could not compile `tokio-reactor`
[INFO] [stderr] thread 'rustc' panicked at 'assertion failed: pos.get() <= self.position()', compiler/rustc_metadata/src/rmeta/encoder.rs:435:9
[INFO] [stderr] error: could not compile `num-traits`
[INFO] [stderr] thread 'rustc' panicked at 'assertion failed: pos.get() <= self.position()', compiler/rustc_metadata/src/rmeta/encoder.rs:435:9
[INFO] [stderr] error: could not compile `serde`
[INFO] running `Command { std: "docker" "inspect" "a4d9ca1ea3a52d8063ed585e912d11a4de87e7271a0f762f1dbf1f0dc57b2b02", kill_on_drop: false }`
[INFO] running `Command { std: "docker" "rm" "-f" "a4d9ca1ea3a52d8063ed585e912d11a4de87e7271a0f762f1dbf1f0dc57b2b02", kill_on_drop: false }`
[INFO] [stdout] a4d9ca1ea3a52d8063ed585e912d11a4de87e7271a0f762f1dbf1f0dc57b2b02
