[INFO] cloning repository https://github.com/myuon/quartz
[INFO] running `Command { std: "git" "-c" "credential.helper=" "-c" "credential.helper=/workspace/cargo-home/bin/git-credential-null" "clone" "--bare" "https://github.com/myuon/quartz" "/workspace/cache/git-repos/https%3A%2F%2Fgithub.com%2Fmyuon%2Fquartz", kill_on_drop: false }`
[INFO] [stderr] Cloning into bare repository '/workspace/cache/git-repos/https%3A%2F%2Fgithub.com%2Fmyuon%2Fquartz'...
[INFO] running `Command { std: "git" "rev-parse" "HEAD", kill_on_drop: false }`
[INFO] [stdout] b81cf309e9d2565c9b61ac6bb51ea9e1b92a1484
[INFO] testing myuon/quartz against 1.69.0 for beta-1.70-1
[INFO] running `Command { std: "git" "clone" "/workspace/cache/git-repos/https%3A%2F%2Fgithub.com%2Fmyuon%2Fquartz" "/workspace/builds/worker-3-tc1/source", kill_on_drop: false }`
[INFO] [stderr] Cloning into '/workspace/builds/worker-3-tc1/source'...
[INFO] [stderr] done.
[INFO] validating manifest of git repo https://github.com/myuon/quartz on toolchain 1.69.0
[INFO] running `Command { std: CARGO_HOME="/workspace/cargo-home" RUSTUP_HOME="/workspace/rustup-home" "/workspace/cargo-home/bin/cargo" "+1.69.0" "metadata" "--manifest-path" "Cargo.toml" "--no-deps", kill_on_drop: false }`
[INFO] started tweaking git repo https://github.com/myuon/quartz
[INFO] finished tweaking git repo https://github.com/myuon/quartz
[INFO] tweaked toml for git repo https://github.com/myuon/quartz written to /workspace/builds/worker-3-tc1/source/Cargo.toml
[INFO] crate git repo https://github.com/myuon/quartz already has a lockfile, it will not be regenerated
[INFO] running `Command { std: CARGO_HOME="/workspace/cargo-home" RUSTUP_HOME="/workspace/rustup-home" "/workspace/cargo-home/bin/cargo" "+1.69.0" "fetch" "--manifest-path" "Cargo.toml", kill_on_drop: false }`
[INFO] [stderr]  Downloading crates ...
[INFO] [stderr]   Downloaded wasmer-vm v3.0.2
[INFO] [stderr]   Downloaded rkyv_derive v0.7.39
[INFO] [stderr]   Downloaded cranelift-codegen-shared v0.86.1
[INFO] [stderr]   Downloaded wat v1.0.52
[INFO] [stderr]   Downloaded wasmer-derive v3.0.2
[INFO] [stderr]   Downloaded cranelift-entity v0.86.1
[INFO] [stderr]   Downloaded cranelift-frontend v0.86.1
[INFO] [stderr]   Downloaded cranelift-bforest v0.86.1
[INFO] [stderr]   Downloaded cranelift-isle v0.86.1
[INFO] [stderr]   Downloaded wasm-encoder v0.20.0
[INFO] [stderr]   Downloaded wasmer-compiler v3.0.2
[INFO] [stderr]   Downloaded wasmer-types v3.0.2
[INFO] [stderr]   Downloaded wasmer-compiler-cranelift v3.0.2
[INFO] [stderr]   Downloaded cranelift-codegen-meta v0.86.1
[INFO] [stderr]   Downloaded rkyv v0.7.39
[INFO] [stderr]   Downloaded wast v50.0.0
[INFO] [stderr]   Downloaded cranelift-codegen v0.86.1
[INFO] [stderr]   Downloaded wasmer v3.0.2
[INFO] running `Command { std: "docker" "create" "-v" "/var/lib/crater-agent-workspace/builds/worker-3-tc1/target:/opt/rustwide/target:rw,Z" "-v" "/var/lib/crater-agent-workspace/builds/worker-3-tc1/source:/opt/rustwide/workdir:ro,Z" "-v" "/var/lib/crater-agent-workspace/cargo-home:/opt/rustwide/cargo-home:ro,Z" "-v" "/var/lib/crater-agent-workspace/rustup-home:/opt/rustwide/rustup-home:ro,Z" "-e" "SOURCE_DIR=/opt/rustwide/workdir" "-e" "CARGO_TARGET_DIR=/opt/rustwide/target" "-e" "CARGO_HOME=/opt/rustwide/cargo-home" "-e" "RUSTUP_HOME=/opt/rustwide/rustup-home" "-w" "/opt/rustwide/workdir" "-m" "1610612736" "--user" "0:0" "--network" "none" "ghcr.io/rust-lang/crates-build-env/linux@sha256:5ff2268d62e97bff2cde7d5815dd6ed5b47097566f13b8d0ca110b04b60e07ed" "/opt/rustwide/cargo-home/bin/cargo" "+1.69.0" "metadata" "--no-deps" "--format-version=1", kill_on_drop: false }`
[INFO] [stdout] 7f8242b119608a64b9a77c33a041520c3ac3e316cbbe2d2b527c9be1d9519af9
[INFO] running `Command { std: "docker" "start" "-a" "7f8242b119608a64b9a77c33a041520c3ac3e316cbbe2d2b527c9be1d9519af9", kill_on_drop: false }`
[INFO] running `Command { std: "docker" "inspect" "7f8242b119608a64b9a77c33a041520c3ac3e316cbbe2d2b527c9be1d9519af9", kill_on_drop: false }`
[INFO] running `Command { std: "docker" "rm" "-f" "7f8242b119608a64b9a77c33a041520c3ac3e316cbbe2d2b527c9be1d9519af9", kill_on_drop: false }`
[INFO] [stdout] 7f8242b119608a64b9a77c33a041520c3ac3e316cbbe2d2b527c9be1d9519af9
[INFO] running `Command { std: "docker" "create" "-v" "/var/lib/crater-agent-workspace/builds/worker-3-tc1/target:/opt/rustwide/target:rw,Z" "-v" "/var/lib/crater-agent-workspace/builds/worker-3-tc1/source:/opt/rustwide/workdir:ro,Z" "-v" "/var/lib/crater-agent-workspace/cargo-home:/opt/rustwide/cargo-home:ro,Z" "-v" "/var/lib/crater-agent-workspace/rustup-home:/opt/rustwide/rustup-home:ro,Z" "-e" "SOURCE_DIR=/opt/rustwide/workdir" "-e" "CARGO_TARGET_DIR=/opt/rustwide/target" "-e" "CARGO_INCREMENTAL=0" "-e" "RUST_BACKTRACE=full" "-e" "RUSTFLAGS=--cap-lints=warn" "-e" "RUSTDOCFLAGS=--cap-lints=warn" "-e" "CARGO_HOME=/opt/rustwide/cargo-home" "-e" "RUSTUP_HOME=/opt/rustwide/rustup-home" "-w" "/opt/rustwide/workdir" "-m" "1610612736" "--user" "0:0" "--network" "none" "ghcr.io/rust-lang/crates-build-env/linux@sha256:5ff2268d62e97bff2cde7d5815dd6ed5b47097566f13b8d0ca110b04b60e07ed" "/opt/rustwide/cargo-home/bin/cargo" "+1.69.0" "build" "--frozen" "--message-format=json", kill_on_drop: false }`
[INFO] [stdout] 831c5417415abb41acdb04091402464ee19634d065e14e253cc75b14c92730a4
[INFO] running `Command { std: "docker" "start" "-a" "831c5417415abb41acdb04091402464ee19634d065e14e253cc75b14c92730a4", kill_on_drop: false }`
[INFO] [stderr]    Compiling proc-macro2 v1.0.47
[INFO] [stderr]    Compiling unicode-ident v1.0.5
[INFO] [stderr]    Compiling quote v1.0.21
[INFO] [stderr]    Compiling syn v1.0.105
[INFO] [stderr]    Compiling libc v0.2.138
[INFO] [stderr]    Compiling autocfg v1.1.0
[INFO] [stderr]    Compiling cfg-if v1.0.0
[INFO] [stderr]    Compiling version_check v0.9.4
[INFO] [stderr]    Compiling once_cell v1.16.0
[INFO] [stderr]    Compiling memchr v2.5.0
[INFO] [stderr]    Compiling fnv v1.0.7
[INFO] [stderr]    Compiling ahash v0.7.6
[INFO] [stderr]    Compiling ident_case v1.0.1
[INFO] [stderr]    Compiling indexmap v1.9.2
[INFO] [stderr]    Compiling stable_deref_trait v1.2.0
[INFO] [stderr]    Compiling bytecheck v0.6.9
[INFO] [stderr]    Compiling scopeguard v1.1.0
[INFO] [stderr]    Compiling target-lexicon v0.12.5
[INFO] [stderr]    Compiling crossbeam-utils v0.8.14
[INFO] [stderr]    Compiling fallible-iterator v0.2.0
[INFO] [stderr]    Compiling memoffset v0.7.1
[INFO] [stderr]    Compiling rend v0.3.6
[INFO] [stderr]    Compiling cranelift-isle v0.86.1
[INFO] [stderr]    Compiling bitflags v1.3.2
[INFO] [stderr]    Compiling crossbeam-epoch v0.9.13
[INFO] [stderr]    Compiling proc-macro-error-attr v1.0.4
[INFO] [stderr]    Compiling thiserror v1.0.37
[INFO] [stderr]    Compiling cc v1.0.77
[INFO] [stderr]    Compiling rkyv v0.7.39
[INFO] [stderr]    Compiling log v0.4.17
[INFO] [stderr]    Compiling cranelift-codegen-shared v0.86.1
[INFO] [stderr]    Compiling getrandom v0.2.8
[INFO] [stderr]    Compiling cranelift-codegen-meta v0.86.1
[INFO] [stderr]    Compiling corosensei v0.1.3
[INFO] [stderr]    Compiling memoffset v0.6.5
[INFO] [stderr]    Compiling hashbrown v0.12.3
[INFO] [stderr]    Compiling proc-macro-error v1.0.4
[INFO] [stderr]    Compiling seahash v4.1.0
[INFO] [stderr]    Compiling adler v1.0.2
[INFO] [stderr]    Compiling smallvec v1.10.0
[INFO] [stderr]    Compiling backtrace v0.3.66
[INFO] [stderr]    Compiling byteorder v1.4.3
[INFO] [stderr]    Compiling leb128 v0.2.5
[INFO] [stderr]    Compiling miniz_oxide v0.5.4
[INFO] [stderr]    Compiling fxhash v0.2.1
[INFO] [stderr]    Compiling gimli v0.26.2
[INFO] [stderr]    Compiling object v0.29.0
[INFO] [stderr]    Compiling slice-group-by v0.3.0
[INFO] [stderr]    Compiling io-lifetimes v1.0.3
[INFO] [stderr]    Compiling cranelift-entity v0.86.1
[INFO] [stderr]    Compiling more-asserts v0.2.2
[INFO] [stderr]    Compiling rustc-demangle v0.1.21
[INFO] [stderr]    Compiling rayon-core v1.10.1
[INFO] [stderr]    Compiling cranelift-bforest v0.86.1
[INFO] [stderr]    Compiling regalloc2 v0.3.2
[INFO] [stderr]    Compiling crossbeam-deque v0.8.2
[INFO] [stderr]    Compiling num_cpus v1.14.0
[INFO] [stderr]    Compiling region v3.0.0
[INFO] [stderr]    Compiling crossbeam-channel v0.5.6
[INFO] [stderr]    Compiling darling_core v0.14.2
[INFO] [stderr]    Compiling cranelift-codegen v0.86.1
[INFO] [stderr]    Compiling lazy_static v1.4.0
[INFO] [stderr]    Compiling rustix v0.36.5
[INFO] [stderr]    Compiling serde_derive v1.0.152
[INFO] [stderr]    Compiling addr2line v0.17.0
[INFO] [stderr]    Compiling wasm-encoder v0.20.0
[INFO] [stderr]    Compiling memmap2 v0.5.8
[INFO] [stderr]    Compiling tracing-core v0.1.30
[INFO] [stderr]    Compiling unicode-width v0.1.10
[INFO] [stderr]    Compiling wasmparser v0.83.0
[INFO] [stderr]    Compiling ptr_meta_derive v0.1.4
[INFO] [stderr]    Compiling bytecheck_derive v0.6.9
[INFO] [stderr]    Compiling darling_macro v0.14.2
[INFO] [stderr]    Compiling enum-iterator-derive v0.7.0
[INFO] [stderr]    Compiling thiserror-impl v1.0.37
[INFO] [stderr]    Compiling ptr_meta v0.1.4
[INFO] [stderr]    Compiling rkyv_derive v0.7.39
[INFO] [stdout] error: linking with `cc` failed: exit status: 1
[INFO] [stdout]   |
[INFO] [stdout]   = note: LC_ALL="C" PATH="/opt/rustwide/rustup-home/toolchains/1.69.0-x86_64-unknown-linux-gnu/lib/rustlib/x86_64-unknown-linux-gnu/bin:/opt/rustwide/cargo-home/bin:/usr/local/sbin:/usr/local/bin:/usr/sbin:/usr/bin:/sbin:/bin" VSLANG="1033" "cc" "-Wl,--version-script=/tmp/rustcHlHRwF/list" "-m64" "/tmp/rustcHlHRwF/symbols.o" "/opt/rustwide/target/debug/deps/darling_macro-d060297dc3acad2b.darling_macro.9586af96-cgu.0.rcgu.o" "/opt/rustwide/target/debug/deps/darling_macro-d060297dc3acad2b.darling_macro.9586af96-cgu.1.rcgu.o" "/opt/rustwide/target/debug/deps/darling_macro-d060297dc3acad2b.darling_macro.9586af96-cgu.10.rcgu.o" "/opt/rustwide/target/debug/deps/darling_macro-d060297dc3acad2b.darling_macro.9586af96-cgu.11.rcgu.o" "/opt/rustwide/target/debug/deps/darling_macro-d060297dc3acad2b.darling_macro.9586af96-cgu.12.rcgu.o" "/opt/rustwide/target/debug/deps/darling_macro-d060297dc3acad2b.darling_macro.9586af96-cgu.13.rcgu.o" "/opt/rustwide/target/debug/deps/darling_macro-d060297dc3acad2b.darling_macro.9586af96-cgu.14.rcgu.o" "/opt/rustwide/target/debug/deps/darling_macro-d060297dc3acad2b.darling_macro.9586af96-cgu.15.rcgu.o" "/opt/rustwide/target/debug/deps/darling_macro-d060297dc3acad2b.darling_macro.9586af96-cgu.2.rcgu.o" "/opt/rustwide/target/debug/deps/darling_macro-d060297dc3acad2b.darling_macro.9586af96-cgu.3.rcgu.o" "/opt/rustwide/target/debug/deps/darling_macro-d060297dc3acad2b.darling_macro.9586af96-cgu.4.rcgu.o" "/opt/rustwide/target/debug/deps/darling_macro-d060297dc3acad2b.darling_macro.9586af96-cgu.5.rcgu.o" "/opt/rustwide/target/debug/deps/darling_macro-d060297dc3acad2b.darling_macro.9586af96-cgu.6.rcgu.o" "/opt/rustwide/target/debug/deps/darling_macro-d060297dc3acad2b.darling_macro.9586af96-cgu.7.rcgu.o" "/opt/rustwide/target/debug/deps/darling_macro-d060297dc3acad2b.darling_macro.9586af96-cgu.8.rcgu.o" "/opt/rustwide/target/debug/deps/darling_macro-d060297dc3acad2b.darling_macro.9586af96-cgu.9.rcgu.o" "/opt/rustwide/target/debug/deps/darling_macro-d060297dc3acad2b.ikb49y06dhq7cg8.rcgu.rmeta" "/opt/rustwide/target/debug/deps/darling_macro-d060297dc3acad2b.36d1uxazhchp4qu4.rcgu.o" "-Wl,--as-needed" "-L" "/opt/rustwide/target/debug/deps" "-L" "/opt/rustwide/rustup-home/toolchains/1.69.0-x86_64-unknown-linux-gnu/lib/rustlib/x86_64-unknown-linux-gnu/lib" "-Wl,-Bstatic" "/opt/rustwide/target/debug/deps/libdarling_core-ee2657eb02fc6d6c.rlib" "/opt/rustwide/target/debug/deps/libident_case-d884ae8784ebd51a.rlib" "/opt/rustwide/target/debug/deps/libfnv-04cb5003badb0101.rlib" "/opt/rustwide/target/debug/deps/libsyn-2d1469af5a0e78f8.rlib" "/opt/rustwide/target/debug/deps/libquote-99075507a0a13abe.rlib" "/opt/rustwide/target/debug/deps/libproc_macro2-fd97952af0905d91.rlib" "/opt/rustwide/target/debug/deps/libunicode_ident-2ce671412240cc57.rlib" "/opt/rustwide/rustup-home/toolchains/1.69.0-x86_64-unknown-linux-gnu/lib/rustlib/x86_64-unknown-linux-gnu/lib/libproc_macro-3627dfecd49b0535.rlib" "/opt/rustwide/rustup-home/toolchains/1.69.0-x86_64-unknown-linux-gnu/lib/rustlib/x86_64-unknown-linux-gnu/lib/libstd-89bc084783fdc439.rlib" "/opt/rustwide/rustup-home/toolchains/1.69.0-x86_64-unknown-linux-gnu/lib/rustlib/x86_64-unknown-linux-gnu/lib/libpanic_unwind-8bee4b287d4367c1.rlib" "/opt/rustwide/rustup-home/toolchains/1.69.0-x86_64-unknown-linux-gnu/lib/rustlib/x86_64-unknown-linux-gnu/lib/libobject-d61707aed80694c0.rlib" "/opt/rustwide/rustup-home/toolchains/1.69.0-x86_64-unknown-linux-gnu/lib/rustlib/x86_64-unknown-linux-gnu/lib/libmemchr-d85366256f22345b.rlib" "/opt/rustwide/rustup-home/toolchains/1.69.0-x86_64-unknown-linux-gnu/lib/rustlib/x86_64-unknown-linux-gnu/lib/libaddr2line-96069b86b8a8cae9.rlib" "/opt/rustwide/rustup-home/toolchains/1.69.0-x86_64-unknown-linux-gnu/lib/rustlib/x86_64-unknown-linux-gnu/lib/libgimli-d19d53abf68dfa6c.rlib" "/opt/rustwide/rustup-home/toolchains/1.69.0-x86_64-unknown-linux-gnu/lib/rustlib/x86_64-unknown-linux-gnu/lib/librustc_demangle-787cbccd19d64ac6.rlib" "/opt/rustwide/rustup-home/toolchains/1.69.0-x86_64-unknown-linux-gnu/lib/rustlib/x86_64-unknown-linux-gnu/lib/libstd_detect-b3837a36b830e0d0.rlib" "/opt/rustwide/rustup-home/toolchains/1.69.0-x86_64-unknown-linux-gnu/lib/rustlib/x86_64-unknown-linux-gnu/lib/libhashbrown-e3deb0e7e3f04966.rlib" "/opt/rustwide/rustup-home/toolchains/1.69.0-x86_64-unknown-linux-gnu/lib/rustlib/x86_64-unknown-linux-gnu/lib/libminiz_oxide-dabbb79c9815def4.rlib" "/opt/rustwide/rustup-home/toolchains/1.69.0-x86_64-unknown-linux-gnu/lib/rustlib/x86_64-unknown-linux-gnu/lib/libadler-305b01f34c9409f2.rlib" "/opt/rustwide/rustup-home/toolchains/1.69.0-x86_64-unknown-linux-gnu/lib/rustlib/x86_64-unknown-linux-gnu/lib/librustc_std_workspace_alloc-f833521df6074e73.rlib" "/opt/rustwide/rustup-home/toolchains/1.69.0-x86_64-unknown-linux-gnu/lib/rustlib/x86_64-unknown-linux-gnu/lib/libunwind-9ac333113350d171.rlib" "/opt/rustwide/rustup-home/toolchains/1.69.0-x86_64-unknown-linux-gnu/lib/rustlib/x86_64-unknown-linux-gnu/lib/libcfg_if-1c126114322d0eee.rlib" "/opt/rustwide/rustup-home/toolchains/1.69.0-x86_64-unknown-linux-gnu/lib/rustlib/x86_64-unknown-linux-gnu/lib/liblibc-bad9164fdeeecf92.rlib" "/opt/rustwide/rustup-home/toolchains/1.69.0-x86_64-unknown-linux-gnu/lib/rustlib/x86_64-unknown-linux-gnu/lib/liballoc-f9374b1e480fa681.rlib" "/opt/rustwide/rustup-home/toolchains/1.69.0-x86_64-unknown-linux-gnu/lib/rustlib/x86_64-unknown-linux-gnu/lib/librustc_std_workspace_core-207f06e41d9603af.rlib" "/opt/rustwide/rustup-home/toolchains/1.69.0-x86_64-unknown-linux-gnu/lib/rustlib/x86_64-unknown-linux-gnu/lib/libcore-7e2768e66e984e85.rlib" "/opt/rustwide/rustup-home/toolchains/1.69.0-x86_64-unknown-linux-gnu/lib/rustlib/x86_64-unknown-linux-gnu/lib/libcompiler_builtins-957b4aff41f8cd46.rlib" "-Wl,-Bdynamic" "-lgcc_s" "-lutil" "-lrt" "-lpthread" "-lm" "-ldl" "-lc" "-Wl,--eh-frame-hdr" "-Wl,-z,noexecstack" "-L" "/opt/rustwide/rustup-home/toolchains/1.69.0-x86_64-unknown-linux-gnu/lib/rustlib/x86_64-unknown-linux-gnu/lib" "-o" "/opt/rustwide/target/debug/deps/libdarling_macro-d060297dc3acad2b.so" "-Wl,--gc-sections" "-shared" "-Wl,-z,relro,-z,now" "-nodefaultlibs"
[INFO] [stdout]   = note: /usr/bin/ld: final link failed: No space left on device
[INFO] [stdout]           collect2: error: ld returned 1 exit status
[INFO] [stdout]           
[INFO] [stdout] 
[INFO] [stdout] 
[INFO] [stdout] error: aborting due to previous error
[INFO] [stdout] 
[INFO] [stdout] 
[INFO] [stderr] error: could not compile `darling_macro` due to 2 previous errors
[INFO] [stderr] warning: build failed, waiting for other jobs to finish...
[INFO] [stderr] LLVM ERROR: IO failure on output stream: No space left on device
[INFO] [stderr] error: could not compile `backtrace`
[INFO] [stdout] error: linking with `cc` failed: exit status: 1
[INFO] [stdout]   |
[INFO] [stdout]   = note: LC_ALL="C" PATH="/opt/rustwide/rustup-home/toolchains/1.69.0-x86_64-unknown-linux-gnu/lib/rustlib/x86_64-unknown-linux-gnu/bin:/opt/rustwide/cargo-home/bin:/usr/local/sbin:/usr/local/bin:/usr/sbin:/usr/bin:/sbin:/bin" VSLANG="1033" "cc" "-Wl,--version-script=/tmp/rustc0JlyTr/list" "-m64" "/tmp/rustc0JlyTr/symbols.o" "/opt/rustwide/target/debug/deps/enum_iterator_derive-d5612602c9870840.enum_iterator_derive.a2ebae8f-cgu.0.rcgu.o" "/opt/rustwide/target/debug/deps/enum_iterator_derive-d5612602c9870840.enum_iterator_derive.a2ebae8f-cgu.1.rcgu.o" "/opt/rustwide/target/debug/deps/enum_iterator_derive-d5612602c9870840.enum_iterator_derive.a2ebae8f-cgu.10.rcgu.o" "/opt/rustwide/target/debug/deps/enum_iterator_derive-d5612602c9870840.enum_iterator_derive.a2ebae8f-cgu.11.rcgu.o" "/opt/rustwide/target/debug/deps/enum_iterator_derive-d5612602c9870840.enum_iterator_derive.a2ebae8f-cgu.12.rcgu.o" "/opt/rustwide/target/debug/deps/enum_iterator_derive-d5612602c9870840.enum_iterator_derive.a2ebae8f-cgu.13.rcgu.o" "/opt/rustwide/target/debug/deps/enum_iterator_derive-d5612602c9870840.enum_iterator_derive.a2ebae8f-cgu.14.rcgu.o" "/opt/rustwide/target/debug/deps/enum_iterator_derive-d5612602c9870840.enum_iterator_derive.a2ebae8f-cgu.15.rcgu.o" "/opt/rustwide/target/debug/deps/enum_iterator_derive-d5612602c9870840.enum_iterator_derive.a2ebae8f-cgu.2.rcgu.o" "/opt/rustwide/target/debug/deps/enum_iterator_derive-d5612602c9870840.enum_iterator_derive.a2ebae8f-cgu.3.rcgu.o" "/opt/rustwide/target/debug/deps/enum_iterator_derive-d5612602c9870840.enum_iterator_derive.a2ebae8f-cgu.4.rcgu.o" "/opt/rustwide/target/debug/deps/enum_iterator_derive-d5612602c9870840.enum_iterator_derive.a2ebae8f-cgu.5.rcgu.o" "/opt/rustwide/target/debug/deps/enum_iterator_derive-d5612602c9870840.enum_iterator_derive.a2ebae8f-cgu.6.rcgu.o" "/opt/rustwide/target/debug/deps/enum_iterator_derive-d5612602c9870840.enum_iterator_derive.a2ebae8f-cgu.7.rcgu.o" "/opt/rustwide/target/debug/deps/enum_iterator_derive-d5612602c9870840.enum_iterator_derive.a2ebae8f-cgu.8.rcgu.o" "/opt/rustwide/target/debug/deps/enum_iterator_derive-d5612602c9870840.enum_iterator_derive.a2ebae8f-cgu.9.rcgu.o" "/opt/rustwide/target/debug/deps/enum_iterator_derive-d5612602c9870840.54oqsrnalnjpopkm.rcgu.rmeta" "/opt/rustwide/target/debug/deps/enum_iterator_derive-d5612602c9870840.1qqmfulwljyi0uxt.rcgu.o" "-Wl,--as-needed" "-L" "/opt/rustwide/target/debug/deps" "-L" "/opt/rustwide/rustup-home/toolchains/1.69.0-x86_64-unknown-linux-gnu/lib/rustlib/x86_64-unknown-linux-gnu/lib" "-Wl,-Bstatic" "/opt/rustwide/target/debug/deps/libsyn-2d1469af5a0e78f8.rlib" "/opt/rustwide/target/debug/deps/libquote-99075507a0a13abe.rlib" "/opt/rustwide/target/debug/deps/libproc_macro2-fd97952af0905d91.rlib" "/opt/rustwide/target/debug/deps/libunicode_ident-2ce671412240cc57.rlib" "/opt/rustwide/rustup-home/toolchains/1.69.0-x86_64-unknown-linux-gnu/lib/rustlib/x86_64-unknown-linux-gnu/lib/libproc_macro-3627dfecd49b0535.rlib" "/opt/rustwide/rustup-home/toolchains/1.69.0-x86_64-unknown-linux-gnu/lib/rustlib/x86_64-unknown-linux-gnu/lib/libstd-89bc084783fdc439.rlib" "/opt/rustwide/rustup-home/toolchains/1.69.0-x86_64-unknown-linux-gnu/lib/rustlib/x86_64-unknown-linux-gnu/lib/libpanic_unwind-8bee4b287d4367c1.rlib" "/opt/rustwide/rustup-home/toolchains/1.69.0-x86_64-unknown-linux-gnu/lib/rustlib/x86_64-unknown-linux-gnu/lib/libobject-d61707aed80694c0.rlib" "/opt/rustwide/rustup-home/toolchains/1.69.0-x86_64-unknown-linux-gnu/lib/rustlib/x86_64-unknown-linux-gnu/lib/libmemchr-d85366256f22345b.rlib" "/opt/rustwide/rustup-home/toolchains/1.69.0-x86_64-unknown-linux-gnu/lib/rustlib/x86_64-unknown-linux-gnu/lib/libaddr2line-96069b86b8a8cae9.rlib" "/opt/rustwide/rustup-home/toolchains/1.69.0-x86_64-unknown-linux-gnu/lib/rustlib/x86_64-unknown-linux-gnu/lib/libgimli-d19d53abf68dfa6c.rlib" "/opt/rustwide/rustup-home/toolchains/1.69.0-x86_64-unknown-linux-gnu/lib/rustlib/x86_64-unknown-linux-gnu/lib/librustc_demangle-787cbccd19d64ac6.rlib" "/opt/rustwide/rustup-home/toolchains/1.69.0-x86_64-unknown-linux-gnu/lib/rustlib/x86_64-unknown-linux-gnu/lib/libstd_detect-b3837a36b830e0d0.rlib" "/opt/rustwide/rustup-home/toolchains/1.69.0-x86_64-unknown-linux-gnu/lib/rustlib/x86_64-unknown-linux-gnu/lib/libhashbrown-e3deb0e7e3f04966.rlib" "/opt/rustwide/rustup-home/toolchains/1.69.0-x86_64-unknown-linux-gnu/lib/rustlib/x86_64-unknown-linux-gnu/lib/libminiz_oxide-dabbb79c9815def4.rlib" "/opt/rustwide/rustup-home/toolchains/1.69.0-x86_64-unknown-linux-gnu/lib/rustlib/x86_64-unknown-linux-gnu/lib/libadler-305b01f34c9409f2.rlib" "/opt/rustwide/rustup-home/toolchains/1.69.0-x86_64-unknown-linux-gnu/lib/rustlib/x86_64-unknown-linux-gnu/lib/librustc_std_workspace_alloc-f833521df6074e73.rlib" "/opt/rustwide/rustup-home/toolchains/1.69.0-x86_64-unknown-linux-gnu/lib/rustlib/x86_64-unknown-linux-gnu/lib/libunwind-9ac333113350d171.rlib" "/opt/rustwide/rustup-home/toolchains/1.69.0-x86_64-unknown-linux-gnu/lib/rustlib/x86_64-unknown-linux-gnu/lib/libcfg_if-1c126114322d0eee.rlib" "/opt/rustwide/rustup-home/toolchains/1.69.0-x86_64-unknown-linux-gnu/lib/rustlib/x86_64-unknown-linux-gnu/lib/liblibc-bad9164fdeeecf92.rlib" "/opt/rustwide/rustup-home/toolchains/1.69.0-x86_64-unknown-linux-gnu/lib/rustlib/x86_64-unknown-linux-gnu/lib/liballoc-f9374b1e480fa681.rlib" "/opt/rustwide/rustup-home/toolchains/1.69.0-x86_64-unknown-linux-gnu/lib/rustlib/x86_64-unknown-linux-gnu/lib/librustc_std_workspace_core-207f06e41d9603af.rlib" "/opt/rustwide/rustup-home/toolchains/1.69.0-x86_64-unknown-linux-gnu/lib/rustlib/x86_64-unknown-linux-gnu/lib/libcore-7e2768e66e984e85.rlib" "/opt/rustwide/rustup-home/toolchains/1.69.0-x86_64-unknown-linux-gnu/lib/rustlib/x86_64-unknown-linux-gnu/lib/libcompiler_builtins-957b4aff41f8cd46.rlib" "-Wl,-Bdynamic" "-lgcc_s" "-lutil" "-lrt" "-lpthread" "-lm" "-ldl" "-lc" "-Wl,--eh-frame-hdr" "-Wl,-z,noexecstack" "-L" "/opt/rustwide/rustup-home/toolchains/1.69.0-x86_64-unknown-linux-gnu/lib/rustlib/x86_64-unknown-linux-gnu/lib" "-o" "/opt/rustwide/target/debug/deps/libenum_iterator_derive-d5612602c9870840.so" "-Wl,--gc-sections" "-shared" "-Wl,-z,relro,-z,now" "-nodefaultlibs"
[INFO] [stdout]   = note: /usr/bin/ld: final link failed: No space left on device
[INFO] [stdout]           collect2: error: ld returned 1 exit status
[INFO] [stdout]           
[INFO] [stdout] 
[INFO] [stdout] 
[INFO] [stderr] error: could not compile `enum-iterator-derive` due to previous error
[INFO] [stdout] error: linking with `cc` failed: exit status: 1
[INFO] [stdout]   |
[INFO] [stdout]   = note: LC_ALL="C" PATH="/opt/rustwide/rustup-home/toolchains/1.69.0-x86_64-unknown-linux-gnu/lib/rustlib/x86_64-unknown-linux-gnu/bin:/opt/rustwide/cargo-home/bin:/usr/local/sbin:/usr/local/bin:/usr/sbin:/usr/bin:/sbin:/bin" VSLANG="1033" "cc" "-Wl,--version-script=/tmp/rustcyt9Dhx/list" "-m64" "/tmp/rustcyt9Dhx/symbols.o" "/opt/rustwide/target/debug/deps/bytecheck_derive-09b72bac156ee149.bytecheck_derive.013462a6-cgu.0.rcgu.o" "/opt/rustwide/target/debug/deps/bytecheck_derive-09b72bac156ee149.bytecheck_derive.013462a6-cgu.1.rcgu.o" "/opt/rustwide/target/debug/deps/bytecheck_derive-09b72bac156ee149.bytecheck_derive.013462a6-cgu.10.rcgu.o" "/opt/rustwide/target/debug/deps/bytecheck_derive-09b72bac156ee149.bytecheck_derive.013462a6-cgu.11.rcgu.o" "/opt/rustwide/target/debug/deps/bytecheck_derive-09b72bac156ee149.bytecheck_derive.013462a6-cgu.12.rcgu.o" "/opt/rustwide/target/debug/deps/bytecheck_derive-09b72bac156ee149.bytecheck_derive.013462a6-cgu.13.rcgu.o" "/opt/rustwide/target/debug/deps/bytecheck_derive-09b72bac156ee149.bytecheck_derive.013462a6-cgu.14.rcgu.o" "/opt/rustwide/target/debug/deps/bytecheck_derive-09b72bac156ee149.bytecheck_derive.013462a6-cgu.15.rcgu.o" "/opt/rustwide/target/debug/deps/bytecheck_derive-09b72bac156ee149.bytecheck_derive.013462a6-cgu.2.rcgu.o" "/opt/rustwide/target/debug/deps/bytecheck_derive-09b72bac156ee149.bytecheck_derive.013462a6-cgu.3.rcgu.o" "/opt/rustwide/target/debug/deps/bytecheck_derive-09b72bac156ee149.bytecheck_derive.013462a6-cgu.4.rcgu.o" "/opt/rustwide/target/debug/deps/bytecheck_derive-09b72bac156ee149.bytecheck_derive.013462a6-cgu.5.rcgu.o" "/opt/rustwide/target/debug/deps/bytecheck_derive-09b72bac156ee149.bytecheck_derive.013462a6-cgu.6.rcgu.o" "/opt/rustwide/target/debug/deps/bytecheck_derive-09b72bac156ee149.bytecheck_derive.013462a6-cgu.7.rcgu.o" "/opt/rustwide/target/debug/deps/bytecheck_derive-09b72bac156ee149.bytecheck_derive.013462a6-cgu.8.rcgu.o" "/opt/rustwide/target/debug/deps/bytecheck_derive-09b72bac156ee149.bytecheck_derive.013462a6-cgu.9.rcgu.o" "/opt/rustwide/target/debug/deps/bytecheck_derive-09b72bac156ee149.1u14qo12zqm109cq.rcgu.rmeta" "/opt/rustwide/target/debug/deps/bytecheck_derive-09b72bac156ee149.46qvnku5kr25g0x0.rcgu.o" "-Wl,--as-needed" "-L" "/opt/rustwide/target/debug/deps" "-L" "/opt/rustwide/rustup-home/toolchains/1.69.0-x86_64-unknown-linux-gnu/lib/rustlib/x86_64-unknown-linux-gnu/lib" "-Wl,-Bstatic" "/opt/rustwide/target/debug/deps/libsyn-2d1469af5a0e78f8.rlib" "/opt/rustwide/target/debug/deps/libquote-99075507a0a13abe.rlib" "/opt/rustwide/target/debug/deps/libproc_macro2-fd97952af0905d91.rlib" "/opt/rustwide/target/debug/deps/libunicode_ident-2ce671412240cc57.rlib" "/opt/rustwide/rustup-home/toolchains/1.69.0-x86_64-unknown-linux-gnu/lib/rustlib/x86_64-unknown-linux-gnu/lib/libproc_macro-3627dfecd49b0535.rlib" "/opt/rustwide/rustup-home/toolchains/1.69.0-x86_64-unknown-linux-gnu/lib/rustlib/x86_64-unknown-linux-gnu/lib/libstd-89bc084783fdc439.rlib" "/opt/rustwide/rustup-home/toolchains/1.69.0-x86_64-unknown-linux-gnu/lib/rustlib/x86_64-unknown-linux-gnu/lib/libpanic_unwind-8bee4b287d4367c1.rlib" "/opt/rustwide/rustup-home/toolchains/1.69.0-x86_64-unknown-linux-gnu/lib/rustlib/x86_64-unknown-linux-gnu/lib/libobject-d61707aed80694c0.rlib" "/opt/rustwide/rustup-home/toolchains/1.69.0-x86_64-unknown-linux-gnu/lib/rustlib/x86_64-unknown-linux-gnu/lib/libmemchr-d85366256f22345b.rlib" "/opt/rustwide/rustup-home/toolchains/1.69.0-x86_64-unknown-linux-gnu/lib/rustlib/x86_64-unknown-linux-gnu/lib/libaddr2line-96069b86b8a8cae9.rlib" "/opt/rustwide/rustup-home/toolchains/1.69.0-x86_64-unknown-linux-gnu/lib/rustlib/x86_64-unknown-linux-gnu/lib/libgimli-d19d53abf68dfa6c.rlib" "/opt/rustwide/rustup-home/toolchains/1.69.0-x86_64-unknown-linux-gnu/lib/rustlib/x86_64-unknown-linux-gnu/lib/librustc_demangle-787cbccd19d64ac6.rlib" "/opt/rustwide/rustup-home/toolchains/1.69.0-x86_64-unknown-linux-gnu/lib/rustlib/x86_64-unknown-linux-gnu/lib/libstd_detect-b3837a36b830e0d0.rlib" "/opt/rustwide/rustup-home/toolchains/1.69.0-x86_64-unknown-linux-gnu/lib/rustlib/x86_64-unknown-linux-gnu/lib/libhashbrown-e3deb0e7e3f04966.rlib" "/opt/rustwide/rustup-home/toolchains/1.69.0-x86_64-unknown-linux-gnu/lib/rustlib/x86_64-unknown-linux-gnu/lib/libminiz_oxide-dabbb79c9815def4.rlib" "/opt/rustwide/rustup-home/toolchains/1.69.0-x86_64-unknown-linux-gnu/lib/rustlib/x86_64-unknown-linux-gnu/lib/libadler-305b01f34c9409f2.rlib" "/opt/rustwide/rustup-home/toolchains/1.69.0-x86_64-unknown-linux-gnu/lib/rustlib/x86_64-unknown-linux-gnu/lib/librustc_std_workspace_alloc-f833521df6074e73.rlib" "/opt/rustwide/rustup-home/toolchains/1.69.0-x86_64-unknown-linux-gnu/lib/rustlib/x86_64-unknown-linux-gnu/lib/libunwind-9ac333113350d171.rlib" "/opt/rustwide/rustup-home/toolchains/1.69.0-x86_64-unknown-linux-gnu/lib/rustlib/x86_64-unknown-linux-gnu/lib/libcfg_if-1c126114322d0eee.rlib" "/opt/rustwide/rustup-home/toolchains/1.69.0-x86_64-unknown-linux-gnu/lib/rustlib/x86_64-unknown-linux-gnu/lib/liblibc-bad9164fdeeecf92.rlib" "/opt/rustwide/rustup-home/toolchains/1.69.0-x86_64-unknown-linux-gnu/lib/rustlib/x86_64-unknown-linux-gnu/lib/liballoc-f9374b1e480fa681.rlib" "/opt/rustwide/rustup-home/toolchains/1.69.0-x86_64-unknown-linux-gnu/lib/rustlib/x86_64-unknown-linux-gnu/lib/librustc_std_workspace_core-207f06e41d9603af.rlib" "/opt/rustwide/rustup-home/toolchains/1.69.0-x86_64-unknown-linux-gnu/lib/rustlib/x86_64-unknown-linux-gnu/lib/libcore-7e2768e66e984e85.rlib" "/opt/rustwide/rustup-home/toolchains/1.69.0-x86_64-unknown-linux-gnu/lib/rustlib/x86_64-unknown-linux-gnu/lib/libcompiler_builtins-957b4aff41f8cd46.rlib" "-Wl,-Bdynamic" "-lgcc_s" "-lutil" "-lrt" "-lpthread" "-lm" "-ldl" "-lc" "-Wl,--eh-frame-hdr" "-Wl,-z,noexecstack" "-L" "/opt/rustwide/rustup-home/toolchains/1.69.0-x86_64-unknown-linux-gnu/lib/rustlib/x86_64-unknown-linux-gnu/lib" "-o" "/opt/rustwide/target/debug/deps/libbytecheck_derive-09b72bac156ee149.so" "-Wl,--gc-sections" "-shared" "-Wl,-z,relro,-z,now" "-nodefaultlibs"
[INFO] [stdout]   = note: /usr/bin/ld: final link failed: No space left on device
[INFO] [stdout]           collect2: error: ld returned 1 exit status
[INFO] [stdout]           
[INFO] [stdout] 
[INFO] [stdout] 
[INFO] [stdout] error: aborting due to previous error
[INFO] [stdout] 
[INFO] [stdout] 
[INFO] [stderr] error: could not compile `bytecheck_derive` due to 2 previous errors
[INFO] [stdout] error: error writing metadata object file: No space left on device (os error 28)
[INFO] [stdout] 
[INFO] [stdout] 
[INFO] [stderr] error: could not compile `thiserror-impl` due to previous error
[INFO] [stderr] thread 'rustc' panicked at 'assertion failed: pos.get() <= self.position()', compiler/rustc_metadata/src/rmeta/encoder.rs:435:9
[INFO] [stderr] error: could not compile `wasmparser`
[INFO] [stderr] The following warnings were emitted during compilation:
[INFO] [stderr] 
[INFO] [stderr] warning: Failed to run `rustfmt` on ISLE-generated code: Os { code: 32, kind: BrokenPipe, message: "Broken pipe" }
[INFO] [stderr] warning: Failed to run `rustfmt` on ISLE-generated code: Os { code: 32, kind: BrokenPipe, message: "Broken pipe" }
[INFO] [stderr] warning: Failed to run `rustfmt` on ISLE-generated code: Os { code: 32, kind: BrokenPipe, message: "Broken pipe" }
[INFO] [stderr] 
[INFO] [stderr] error: failed to run custom build command for `cranelift-codegen v0.86.1`
[INFO] [stderr] note: To improve backtraces for build dependencies, set the CARGO_PROFILE_DEV_BUILD_OVERRIDE_DEBUG=true environment variable to enable debug information generation.
[INFO] [stderr] 
[INFO] [stderr] Caused by:
[INFO] [stderr]   process didn't exit successfully: `/opt/rustwide/target/debug/build/cranelift-codegen-9dcfcf8fa9698b91/build-script-build` (exit status: 1)
[INFO] [stderr]   --- stdout
[INFO] [stderr]   cargo:rerun-if-changed=build.rs
[INFO] [stderr]   cargo:rerun-if-changed=src/prelude.isle
[INFO] [stderr]   cargo:rerun-if-changed=src/isa/x64/inst.isle
[INFO] [stderr]   cargo:rerun-if-changed=src/isa/x64/lower.isle
[INFO] [stderr]   cargo:warning=Failed to run `rustfmt` on ISLE-generated code: Os { code: 32, kind: BrokenPipe, message: "Broken pipe" }
[INFO] [stderr]   cargo:rerun-if-changed=src/prelude.isle
[INFO] [stderr]   cargo:rerun-if-changed=src/isa/aarch64/inst.isle
[INFO] [stderr]   cargo:rerun-if-changed=src/isa/aarch64/lower.isle
[INFO] [stderr]   cargo:warning=Failed to run `rustfmt` on ISLE-generated code: Os { code: 32, kind: BrokenPipe, message: "Broken pipe" }
[INFO] [stderr]   cargo:rerun-if-changed=src/prelude.isle
[INFO] [stderr]   cargo:rerun-if-changed=src/isa/s390x/inst.isle
[INFO] [stderr]   cargo:rerun-if-changed=src/isa/s390x/lower.isle
[INFO] [stderr]   cargo:warning=Failed to run `rustfmt` on ISLE-generated code: Os { code: 32, kind: BrokenPipe, message: "Broken pipe" }
[INFO] [stderr] 
[INFO] [stderr]   --- stderr
[INFO] [stderr]   Writing generated file: /opt/rustwide/target/debug/build/cranelift-codegen-2cd22499cd000026/out/settings.rs
[INFO] [stderr]   Writing generated file: /opt/rustwide/target/debug/build/cranelift-codegen-2cd22499cd000026/out/types.rs
[INFO] [stderr]   Writing generated file: /opt/rustwide/target/debug/build/cranelift-codegen-2cd22499cd000026/out/opcodes.rs
[INFO] [stderr]   Writing generated file: /opt/rustwide/target/debug/build/cranelift-codegen-2cd22499cd000026/out/clif.isle
[INFO] [stderr]   Writing generated file: /opt/rustwide/target/debug/build/cranelift-codegen-2cd22499cd000026/out/inst_builder.rs
[INFO] [stderr]   Writing generated file: /opt/rustwide/target/debug/build/cranelift-codegen-2cd22499cd000026/out/settings-x86.rs
[INFO] [stderr]   Writing generated file: /opt/rustwide/target/debug/build/cranelift-codegen-2cd22499cd000026/out/settings-arm64.rs
[INFO] [stderr]   Rebuilding /opt/rustwide/target/debug/build/cranelift-codegen-2cd22499cd000026/out/isle_x64.rs
[INFO] [stderr]   error: 'rustfmt' is not installed for the toolchain '1.69.0-x86_64-unknown-linux-gnu'
[INFO] [stderr]   To install, run `rustup component add rustfmt --toolchain 1.69.0-x86_64-unknown-linux-gnu`
[INFO] [stderr]   Writing ISLE-generated Rust code to /opt/rustwide/target/debug/build/cranelift-codegen-2cd22499cd000026/out/isle_x64.rs
[INFO] [stderr]   Rebuilding /opt/rustwide/target/debug/build/cranelift-codegen-2cd22499cd000026/out/isle_aarch64.rs
[INFO] [stderr]   error: 'rustfmt' is not installed for the toolchain '1.69.0-x86_64-unknown-linux-gnu'
[INFO] [stderr]   To install, run `rustup component add rustfmt --toolchain 1.69.0-x86_64-unknown-linux-gnu`
[INFO] [stderr]   Writing ISLE-generated Rust code to /opt/rustwide/target/debug/build/cranelift-codegen-2cd22499cd000026/out/isle_aarch64.rs
[INFO] [stderr]   Rebuilding /opt/rustwide/target/debug/build/cranelift-codegen-2cd22499cd000026/out/isle_s390x.rs
[INFO] [stderr]   error: 'rustfmt' is not installed for the toolchain '1.69.0-x86_64-unknown-linux-gnu'
[INFO] [stderr]   To install, run `rustup component add rustfmt --toolchain 1.69.0-x86_64-unknown-linux-gnu`
[INFO] [stderr]   Writing ISLE-generated Rust code to /opt/rustwide/target/debug/build/cranelift-codegen-2cd22499cd000026/out/isle_s390x.rs
[INFO] [stderr]   Error building ISLE files: Os { code: 28, kind: StorageFull, message: "No space left on device" }
[INFO] [stdout] error: linking with `cc` failed: exit status: 1
[INFO] [stdout]   |
[INFO] [stdout]   = note: LC_ALL="C" PATH="/opt/rustwide/rustup-home/toolchains/1.69.0-x86_64-unknown-linux-gnu/lib/rustlib/x86_64-unknown-linux-gnu/bin:/opt/rustwide/cargo-home/bin:/usr/local/sbin:/usr/local/bin:/usr/sbin:/usr/bin:/sbin:/bin" VSLANG="1033" "cc" "-Wl,--version-script=/tmp/rustcAufVCk/list" "-m64" "/tmp/rustcAufVCk/symbols.o" "/opt/rustwide/target/debug/deps/rkyv_derive-f9aa6e64a51b09b2.rkyv_derive.46a4aef0-cgu.0.rcgu.o" "/opt/rustwide/target/debug/deps/rkyv_derive-f9aa6e64a51b09b2.rkyv_derive.46a4aef0-cgu.1.rcgu.o" "/opt/rustwide/target/debug/deps/rkyv_derive-f9aa6e64a51b09b2.rkyv_derive.46a4aef0-cgu.10.rcgu.o" "/opt/rustwide/target/debug/deps/rkyv_derive-f9aa6e64a51b09b2.rkyv_derive.46a4aef0-cgu.11.rcgu.o" "/opt/rustwide/target/debug/deps/rkyv_derive-f9aa6e64a51b09b2.rkyv_derive.46a4aef0-cgu.12.rcgu.o" "/opt/rustwide/target/debug/deps/rkyv_derive-f9aa6e64a51b09b2.rkyv_derive.46a4aef0-cgu.13.rcgu.o" "/opt/rustwide/target/debug/deps/rkyv_derive-f9aa6e64a51b09b2.rkyv_derive.46a4aef0-cgu.14.rcgu.o" "/opt/rustwide/target/debug/deps/rkyv_derive-f9aa6e64a51b09b2.rkyv_derive.46a4aef0-cgu.15.rcgu.o" "/opt/rustwide/target/debug/deps/rkyv_derive-f9aa6e64a51b09b2.rkyv_derive.46a4aef0-cgu.2.rcgu.o" "/opt/rustwide/target/debug/deps/rkyv_derive-f9aa6e64a51b09b2.rkyv_derive.46a4aef0-cgu.3.rcgu.o" "/opt/rustwide/target/debug/deps/rkyv_derive-f9aa6e64a51b09b2.rkyv_derive.46a4aef0-cgu.4.rcgu.o" "/opt/rustwide/target/debug/deps/rkyv_derive-f9aa6e64a51b09b2.rkyv_derive.46a4aef0-cgu.5.rcgu.o" "/opt/rustwide/target/debug/deps/rkyv_derive-f9aa6e64a51b09b2.rkyv_derive.46a4aef0-cgu.6.rcgu.o" "/opt/rustwide/target/debug/deps/rkyv_derive-f9aa6e64a51b09b2.rkyv_derive.46a4aef0-cgu.7.rcgu.o" "/opt/rustwide/target/debug/deps/rkyv_derive-f9aa6e64a51b09b2.rkyv_derive.46a4aef0-cgu.8.rcgu.o" "/opt/rustwide/target/debug/deps/rkyv_derive-f9aa6e64a51b09b2.rkyv_derive.46a4aef0-cgu.9.rcgu.o" "/opt/rustwide/target/debug/deps/rkyv_derive-f9aa6e64a51b09b2.1gvvpn8jp95ds4zw.rcgu.rmeta" "/opt/rustwide/target/debug/deps/rkyv_derive-f9aa6e64a51b09b2.4g37w19wx1hhdz5c.rcgu.o" "-Wl,--as-needed" "-L" "/opt/rustwide/target/debug/deps" "-L" "/opt/rustwide/rustup-home/toolchains/1.69.0-x86_64-unknown-linux-gnu/lib/rustlib/x86_64-unknown-linux-gnu/lib" "-Wl,-Bstatic" "/opt/rustwide/target/debug/deps/libsyn-2d1469af5a0e78f8.rlib" "/opt/rustwide/target/debug/deps/libquote-99075507a0a13abe.rlib" "/opt/rustwide/target/debug/deps/libproc_macro2-fd97952af0905d91.rlib" "/opt/rustwide/target/debug/deps/libunicode_ident-2ce671412240cc57.rlib" "/opt/rustwide/rustup-home/toolchains/1.69.0-x86_64-unknown-linux-gnu/lib/rustlib/x86_64-unknown-linux-gnu/lib/libproc_macro-3627dfecd49b0535.rlib" "/opt/rustwide/rustup-home/toolchains/1.69.0-x86_64-unknown-linux-gnu/lib/rustlib/x86_64-unknown-linux-gnu/lib/libstd-89bc084783fdc439.rlib" "/opt/rustwide/rustup-home/toolchains/1.69.0-x86_64-unknown-linux-gnu/lib/rustlib/x86_64-unknown-linux-gnu/lib/libpanic_unwind-8bee4b287d4367c1.rlib" "/opt/rustwide/rustup-home/toolchains/1.69.0-x86_64-unknown-linux-gnu/lib/rustlib/x86_64-unknown-linux-gnu/lib/libobject-d61707aed80694c0.rlib" "/opt/rustwide/rustup-home/toolchains/1.69.0-x86_64-unknown-linux-gnu/lib/rustlib/x86_64-unknown-linux-gnu/lib/libmemchr-d85366256f22345b.rlib" "/opt/rustwide/rustup-home/toolchains/1.69.0-x86_64-unknown-linux-gnu/lib/rustlib/x86_64-unknown-linux-gnu/lib/libaddr2line-96069b86b8a8cae9.rlib" "/opt/rustwide/rustup-home/toolchains/1.69.0-x86_64-unknown-linux-gnu/lib/rustlib/x86_64-unknown-linux-gnu/lib/libgimli-d19d53abf68dfa6c.rlib" "/opt/rustwide/rustup-home/toolchains/1.69.0-x86_64-unknown-linux-gnu/lib/rustlib/x86_64-unknown-linux-gnu/lib/librustc_demangle-787cbccd19d64ac6.rlib" "/opt/rustwide/rustup-home/toolchains/1.69.0-x86_64-unknown-linux-gnu/lib/rustlib/x86_64-unknown-linux-gnu/lib/libstd_detect-b3837a36b830e0d0.rlib" "/opt/rustwide/rustup-home/toolchains/1.69.0-x86_64-unknown-linux-gnu/lib/rustlib/x86_64-unknown-linux-gnu/lib/libhashbrown-e3deb0e7e3f04966.rlib" "/opt/rustwide/rustup-home/toolchains/1.69.0-x86_64-unknown-linux-gnu/lib/rustlib/x86_64-unknown-linux-gnu/lib/libminiz_oxide-dabbb79c9815def4.rlib" "/opt/rustwide/rustup-home/toolchains/1.69.0-x86_64-unknown-linux-gnu/lib/rustlib/x86_64-unknown-linux-gnu/lib/libadler-305b01f34c9409f2.rlib" "/opt/rustwide/rustup-home/toolchains/1.69.0-x86_64-unknown-linux-gnu/lib/rustlib/x86_64-unknown-linux-gnu/lib/librustc_std_workspace_alloc-f833521df6074e73.rlib" "/opt/rustwide/rustup-home/toolchains/1.69.0-x86_64-unknown-linux-gnu/lib/rustlib/x86_64-unknown-linux-gnu/lib/libunwind-9ac333113350d171.rlib" "/opt/rustwide/rustup-home/toolchains/1.69.0-x86_64-unknown-linux-gnu/lib/rustlib/x86_64-unknown-linux-gnu/lib/libcfg_if-1c126114322d0eee.rlib" "/opt/rustwide/rustup-home/toolchains/1.69.0-x86_64-unknown-linux-gnu/lib/rustlib/x86_64-unknown-linux-gnu/lib/liblibc-bad9164fdeeecf92.rlib" "/opt/rustwide/rustup-home/toolchains/1.69.0-x86_64-unknown-linux-gnu/lib/rustlib/x86_64-unknown-linux-gnu/lib/liballoc-f9374b1e480fa681.rlib" "/opt/rustwide/rustup-home/toolchains/1.69.0-x86_64-unknown-linux-gnu/lib/rustlib/x86_64-unknown-linux-gnu/lib/librustc_std_workspace_core-207f06e41d9603af.rlib" "/opt/rustwide/rustup-home/toolchains/1.69.0-x86_64-unknown-linux-gnu/lib/rustlib/x86_64-unknown-linux-gnu/lib/libcore-7e2768e66e984e85.rlib" "/opt/rustwide/rustup-home/toolchains/1.69.0-x86_64-unknown-linux-gnu/lib/rustlib/x86_64-unknown-linux-gnu/lib/libcompiler_builtins-957b4aff41f8cd46.rlib" "-Wl,-Bdynamic" "-lgcc_s" "-lutil" "-lrt" "-lpthread" "-lm" "-ldl" "-lc" "-Wl,--eh-frame-hdr" "-Wl,-z,noexecstack" "-L" "/opt/rustwide/rustup-home/toolchains/1.69.0-x86_64-unknown-linux-gnu/lib/rustlib/x86_64-unknown-linux-gnu/lib" "-o" "/opt/rustwide/target/debug/deps/librkyv_derive-f9aa6e64a51b09b2.so" "-Wl,--gc-sections" "-shared" "-Wl,-z,relro,-z,now" "-nodefaultlibs"
[INFO] [stdout]   = note: /usr/bin/ld: final link failed: No space left on device
[INFO] [stdout]           collect2: error: ld returned 1 exit status
[INFO] [stdout]           
[INFO] [stdout] 
[INFO] [stdout] 
[INFO] [stdout] error: aborting due to previous error
[INFO] [stdout] 
[INFO] [stdout] 
[INFO] [stderr] error: could not compile `rkyv_derive` due to 2 previous errors
[INFO] running `Command { std: "docker" "inspect" "831c5417415abb41acdb04091402464ee19634d065e14e253cc75b14c92730a4", kill_on_drop: false }`
[INFO] running `Command { std: "docker" "rm" "-f" "831c5417415abb41acdb04091402464ee19634d065e14e253cc75b14c92730a4", kill_on_drop: false }`
[INFO] [stdout] 831c5417415abb41acdb04091402464ee19634d065e14e253cc75b14c92730a4
