[INFO] cloning repository https://github.com/mickjohn/red_or_black
[INFO] running `Command { std: "git" "-c" "credential.helper=" "-c" "credential.helper=/workspace/cargo-home/bin/git-credential-null" "clone" "--bare" "https://github.com/mickjohn/red_or_black" "/workspace/cache/git-repos/https%3A%2F%2Fgithub.com%2Fmickjohn%2Fred_or_black", kill_on_drop: false }`
[INFO] [stderr] Cloning into bare repository '/workspace/cache/git-repos/https%3A%2F%2Fgithub.com%2Fmickjohn%2Fred_or_black'...
[INFO] running `Command { std: "git" "rev-parse" "HEAD", kill_on_drop: false }`
[INFO] [stdout] faef532853b7e969b3848e32baa09297393749d9
[INFO] testing mickjohn/red_or_black against 1.69.0 for beta-1.70-1
[INFO] running `Command { std: "git" "clone" "/workspace/cache/git-repos/https%3A%2F%2Fgithub.com%2Fmickjohn%2Fred_or_black" "/workspace/builds/worker-1-tc1/source", kill_on_drop: false }`
[INFO] [stderr] Cloning into '/workspace/builds/worker-1-tc1/source'...
[INFO] [stderr] done.
[INFO] validating manifest of git repo https://github.com/mickjohn/red_or_black on toolchain 1.69.0
[INFO] running `Command { std: CARGO_HOME="/workspace/cargo-home" RUSTUP_HOME="/workspace/rustup-home" "/workspace/cargo-home/bin/cargo" "+1.69.0" "metadata" "--manifest-path" "Cargo.toml" "--no-deps", kill_on_drop: false }`
[INFO] started tweaking git repo https://github.com/mickjohn/red_or_black
[INFO] finished tweaking git repo https://github.com/mickjohn/red_or_black
[INFO] tweaked toml for git repo https://github.com/mickjohn/red_or_black written to /workspace/builds/worker-1-tc1/source/Cargo.toml
[INFO] crate git repo https://github.com/mickjohn/red_or_black already has a lockfile, it will not be regenerated
[INFO] running `Command { std: CARGO_HOME="/workspace/cargo-home" RUSTUP_HOME="/workspace/rustup-home" "/workspace/cargo-home/bin/cargo" "+1.69.0" "fetch" "--manifest-path" "Cargo.toml", kill_on_drop: false }`
[INFO] [stderr]  Downloading crates ...
[INFO] [stderr]   Downloaded ws v0.7.8
[INFO] running `Command { std: "docker" "create" "-v" "/var/lib/crater-agent-workspace/builds/worker-1-tc1/target:/opt/rustwide/target:rw,Z" "-v" "/var/lib/crater-agent-workspace/builds/worker-1-tc1/source:/opt/rustwide/workdir:ro,Z" "-v" "/var/lib/crater-agent-workspace/cargo-home:/opt/rustwide/cargo-home:ro,Z" "-v" "/var/lib/crater-agent-workspace/rustup-home:/opt/rustwide/rustup-home:ro,Z" "-e" "SOURCE_DIR=/opt/rustwide/workdir" "-e" "CARGO_TARGET_DIR=/opt/rustwide/target" "-e" "CARGO_HOME=/opt/rustwide/cargo-home" "-e" "RUSTUP_HOME=/opt/rustwide/rustup-home" "-w" "/opt/rustwide/workdir" "-m" "1610612736" "--user" "0:0" "--network" "none" "ghcr.io/rust-lang/crates-build-env/linux@sha256:5ff2268d62e97bff2cde7d5815dd6ed5b47097566f13b8d0ca110b04b60e07ed" "/opt/rustwide/cargo-home/bin/cargo" "+1.69.0" "metadata" "--no-deps" "--format-version=1", kill_on_drop: false }`
[INFO] [stdout] 944caddb577370c66ee4f0cd3baa95d8e539b77b38ce830fac4822cc9097ecd8
[INFO] running `Command { std: "docker" "start" "-a" "944caddb577370c66ee4f0cd3baa95d8e539b77b38ce830fac4822cc9097ecd8", kill_on_drop: false }`
[INFO] running `Command { std: "docker" "inspect" "944caddb577370c66ee4f0cd3baa95d8e539b77b38ce830fac4822cc9097ecd8", kill_on_drop: false }`
[INFO] running `Command { std: "docker" "rm" "-f" "944caddb577370c66ee4f0cd3baa95d8e539b77b38ce830fac4822cc9097ecd8", kill_on_drop: false }`
[INFO] [stdout] 944caddb577370c66ee4f0cd3baa95d8e539b77b38ce830fac4822cc9097ecd8
[INFO] running `Command { std: "docker" "create" "-v" "/var/lib/crater-agent-workspace/builds/worker-1-tc1/target:/opt/rustwide/target:rw,Z" "-v" "/var/lib/crater-agent-workspace/builds/worker-1-tc1/source:/opt/rustwide/workdir:ro,Z" "-v" "/var/lib/crater-agent-workspace/cargo-home:/opt/rustwide/cargo-home:ro,Z" "-v" "/var/lib/crater-agent-workspace/rustup-home:/opt/rustwide/rustup-home:ro,Z" "-e" "SOURCE_DIR=/opt/rustwide/workdir" "-e" "CARGO_TARGET_DIR=/opt/rustwide/target" "-e" "CARGO_INCREMENTAL=0" "-e" "RUST_BACKTRACE=full" "-e" "RUSTFLAGS=--cap-lints=warn" "-e" "RUSTDOCFLAGS=--cap-lints=warn" "-e" "CARGO_HOME=/opt/rustwide/cargo-home" "-e" "RUSTUP_HOME=/opt/rustwide/rustup-home" "-w" "/opt/rustwide/workdir" "-m" "1610612736" "--user" "0:0" "--network" "none" "ghcr.io/rust-lang/crates-build-env/linux@sha256:5ff2268d62e97bff2cde7d5815dd6ed5b47097566f13b8d0ca110b04b60e07ed" "/opt/rustwide/cargo-home/bin/cargo" "+1.69.0" "build" "--frozen" "--message-format=json", kill_on_drop: false }`
[INFO] [stdout] caa59f578d7c54ef2590bb7f71e6fd375590d917a7d8117b0e94dde1f03fc260
[INFO] running `Command { std: "docker" "start" "-a" "caa59f578d7c54ef2590bb7f71e6fd375590d917a7d8117b0e94dde1f03fc260", kill_on_drop: false }`
[INFO] [stderr]    Compiling libc v0.2.43
[INFO] [stderr]    Compiling version_check v0.1.4
[INFO] [stderr]    Compiling cfg-if v0.1.5
[INFO] [stderr]    Compiling proc-macro2 v0.4.19
[INFO] [stderr]    Compiling matches v0.1.8
[INFO] [stderr]    Compiling unicode-xid v0.1.0
[INFO] [stderr]    Compiling serde v1.0.78
[INFO] [stderr]    Compiling slab v0.4.1
[INFO] [stderr]    Compiling log v0.4.5
[INFO] [stderr]    Compiling unicode-bidi v0.3.4
[INFO] [stderr]    Compiling regex v1.0.5
[INFO] [stderr]    Compiling ucd-util v0.1.1
[INFO] [stderr]    Compiling memchr v2.1.0
[INFO] [stderr]    Compiling lazy_static v1.1.0
[INFO] [stderr]    Compiling unicode-normalization v0.1.7
[INFO] [stderr]    Compiling iovec v0.1.2
[INFO] [stderr]    Compiling net2 v0.2.33
[INFO] [stderr]    Compiling lazycell v1.1.0
[INFO] [stderr]    Compiling httparse v1.3.2
[INFO] [stderr]    Compiling ryu v0.2.6
[INFO] [stderr]    Compiling quote v0.6.8
[INFO] [stderr]    Compiling aho-corasick v0.6.8
[INFO] [stderr]    Compiling thread_local v0.3.6
[INFO] [stderr]    Compiling mio v0.6.16
[INFO] [stderr]    Compiling regex-syntax v0.6.2
[INFO] [stderr]    Compiling utf8-ranges v1.0.1
[INFO] [stderr]    Compiling percent-encoding v1.0.1
[INFO] [stderr]    Compiling byteorder v1.2.6
[INFO] [stderr]    Compiling quick-error v1.2.2
[INFO] [stderr]    Compiling humantime v1.1.1
[INFO] [stderr]    Compiling bytes v0.4.10
[INFO] [stderr]    Compiling idna v0.1.5
[INFO] [stderr]    Compiling mio-extras v2.0.5
[INFO] [stderr]    Compiling syn v0.15.4
[INFO] [stderr]    Compiling rand v0.4.3
[INFO] [stderr] LLVM ERROR: IO failure on output stream: No space left on device
[INFO] [stderr] LLVM ERROR: IO failure on output stream: No space left on device
[INFO] [stderr] thread 'rustc' panicked at 'assertion failed: pos.get() <= self.position()', compiler/rustc_metadata/src/rmeta/encoder.rs:435:9
[INFO] [stderr] error: could not compile `mio-extras`
[INFO] [stderr] warning: build failed, waiting for other jobs to finish...
[INFO] [stderr] error: could not compile `bytes`
[INFO] [stderr] LLVM ERROR: IO failure on output stream: No space left on device
[INFO] [stderr] error: could not compile `mio`
[INFO] [stderr] error: could not compile `idna`
[INFO] [stderr] thread 'rustc' panicked at 'assertion failed: pos.get() <= self.position()', compiler/rustc_metadata/src/rmeta/encoder.rs:435:9
[INFO] [stdout] error: couldn't create a temp dir: No space left on device (os error 28) at path "/opt/rustwide/target/debug/deps/rmetaqCtSRL"
[INFO] [stdout] 
[INFO] [stdout] 
[INFO] [stderr] error: could not compile `rand`
[INFO] [stderr] error: could not compile `regex-syntax` due to previous error
[INFO] [stderr] thread 'rustc' panicked at 'assertion failed: pos.get() <= self.position()', compiler/rustc_metadata/src/rmeta/encoder.rs:435:9
[INFO] [stderr] error: could not compile `syn`
[INFO] [stdout] error: couldn't create a temp dir: No space left on device (os error 28) at path "/opt/rustwide/target/debug/deps/rmetal2ieIy"
[INFO] [stdout] 
[INFO] [stdout] 
[INFO] [stderr] error: could not compile `serde` due to previous error
[INFO] running `Command { std: "docker" "inspect" "caa59f578d7c54ef2590bb7f71e6fd375590d917a7d8117b0e94dde1f03fc260", kill_on_drop: false }`
[INFO] running `Command { std: "docker" "rm" "-f" "caa59f578d7c54ef2590bb7f71e6fd375590d917a7d8117b0e94dde1f03fc260", kill_on_drop: false }`
[INFO] [stdout] caa59f578d7c54ef2590bb7f71e6fd375590d917a7d8117b0e94dde1f03fc260
