[INFO] cloning repository https://github.com/lyx0/hello-egui
[INFO] running `Command { std: "git" "-c" "credential.helper=" "-c" "credential.helper=/workspace/cargo-home/bin/git-credential-null" "clone" "--bare" "https://github.com/lyx0/hello-egui" "/workspace/cache/git-repos/https%3A%2F%2Fgithub.com%2Flyx0%2Fhello-egui", kill_on_drop: false }`
[INFO] [stderr] Cloning into bare repository '/workspace/cache/git-repos/https%3A%2F%2Fgithub.com%2Flyx0%2Fhello-egui'...
[INFO] running `Command { std: "git" "rev-parse" "HEAD", kill_on_drop: false }`
[INFO] [stdout] 8759c83069c8ee487e63b4c279e0bc384f134ef8
[INFO] testing lyx0/hello-egui against 1.69.0 for beta-1.70-1
[INFO] running `Command { std: "git" "clone" "/workspace/cache/git-repos/https%3A%2F%2Fgithub.com%2Flyx0%2Fhello-egui" "/workspace/builds/worker-4-tc1/source", kill_on_drop: false }`
[INFO] [stderr] Cloning into '/workspace/builds/worker-4-tc1/source'...
[INFO] [stderr] done.
[INFO] validating manifest of git repo https://github.com/lyx0/hello-egui on toolchain 1.69.0
[INFO] running `Command { std: CARGO_HOME="/workspace/cargo-home" RUSTUP_HOME="/workspace/rustup-home" "/workspace/cargo-home/bin/cargo" "+1.69.0" "metadata" "--manifest-path" "Cargo.toml" "--no-deps", kill_on_drop: false }`
[INFO] started tweaking git repo https://github.com/lyx0/hello-egui
[INFO] finished tweaking git repo https://github.com/lyx0/hello-egui
[INFO] tweaked toml for git repo https://github.com/lyx0/hello-egui written to /workspace/builds/worker-4-tc1/source/Cargo.toml
[INFO] crate git repo https://github.com/lyx0/hello-egui already has a lockfile, it will not be regenerated
[INFO] running `Command { std: CARGO_HOME="/workspace/cargo-home" RUSTUP_HOME="/workspace/rustup-home" "/workspace/cargo-home/bin/cargo" "+1.69.0" "fetch" "--manifest-path" "Cargo.toml", kill_on_drop: false }`
[INFO] [stderr]  Downloading crates ...
[INFO] [stderr]   Downloaded wayland-egl v0.29.1
[INFO] [stderr]   Downloaded egui v0.16.0
[INFO] running `Command { std: "docker" "create" "-v" "/var/lib/crater-agent-workspace/builds/worker-4-tc1/target:/opt/rustwide/target:rw,Z" "-v" "/var/lib/crater-agent-workspace/builds/worker-4-tc1/source:/opt/rustwide/workdir:ro,Z" "-v" "/var/lib/crater-agent-workspace/cargo-home:/opt/rustwide/cargo-home:ro,Z" "-v" "/var/lib/crater-agent-workspace/rustup-home:/opt/rustwide/rustup-home:ro,Z" "-e" "SOURCE_DIR=/opt/rustwide/workdir" "-e" "CARGO_TARGET_DIR=/opt/rustwide/target" "-e" "CARGO_HOME=/opt/rustwide/cargo-home" "-e" "RUSTUP_HOME=/opt/rustwide/rustup-home" "-w" "/opt/rustwide/workdir" "-m" "1610612736" "--user" "0:0" "--network" "none" "ghcr.io/rust-lang/crates-build-env/linux@sha256:5ff2268d62e97bff2cde7d5815dd6ed5b47097566f13b8d0ca110b04b60e07ed" "/opt/rustwide/cargo-home/bin/cargo" "+1.69.0" "metadata" "--no-deps" "--format-version=1", kill_on_drop: false }`
[INFO] [stdout] 3fb1c7d64e01750fc5e41979e430b0246273f39826a116f6eb4daba773c3ca32
[INFO] running `Command { std: "docker" "start" "-a" "3fb1c7d64e01750fc5e41979e430b0246273f39826a116f6eb4daba773c3ca32", kill_on_drop: false }`
[INFO] running `Command { std: "docker" "inspect" "3fb1c7d64e01750fc5e41979e430b0246273f39826a116f6eb4daba773c3ca32", kill_on_drop: false }`
[INFO] running `Command { std: "docker" "rm" "-f" "3fb1c7d64e01750fc5e41979e430b0246273f39826a116f6eb4daba773c3ca32", kill_on_drop: false }`
[INFO] [stdout] 3fb1c7d64e01750fc5e41979e430b0246273f39826a116f6eb4daba773c3ca32
[INFO] running `Command { std: "docker" "create" "-v" "/var/lib/crater-agent-workspace/builds/worker-4-tc1/target:/opt/rustwide/target:rw,Z" "-v" "/var/lib/crater-agent-workspace/builds/worker-4-tc1/source:/opt/rustwide/workdir:ro,Z" "-v" "/var/lib/crater-agent-workspace/cargo-home:/opt/rustwide/cargo-home:ro,Z" "-v" "/var/lib/crater-agent-workspace/rustup-home:/opt/rustwide/rustup-home:ro,Z" "-e" "SOURCE_DIR=/opt/rustwide/workdir" "-e" "CARGO_TARGET_DIR=/opt/rustwide/target" "-e" "CARGO_INCREMENTAL=0" "-e" "RUST_BACKTRACE=full" "-e" "RUSTFLAGS=--cap-lints=warn" "-e" "RUSTDOCFLAGS=--cap-lints=warn" "-e" "CARGO_HOME=/opt/rustwide/cargo-home" "-e" "RUSTUP_HOME=/opt/rustwide/rustup-home" "-w" "/opt/rustwide/workdir" "-m" "1610612736" "--user" "0:0" "--network" "none" "ghcr.io/rust-lang/crates-build-env/linux@sha256:5ff2268d62e97bff2cde7d5815dd6ed5b47097566f13b8d0ca110b04b60e07ed" "/opt/rustwide/cargo-home/bin/cargo" "+1.69.0" "build" "--frozen" "--message-format=json", kill_on_drop: false }`
[INFO] [stdout] 52a331d21962e65aff73cdbe27c8736c2a87bfc7ae0a314167f82a1c5ffd061c
[INFO] running `Command { std: "docker" "start" "-a" "52a331d21962e65aff73cdbe27c8736c2a87bfc7ae0a314167f82a1c5ffd061c", kill_on_drop: false }`
[INFO] [stderr]     Blocking waiting for file lock on package cache
[INFO] [stderr]    Compiling cfg-if v1.0.0
[INFO] [stderr]    Compiling libc v0.2.112
[INFO] [stderr]    Compiling xml-rs v0.8.4
[INFO] [stderr]    Compiling log v0.4.14
[INFO] [stderr]    Compiling autocfg v1.0.1
[INFO] [stderr]    Compiling pkg-config v0.3.24
[INFO] [stderr]    Compiling proc-macro2 v1.0.36
[INFO] [stderr]    Compiling version_check v0.9.4
[INFO] [stderr]    Compiling unicode-xid v0.2.2
[INFO] [stderr]    Compiling lazy_static v1.4.0
[INFO] [stdout] error: linking with `cc` failed: exit status: 1
[INFO] [stdout]   |
[INFO] [stdout]   = note: LC_ALL="C" PATH="/opt/rustwide/rustup-home/toolchains/1.69.0-x86_64-unknown-linux-gnu/lib/rustlib/x86_64-unknown-linux-gnu/bin:/opt/rustwide/cargo-home/bin:/usr/local/sbin:/usr/local/bin:/usr/sbin:/usr/bin:/sbin:/bin" VSLANG="1033" "cc" "-m64" "/tmp/rustc3kidsb/symbols.o" "/opt/rustwide/target/debug/build/log-515e6db5cdbaeab3/build_script_build-515e6db5cdbaeab3.build_script_build.8806945a-cgu.0.rcgu.o" "/opt/rustwide/target/debug/build/log-515e6db5cdbaeab3/build_script_build-515e6db5cdbaeab3.build_script_build.8806945a-cgu.1.rcgu.o" "/opt/rustwide/target/debug/build/log-515e6db5cdbaeab3/build_script_build-515e6db5cdbaeab3.build_script_build.8806945a-cgu.10.rcgu.o" "/opt/rustwide/target/debug/build/log-515e6db5cdbaeab3/build_script_build-515e6db5cdbaeab3.build_script_build.8806945a-cgu.11.rcgu.o" "/opt/rustwide/target/debug/build/log-515e6db5cdbaeab3/build_script_build-515e6db5cdbaeab3.build_script_build.8806945a-cgu.12.rcgu.o" "/opt/rustwide/target/debug/build/log-515e6db5cdbaeab3/build_script_build-515e6db5cdbaeab3.build_script_build.8806945a-cgu.13.rcgu.o" "/opt/rustwide/target/debug/build/log-515e6db5cdbaeab3/build_script_build-515e6db5cdbaeab3.build_script_build.8806945a-cgu.14.rcgu.o" "/opt/rustwide/target/debug/build/log-515e6db5cdbaeab3/build_script_build-515e6db5cdbaeab3.build_script_build.8806945a-cgu.15.rcgu.o" "/opt/rustwide/target/debug/build/log-515e6db5cdbaeab3/build_script_build-515e6db5cdbaeab3.build_script_build.8806945a-cgu.2.rcgu.o" "/opt/rustwide/target/debug/build/log-515e6db5cdbaeab3/build_script_build-515e6db5cdbaeab3.build_script_build.8806945a-cgu.3.rcgu.o" "/opt/rustwide/target/debug/build/log-515e6db5cdbaeab3/build_script_build-515e6db5cdbaeab3.build_script_build.8806945a-cgu.4.rcgu.o" "/opt/rustwide/target/debug/build/log-515e6db5cdbaeab3/build_script_build-515e6db5cdbaeab3.build_script_build.8806945a-cgu.5.rcgu.o" "/opt/rustwide/target/debug/build/log-515e6db5cdbaeab3/build_script_build-515e6db5cdbaeab3.build_script_build.8806945a-cgu.6.rcgu.o" "/opt/rustwide/target/debug/build/log-515e6db5cdbaeab3/build_script_build-515e6db5cdbaeab3.build_script_build.8806945a-cgu.7.rcgu.o" "/opt/rustwide/target/debug/build/log-515e6db5cdbaeab3/build_script_build-515e6db5cdbaeab3.build_script_build.8806945a-cgu.8.rcgu.o" "/opt/rustwide/target/debug/build/log-515e6db5cdbaeab3/build_script_build-515e6db5cdbaeab3.build_script_build.8806945a-cgu.9.rcgu.o" "/opt/rustwide/target/debug/build/log-515e6db5cdbaeab3/build_script_build-515e6db5cdbaeab3.2yimtbbj6r4vw0bi.rcgu.o" "-Wl,--as-needed" "-L" "/opt/rustwide/target/debug/deps" "-L" "/opt/rustwide/rustup-home/toolchains/1.69.0-x86_64-unknown-linux-gnu/lib/rustlib/x86_64-unknown-linux-gnu/lib" "-Wl,-Bstatic" "/opt/rustwide/rustup-home/toolchains/1.69.0-x86_64-unknown-linux-gnu/lib/rustlib/x86_64-unknown-linux-gnu/lib/libstd-89bc084783fdc439.rlib" "/opt/rustwide/rustup-home/toolchains/1.69.0-x86_64-unknown-linux-gnu/lib/rustlib/x86_64-unknown-linux-gnu/lib/libpanic_unwind-8bee4b287d4367c1.rlib" "/opt/rustwide/rustup-home/toolchains/1.69.0-x86_64-unknown-linux-gnu/lib/rustlib/x86_64-unknown-linux-gnu/lib/libobject-d61707aed80694c0.rlib" "/opt/rustwide/rustup-home/toolchains/1.69.0-x86_64-unknown-linux-gnu/lib/rustlib/x86_64-unknown-linux-gnu/lib/libmemchr-d85366256f22345b.rlib" "/opt/rustwide/rustup-home/toolchains/1.69.0-x86_64-unknown-linux-gnu/lib/rustlib/x86_64-unknown-linux-gnu/lib/libaddr2line-96069b86b8a8cae9.rlib" "/opt/rustwide/rustup-home/toolchains/1.69.0-x86_64-unknown-linux-gnu/lib/rustlib/x86_64-unknown-linux-gnu/lib/libgimli-d19d53abf68dfa6c.rlib" "/opt/rustwide/rustup-home/toolchains/1.69.0-x86_64-unknown-linux-gnu/lib/rustlib/x86_64-unknown-linux-gnu/lib/librustc_demangle-787cbccd19d64ac6.rlib" "/opt/rustwide/rustup-home/toolchains/1.69.0-x86_64-unknown-linux-gnu/lib/rustlib/x86_64-unknown-linux-gnu/lib/libstd_detect-b3837a36b830e0d0.rlib" "/opt/rustwide/rustup-home/toolchains/1.69.0-x86_64-unknown-linux-gnu/lib/rustlib/x86_64-unknown-linux-gnu/lib/libhashbrown-e3deb0e7e3f04966.rlib" "/opt/rustwide/rustup-home/toolchains/1.69.0-x86_64-unknown-linux-gnu/lib/rustlib/x86_64-unknown-linux-gnu/lib/libminiz_oxide-dabbb79c9815def4.rlib" "/opt/rustwide/rustup-home/toolchains/1.69.0-x86_64-unknown-linux-gnu/lib/rustlib/x86_64-unknown-linux-gnu/lib/libadler-305b01f34c9409f2.rlib" "/opt/rustwide/rustup-home/toolchains/1.69.0-x86_64-unknown-linux-gnu/lib/rustlib/x86_64-unknown-linux-gnu/lib/librustc_std_workspace_alloc-f833521df6074e73.rlib" "/opt/rustwide/rustup-home/toolchains/1.69.0-x86_64-unknown-linux-gnu/lib/rustlib/x86_64-unknown-linux-gnu/lib/libunwind-9ac333113350d171.rlib" "/opt/rustwide/rustup-home/toolchains/1.69.0-x86_64-unknown-linux-gnu/lib/rustlib/x86_64-unknown-linux-gnu/lib/libcfg_if-1c126114322d0eee.rlib" "/opt/rustwide/rustup-home/toolchains/1.69.0-x86_64-unknown-linux-gnu/lib/rustlib/x86_64-unknown-linux-gnu/lib/liblibc-bad9164fdeeecf92.rlib" "/opt/rustwide/rustup-home/toolchains/1.69.0-x86_64-unknown-linux-gnu/lib/rustlib/x86_64-unknown-linux-gnu/lib/liballoc-f9374b1e480fa681.rlib" "/opt/rustwide/rustup-home/toolchains/1.69.0-x86_64-unknown-linux-gnu/lib/rustlib/x86_64-unknown-linux-gnu/lib/librustc_std_workspace_core-207f06e41d9603af.rlib" "/opt/rustwide/rustup-home/toolchains/1.69.0-x86_64-unknown-linux-gnu/lib/rustlib/x86_64-unknown-linux-gnu/lib/libcore-7e2768e66e984e85.rlib" "/opt/rustwide/rustup-home/toolchains/1.69.0-x86_64-unknown-linux-gnu/lib/rustlib/x86_64-unknown-linux-gnu/lib/libcompiler_builtins-957b4aff41f8cd46.rlib" "-Wl,-Bdynamic" "-lgcc_s" "-lutil" "-lrt" "-lpthread" "-lm" "-ldl" "-lc" "-Wl,--eh-frame-hdr" "-Wl,-z,noexecstack" "-L" "/opt/rustwide/rustup-home/toolchains/1.69.0-x86_64-unknown-linux-gnu/lib/rustlib/x86_64-unknown-linux-gnu/lib" "-o" "/opt/rustwide/target/debug/build/log-515e6db5cdbaeab3/build_script_build-515e6db5cdbaeab3" "-Wl,--gc-sections" "-pie" "-Wl,-z,relro,-z,now" "-nodefaultlibs"
[INFO] [stdout]   = note: /usr/bin/ld: final link failed: No space left on device
[INFO] [stdout]           collect2: error: ld returned 1 exit status
[INFO] [stdout]           
[INFO] [stdout] 
[INFO] [stdout] 
[INFO] [stdout] error: aborting due to previous error
[INFO] [stdout] 
[INFO] [stdout] 
[INFO] [stderr] error: could not compile `log` due to 2 previous errors
[INFO] [stderr] warning: build failed, waiting for other jobs to finish...
[INFO] [stderr] LLVM ERROR: IO failure on output stream: No space left on device
[INFO] [stderr] thread 'rustc' panicked at 'assertion failed: pos.get() <= self.position()', compiler/rustc_metadata/src/rmeta/encoder.rs:435:9
[INFO] [stderr] LLVM ERROR: IO failure on output stream: No space left on device
[INFO] [stderr] LLVM ERROR: IO failure on output stream: No space left on device
[INFO] [stderr] error: could not compile `autocfg`
[INFO] [stderr] error: could not compile `version_check`
[INFO] [stderr] error: could not compile `libc`
[INFO] [stderr] LLVM ERROR: IO failure on output stream: No space left on device
[INFO] [stderr] error: could not compile `pkg-config`
[INFO] [stderr] error: could not compile `lazy_static`
[INFO] [stdout] error: linking with `cc` failed: exit status: 1
[INFO] [stdout]   |
[INFO] [stdout]   = note: LC_ALL="C" PATH="/opt/rustwide/rustup-home/toolchains/1.69.0-x86_64-unknown-linux-gnu/lib/rustlib/x86_64-unknown-linux-gnu/bin:/opt/rustwide/cargo-home/bin:/usr/local/sbin:/usr/local/bin:/usr/sbin:/usr/bin:/sbin:/bin" VSLANG="1033" "cc" "-m64" "/tmp/rustcE9sZpQ/symbols.o" "/opt/rustwide/target/debug/build/proc-macro2-d9a2a1a970edab89/build_script_build-d9a2a1a970edab89.build_script_build.564c9737-cgu.0.rcgu.o" "/opt/rustwide/target/debug/build/proc-macro2-d9a2a1a970edab89/build_script_build-d9a2a1a970edab89.build_script_build.564c9737-cgu.1.rcgu.o" "/opt/rustwide/target/debug/build/proc-macro2-d9a2a1a970edab89/build_script_build-d9a2a1a970edab89.build_script_build.564c9737-cgu.10.rcgu.o" "/opt/rustwide/target/debug/build/proc-macro2-d9a2a1a970edab89/build_script_build-d9a2a1a970edab89.build_script_build.564c9737-cgu.11.rcgu.o" "/opt/rustwide/target/debug/build/proc-macro2-d9a2a1a970edab89/build_script_build-d9a2a1a970edab89.build_script_build.564c9737-cgu.12.rcgu.o" "/opt/rustwide/target/debug/build/proc-macro2-d9a2a1a970edab89/build_script_build-d9a2a1a970edab89.build_script_build.564c9737-cgu.13.rcgu.o" "/opt/rustwide/target/debug/build/proc-macro2-d9a2a1a970edab89/build_script_build-d9a2a1a970edab89.build_script_build.564c9737-cgu.14.rcgu.o" "/opt/rustwide/target/debug/build/proc-macro2-d9a2a1a970edab89/build_script_build-d9a2a1a970edab89.build_script_build.564c9737-cgu.15.rcgu.o" "/opt/rustwide/target/debug/build/proc-macro2-d9a2a1a970edab89/build_script_build-d9a2a1a970edab89.build_script_build.564c9737-cgu.2.rcgu.o" "/opt/rustwide/target/debug/build/proc-macro2-d9a2a1a970edab89/build_script_build-d9a2a1a970edab89.build_script_build.564c9737-cgu.3.rcgu.o" "/opt/rustwide/target/debug/build/proc-macro2-d9a2a1a970edab89/build_script_build-d9a2a1a970edab89.build_script_build.564c9737-cgu.4.rcgu.o" "/opt/rustwide/target/debug/build/proc-macro2-d9a2a1a970edab89/build_script_build-d9a2a1a970edab89.build_script_build.564c9737-cgu.5.rcgu.o" "/opt/rustwide/target/debug/build/proc-macro2-d9a2a1a970edab89/build_script_build-d9a2a1a970edab89.build_script_build.564c9737-cgu.6.rcgu.o" "/opt/rustwide/target/debug/build/proc-macro2-d9a2a1a970edab89/build_script_build-d9a2a1a970edab89.build_script_build.564c9737-cgu.7.rcgu.o" "/opt/rustwide/target/debug/build/proc-macro2-d9a2a1a970edab89/build_script_build-d9a2a1a970edab89.build_script_build.564c9737-cgu.8.rcgu.o" "/opt/rustwide/target/debug/build/proc-macro2-d9a2a1a970edab89/build_script_build-d9a2a1a970edab89.build_script_build.564c9737-cgu.9.rcgu.o" "/opt/rustwide/target/debug/build/proc-macro2-d9a2a1a970edab89/build_script_build-d9a2a1a970edab89.4zrrcld5p4d2bzyz.rcgu.o" "-Wl,--as-needed" "-L" "/opt/rustwide/target/debug/deps" "-L" "/opt/rustwide/rustup-home/toolchains/1.69.0-x86_64-unknown-linux-gnu/lib/rustlib/x86_64-unknown-linux-gnu/lib" "-Wl,-Bstatic" "/opt/rustwide/rustup-home/toolchains/1.69.0-x86_64-unknown-linux-gnu/lib/rustlib/x86_64-unknown-linux-gnu/lib/libstd-89bc084783fdc439.rlib" "/opt/rustwide/rustup-home/toolchains/1.69.0-x86_64-unknown-linux-gnu/lib/rustlib/x86_64-unknown-linux-gnu/lib/libpanic_unwind-8bee4b287d4367c1.rlib" "/opt/rustwide/rustup-home/toolchains/1.69.0-x86_64-unknown-linux-gnu/lib/rustlib/x86_64-unknown-linux-gnu/lib/libobject-d61707aed80694c0.rlib" "/opt/rustwide/rustup-home/toolchains/1.69.0-x86_64-unknown-linux-gnu/lib/rustlib/x86_64-unknown-linux-gnu/lib/libmemchr-d85366256f22345b.rlib" "/opt/rustwide/rustup-home/toolchains/1.69.0-x86_64-unknown-linux-gnu/lib/rustlib/x86_64-unknown-linux-gnu/lib/libaddr2line-96069b86b8a8cae9.rlib" "/opt/rustwide/rustup-home/toolchains/1.69.0-x86_64-unknown-linux-gnu/lib/rustlib/x86_64-unknown-linux-gnu/lib/libgimli-d19d53abf68dfa6c.rlib" "/opt/rustwide/rustup-home/toolchains/1.69.0-x86_64-unknown-linux-gnu/lib/rustlib/x86_64-unknown-linux-gnu/lib/librustc_demangle-787cbccd19d64ac6.rlib" "/opt/rustwide/rustup-home/toolchains/1.69.0-x86_64-unknown-linux-gnu/lib/rustlib/x86_64-unknown-linux-gnu/lib/libstd_detect-b3837a36b830e0d0.rlib" "/opt/rustwide/rustup-home/toolchains/1.69.0-x86_64-unknown-linux-gnu/lib/rustlib/x86_64-unknown-linux-gnu/lib/libhashbrown-e3deb0e7e3f04966.rlib" "/opt/rustwide/rustup-home/toolchains/1.69.0-x86_64-unknown-linux-gnu/lib/rustlib/x86_64-unknown-linux-gnu/lib/libminiz_oxide-dabbb79c9815def4.rlib" "/opt/rustwide/rustup-home/toolchains/1.69.0-x86_64-unknown-linux-gnu/lib/rustlib/x86_64-unknown-linux-gnu/lib/libadler-305b01f34c9409f2.rlib" "/opt/rustwide/rustup-home/toolchains/1.69.0-x86_64-unknown-linux-gnu/lib/rustlib/x86_64-unknown-linux-gnu/lib/librustc_std_workspace_alloc-f833521df6074e73.rlib" "/opt/rustwide/rustup-home/toolchains/1.69.0-x86_64-unknown-linux-gnu/lib/rustlib/x86_64-unknown-linux-gnu/lib/libunwind-9ac333113350d171.rlib" "/opt/rustwide/rustup-home/toolchains/1.69.0-x86_64-unknown-linux-gnu/lib/rustlib/x86_64-unknown-linux-gnu/lib/libcfg_if-1c126114322d0eee.rlib" "/opt/rustwide/rustup-home/toolchains/1.69.0-x86_64-unknown-linux-gnu/lib/rustlib/x86_64-unknown-linux-gnu/lib/liblibc-bad9164fdeeecf92.rlib" "/opt/rustwide/rustup-home/toolchains/1.69.0-x86_64-unknown-linux-gnu/lib/rustlib/x86_64-unknown-linux-gnu/lib/liballoc-f9374b1e480fa681.rlib" "/opt/rustwide/rustup-home/toolchains/1.69.0-x86_64-unknown-linux-gnu/lib/rustlib/x86_64-unknown-linux-gnu/lib/librustc_std_workspace_core-207f06e41d9603af.rlib" "/opt/rustwide/rustup-home/toolchains/1.69.0-x86_64-unknown-linux-gnu/lib/rustlib/x86_64-unknown-linux-gnu/lib/libcore-7e2768e66e984e85.rlib" "/opt/rustwide/rustup-home/toolchains/1.69.0-x86_64-unknown-linux-gnu/lib/rustlib/x86_64-unknown-linux-gnu/lib/libcompiler_builtins-957b4aff41f8cd46.rlib" "-Wl,-Bdynamic" "-lgcc_s" "-lutil" "-lrt" "-lpthread" "-lm" "-ldl" "-lc" "-Wl,--eh-frame-hdr" "-Wl,-z,noexecstack" "-L" "/opt/rustwide/rustup-home/toolchains/1.69.0-x86_64-unknown-linux-gnu/lib/rustlib/x86_64-unknown-linux-gnu/lib" "-o" "/opt/rustwide/target/debug/build/proc-macro2-d9a2a1a970edab89/build_script_build-d9a2a1a970edab89" "-Wl,--gc-sections" "-pie" "-Wl,-z,relro,-z,now" "-nodefaultlibs"
[INFO] [stdout]   = note: /usr/bin/ld: final link failed: No space left on device
[INFO] [stdout]           collect2: error: ld returned 1 exit status
[INFO] [stdout]           
[INFO] [stdout] 
[INFO] [stdout] 
[INFO] [stdout] error: aborting due to previous error
[INFO] [stdout] 
[INFO] [stdout] 
[INFO] [stderr] error: could not compile `proc-macro2` due to 2 previous errors
[INFO] [stderr] thread 'rustc' panicked at 'assertion failed: pos.get() <= self.position()', compiler/rustc_metadata/src/rmeta/encoder.rs:454:9
[INFO] [stderr] error: could not compile `xml-rs`
[INFO] running `Command { std: "docker" "inspect" "52a331d21962e65aff73cdbe27c8736c2a87bfc7ae0a314167f82a1c5ffd061c", kill_on_drop: false }`
[INFO] running `Command { std: "docker" "rm" "-f" "52a331d21962e65aff73cdbe27c8736c2a87bfc7ae0a314167f82a1c5ffd061c", kill_on_drop: false }`
[INFO] [stdout] 52a331d21962e65aff73cdbe27c8736c2a87bfc7ae0a314167f82a1c5ffd061c
