[INFO] cloning repository https://github.com/lukasaey/vectors
[INFO] running `Command { std: "git" "-c" "credential.helper=" "-c" "credential.helper=/workspace/cargo-home/bin/git-credential-null" "clone" "--bare" "https://github.com/lukasaey/vectors" "/workspace/cache/git-repos/https%3A%2F%2Fgithub.com%2Flukasaey%2Fvectors", kill_on_drop: false }`
[INFO] [stderr] Cloning into bare repository '/workspace/cache/git-repos/https%3A%2F%2Fgithub.com%2Flukasaey%2Fvectors'...
[INFO] running `Command { std: "git" "rev-parse" "HEAD", kill_on_drop: false }`
[INFO] [stdout] 29251831ca837596396e7dc650188419f8db484c
[INFO] testing lukasaey/vectors against 1.69.0 for beta-1.70-1
[INFO] running `Command { std: "git" "clone" "/workspace/cache/git-repos/https%3A%2F%2Fgithub.com%2Flukasaey%2Fvectors" "/workspace/builds/worker-3-tc1/source", kill_on_drop: false }`
[INFO] [stderr] Cloning into '/workspace/builds/worker-3-tc1/source'...
[INFO] [stderr] done.
[INFO] validating manifest of git repo https://github.com/lukasaey/vectors on toolchain 1.69.0
[INFO] running `Command { std: CARGO_HOME="/workspace/cargo-home" RUSTUP_HOME="/workspace/rustup-home" "/workspace/cargo-home/bin/cargo" "+1.69.0" "metadata" "--manifest-path" "Cargo.toml" "--no-deps", kill_on_drop: false }`
[INFO] started tweaking git repo https://github.com/lukasaey/vectors
[INFO] finished tweaking git repo https://github.com/lukasaey/vectors
[INFO] tweaked toml for git repo https://github.com/lukasaey/vectors written to /workspace/builds/worker-3-tc1/source/Cargo.toml
[INFO] crate git repo https://github.com/lukasaey/vectors already has a lockfile, it will not be regenerated
[INFO] running `Command { std: CARGO_HOME="/workspace/cargo-home" RUSTUP_HOME="/workspace/rustup-home" "/workspace/cargo-home/bin/cargo" "+1.69.0" "fetch" "--manifest-path" "Cargo.toml", kill_on_drop: false }`
[INFO] [stderr]  Downloading crates ...
[INFO] [stderr]   Downloaded raylib v3.7.0
[INFO] [stderr]   Downloaded raylib-sys v3.7.0
[INFO] running `Command { std: "docker" "create" "-v" "/var/lib/crater-agent-workspace/builds/worker-3-tc1/target:/opt/rustwide/target:rw,Z" "-v" "/var/lib/crater-agent-workspace/builds/worker-3-tc1/source:/opt/rustwide/workdir:ro,Z" "-v" "/var/lib/crater-agent-workspace/cargo-home:/opt/rustwide/cargo-home:ro,Z" "-v" "/var/lib/crater-agent-workspace/rustup-home:/opt/rustwide/rustup-home:ro,Z" "-e" "SOURCE_DIR=/opt/rustwide/workdir" "-e" "CARGO_TARGET_DIR=/opt/rustwide/target" "-e" "CARGO_HOME=/opt/rustwide/cargo-home" "-e" "RUSTUP_HOME=/opt/rustwide/rustup-home" "-w" "/opt/rustwide/workdir" "-m" "1610612736" "--user" "0:0" "--network" "none" "ghcr.io/rust-lang/crates-build-env/linux@sha256:5ff2268d62e97bff2cde7d5815dd6ed5b47097566f13b8d0ca110b04b60e07ed" "/opt/rustwide/cargo-home/bin/cargo" "+1.69.0" "metadata" "--no-deps" "--format-version=1", kill_on_drop: false }`
[INFO] [stdout] 9a7d95052fded9d236a4eb779060877014308656dc55a2ed25df712946924be5
[INFO] running `Command { std: "docker" "start" "-a" "9a7d95052fded9d236a4eb779060877014308656dc55a2ed25df712946924be5", kill_on_drop: false }`
[INFO] running `Command { std: "docker" "inspect" "9a7d95052fded9d236a4eb779060877014308656dc55a2ed25df712946924be5", kill_on_drop: false }`
[INFO] running `Command { std: "docker" "rm" "-f" "9a7d95052fded9d236a4eb779060877014308656dc55a2ed25df712946924be5", kill_on_drop: false }`
[INFO] [stdout] 9a7d95052fded9d236a4eb779060877014308656dc55a2ed25df712946924be5
[INFO] running `Command { std: "docker" "create" "-v" "/var/lib/crater-agent-workspace/builds/worker-3-tc1/target:/opt/rustwide/target:rw,Z" "-v" "/var/lib/crater-agent-workspace/builds/worker-3-tc1/source:/opt/rustwide/workdir:ro,Z" "-v" "/var/lib/crater-agent-workspace/cargo-home:/opt/rustwide/cargo-home:ro,Z" "-v" "/var/lib/crater-agent-workspace/rustup-home:/opt/rustwide/rustup-home:ro,Z" "-e" "SOURCE_DIR=/opt/rustwide/workdir" "-e" "CARGO_TARGET_DIR=/opt/rustwide/target" "-e" "CARGO_INCREMENTAL=0" "-e" "RUST_BACKTRACE=full" "-e" "RUSTFLAGS=--cap-lints=warn" "-e" "RUSTDOCFLAGS=--cap-lints=warn" "-e" "CARGO_HOME=/opt/rustwide/cargo-home" "-e" "RUSTUP_HOME=/opt/rustwide/rustup-home" "-w" "/opt/rustwide/workdir" "-m" "1610612736" "--user" "0:0" "--network" "none" "ghcr.io/rust-lang/crates-build-env/linux@sha256:5ff2268d62e97bff2cde7d5815dd6ed5b47097566f13b8d0ca110b04b60e07ed" "/opt/rustwide/cargo-home/bin/cargo" "+1.69.0" "build" "--frozen" "--message-format=json", kill_on_drop: false }`
[INFO] [stdout] 502bbad2a64ff4a204b54975c5e1bb1c0a4748ac0302df33348a88b6186fc832
[INFO] running `Command { std: "docker" "start" "-a" "502bbad2a64ff4a204b54975c5e1bb1c0a4748ac0302df33348a88b6186fc832", kill_on_drop: false }`
[INFO] [stderr]    Compiling cc v1.0.73
[INFO] [stderr]    Compiling fs_extra v1.2.0
[INFO] [stderr]    Compiling libc v0.2.121
[INFO] [stderr]    Compiling lazy_static v1.4.0
[INFO] [stderr]    Compiling cmake v0.1.48
[INFO] [stderr]    Compiling raylib-sys v3.7.0
[INFO] [stderr] error: failed to run custom build command for `raylib-sys v3.7.0`
[INFO] [stderr] note: To improve backtraces for build dependencies, set the CARGO_PROFILE_DEV_BUILD_OVERRIDE_DEBUG=true environment variable to enable debug information generation.
[INFO] [stderr] 
[INFO] [stderr] Caused by:
[INFO] [stderr]   process didn't exit successfully: `/opt/rustwide/target/debug/build/raylib-sys-99648f123815b004/build-script-build` (exit status: 101)
[INFO] [stderr]   --- stdout
[INFO] [stderr]   CMAKE_TOOLCHAIN_FILE_x86_64-unknown-linux-gnu = None
[INFO] [stderr]   CMAKE_TOOLCHAIN_FILE_x86_64_unknown_linux_gnu = None
[INFO] [stderr]   HOST_CMAKE_TOOLCHAIN_FILE = None
[INFO] [stderr]   CMAKE_TOOLCHAIN_FILE = None
[INFO] [stderr]   CMAKE_GENERATOR_x86_64-unknown-linux-gnu = None
[INFO] [stderr]   CMAKE_GENERATOR_x86_64_unknown_linux_gnu = None
[INFO] [stderr]   HOST_CMAKE_GENERATOR = None
[INFO] [stderr]   CMAKE_GENERATOR = None
[INFO] [stderr]   CMAKE_PREFIX_PATH_x86_64-unknown-linux-gnu = None
[INFO] [stderr]   CMAKE_PREFIX_PATH_x86_64_unknown_linux_gnu = None
[INFO] [stderr]   HOST_CMAKE_PREFIX_PATH = None
[INFO] [stderr]   CMAKE_PREFIX_PATH = None
[INFO] [stderr]   CMAKE_x86_64-unknown-linux-gnu = None
[INFO] [stderr]   CMAKE_x86_64_unknown_linux_gnu = None
[INFO] [stderr]   HOST_CMAKE = None
[INFO] [stderr]   CMAKE = None
[INFO] [stderr]   running: cd "/opt/rustwide/target/debug/build/raylib-sys-aa499e63c9e493f8/out/build" && CMAKE_PREFIX_PATH="" "cmake" "/opt/rustwide/target/debug/build/raylib-sys-aa499e63c9e493f8/out/raylib" "-DBUILD_EXAMPLES=OFF" "-DCMAKE_BUILD_TYPE=Release" "-DSUPPORT_BUSY_WAIT_LOOP=OFF" "-DPLATFORM=Desktop" "-DCMAKE_INSTALL_PREFIX=/opt/rustwide/target/debug/build/raylib-sys-aa499e63c9e493f8/out" "-DCMAKE_C_FLAGS= -ffunction-sections -fdata-sections -fPIC -m64" "-DCMAKE_C_COMPILER=/usr/bin/cc" "-DCMAKE_CXX_FLAGS= -ffunction-sections -fdata-sections -fPIC -m64" "-DCMAKE_CXX_COMPILER=/usr/bin/c++" "-DCMAKE_ASM_FLAGS= -ffunction-sections -fdata-sections -fPIC -m64" "-DCMAKE_ASM_COMPILER=/usr/bin/cc"
[INFO] [stderr]   -- The C compiler identification is GNU 11.3.0
[INFO] [stderr]   -- The CXX compiler identification is GNU 11.3.0
[INFO] [stderr]   -- Detecting C compiler ABI info
[INFO] [stderr]   -- Detecting C compiler ABI info - done
[INFO] [stderr]   -- Check for working C compiler: /usr/bin/cc - skipped
[INFO] [stderr]   -- Detecting C compile features
[INFO] [stderr]   -- Detecting C compile features - done
[INFO] [stderr]   -- Detecting CXX compiler ABI info
[INFO] [stderr]   -- Detecting CXX compiler ABI info - done
[INFO] [stderr]   -- Check for working CXX compiler: /usr/bin/c++ - skipped
[INFO] [stderr]   -- Detecting CXX compile features
[INFO] [stderr]   -- Detecting CXX compile features - done
[INFO] [stderr]   -- Performing Test COMPILER_HAS_THOSE_TOGGLES
[INFO] [stderr]   -- Performing Test COMPILER_HAS_THOSE_TOGGLES - Success
[INFO] [stderr]   -- Testing if -Werror=pointer-arith can be used -- compiles
[INFO] [stderr]   -- Testing if -Werror=implicit-function-declaration can be used -- compiles
[INFO] [stderr]   -- Testing if -fno-strict-aliasing can be used -- compiles
[INFO] [stderr]   -- Using raylib's GLFW
[INFO] [stderr]   -- Looking for pthread.h
[INFO] [stderr]   -- Looking for pthread.h - found
[INFO] [stderr]   -- Performing Test CMAKE_HAVE_LIBC_PTHREAD
[INFO] [stderr]   -- Performing Test CMAKE_HAVE_LIBC_PTHREAD - Success
[INFO] [stderr]   -- Found Threads: TRUE  
[INFO] [stderr]   -- Using X11 for window creation
[INFO] [stderr]   -- Found X11: /usr/include   
[INFO] [stderr]   -- Looking for XOpenDisplay in /usr/lib/x86_64-linux-gnu/libX11.so;/usr/lib/x86_64-linux-gnu/libXext.so
[INFO] [stderr]   -- Looking for XOpenDisplay in /usr/lib/x86_64-linux-gnu/libX11.so;/usr/lib/x86_64-linux-gnu/libXext.so - found
[INFO] [stderr]   -- Looking for gethostbyname
[INFO] [stderr]   -- Looking for gethostbyname - found
[INFO] [stderr]   -- Looking for connect
[INFO] [stderr]   -- Looking for connect - found
[INFO] [stderr]   -- Looking for remove
[INFO] [stderr]   -- Looking for remove - found
[INFO] [stderr]   -- Looking for shmat
[INFO] [stderr]   -- Looking for shmat - found
[INFO] [stderr]   -- Looking for IceConnectionNumber in ICE
[INFO] [stderr]   -- Looking for IceConnectionNumber in ICE - found
[INFO] [stderr]   -- Audio Backend: miniaudio
[INFO] [stderr]   -- Building raylib static library
[INFO] [stderr]   -- Generated build type: Release
[INFO] [stderr]   -- Compiling with the flags:
[INFO] [stderr]   --   PLATFORM=PLATFORM_DESKTOP
[INFO] [stderr]   --   GRAPHICS=GRAPHICS_API_OPENGL_33
[INFO] [stderr]   -- Configuring done
[INFO] [stderr]   -- Generating done
[INFO] [stderr]   -- Build files have been written to: /opt/rustwide/target/debug/build/raylib-sys-aa499e63c9e493f8/out/build
[INFO] [stderr]   running: cd "/opt/rustwide/target/debug/build/raylib-sys-aa499e63c9e493f8/out/build" && MAKEFLAGS="-j --jobserver-fds=9,10 --jobserver-auth=9,10" "cmake" "--build" "." "--target" "install" "--config" "Debug" "--parallel" "8"
[INFO] [stderr]   [  4%] Building C object raylib/external/glfw/src/CMakeFiles/glfw_objlib.dir/context.c.o
[INFO] [stderr]   [  8%] Building C object raylib/external/glfw/src/CMakeFiles/glfw_objlib.dir/vulkan.c.o
[INFO] [stderr]   [ 12%] Building C object raylib/external/glfw/src/CMakeFiles/glfw_objlib.dir/monitor.c.o
[INFO] [stderr]   [ 16%] Building C object raylib/external/glfw/src/CMakeFiles/glfw_objlib.dir/window.c.o
[INFO] [stderr]   [ 20%] Building C object raylib/external/glfw/src/CMakeFiles/glfw_objlib.dir/x11_init.c.o
[INFO] [stderr]   [ 28%] Building C object raylib/external/glfw/src/CMakeFiles/glfw_objlib.dir/init.c.o
[INFO] [stderr]   [ 28%] Building C object raylib/external/glfw/src/CMakeFiles/glfw_objlib.dir/input.c.o
[INFO] [stderr]   [ 32%] Building C object raylib/external/glfw/src/CMakeFiles/glfw_objlib.dir/x11_monitor.c.o
[INFO] [stderr]   [ 36%] Building C object raylib/external/glfw/src/CMakeFiles/glfw_objlib.dir/x11_window.c.o
[INFO] [stderr]   [ 40%] Building C object raylib/external/glfw/src/CMakeFiles/glfw_objlib.dir/xkb_unicode.c.o
[INFO] [stderr]   [ 44%] Building C object raylib/external/glfw/src/CMakeFiles/glfw_objlib.dir/posix_time.c.o
[INFO] [stderr]   [ 48%] Building C object raylib/external/glfw/src/CMakeFiles/glfw_objlib.dir/posix_thread.c.o
[INFO] [stderr]   [ 52%] Building C object raylib/external/glfw/src/CMakeFiles/glfw_objlib.dir/egl_context.c.o
[INFO] [stderr]   [ 56%] Building C object raylib/external/glfw/src/CMakeFiles/glfw_objlib.dir/glx_context.c.o
[INFO] [stderr]   [ 60%] Building C object raylib/external/glfw/src/CMakeFiles/glfw_objlib.dir/osmesa_context.c.o
[INFO] [stderr]   [ 64%] Building C object raylib/external/glfw/src/CMakeFiles/glfw_objlib.dir/linux_joystick.c.o
[INFO] [stderr]   [ 64%] Built target glfw_objlib
[INFO] [stderr]   [ 68%] Linking C static library libglfw3.a
[INFO] [stderr]   [ 68%] Built target glfw
[INFO] [stderr]   [ 72%] Building C object raylib/CMakeFiles/raylib.dir/core.c.o
[INFO] [stderr]   [ 76%] Building C object raylib/CMakeFiles/raylib.dir/textures.c.o
[INFO] [stderr]   [ 88%] Building C object raylib/CMakeFiles/raylib.dir/text.c.o
[INFO] [stderr]   [ 88%] Building C object raylib/CMakeFiles/raylib.dir/models.c.o
[INFO] [stderr]   [ 88%] Building C object raylib/CMakeFiles/raylib.dir/shapes.c.o
[INFO] [stderr]   [ 96%] Building C object raylib/CMakeFiles/raylib.dir/utils.c.o
[INFO] [stderr]   [ 96%] Building C object raylib/CMakeFiles/raylib.dir/raudio.c.o
[INFO] [stderr] 
[INFO] [stderr]   --- stderr
[INFO] [stderr]   CMake Warning (dev) at /usr/share/cmake-3.22/Modules/FindOpenGL.cmake:315 (message):
[INFO] [stderr]     Policy CMP0072 is not set: FindOpenGL prefers GLVND by default when
[INFO] [stderr]     available.  Run "cmake --help-policy CMP0072" for policy details.  Use the
[INFO] [stderr]     cmake_policy command to set the policy and suppress this warning.
[INFO] [stderr] 
[INFO] [stderr]     FindOpenGL found both a legacy GL library:
[INFO] [stderr] 
[INFO] [stderr]       OPENGL_gl_LIBRARY: /usr/lib/x86_64-linux-gnu/libGL.so
[INFO] [stderr] 
[INFO] [stderr]     and GLVND libraries for OpenGL and GLX:
[INFO] [stderr] 
[INFO] [stderr]       OPENGL_opengl_LIBRARY: /usr/lib/x86_64-linux-gnu/libOpenGL.so
[INFO] [stderr]       OPENGL_glx_LIBRARY: /usr/lib/x86_64-linux-gnu/libGLX.so
[INFO] [stderr] 
[INFO] [stderr]     OpenGL_GL_PREFERENCE has not been set to "GLVND" or "LEGACY", so for
[INFO] [stderr]     compatibility with CMake 3.10 and below the legacy GL library will be used.
[INFO] [stderr]   Call Stack (most recent call first):
[INFO] [stderr]     cmake/LibraryConfigurations.cmake:20 (find_package)
[INFO] [stderr]     src/CMakeLists.txt:56 (include)
[INFO] [stderr]   This warning is for project developers.  Use -Wno-dev to suppress it.
[INFO] [stderr] 
[INFO] [stderr]   CMake Warning:
[INFO] [stderr]     Manually-specified variables were not used by the project:
[INFO] [stderr] 
[INFO] [stderr]       CMAKE_ASM_COMPILER
[INFO] [stderr]       CMAKE_ASM_FLAGS
[INFO] [stderr] 
[INFO] [stderr] 
[INFO] [stderr]   gmake: warning: -j8 forced in submake: resetting jobserver mode.
[INFO] [stderr]   /opt/rustwide/target/debug/build/raylib-sys-aa499e63c9e493f8/out/raylib/src/core.c: In function 'OpenURL':
[INFO] [stderr]   /opt/rustwide/target/debug/build/raylib-sys-aa499e63c9e493f8/out/raylib/src/core.c:3085:9: warning: ignoring return value of 'system' declared with attribute 'warn_unused_result' [-Wunused-result]
[INFO] [stderr]    3085 |         system(cmd);
[INFO] [stderr]         |         ^~~~~~~~~~~
[INFO] [stderr]   In file included from /opt/rustwide/target/debug/build/raylib-sys-aa499e63c9e493f8/out/raylib/src/raudio.c:215:
[INFO] [stderr]   /opt/rustwide/target/debug/build/raylib-sys-aa499e63c9e493f8/out/raylib/src/external/jar_mod.h: In function 'jar_mod_load_file':
[INFO] [stderr]   /opt/rustwide/target/debug/build/raylib-sys-aa499e63c9e493f8/out/raylib/src/external/jar_mod.h:1541:13: warning: ignoring return value of 'fread' declared with attribute 'warn_unused_result' [-Wunused-result]
[INFO] [stderr]    1541 |             fread(modctx->modfile, fsize, 1, f);
[INFO] [stderr]         |             ^~~~~~~~~~~~~~~~~~~~~~~~~~~~~~~~~~~
[INFO] [stderr]   In function 'memcopy',
[INFO] [stderr]       inlined from 'jar_mod_load' at /opt/rustwide/target/debug/build/raylib-sys-aa499e63c9e493f8/out/raylib/src/external/jar_mod.h:1133:13:
[INFO] [stderr]   /opt/rustwide/target/debug/build/raylib-sys-aa499e63c9e493f8/out/raylib/src/external/jar_mod.h:370:13: warning: writing 1 byte into a region of size 0 [-Wstringop-overflow=]
[INFO] [stderr]     370 |         d[i]=s[i];
[INFO] [stderr]         |         ~~~~^~~~~
[INFO] [stderr]   /opt/rustwide/target/debug/build/raylib-sys-aa499e63c9e493f8/out/raylib/src/external/jar_mod.h: In function 'jar_mod_load':
[INFO] [stderr]   /opt/rustwide/target/debug/build/raylib-sys-aa499e63c9e493f8/out/raylib/src/external/jar_mod.h:125:13: note: at offset 1080 into destination object 'title' of size 20
[INFO] [stderr]     125 |     muchar  title[20];
[INFO] [stderr]         |             ^~~~~
[INFO] [stderr]   In function 'memcopy',
[INFO] [stderr]       inlined from 'jar_mod_load' at /opt/rustwide/target/debug/build/raylib-sys-aa499e63c9e493f8/out/raylib/src/external/jar_mod.h:1133:13:
[INFO] [stderr]   /opt/rustwide/target/debug/build/raylib-sys-aa499e63c9e493f8/out/raylib/src/external/jar_mod.h:370:13: warning: writing 1 byte into a region of size 0 [-Wstringop-overflow=]
[INFO] [stderr]     370 |         d[i]=s[i];
[INFO] [stderr]         |         ~~~~^~~~~
[INFO] [stderr]   /opt/rustwide/target/debug/build/raylib-sys-aa499e63c9e493f8/out/raylib/src/external/jar_mod.h: In function 'jar_mod_load':
[INFO] [stderr]   /opt/rustwide/target/debug/build/raylib-sys-aa499e63c9e493f8/out/raylib/src/external/jar_mod.h:125:13: note: at offset 1081 into destination object 'title' of size 20
[INFO] [stderr]     125 |     muchar  title[20];
[INFO] [stderr]         |             ^~~~~
[INFO] [stderr]   In function 'memcopy',
[INFO] [stderr]       inlined from 'jar_mod_load' at /opt/rustwide/target/debug/build/raylib-sys-aa499e63c9e493f8/out/raylib/src/external/jar_mod.h:1133:13:
[INFO] [stderr]   /opt/rustwide/target/debug/build/raylib-sys-aa499e63c9e493f8/out/raylib/src/external/jar_mod.h:370:13: warning: writing 1 byte into a region of size 0 [-Wstringop-overflow=]
[INFO] [stderr]     370 |         d[i]=s[i];
[INFO] [stderr]         |         ~~~~^~~~~
[INFO] [stderr]   /opt/rustwide/target/debug/build/raylib-sys-aa499e63c9e493f8/out/raylib/src/external/jar_mod.h: In function 'jar_mod_load':
[INFO] [stderr]   /opt/rustwide/target/debug/build/raylib-sys-aa499e63c9e493f8/out/raylib/src/external/jar_mod.h:125:13: note: at offset 1082 into destination object 'title' of size 20
[INFO] [stderr]     125 |     muchar  title[20];
[INFO] [stderr]         |             ^~~~~
[INFO] [stderr]   In function 'memcopy',
[INFO] [stderr]       inlined from 'jar_mod_load' at /opt/rustwide/target/debug/build/raylib-sys-aa499e63c9e493f8/out/raylib/src/external/jar_mod.h:1133:13:
[INFO] [stderr]   /opt/rustwide/target/debug/build/raylib-sys-aa499e63c9e493f8/out/raylib/src/external/jar_mod.h:370:13: warning: writing 1 byte into a region of size 0 [-Wstringop-overflow=]
[INFO] [stderr]     370 |         d[i]=s[i];
[INFO] [stderr]         |         ~~~~^~~~~
[INFO] [stderr]   /opt/rustwide/target/debug/build/raylib-sys-aa499e63c9e493f8/out/raylib/src/external/jar_mod.h: In function 'jar_mod_load':
[INFO] [stderr]   /opt/rustwide/target/debug/build/raylib-sys-aa499e63c9e493f8/out/raylib/src/external/jar_mod.h:125:13: note: at offset 1083 into destination object 'title' of size 20
[INFO] [stderr]     125 |     muchar  title[20];
[INFO] [stderr]         |             ^~~~~
[INFO] [stderr]   /opt/rustwide/target/debug/build/raylib-sys-aa499e63c9e493f8/out/raylib/src/core.c: At top level:
[INFO] [stderr]   /opt/rustwide/target/debug/build/raylib-sys-aa499e63c9e493f8/out/raylib/src/core.c:5156:1: fatal error: error writing to /tmp/ccAukuDV.s: No space left on device
[INFO] [stderr]    5156 | }
[INFO] [stderr]         | ^
[INFO] [stderr]   compilation terminated.
[INFO] [stderr]   gmake[2]: *** [raylib/CMakeFiles/raylib.dir/build.make:76: raylib/CMakeFiles/raylib.dir/core.c.o] Error 1
[INFO] [stderr]   gmake[2]: *** Waiting for unfinished jobs....
[INFO] [stderr]   /opt/rustwide/target/debug/build/raylib-sys-aa499e63c9e493f8/out/raylib/src/models.c:4827:1: fatal error: error writing to /tmp/cc4vLGU7.s: No space left on device
[INFO] [stderr]    4827 | }
[INFO] [stderr]         | ^
[INFO] [stderr]   compilation terminated.
[INFO] [stderr]   gmake[2]: *** [raylib/CMakeFiles/raylib.dir/build.make:90: raylib/CMakeFiles/raylib.dir/models.c.o] Error 1
[INFO] [stderr]   /opt/rustwide/target/debug/build/raylib-sys-aa499e63c9e493f8/out/raylib/src/textures.c:4113:1: fatal error: error writing to /tmp/ccSRiZ7W.s: No space left on device
[INFO] [stderr]    4113 | }
[INFO] [stderr]         | ^
[INFO] [stderr]   compilation terminated.
[INFO] [stderr]   gmake[2]: *** [raylib/CMakeFiles/raylib.dir/build.make:132: raylib/CMakeFiles/raylib.dir/textures.c.o] Error 1
[INFO] [stderr]   /opt/rustwide/target/debug/build/raylib-sys-aa499e63c9e493f8/out/raylib/src/raudio.c: At top level:
[INFO] [stderr]   /opt/rustwide/target/debug/build/raylib-sys-aa499e63c9e493f8/out/raylib/src/raudio.c:2311:1: fatal error: error writing to /tmp/cc71AwCn.s: No space left on device
[INFO] [stderr]    2311 | }
[INFO] [stderr]         | ^
[INFO] [stderr]   compilation terminated.
[INFO] [stderr]   gmake[2]: *** [raylib/CMakeFiles/raylib.dir/build.make:160: raylib/CMakeFiles/raylib.dir/raudio.c.o] Error 1
[INFO] [stderr]   gmake[1]: *** [CMakeFiles/Makefile2:133: raylib/CMakeFiles/raylib.dir/all] Error 2
[INFO] [stderr]   gmake: *** [Makefile:166: all] Error 2
[INFO] [stderr]   thread 'main' panicked at '
[INFO] [stderr]   command did not execute successfully, got: exit status: 2
[INFO] [stderr] 
[INFO] [stderr]   build script failed, must exit now', /opt/rustwide/cargo-home/registry/src/github.com-1ecc6299db9ec823/cmake-0.1.48/src/lib.rs:975:5
[INFO] [stderr]   stack backtrace:
[INFO] [stderr]      0:     0x55fe348e70ca - std::backtrace_rs::backtrace::libunwind::trace::ha9053a9a07ca49cb
[INFO] [stderr]                                  at /rustc/84c898d65adf2f39a5a98507f1fe0ce10a2b8dbc/library/std/src/../../backtrace/src/backtrace/libunwind.rs:93:5
[INFO] [stderr]      1:     0x55fe348e70ca - std::backtrace_rs::backtrace::trace_unsynchronized::h9c2852a457ad564e
[INFO] [stderr]                                  at /rustc/84c898d65adf2f39a5a98507f1fe0ce10a2b8dbc/library/std/src/../../backtrace/src/backtrace/mod.rs:66:5
[INFO] [stderr]      2:     0x55fe348e70ca - std::sys_common::backtrace::_print_fmt::h457936fbfaa0070f
[INFO] [stderr]                                  at /rustc/84c898d65adf2f39a5a98507f1fe0ce10a2b8dbc/library/std/src/sys_common/backtrace.rs:65:5
[INFO] [stderr]      3:     0x55fe348e70ca - <std::sys_common::backtrace::_print::DisplayBacktrace as core::fmt::Display>::fmt::h5779d7bf7f70cb0c
[INFO] [stderr]                                  at /rustc/84c898d65adf2f39a5a98507f1fe0ce10a2b8dbc/library/std/src/sys_common/backtrace.rs:44:22
[INFO] [stderr]      4:     0x55fe3490807e - core::fmt::write::h5a4baaff1bcd3eb5
[INFO] [stderr]                                  at /rustc/84c898d65adf2f39a5a98507f1fe0ce10a2b8dbc/library/core/src/fmt/mod.rs:1232:17
[INFO] [stderr]      5:     0x55fe348e3a85 - std::io::Write::write_fmt::h4bc1f301cb9e9cce
[INFO] [stderr]                                  at /rustc/84c898d65adf2f39a5a98507f1fe0ce10a2b8dbc/library/std/src/io/mod.rs:1684:15
[INFO] [stderr]      6:     0x55fe348e6e95 - std::sys_common::backtrace::_print::h5fcdc36060f177e8
[INFO] [stderr]                                  at /rustc/84c898d65adf2f39a5a98507f1fe0ce10a2b8dbc/library/std/src/sys_common/backtrace.rs:47:5
[INFO] [stderr]      7:     0x55fe348e6e95 - std::sys_common::backtrace::print::h54ca9458b876c8bf
[INFO] [stderr]                                  at /rustc/84c898d65adf2f39a5a98507f1fe0ce10a2b8dbc/library/std/src/sys_common/backtrace.rs:34:9
[INFO] [stderr]      8:     0x55fe348e886f - std::panicking::default_hook::{{closure}}::hbe471161c7664ed6
[INFO] [stderr]                                  at /rustc/84c898d65adf2f39a5a98507f1fe0ce10a2b8dbc/library/std/src/panicking.rs:271:22
[INFO] [stderr]      9:     0x55fe348e85ab - std::panicking::default_hook::ha3500da57aa4ac4f
[INFO] [stderr]                                  at /rustc/84c898d65adf2f39a5a98507f1fe0ce10a2b8dbc/library/std/src/panicking.rs:290:9
[INFO] [stderr]     10:     0x55fe348e8e18 - std::panicking::rust_panic_with_hook::h50c09d000dc561d2
[INFO] [stderr]                                  at /rustc/84c898d65adf2f39a5a98507f1fe0ce10a2b8dbc/library/std/src/panicking.rs:692:13
[INFO] [stderr]     11:     0x55fe348e8d19 - std::panicking::begin_panic_handler::{{closure}}::h9e2b2176e00e0d9c
[INFO] [stderr]                                  at /rustc/84c898d65adf2f39a5a98507f1fe0ce10a2b8dbc/library/std/src/panicking.rs:583:13
[INFO] [stderr]     12:     0x55fe348e7536 - std::sys_common::backtrace::__rust_end_short_backtrace::h5739b8e512c09d02
[INFO] [stderr]                                  at /rustc/84c898d65adf2f39a5a98507f1fe0ce10a2b8dbc/library/std/src/sys_common/backtrace.rs:150:18
[INFO] [stderr]     13:     0x55fe348e8a22 - rust_begin_unwind
[INFO] [stderr]                                  at /rustc/84c898d65adf2f39a5a98507f1fe0ce10a2b8dbc/library/std/src/panicking.rs:579:5
[INFO] [stderr]     14:     0x55fe34855d63 - core::panicking::panic_fmt::hf33a1475b4dc5c3e
[INFO] [stderr]                                  at /rustc/84c898d65adf2f39a5a98507f1fe0ce10a2b8dbc/library/core/src/panicking.rs:64:14
[INFO] [stderr]     15:     0x55fe3486b60f - cmake::fail::h00aca0d84517c318
[INFO] [stderr]     16:     0x55fe3486b073 - cmake::run::h90a7542d53f4c0ad
[INFO] [stderr]     17:     0x55fe348684b9 - cmake::Config::build::haa4b16a04dd484ab
[INFO] [stderr]     18:     0x55fe34859a6d - build_script_build::build_with_cmake::h298fe88a8eb609c0
[INFO] [stderr]     19:     0x55fe3485af2d - build_script_build::main::h8c5e9b99c2e2f80d
[INFO] [stderr]     20:     0x55fe3485c903 - core::ops::function::FnOnce::call_once::hea778cda7be812b4
[INFO] [stderr]     21:     0x55fe3485eb89 - std::sys_common::backtrace::__rust_begin_short_backtrace::h3a13b07671bd1bea
[INFO] [stderr]     22:     0x55fe3485bf59 - std::rt::lang_start::{{closure}}::hcf6196deefdb5a92
[INFO] [stderr]     23:     0x55fe348df6fc - core::ops::function::impls::<impl core::ops::function::FnOnce<A> for &F>::call_once::hd6efcd3bec896f2c
[INFO] [stderr]                                  at /rustc/84c898d65adf2f39a5a98507f1fe0ce10a2b8dbc/library/core/src/ops/function.rs:287:13
[INFO] [stderr]     24:     0x55fe348df6fc - std::panicking::try::do_call::hce04e543bb1f4cbb
[INFO] [stderr]                                  at /rustc/84c898d65adf2f39a5a98507f1fe0ce10a2b8dbc/library/std/src/panicking.rs:487:40
[INFO] [stderr]     25:     0x55fe348df6fc - std::panicking::try::h3342dd4e1f680968
[INFO] [stderr]                                  at /rustc/84c898d65adf2f39a5a98507f1fe0ce10a2b8dbc/library/std/src/panicking.rs:451:19
[INFO] [stderr]     26:     0x55fe348df6fc - std::panic::catch_unwind::h148ce1e59ac0cee7
[INFO] [stderr]                                  at /rustc/84c898d65adf2f39a5a98507f1fe0ce10a2b8dbc/library/std/src/panic.rs:140:14
[INFO] [stderr]     27:     0x55fe348df6fc - std::rt::lang_start_internal::{{closure}}::h25f9dda2057a67fe
[INFO] [stderr]                                  at /rustc/84c898d65adf2f39a5a98507f1fe0ce10a2b8dbc/library/std/src/rt.rs:148:48
[INFO] [stderr]     28:     0x55fe348df6fc - std::panicking::try::do_call::h7caaaeaf9401650b
[INFO] [stderr]                                  at /rustc/84c898d65adf2f39a5a98507f1fe0ce10a2b8dbc/library/std/src/panicking.rs:487:40
[INFO] [stderr]     29:     0x55fe348df6fc - std::panicking::try::he7d15285746cbbc2
[INFO] [stderr]                                  at /rustc/84c898d65adf2f39a5a98507f1fe0ce10a2b8dbc/library/std/src/panicking.rs:451:19
[INFO] [stderr]     30:     0x55fe348df6fc - std::panic::catch_unwind::h89fb4f50c0301fe0
[INFO] [stderr]                                  at /rustc/84c898d65adf2f39a5a98507f1fe0ce10a2b8dbc/library/std/src/panic.rs:140:14
[INFO] [stderr]     31:     0x55fe348df6fc - std::rt::lang_start_internal::h078acd489417d3c1
[INFO] [stderr]                                  at /rustc/84c898d65adf2f39a5a98507f1fe0ce10a2b8dbc/library/std/src/rt.rs:148:20
[INFO] [stderr]     32:     0x55fe3485bf37 - std::rt::lang_start::h3bbfe7f42c1db75a
[INFO] [stderr]     33:     0x55fe3485bd05 - main
[INFO] [stderr]     34:     0x7fcb344fed90 - <unknown>
[INFO] [stderr]     35:     0x7fcb344fee40 - __libc_start_main
[INFO] [stderr]     36:     0x55fe348562e5 - _start
[INFO] [stderr]     37:                0x0 - <unknown>
[INFO] running `Command { std: "docker" "inspect" "502bbad2a64ff4a204b54975c5e1bb1c0a4748ac0302df33348a88b6186fc832", kill_on_drop: false }`
[INFO] running `Command { std: "docker" "rm" "-f" "502bbad2a64ff4a204b54975c5e1bb1c0a4748ac0302df33348a88b6186fc832", kill_on_drop: false }`
[INFO] [stdout] 502bbad2a64ff4a204b54975c5e1bb1c0a4748ac0302df33348a88b6186fc832
