[INFO] cloning repository https://github.com/linasdev/ross-mqtt
[INFO] running `Command { std: "git" "-c" "credential.helper=" "-c" "credential.helper=/workspace/cargo-home/bin/git-credential-null" "clone" "--bare" "https://github.com/linasdev/ross-mqtt" "/workspace/cache/git-repos/https%3A%2F%2Fgithub.com%2Flinasdev%2Fross-mqtt", kill_on_drop: false }`
[INFO] [stderr] Cloning into bare repository '/workspace/cache/git-repos/https%3A%2F%2Fgithub.com%2Flinasdev%2Fross-mqtt'...
[INFO] running `Command { std: "git" "rev-parse" "HEAD", kill_on_drop: false }`
[INFO] [stdout] 8c83294beda6575d62358d0b8c1e5223725ed7a9
[INFO] testing linasdev/ross-mqtt against 1.69.0 for beta-1.70-1
[INFO] running `Command { std: "git" "clone" "/workspace/cache/git-repos/https%3A%2F%2Fgithub.com%2Flinasdev%2Fross-mqtt" "/workspace/builds/worker-5-tc1/source", kill_on_drop: false }`
[INFO] [stderr] Cloning into '/workspace/builds/worker-5-tc1/source'...
[INFO] [stderr] done.
[INFO] validating manifest of git repo https://github.com/linasdev/ross-mqtt on toolchain 1.69.0
[INFO] running `Command { std: CARGO_HOME="/workspace/cargo-home" RUSTUP_HOME="/workspace/rustup-home" "/workspace/cargo-home/bin/cargo" "+1.69.0" "metadata" "--manifest-path" "Cargo.toml" "--no-deps", kill_on_drop: false }`
[INFO] started tweaking git repo https://github.com/linasdev/ross-mqtt
[INFO] finished tweaking git repo https://github.com/linasdev/ross-mqtt
[INFO] tweaked toml for git repo https://github.com/linasdev/ross-mqtt written to /workspace/builds/worker-5-tc1/source/Cargo.toml
[INFO] crate git repo https://github.com/linasdev/ross-mqtt already has a lockfile, it will not be regenerated
[INFO] running `Command { std: CARGO_HOME="/workspace/cargo-home" RUSTUP_HOME="/workspace/rustup-home" "/workspace/cargo-home/bin/cargo" "+1.69.0" "fetch" "--manifest-path" "Cargo.toml", kill_on_drop: false }`
[INFO] [stderr]  Downloading crates ...
[INFO] [stderr]   Downloaded cobs v0.1.4
[INFO] [stderr]   Downloaded defmt-macros v0.1.1
[INFO] [stderr]   Downloaded ross-dsl v2.20.0
[INFO] [stderr]   Downloaded ross-config v2.25.0
[INFO] [stderr]   Downloaded indent_write v1.0.0
[INFO] [stderr]   Downloaded cron-parser v0.7.9
[INFO] [stderr]   Downloaded parse_int v0.5.0
[INFO] [stderr]   Downloaded cool_asserts v1.1.1
[INFO] [stderr]   Downloaded ross-protocol v2.4.1
[INFO] [stderr]   Downloaded ross-configurator v1.4.0
[INFO] [stderr]   Downloaded embedded-can v0.3.0
[INFO] [stderr]   Downloaded defmt-parser v0.1.0
[INFO] [stderr]   Downloaded bxcan v0.4.0
[INFO] [stderr]   Downloaded defmt v0.1.3
[INFO] running `Command { std: "docker" "create" "-v" "/var/lib/crater-agent-workspace/builds/worker-5-tc1/target:/opt/rustwide/target:rw,Z" "-v" "/var/lib/crater-agent-workspace/builds/worker-5-tc1/source:/opt/rustwide/workdir:ro,Z" "-v" "/var/lib/crater-agent-workspace/cargo-home:/opt/rustwide/cargo-home:ro,Z" "-v" "/var/lib/crater-agent-workspace/rustup-home:/opt/rustwide/rustup-home:ro,Z" "-e" "SOURCE_DIR=/opt/rustwide/workdir" "-e" "CARGO_TARGET_DIR=/opt/rustwide/target" "-e" "CARGO_HOME=/opt/rustwide/cargo-home" "-e" "RUSTUP_HOME=/opt/rustwide/rustup-home" "-w" "/opt/rustwide/workdir" "-m" "1610612736" "--user" "0:0" "--network" "none" "ghcr.io/rust-lang/crates-build-env/linux@sha256:5ff2268d62e97bff2cde7d5815dd6ed5b47097566f13b8d0ca110b04b60e07ed" "/opt/rustwide/cargo-home/bin/cargo" "+1.69.0" "metadata" "--no-deps" "--format-version=1", kill_on_drop: false }`
[INFO] [stdout] aa30d98a78d933ad3290bd8487230f330c56eb99128349f6b7c95b01d8a83001
[INFO] running `Command { std: "docker" "start" "-a" "aa30d98a78d933ad3290bd8487230f330c56eb99128349f6b7c95b01d8a83001", kill_on_drop: false }`
[INFO] running `Command { std: "docker" "inspect" "aa30d98a78d933ad3290bd8487230f330c56eb99128349f6b7c95b01d8a83001", kill_on_drop: false }`
[INFO] running `Command { std: "docker" "rm" "-f" "aa30d98a78d933ad3290bd8487230f330c56eb99128349f6b7c95b01d8a83001", kill_on_drop: false }`
[INFO] [stdout] aa30d98a78d933ad3290bd8487230f330c56eb99128349f6b7c95b01d8a83001
[INFO] running `Command { std: "docker" "create" "-v" "/var/lib/crater-agent-workspace/builds/worker-5-tc1/target:/opt/rustwide/target:rw,Z" "-v" "/var/lib/crater-agent-workspace/builds/worker-5-tc1/source:/opt/rustwide/workdir:ro,Z" "-v" "/var/lib/crater-agent-workspace/cargo-home:/opt/rustwide/cargo-home:ro,Z" "-v" "/var/lib/crater-agent-workspace/rustup-home:/opt/rustwide/rustup-home:ro,Z" "-e" "SOURCE_DIR=/opt/rustwide/workdir" "-e" "CARGO_TARGET_DIR=/opt/rustwide/target" "-e" "CARGO_INCREMENTAL=0" "-e" "RUST_BACKTRACE=full" "-e" "RUSTFLAGS=--cap-lints=warn" "-e" "RUSTDOCFLAGS=--cap-lints=warn" "-e" "CARGO_HOME=/opt/rustwide/cargo-home" "-e" "RUSTUP_HOME=/opt/rustwide/rustup-home" "-w" "/opt/rustwide/workdir" "-m" "1610612736" "--user" "0:0" "--network" "none" "ghcr.io/rust-lang/crates-build-env/linux@sha256:5ff2268d62e97bff2cde7d5815dd6ed5b47097566f13b8d0ca110b04b60e07ed" "/opt/rustwide/cargo-home/bin/cargo" "+1.69.0" "build" "--frozen" "--message-format=json", kill_on_drop: false }`
[INFO] [stdout] 4680fd81924a383fde279d0b3fdf2a74e286932dd0c0312f94d7e3db7fb09b77
[INFO] running `Command { std: "docker" "start" "-a" "4680fd81924a383fde279d0b3fdf2a74e286932dd0c0312f94d7e3db7fb09b77", kill_on_drop: false }`
[INFO] [stderr]    Compiling proc-macro2 v1.0.34
[INFO] [stderr]    Compiling autocfg v1.0.1
[INFO] [stderr]    Compiling unicode-xid v0.2.2
[INFO] [stderr]    Compiling syn v1.0.82
[INFO] [stderr]    Compiling libc v0.2.112
[INFO] [stderr]    Compiling pkg-config v0.3.24
[INFO] [stderr]    Compiling version_check v0.9.3
[INFO] [stderr]    Compiling memchr v2.4.1
[INFO] [stderr]    Compiling typenum v1.15.0
[INFO] [stderr]    Compiling cc v1.0.72
[INFO] [stderr]    Compiling num-traits v0.2.14
[INFO] [stderr]    Compiling ucd-trie v0.1.3
[INFO] [stderr]    Compiling num-integer v0.1.44
[INFO] [stderr]    Compiling pest v2.1.3
[INFO] [stderr]    Compiling generic-array v0.14.4
[INFO] [stderr]    Compiling quote v1.0.10
[INFO] [stderr]    Compiling libudev-sys v0.1.4
[INFO] [stderr]    Compiling generic-array v0.13.3
[INFO] [stderr]    Compiling semver-parser v0.10.2
[INFO] [stderr]    Compiling generic-array v0.12.4
[INFO] [stderr]    Compiling heapless v0.5.6
[INFO] [stderr]    Compiling stable_deref_trait v1.2.0
[INFO] [stderr]    Compiling byteorder v1.4.3
[INFO] [stderr]    Compiling nb v1.0.0
[INFO] [stderr]    Compiling semver v0.11.0
[INFO] [stderr]    Compiling bitflags v1.3.2
[INFO] [stderr]    Compiling as-slice v0.1.5
[INFO] [stderr]    Compiling hash32 v0.1.1
[INFO] [stderr]    Compiling time v0.1.44
[INFO] [stderr]    Compiling futures-core v0.3.19
[INFO] [stderr]    Compiling defmt-parser v0.1.0
[INFO] [stderr]    Compiling void v1.0.2
[INFO] [stderr]    Compiling nix v0.16.1
[INFO] [stderr]    Compiling chrono v0.4.19
[INFO] [stderr]    Compiling defmt v0.1.3
[INFO] [stderr]    Compiling futures-task v0.3.19
[INFO] [stderr]    Compiling futures-channel v0.3.19
[INFO] [stderr]    Compiling cfg-if v0.1.10
[INFO] [stderr]    Compiling libudev v0.2.0
[INFO] [stderr] LLVM ERROR: IO failure on output stream: No space left on device
[INFO] [stderr] error: could not compile `libudev`
[INFO] [stderr] warning: build failed, waiting for other jobs to finish...
[INFO] [stdout] error: linking with `cc` failed: exit status: 1
[INFO] [stdout]   |
[INFO] [stdout]   = note: LC_ALL="C" PATH="/opt/rustwide/rustup-home/toolchains/1.69.0-x86_64-unknown-linux-gnu/lib/rustlib/x86_64-unknown-linux-gnu/bin:/opt/rustwide/cargo-home/bin:/usr/local/sbin:/usr/local/bin:/usr/sbin:/usr/bin:/sbin:/bin" VSLANG="1033" "cc" "-m64" "/tmp/rustcCTFw6J/symbols.o" "/opt/rustwide/target/debug/build/futures-task-fc4af5181f9818c6/build_script_build-fc4af5181f9818c6.build_script_build.1fb20f84-cgu.0.rcgu.o" "/opt/rustwide/target/debug/build/futures-task-fc4af5181f9818c6/build_script_build-fc4af5181f9818c6.build_script_build.1fb20f84-cgu.1.rcgu.o" "/opt/rustwide/target/debug/build/futures-task-fc4af5181f9818c6/build_script_build-fc4af5181f9818c6.build_script_build.1fb20f84-cgu.10.rcgu.o" "/opt/rustwide/target/debug/build/futures-task-fc4af5181f9818c6/build_script_build-fc4af5181f9818c6.build_script_build.1fb20f84-cgu.11.rcgu.o" "/opt/rustwide/target/debug/build/futures-task-fc4af5181f9818c6/build_script_build-fc4af5181f9818c6.build_script_build.1fb20f84-cgu.12.rcgu.o" "/opt/rustwide/target/debug/build/futures-task-fc4af5181f9818c6/build_script_build-fc4af5181f9818c6.build_script_build.1fb20f84-cgu.13.rcgu.o" "/opt/rustwide/target/debug/build/futures-task-fc4af5181f9818c6/build_script_build-fc4af5181f9818c6.build_script_build.1fb20f84-cgu.14.rcgu.o" "/opt/rustwide/target/debug/build/futures-task-fc4af5181f9818c6/build_script_build-fc4af5181f9818c6.build_script_build.1fb20f84-cgu.15.rcgu.o" "/opt/rustwide/target/debug/build/futures-task-fc4af5181f9818c6/build_script_build-fc4af5181f9818c6.build_script_build.1fb20f84-cgu.2.rcgu.o" "/opt/rustwide/target/debug/build/futures-task-fc4af5181f9818c6/build_script_build-fc4af5181f9818c6.build_script_build.1fb20f84-cgu.3.rcgu.o" "/opt/rustwide/target/debug/build/futures-task-fc4af5181f9818c6/build_script_build-fc4af5181f9818c6.build_script_build.1fb20f84-cgu.4.rcgu.o" "/opt/rustwide/target/debug/build/futures-task-fc4af5181f9818c6/build_script_build-fc4af5181f9818c6.build_script_build.1fb20f84-cgu.5.rcgu.o" "/opt/rustwide/target/debug/build/futures-task-fc4af5181f9818c6/build_script_build-fc4af5181f9818c6.build_script_build.1fb20f84-cgu.6.rcgu.o" "/opt/rustwide/target/debug/build/futures-task-fc4af5181f9818c6/build_script_build-fc4af5181f9818c6.build_script_build.1fb20f84-cgu.7.rcgu.o" "/opt/rustwide/target/debug/build/futures-task-fc4af5181f9818c6/build_script_build-fc4af5181f9818c6.build_script_build.1fb20f84-cgu.8.rcgu.o" "/opt/rustwide/target/debug/build/futures-task-fc4af5181f9818c6/build_script_build-fc4af5181f9818c6.build_script_build.1fb20f84-cgu.9.rcgu.o" "/opt/rustwide/target/debug/build/futures-task-fc4af5181f9818c6/build_script_build-fc4af5181f9818c6.b3ku27c47ioaobc.rcgu.o" "-Wl,--as-needed" "-L" "/opt/rustwide/target/debug/deps" "-L" "/opt/rustwide/rustup-home/toolchains/1.69.0-x86_64-unknown-linux-gnu/lib/rustlib/x86_64-unknown-linux-gnu/lib" "-Wl,-Bstatic" "/opt/rustwide/rustup-home/toolchains/1.69.0-x86_64-unknown-linux-gnu/lib/rustlib/x86_64-unknown-linux-gnu/lib/libstd-89bc084783fdc439.rlib" "/opt/rustwide/rustup-home/toolchains/1.69.0-x86_64-unknown-linux-gnu/lib/rustlib/x86_64-unknown-linux-gnu/lib/libpanic_unwind-8bee4b287d4367c1.rlib" "/opt/rustwide/rustup-home/toolchains/1.69.0-x86_64-unknown-linux-gnu/lib/rustlib/x86_64-unknown-linux-gnu/lib/libobject-d61707aed80694c0.rlib" "/opt/rustwide/rustup-home/toolchains/1.69.0-x86_64-unknown-linux-gnu/lib/rustlib/x86_64-unknown-linux-gnu/lib/libmemchr-d85366256f22345b.rlib" "/opt/rustwide/rustup-home/toolchains/1.69.0-x86_64-unknown-linux-gnu/lib/rustlib/x86_64-unknown-linux-gnu/lib/libaddr2line-96069b86b8a8cae9.rlib" "/opt/rustwide/rustup-home/toolchains/1.69.0-x86_64-unknown-linux-gnu/lib/rustlib/x86_64-unknown-linux-gnu/lib/libgimli-d19d53abf68dfa6c.rlib" "/opt/rustwide/rustup-home/toolchains/1.69.0-x86_64-unknown-linux-gnu/lib/rustlib/x86_64-unknown-linux-gnu/lib/librustc_demangle-787cbccd19d64ac6.rlib" "/opt/rustwide/rustup-home/toolchains/1.69.0-x86_64-unknown-linux-gnu/lib/rustlib/x86_64-unknown-linux-gnu/lib/libstd_detect-b3837a36b830e0d0.rlib" "/opt/rustwide/rustup-home/toolchains/1.69.0-x86_64-unknown-linux-gnu/lib/rustlib/x86_64-unknown-linux-gnu/lib/libhashbrown-e3deb0e7e3f04966.rlib" "/opt/rustwide/rustup-home/toolchains/1.69.0-x86_64-unknown-linux-gnu/lib/rustlib/x86_64-unknown-linux-gnu/lib/libminiz_oxide-dabbb79c9815def4.rlib" "/opt/rustwide/rustup-home/toolchains/1.69.0-x86_64-unknown-linux-gnu/lib/rustlib/x86_64-unknown-linux-gnu/lib/libadler-305b01f34c9409f2.rlib" "/opt/rustwide/rustup-home/toolchains/1.69.0-x86_64-unknown-linux-gnu/lib/rustlib/x86_64-unknown-linux-gnu/lib/librustc_std_workspace_alloc-f833521df6074e73.rlib" "/opt/rustwide/rustup-home/toolchains/1.69.0-x86_64-unknown-linux-gnu/lib/rustlib/x86_64-unknown-linux-gnu/lib/libunwind-9ac333113350d171.rlib" "/opt/rustwide/rustup-home/toolchains/1.69.0-x86_64-unknown-linux-gnu/lib/rustlib/x86_64-unknown-linux-gnu/lib/libcfg_if-1c126114322d0eee.rlib" "/opt/rustwide/rustup-home/toolchains/1.69.0-x86_64-unknown-linux-gnu/lib/rustlib/x86_64-unknown-linux-gnu/lib/liblibc-bad9164fdeeecf92.rlib" "/opt/rustwide/rustup-home/toolchains/1.69.0-x86_64-unknown-linux-gnu/lib/rustlib/x86_64-unknown-linux-gnu/lib/liballoc-f9374b1e480fa681.rlib" "/opt/rustwide/rustup-home/toolchains/1.69.0-x86_64-unknown-linux-gnu/lib/rustlib/x86_64-unknown-linux-gnu/lib/librustc_std_workspace_core-207f06e41d9603af.rlib" "/opt/rustwide/rustup-home/toolchains/1.69.0-x86_64-unknown-linux-gnu/lib/rustlib/x86_64-unknown-linux-gnu/lib/libcore-7e2768e66e984e85.rlib" "/opt/rustwide/rustup-home/toolchains/1.69.0-x86_64-unknown-linux-gnu/lib/rustlib/x86_64-unknown-linux-gnu/lib/libcompiler_builtins-957b4aff41f8cd46.rlib" "-Wl,-Bdynamic" "-lgcc_s" "-lutil" "-lrt" "-lpthread" "-lm" "-ldl" "-lc" "-Wl,--eh-frame-hdr" "-Wl,-z,noexecstack" "-L" "/opt/rustwide/rustup-home/toolchains/1.69.0-x86_64-unknown-linux-gnu/lib/rustlib/x86_64-unknown-linux-gnu/lib" "-o" "/opt/rustwide/target/debug/build/futures-task-fc4af5181f9818c6/build_script_build-fc4af5181f9818c6" "-Wl,--gc-sections" "-pie" "-Wl,-z,relro,-z,now" "-nodefaultlibs"
[INFO] [stdout]   = note: /usr/bin/ld: final link failed: No space left on device
[INFO] [stdout]           collect2: error: ld returned 1 exit status
[INFO] [stdout]           
[INFO] [stdout] 
[INFO] [stdout] 
[INFO] [stdout] error: aborting due to previous error
[INFO] [stdout] 
[INFO] [stdout] 
[INFO] [stderr] error: could not compile `futures-task` due to 2 previous errors
[INFO] [stdout] error: linking with `cc` failed: exit status: 1
[INFO] [stdout]   |
[INFO] [stdout]   = note: LC_ALL="C" PATH="/opt/rustwide/rustup-home/toolchains/1.69.0-x86_64-unknown-linux-gnu/lib/rustlib/x86_64-unknown-linux-gnu/bin:/opt/rustwide/cargo-home/bin:/usr/local/sbin:/usr/local/bin:/usr/sbin:/usr/bin:/sbin:/bin" VSLANG="1033" "cc" "-m64" "/tmp/rustcapySIP/symbols.o" "/opt/rustwide/target/debug/build/futures-channel-ded37a445b59bb53/build_script_build-ded37a445b59bb53.build_script_build.56fb2307-cgu.0.rcgu.o" "/opt/rustwide/target/debug/build/futures-channel-ded37a445b59bb53/build_script_build-ded37a445b59bb53.build_script_build.56fb2307-cgu.1.rcgu.o" "/opt/rustwide/target/debug/build/futures-channel-ded37a445b59bb53/build_script_build-ded37a445b59bb53.build_script_build.56fb2307-cgu.10.rcgu.o" "/opt/rustwide/target/debug/build/futures-channel-ded37a445b59bb53/build_script_build-ded37a445b59bb53.build_script_build.56fb2307-cgu.11.rcgu.o" "/opt/rustwide/target/debug/build/futures-channel-ded37a445b59bb53/build_script_build-ded37a445b59bb53.build_script_build.56fb2307-cgu.12.rcgu.o" "/opt/rustwide/target/debug/build/futures-channel-ded37a445b59bb53/build_script_build-ded37a445b59bb53.build_script_build.56fb2307-cgu.13.rcgu.o" "/opt/rustwide/target/debug/build/futures-channel-ded37a445b59bb53/build_script_build-ded37a445b59bb53.build_script_build.56fb2307-cgu.14.rcgu.o" "/opt/rustwide/target/debug/build/futures-channel-ded37a445b59bb53/build_script_build-ded37a445b59bb53.build_script_build.56fb2307-cgu.15.rcgu.o" "/opt/rustwide/target/debug/build/futures-channel-ded37a445b59bb53/build_script_build-ded37a445b59bb53.build_script_build.56fb2307-cgu.2.rcgu.o" "/opt/rustwide/target/debug/build/futures-channel-ded37a445b59bb53/build_script_build-ded37a445b59bb53.build_script_build.56fb2307-cgu.3.rcgu.o" "/opt/rustwide/target/debug/build/futures-channel-ded37a445b59bb53/build_script_build-ded37a445b59bb53.build_script_build.56fb2307-cgu.4.rcgu.o" "/opt/rustwide/target/debug/build/futures-channel-ded37a445b59bb53/build_script_build-ded37a445b59bb53.build_script_build.56fb2307-cgu.5.rcgu.o" "/opt/rustwide/target/debug/build/futures-channel-ded37a445b59bb53/build_script_build-ded37a445b59bb53.build_script_build.56fb2307-cgu.6.rcgu.o" "/opt/rustwide/target/debug/build/futures-channel-ded37a445b59bb53/build_script_build-ded37a445b59bb53.build_script_build.56fb2307-cgu.7.rcgu.o" "/opt/rustwide/target/debug/build/futures-channel-ded37a445b59bb53/build_script_build-ded37a445b59bb53.build_script_build.56fb2307-cgu.8.rcgu.o" "/opt/rustwide/target/debug/build/futures-channel-ded37a445b59bb53/build_script_build-ded37a445b59bb53.build_script_build.56fb2307-cgu.9.rcgu.o" "/opt/rustwide/target/debug/build/futures-channel-ded37a445b59bb53/build_script_build-ded37a445b59bb53.4da8tggqgw0q30be.rcgu.o" "-Wl,--as-needed" "-L" "/opt/rustwide/target/debug/deps" "-L" "/opt/rustwide/rustup-home/toolchains/1.69.0-x86_64-unknown-linux-gnu/lib/rustlib/x86_64-unknown-linux-gnu/lib" "-Wl,-Bstatic" "/opt/rustwide/rustup-home/toolchains/1.69.0-x86_64-unknown-linux-gnu/lib/rustlib/x86_64-unknown-linux-gnu/lib/libstd-89bc084783fdc439.rlib" "/opt/rustwide/rustup-home/toolchains/1.69.0-x86_64-unknown-linux-gnu/lib/rustlib/x86_64-unknown-linux-gnu/lib/libpanic_unwind-8bee4b287d4367c1.rlib" "/opt/rustwide/rustup-home/toolchains/1.69.0-x86_64-unknown-linux-gnu/lib/rustlib/x86_64-unknown-linux-gnu/lib/libobject-d61707aed80694c0.rlib" "/opt/rustwide/rustup-home/toolchains/1.69.0-x86_64-unknown-linux-gnu/lib/rustlib/x86_64-unknown-linux-gnu/lib/libmemchr-d85366256f22345b.rlib" "/opt/rustwide/rustup-home/toolchains/1.69.0-x86_64-unknown-linux-gnu/lib/rustlib/x86_64-unknown-linux-gnu/lib/libaddr2line-96069b86b8a8cae9.rlib" "/opt/rustwide/rustup-home/toolchains/1.69.0-x86_64-unknown-linux-gnu/lib/rustlib/x86_64-unknown-linux-gnu/lib/libgimli-d19d53abf68dfa6c.rlib" "/opt/rustwide/rustup-home/toolchains/1.69.0-x86_64-unknown-linux-gnu/lib/rustlib/x86_64-unknown-linux-gnu/lib/librustc_demangle-787cbccd19d64ac6.rlib" "/opt/rustwide/rustup-home/toolchains/1.69.0-x86_64-unknown-linux-gnu/lib/rustlib/x86_64-unknown-linux-gnu/lib/libstd_detect-b3837a36b830e0d0.rlib" "/opt/rustwide/rustup-home/toolchains/1.69.0-x86_64-unknown-linux-gnu/lib/rustlib/x86_64-unknown-linux-gnu/lib/libhashbrown-e3deb0e7e3f04966.rlib" "/opt/rustwide/rustup-home/toolchains/1.69.0-x86_64-unknown-linux-gnu/lib/rustlib/x86_64-unknown-linux-gnu/lib/libminiz_oxide-dabbb79c9815def4.rlib" "/opt/rustwide/rustup-home/toolchains/1.69.0-x86_64-unknown-linux-gnu/lib/rustlib/x86_64-unknown-linux-gnu/lib/libadler-305b01f34c9409f2.rlib" "/opt/rustwide/rustup-home/toolchains/1.69.0-x86_64-unknown-linux-gnu/lib/rustlib/x86_64-unknown-linux-gnu/lib/librustc_std_workspace_alloc-f833521df6074e73.rlib" "/opt/rustwide/rustup-home/toolchains/1.69.0-x86_64-unknown-linux-gnu/lib/rustlib/x86_64-unknown-linux-gnu/lib/libunwind-9ac333113350d171.rlib" "/opt/rustwide/rustup-home/toolchains/1.69.0-x86_64-unknown-linux-gnu/lib/rustlib/x86_64-unknown-linux-gnu/lib/libcfg_if-1c126114322d0eee.rlib" "/opt/rustwide/rustup-home/toolchains/1.69.0-x86_64-unknown-linux-gnu/lib/rustlib/x86_64-unknown-linux-gnu/lib/liblibc-bad9164fdeeecf92.rlib" "/opt/rustwide/rustup-home/toolchains/1.69.0-x86_64-unknown-linux-gnu/lib/rustlib/x86_64-unknown-linux-gnu/lib/liballoc-f9374b1e480fa681.rlib" "/opt/rustwide/rustup-home/toolchains/1.69.0-x86_64-unknown-linux-gnu/lib/rustlib/x86_64-unknown-linux-gnu/lib/librustc_std_workspace_core-207f06e41d9603af.rlib" "/opt/rustwide/rustup-home/toolchains/1.69.0-x86_64-unknown-linux-gnu/lib/rustlib/x86_64-unknown-linux-gnu/lib/libcore-7e2768e66e984e85.rlib" "/opt/rustwide/rustup-home/toolchains/1.69.0-x86_64-unknown-linux-gnu/lib/rustlib/x86_64-unknown-linux-gnu/lib/libcompiler_builtins-957b4aff41f8cd46.rlib" "-Wl,-Bdynamic" "-lgcc_s" "-lutil" "-lrt" "-lpthread" "-lm" "-ldl" "-lc" "-Wl,--eh-frame-hdr" "-Wl,-z,noexecstack" "-L" "/opt/rustwide/rustup-home/toolchains/1.69.0-x86_64-unknown-linux-gnu/lib/rustlib/x86_64-unknown-linux-gnu/lib" "-o" "/opt/rustwide/target/debug/build/futures-channel-ded37a445b59bb53/build_script_build-ded37a445b59bb53" "-Wl,--gc-sections" "-pie" "-Wl,-z,relro,-z,now" "-nodefaultlibs"
[INFO] [stdout]   = note: /usr/bin/ld: final link failed: No space left on device
[INFO] [stdout]           collect2: error: ld returned 1 exit status
[INFO] [stdout]           
[INFO] [stdout] 
[INFO] [stdout] 
[INFO] [stdout] error: aborting due to previous error
[INFO] [stdout] 
[INFO] [stdout] 
[INFO] [stderr] error: could not compile `futures-channel` due to 2 previous errors
[INFO] [stdout] error: linking with `cc` failed: exit status: 1
[INFO] [stdout]   |
[INFO] [stdout]   = note: LC_ALL="C" PATH="/opt/rustwide/rustup-home/toolchains/1.69.0-x86_64-unknown-linux-gnu/lib/rustlib/x86_64-unknown-linux-gnu/bin:/opt/rustwide/cargo-home/bin:/usr/local/sbin:/usr/local/bin:/usr/sbin:/usr/bin:/sbin:/bin" VSLANG="1033" "cc" "-m64" "/tmp/rustcpraYqe/symbols.o" "/opt/rustwide/target/debug/build/defmt-45628bfd6363fc34/build_script_build-45628bfd6363fc34.build_script_build.02d1f497-cgu.0.rcgu.o" "/opt/rustwide/target/debug/build/defmt-45628bfd6363fc34/build_script_build-45628bfd6363fc34.build_script_build.02d1f497-cgu.1.rcgu.o" "/opt/rustwide/target/debug/build/defmt-45628bfd6363fc34/build_script_build-45628bfd6363fc34.build_script_build.02d1f497-cgu.10.rcgu.o" "/opt/rustwide/target/debug/build/defmt-45628bfd6363fc34/build_script_build-45628bfd6363fc34.build_script_build.02d1f497-cgu.11.rcgu.o" "/opt/rustwide/target/debug/build/defmt-45628bfd6363fc34/build_script_build-45628bfd6363fc34.build_script_build.02d1f497-cgu.12.rcgu.o" "/opt/rustwide/target/debug/build/defmt-45628bfd6363fc34/build_script_build-45628bfd6363fc34.build_script_build.02d1f497-cgu.13.rcgu.o" "/opt/rustwide/target/debug/build/defmt-45628bfd6363fc34/build_script_build-45628bfd6363fc34.build_script_build.02d1f497-cgu.14.rcgu.o" "/opt/rustwide/target/debug/build/defmt-45628bfd6363fc34/build_script_build-45628bfd6363fc34.build_script_build.02d1f497-cgu.15.rcgu.o" "/opt/rustwide/target/debug/build/defmt-45628bfd6363fc34/build_script_build-45628bfd6363fc34.build_script_build.02d1f497-cgu.2.rcgu.o" "/opt/rustwide/target/debug/build/defmt-45628bfd6363fc34/build_script_build-45628bfd6363fc34.build_script_build.02d1f497-cgu.3.rcgu.o" "/opt/rustwide/target/debug/build/defmt-45628bfd6363fc34/build_script_build-45628bfd6363fc34.build_script_build.02d1f497-cgu.4.rcgu.o" "/opt/rustwide/target/debug/build/defmt-45628bfd6363fc34/build_script_build-45628bfd6363fc34.build_script_build.02d1f497-cgu.5.rcgu.o" "/opt/rustwide/target/debug/build/defmt-45628bfd6363fc34/build_script_build-45628bfd6363fc34.build_script_build.02d1f497-cgu.6.rcgu.o" "/opt/rustwide/target/debug/build/defmt-45628bfd6363fc34/build_script_build-45628bfd6363fc34.build_script_build.02d1f497-cgu.7.rcgu.o" "/opt/rustwide/target/debug/build/defmt-45628bfd6363fc34/build_script_build-45628bfd6363fc34.build_script_build.02d1f497-cgu.8.rcgu.o" "/opt/rustwide/target/debug/build/defmt-45628bfd6363fc34/build_script_build-45628bfd6363fc34.build_script_build.02d1f497-cgu.9.rcgu.o" "/opt/rustwide/target/debug/build/defmt-45628bfd6363fc34/build_script_build-45628bfd6363fc34.1moqzgnvxquq388c.rcgu.o" "-Wl,--as-needed" "-L" "/opt/rustwide/target/debug/deps" "-L" "/opt/rustwide/rustup-home/toolchains/1.69.0-x86_64-unknown-linux-gnu/lib/rustlib/x86_64-unknown-linux-gnu/lib" "-Wl,-Bstatic" "/opt/rustwide/target/debug/deps/libsemver-be42f4220e045adf.rlib" "/opt/rustwide/target/debug/deps/libsemver_parser-d15e9fcbaeccb4a0.rlib" "/opt/rustwide/target/debug/deps/libpest-8523ce5169f55329.rlib" "/opt/rustwide/target/debug/deps/libucd_trie-53f63d4355ac959a.rlib" "/opt/rustwide/rustup-home/toolchains/1.69.0-x86_64-unknown-linux-gnu/lib/rustlib/x86_64-unknown-linux-gnu/lib/libstd-89bc084783fdc439.rlib" "/opt/rustwide/rustup-home/toolchains/1.69.0-x86_64-unknown-linux-gnu/lib/rustlib/x86_64-unknown-linux-gnu/lib/libpanic_unwind-8bee4b287d4367c1.rlib" "/opt/rustwide/rustup-home/toolchains/1.69.0-x86_64-unknown-linux-gnu/lib/rustlib/x86_64-unknown-linux-gnu/lib/libobject-d61707aed80694c0.rlib" "/opt/rustwide/rustup-home/toolchains/1.69.0-x86_64-unknown-linux-gnu/lib/rustlib/x86_64-unknown-linux-gnu/lib/libmemchr-d85366256f22345b.rlib" "/opt/rustwide/rustup-home/toolchains/1.69.0-x86_64-unknown-linux-gnu/lib/rustlib/x86_64-unknown-linux-gnu/lib/libaddr2line-96069b86b8a8cae9.rlib" "/opt/rustwide/rustup-home/toolchains/1.69.0-x86_64-unknown-linux-gnu/lib/rustlib/x86_64-unknown-linux-gnu/lib/libgimli-d19d53abf68dfa6c.rlib" "/opt/rustwide/rustup-home/toolchains/1.69.0-x86_64-unknown-linux-gnu/lib/rustlib/x86_64-unknown-linux-gnu/lib/librustc_demangle-787cbccd19d64ac6.rlib" "/opt/rustwide/rustup-home/toolchains/1.69.0-x86_64-unknown-linux-gnu/lib/rustlib/x86_64-unknown-linux-gnu/lib/libstd_detect-b3837a36b830e0d0.rlib" "/opt/rustwide/rustup-home/toolchains/1.69.0-x86_64-unknown-linux-gnu/lib/rustlib/x86_64-unknown-linux-gnu/lib/libhashbrown-e3deb0e7e3f04966.rlib" "/opt/rustwide/rustup-home/toolchains/1.69.0-x86_64-unknown-linux-gnu/lib/rustlib/x86_64-unknown-linux-gnu/lib/libminiz_oxide-dabbb79c9815def4.rlib" "/opt/rustwide/rustup-home/toolchains/1.69.0-x86_64-unknown-linux-gnu/lib/rustlib/x86_64-unknown-linux-gnu/lib/libadler-305b01f34c9409f2.rlib" "/opt/rustwide/rustup-home/toolchains/1.69.0-x86_64-unknown-linux-gnu/lib/rustlib/x86_64-unknown-linux-gnu/lib/librustc_std_workspace_alloc-f833521df6074e73.rlib" "/opt/rustwide/rustup-home/toolchains/1.69.0-x86_64-unknown-linux-gnu/lib/rustlib/x86_64-unknown-linux-gnu/lib/libunwind-9ac333113350d171.rlib" "/opt/rustwide/rustup-home/toolchains/1.69.0-x86_64-unknown-linux-gnu/lib/rustlib/x86_64-unknown-linux-gnu/lib/libcfg_if-1c126114322d0eee.rlib" "/opt/rustwide/rustup-home/toolchains/1.69.0-x86_64-unknown-linux-gnu/lib/rustlib/x86_64-unknown-linux-gnu/lib/liblibc-bad9164fdeeecf92.rlib" "/opt/rustwide/rustup-home/toolchains/1.69.0-x86_64-unknown-linux-gnu/lib/rustlib/x86_64-unknown-linux-gnu/lib/liballoc-f9374b1e480fa681.rlib" "/opt/rustwide/rustup-home/toolchains/1.69.0-x86_64-unknown-linux-gnu/lib/rustlib/x86_64-unknown-linux-gnu/lib/librustc_std_workspace_core-207f06e41d9603af.rlib" "/opt/rustwide/rustup-home/toolchains/1.69.0-x86_64-unknown-linux-gnu/lib/rustlib/x86_64-unknown-linux-gnu/lib/libcore-7e2768e66e984e85.rlib" "/opt/rustwide/rustup-home/toolchains/1.69.0-x86_64-unknown-linux-gnu/lib/rustlib/x86_64-unknown-linux-gnu/lib/libcompiler_builtins-957b4aff41f8cd46.rlib" "-Wl,-Bdynamic" "-lgcc_s" "-lutil" "-lrt" "-lpthread" "-lm" "-ldl" "-lc" "-Wl,--eh-frame-hdr" "-Wl,-z,noexecstack" "-L" "/opt/rustwide/rustup-home/toolchains/1.69.0-x86_64-unknown-linux-gnu/lib/rustlib/x86_64-unknown-linux-gnu/lib" "-o" "/opt/rustwide/target/debug/build/defmt-45628bfd6363fc34/build_script_build-45628bfd6363fc34" "-Wl,--gc-sections" "-pie" "-Wl,-z,relro,-z,now" "-nodefaultlibs"
[INFO] [stdout]   = note: /usr/bin/ld: final link failed: No space left on device
[INFO] [stdout]           collect2: error: ld returned 1 exit status
[INFO] [stdout]           
[INFO] [stdout] 
[INFO] [stdout] 
[INFO] [stdout] error: aborting due to previous error
[INFO] [stdout] 
[INFO] [stdout] 
[INFO] [stderr] error: could not compile `defmt` due to 2 previous errors
[INFO] [stderr] LLVM ERROR: IO failure on output stream: No space left on device
[INFO] [stderr] error: could not compile `heapless`
[INFO] [stdout] error: couldn't create a temp dir: No space left on device (os error 28) at path "/opt/rustwide/target/debug/deps/rmetaPRBMJX"
[INFO] [stdout] 
[INFO] [stdout] 
[INFO] [stderr] error: could not compile `chrono` due to previous error
[INFO] [stdout] error: error writing dependencies to `/opt/rustwide/target/debug/deps/nix-73cc17120dd5dac3.d`: No space left on device (os error 28)
[INFO] [stdout] 
[INFO] [stdout] 
[INFO] [stderr] error: could not compile `nix` due to previous error
[INFO] [stdout] error: couldn't create a temp dir: No space left on device (os error 28) at path "/opt/rustwide/target/debug/deps/rmetaSY4QT2"
[INFO] [stdout] 
[INFO] [stdout] 
[INFO] [stderr] error: could not compile `syn` due to previous error
[INFO] running `Command { std: "docker" "inspect" "4680fd81924a383fde279d0b3fdf2a74e286932dd0c0312f94d7e3db7fb09b77", kill_on_drop: false }`
[INFO] running `Command { std: "docker" "rm" "-f" "4680fd81924a383fde279d0b3fdf2a74e286932dd0c0312f94d7e3db7fb09b77", kill_on_drop: false }`
[INFO] [stdout] 4680fd81924a383fde279d0b3fdf2a74e286932dd0c0312f94d7e3db7fb09b77
