[INFO] cloning repository https://github.com/ksk001100/dakoku
[INFO] running `Command { std: "git" "-c" "credential.helper=" "-c" "credential.helper=/workspace/cargo-home/bin/git-credential-null" "clone" "--bare" "https://github.com/ksk001100/dakoku" "/workspace/cache/git-repos/https%3A%2F%2Fgithub.com%2Fksk001100%2Fdakoku", kill_on_drop: false }`
[INFO] [stderr] Cloning into bare repository '/workspace/cache/git-repos/https%3A%2F%2Fgithub.com%2Fksk001100%2Fdakoku'...
[INFO] running `Command { std: "git" "rev-parse" "HEAD", kill_on_drop: false }`
[INFO] [stdout] 4fdcee75f9ccd950cb4c7ba3a2b9ed47869093d4
[INFO] testing ksk001100/dakoku against 1.69.0 for beta-1.70-1
[INFO] running `Command { std: "git" "clone" "/workspace/cache/git-repos/https%3A%2F%2Fgithub.com%2Fksk001100%2Fdakoku" "/workspace/builds/worker-4-tc1/source", kill_on_drop: false }`
[INFO] [stderr] Cloning into '/workspace/builds/worker-4-tc1/source'...
[INFO] [stderr] done.
[INFO] validating manifest of git repo https://github.com/ksk001100/dakoku on toolchain 1.69.0
[INFO] running `Command { std: CARGO_HOME="/workspace/cargo-home" RUSTUP_HOME="/workspace/rustup-home" "/workspace/cargo-home/bin/cargo" "+1.69.0" "metadata" "--manifest-path" "Cargo.toml" "--no-deps", kill_on_drop: false }`
[INFO] started tweaking git repo https://github.com/ksk001100/dakoku
[INFO] finished tweaking git repo https://github.com/ksk001100/dakoku
[INFO] tweaked toml for git repo https://github.com/ksk001100/dakoku written to /workspace/builds/worker-4-tc1/source/Cargo.toml
[INFO] crate git repo https://github.com/ksk001100/dakoku already has a lockfile, it will not be regenerated
[INFO] running `Command { std: CARGO_HOME="/workspace/cargo-home" RUSTUP_HOME="/workspace/rustup-home" "/workspace/cargo-home/bin/cargo" "+1.69.0" "fetch" "--manifest-path" "Cargo.toml", kill_on_drop: false }`
[INFO] [stderr]  Downloading crates ...
[INFO] [stderr]   Downloaded seahorse v2.0.0
[INFO] [stderr]   Downloaded spinners v2.0.0
[INFO] [stderr]   Downloaded spinner v0.5.0
[INFO] [stderr]   Downloaded zvariant_derive v3.3.0
[INFO] [stderr]   Downloaded zvariant v3.3.0
[INFO] [stderr]   Downloaded zbus v2.3.1
[INFO] [stderr]   Downloaded zbus_macros v2.3.1
[INFO] [stderr]   Downloaded mac-notification-sys v0.5.2
[INFO] [stderr]   Downloaded socks v0.3.4
[INFO] [stderr]   Downloaded ansi_term v0.7.5
[INFO] [stderr]   Downloaded auto_generate_cdp v0.4.1
[INFO] [stderr]   Downloaded async-broadcast v0.4.0
[INFO] [stderr]   Downloaded headless_chrome v1.0.5
[INFO] running `Command { std: "docker" "create" "-v" "/var/lib/crater-agent-workspace/builds/worker-4-tc1/target:/opt/rustwide/target:rw,Z" "-v" "/var/lib/crater-agent-workspace/builds/worker-4-tc1/source:/opt/rustwide/workdir:ro,Z" "-v" "/var/lib/crater-agent-workspace/cargo-home:/opt/rustwide/cargo-home:ro,Z" "-v" "/var/lib/crater-agent-workspace/rustup-home:/opt/rustwide/rustup-home:ro,Z" "-e" "SOURCE_DIR=/opt/rustwide/workdir" "-e" "CARGO_TARGET_DIR=/opt/rustwide/target" "-e" "CARGO_HOME=/opt/rustwide/cargo-home" "-e" "RUSTUP_HOME=/opt/rustwide/rustup-home" "-w" "/opt/rustwide/workdir" "-m" "1610612736" "--user" "0:0" "--network" "none" "ghcr.io/rust-lang/crates-build-env/linux@sha256:5ff2268d62e97bff2cde7d5815dd6ed5b47097566f13b8d0ca110b04b60e07ed" "/opt/rustwide/cargo-home/bin/cargo" "+1.69.0" "metadata" "--no-deps" "--format-version=1", kill_on_drop: false }`
[INFO] [stdout] bb4cf06e3d3cf5a5aafe7372889f661ebfbe58921936ec959466cb97d1f8ea40
[INFO] running `Command { std: "docker" "start" "-a" "bb4cf06e3d3cf5a5aafe7372889f661ebfbe58921936ec959466cb97d1f8ea40", kill_on_drop: false }`
[INFO] running `Command { std: "docker" "inspect" "bb4cf06e3d3cf5a5aafe7372889f661ebfbe58921936ec959466cb97d1f8ea40", kill_on_drop: false }`
[INFO] running `Command { std: "docker" "rm" "-f" "bb4cf06e3d3cf5a5aafe7372889f661ebfbe58921936ec959466cb97d1f8ea40", kill_on_drop: false }`
[INFO] [stdout] bb4cf06e3d3cf5a5aafe7372889f661ebfbe58921936ec959466cb97d1f8ea40
[INFO] running `Command { std: "docker" "create" "-v" "/var/lib/crater-agent-workspace/builds/worker-4-tc1/target:/opt/rustwide/target:rw,Z" "-v" "/var/lib/crater-agent-workspace/builds/worker-4-tc1/source:/opt/rustwide/workdir:ro,Z" "-v" "/var/lib/crater-agent-workspace/cargo-home:/opt/rustwide/cargo-home:ro,Z" "-v" "/var/lib/crater-agent-workspace/rustup-home:/opt/rustwide/rustup-home:ro,Z" "-e" "SOURCE_DIR=/opt/rustwide/workdir" "-e" "CARGO_TARGET_DIR=/opt/rustwide/target" "-e" "CARGO_INCREMENTAL=0" "-e" "RUST_BACKTRACE=full" "-e" "RUSTFLAGS=--cap-lints=warn" "-e" "RUSTDOCFLAGS=--cap-lints=warn" "-e" "CARGO_HOME=/opt/rustwide/cargo-home" "-e" "RUSTUP_HOME=/opt/rustwide/rustup-home" "-w" "/opt/rustwide/workdir" "-m" "1610612736" "--user" "0:0" "--network" "none" "ghcr.io/rust-lang/crates-build-env/linux@sha256:5ff2268d62e97bff2cde7d5815dd6ed5b47097566f13b8d0ca110b04b60e07ed" "/opt/rustwide/cargo-home/bin/cargo" "+1.69.0" "build" "--frozen" "--message-format=json", kill_on_drop: false }`
[INFO] [stdout] 661b5ad0a34ceca480c5a97bacbe715b66df1251d6c1a99781f54f3e961f93b4
[INFO] running `Command { std: "docker" "start" "-a" "661b5ad0a34ceca480c5a97bacbe715b66df1251d6c1a99781f54f3e961f93b4", kill_on_drop: false }`
[INFO] [stderr]    Compiling proc-macro2 v1.0.51
[INFO] [stderr]    Compiling unicode-ident v1.0.6
[INFO] [stderr]    Compiling quote v1.0.23
[INFO] [stderr]    Compiling syn v1.0.109
[INFO] [stderr]    Compiling libc v0.2.139
[INFO] [stderr]    Compiling cfg-if v1.0.0
[INFO] [stderr]    Compiling autocfg v1.1.0
[INFO] [stderr]    Compiling serde_derive v1.0.136
[INFO] [stderr]    Compiling once_cell v1.12.0
[INFO] [stderr]    Compiling serde v1.0.136
[INFO] [stderr]    Compiling cc v1.0.72
[INFO] [stderr]    Compiling log v0.4.14
[INFO] [stderr]    Compiling byteorder v1.4.3
[INFO] [stderr]    Compiling futures-core v0.3.21
[INFO] [stderr]    Compiling memchr v2.4.1
[INFO] [stderr]    Compiling tinyvec_macros v0.1.0
[INFO] [stderr]    Compiling untrusted v0.7.1
[INFO] [stderr]    Compiling spin v0.5.2
[INFO] [stderr]    Compiling tinyvec v1.5.1
[INFO] [stderr]    Compiling typenum v1.16.0
[INFO] [stderr]    Compiling ring v0.16.20
[INFO] [stderr]    Compiling version_check v0.9.4
[INFO] [stderr]    Compiling fnv v1.0.7
[INFO] [stderr]    Compiling unicode-bidi v0.3.7
[INFO] [stderr]    Compiling generic-array v0.14.6
[INFO] [stderr]    Compiling pin-project-lite v0.2.9
[INFO] [stderr]    Compiling percent-encoding v2.2.0
[INFO] [stderr]    Compiling unicode-normalization v0.1.19
[INFO] [stderr]    Compiling crc32fast v1.3.2
[INFO] [stderr]    Compiling form_urlencoded v1.1.0
[INFO] [stderr]    Compiling dirs-sys v0.3.6
[INFO] [stderr]    Compiling getrandom v0.2.4
[INFO] [stderr]    Compiling adler v1.0.2
[INFO] [stderr]    Compiling ident_case v1.0.1
[INFO] [stderr]    Compiling strsim v0.10.0
[INFO] [stderr]    Compiling itoa v1.0.1
[INFO] [stderr]    Compiling fastrand v1.7.0
[INFO] [stderr]    Compiling rustls v0.20.8
[INFO] [stderr]    Compiling idna v0.3.0
[INFO] [stderr]    Compiling rand_core v0.6.3
[INFO] [stderr]    Compiling miniz_oxide v0.6.2
[INFO] [stderr]    Compiling lock_api v0.4.7
[INFO] [stderr] thread 'rustc' panicked at 'assertion failed: pos.get() <= self.position()', compiler/rustc_metadata/src/rmeta/encoder.rs:435:9
[INFO] [stderr] LLVM ERROR: IO failure on output stream: No space left on device
[INFO] [stderr] error: could not compile `crc32fast`
[INFO] [stderr] warning: build failed, waiting for other jobs to finish...
[INFO] [stderr] LLVM ERROR: IO failure on output stream: No space left on device
[INFO] [stderr] error: could not compile `lock_api`
[INFO] [stderr] error: could not compile `rand_core`
[INFO] [stdout] error: couldn't create a temp dir: No space left on device (os error 28) at path "/opt/rustwide/target/debug/deps/rmeta4CudeI"
[INFO] [stdout] 
[INFO] [stdout] 
[INFO] [stderr] error: could not compile `idna` due to previous error
[INFO] [stderr] error: failed to run custom build command for `ring v0.16.20`
[INFO] [stderr] note: To improve backtraces for build dependencies, set the CARGO_PROFILE_DEV_BUILD_OVERRIDE_DEBUG=true environment variable to enable debug information generation.
[INFO] [stderr] 
[INFO] [stderr] Caused by:
[INFO] [stderr]   process didn't exit successfully: `/opt/rustwide/target/debug/build/ring-5142a8644372099a/build-script-build` (exit status: 101)
[INFO] [stderr]   --- stdout
[INFO] [stderr]   OPT_LEVEL = Some("0")
[INFO] [stderr]   TARGET = Some("x86_64-unknown-linux-gnu")
[INFO] [stderr]   HOST = Some("x86_64-unknown-linux-gnu")
[INFO] [stderr]   CC_x86_64-unknown-linux-gnu = None
[INFO] [stderr]   CC_x86_64_unknown_linux_gnu = None
[INFO] [stderr]   HOST_CC = None
[INFO] [stderr]   CC = None
[INFO] [stderr]   CFLAGS_x86_64-unknown-linux-gnu = None
[INFO] [stderr]   CFLAGS_x86_64_unknown_linux_gnu = None
[INFO] [stderr]   HOST_CFLAGS = None
[INFO] [stderr]   CFLAGS = None
[INFO] [stderr]   CRATE_CC_NO_DEFAULTS = None
[INFO] [stderr]   DEBUG = Some("false")
[INFO] [stderr]   CARGO_CFG_TARGET_FEATURE = Some("fxsr,sse,sse2")
[INFO] [stderr]   OPT_LEVEL = Some("0")
[INFO] [stderr]   TARGET = Some("x86_64-unknown-linux-gnu")
[INFO] [stderr]   HOST = Some("x86_64-unknown-linux-gnu")
[INFO] [stderr]   CC_x86_64-unknown-linux-gnu = None
[INFO] [stderr]   CC_x86_64_unknown_linux_gnu = None
[INFO] [stderr]   HOST_CC = None
[INFO] [stderr]   CC = None
[INFO] [stderr]   CFLAGS_x86_64-unknown-linux-gnu = None
[INFO] [stderr]   CFLAGS_x86_64_unknown_linux_gnu = None
[INFO] [stderr]   HOST_CFLAGS = None
[INFO] [stderr]   CFLAGS = None
[INFO] [stderr]   CRATE_CC_NO_DEFAULTS = None
[INFO] [stderr]   DEBUG = Some("false")
[INFO] [stderr]   CARGO_CFG_TARGET_FEATURE = Some("fxsr,sse,sse2")
[INFO] [stderr]   OPT_LEVEL = Some("0")
[INFO] [stderr]   TARGET = Some("x86_64-unknown-linux-gnu")
[INFO] [stderr]   HOST = Some("x86_64-unknown-linux-gnu")
[INFO] [stderr]   CC_x86_64-unknown-linux-gnu = None
[INFO] [stderr]   CC_x86_64_unknown_linux_gnu = None
[INFO] [stderr]   HOST_CC = None
[INFO] [stderr]   CC = None
[INFO] [stderr]   CFLAGS_x86_64-unknown-linux-gnu = None
[INFO] [stderr]   CFLAGS_x86_64_unknown_linux_gnu = None
[INFO] [stderr]   HOST_CFLAGS = None
[INFO] [stderr]   CFLAGS = None
[INFO] [stderr]   CRATE_CC_NO_DEFAULTS = None
[INFO] [stderr]   DEBUG = Some("false")
[INFO] [stderr]   CARGO_CFG_TARGET_FEATURE = Some("fxsr,sse,sse2")
[INFO] [stderr]   OPT_LEVEL = Some("0")
[INFO] [stderr]   TARGET = Some("x86_64-unknown-linux-gnu")
[INFO] [stderr]   HOST = Some("x86_64-unknown-linux-gnu")
[INFO] [stderr]   CC_x86_64-unknown-linux-gnu = None
[INFO] [stderr]   CC_x86_64_unknown_linux_gnu = None
[INFO] [stderr]   HOST_CC = None
[INFO] [stderr]   CC = None
[INFO] [stderr]   CFLAGS_x86_64-unknown-linux-gnu = None
[INFO] [stderr]   CFLAGS_x86_64_unknown_linux_gnu = None
[INFO] [stderr]   HOST_CFLAGS = None
[INFO] [stderr]   CFLAGS = None
[INFO] [stderr]   CRATE_CC_NO_DEFAULTS = None
[INFO] [stderr]   DEBUG = Some("false")
[INFO] [stderr]   CARGO_CFG_TARGET_FEATURE = Some("fxsr,sse,sse2")
[INFO] [stderr]   OPT_LEVEL = Some("0")
[INFO] [stderr]   TARGET = Some("x86_64-unknown-linux-gnu")
[INFO] [stderr]   HOST = Some("x86_64-unknown-linux-gnu")
[INFO] [stderr]   CC_x86_64-unknown-linux-gnu = None
[INFO] [stderr]   CC_x86_64_unknown_linux_gnu = None
[INFO] [stderr]   HOST_CC = None
[INFO] [stderr]   CC = None
[INFO] [stderr]   CFLAGS_x86_64-unknown-linux-gnu = None
[INFO] [stderr]   CFLAGS_x86_64_unknown_linux_gnu = None
[INFO] [stderr]   HOST_CFLAGS = None
[INFO] [stderr]   CFLAGS = None
[INFO] [stderr]   CRATE_CC_NO_DEFAULTS = None
[INFO] [stderr]   DEBUG = Some("false")
[INFO] [stderr]   CARGO_CFG_TARGET_FEATURE = Some("fxsr,sse,sse2")
[INFO] [stderr]   OPT_LEVEL = Some("0")
[INFO] [stderr]   TARGET = Some("x86_64-unknown-linux-gnu")
[INFO] [stderr]   HOST = Some("x86_64-unknown-linux-gnu")
[INFO] [stderr]   CC_x86_64-unknown-linux-gnu = None
[INFO] [stderr]   CC_x86_64_unknown_linux_gnu = None
[INFO] [stderr]   HOST_CC = None
[INFO] [stderr]   CC = None
[INFO] [stderr]   CFLAGS_x86_64-unknown-linux-gnu = None
[INFO] [stderr]   CFLAGS_x86_64_unknown_linux_gnu = None
[INFO] [stderr]   HOST_CFLAGS = None
[INFO] [stderr]   CFLAGS = None
[INFO] [stderr]   CRATE_CC_NO_DEFAULTS = None
[INFO] [stderr]   DEBUG = Some("false")
[INFO] [stderr]   CARGO_CFG_TARGET_FEATURE = Some("fxsr,sse,sse2")
[INFO] [stderr]   OPT_LEVEL = Some("0")
[INFO] [stderr]   TARGET = Some("x86_64-unknown-linux-gnu")
[INFO] [stderr]   HOST = Some("x86_64-unknown-linux-gnu")
[INFO] [stderr]   CC_x86_64-unknown-linux-gnu = None
[INFO] [stderr]   CC_x86_64_unknown_linux_gnu = None
[INFO] [stderr]   HOST_CC = None
[INFO] [stderr]   CC = None
[INFO] [stderr]   CFLAGS_x86_64-unknown-linux-gnu = None
[INFO] [stderr]   CFLAGS_x86_64_unknown_linux_gnu = None
[INFO] [stderr]   HOST_CFLAGS = None
[INFO] [stderr]   CFLAGS = None
[INFO] [stderr]   CRATE_CC_NO_DEFAULTS = None
[INFO] [stderr]   DEBUG = Some("false")
[INFO] [stderr]   CARGO_CFG_TARGET_FEATURE = Some("fxsr,sse,sse2")
[INFO] [stderr]   OPT_LEVEL = Some("0")
[INFO] [stderr]   TARGET = Some("x86_64-unknown-linux-gnu")
[INFO] [stderr]   HOST = Some("x86_64-unknown-linux-gnu")
[INFO] [stderr]   CC_x86_64-unknown-linux-gnu = None
[INFO] [stderr]   CC_x86_64_unknown_linux_gnu = None
[INFO] [stderr]   HOST_CC = None
[INFO] [stderr]   CC = None
[INFO] [stderr]   CFLAGS_x86_64-unknown-linux-gnu = None
[INFO] [stderr]   CFLAGS_x86_64_unknown_linux_gnu = None
[INFO] [stderr]   HOST_CFLAGS = None
[INFO] [stderr]   CFLAGS = None
[INFO] [stderr]   CRATE_CC_NO_DEFAULTS = None
[INFO] [stderr]   DEBUG = Some("false")
[INFO] [stderr]   CARGO_CFG_TARGET_FEATURE = Some("fxsr,sse,sse2")
[INFO] [stderr]   OPT_LEVEL = Some("0")
[INFO] [stderr]   TARGET = Some("x86_64-unknown-linux-gnu")
[INFO] [stderr]   HOST = Some("x86_64-unknown-linux-gnu")
[INFO] [stderr]   CC_x86_64-unknown-linux-gnu = None
[INFO] [stderr]   CC_x86_64_unknown_linux_gnu = None
[INFO] [stderr]   HOST_CC = None
[INFO] [stderr]   CC = None
[INFO] [stderr]   CFLAGS_x86_64-unknown-linux-gnu = None
[INFO] [stderr]   CFLAGS_x86_64_unknown_linux_gnu = None
[INFO] [stderr]   HOST_CFLAGS = None
[INFO] [stderr]   CFLAGS = None
[INFO] [stderr]   CRATE_CC_NO_DEFAULTS = None
[INFO] [stderr]   DEBUG = Some("false")
[INFO] [stderr]   CARGO_CFG_TARGET_FEATURE = Some("fxsr,sse,sse2")
[INFO] [stderr]   OPT_LEVEL = Some("0")
[INFO] [stderr]   TARGET = Some("x86_64-unknown-linux-gnu")
[INFO] [stderr]   HOST = Some("x86_64-unknown-linux-gnu")
[INFO] [stderr]   CC_x86_64-unknown-linux-gnu = None
[INFO] [stderr]   CC_x86_64_unknown_linux_gnu = None
[INFO] [stderr]   HOST_CC = None
[INFO] [stderr]   CC = None
[INFO] [stderr]   CFLAGS_x86_64-unknown-linux-gnu = None
[INFO] [stderr]   CFLAGS_x86_64_unknown_linux_gnu = None
[INFO] [stderr]   HOST_CFLAGS = None
[INFO] [stderr]   CFLAGS = None
[INFO] [stderr]   CRATE_CC_NO_DEFAULTS = None
[INFO] [stderr]   DEBUG = Some("false")
[INFO] [stderr]   CARGO_CFG_TARGET_FEATURE = Some("fxsr,sse,sse2")
[INFO] [stderr]   OPT_LEVEL = Some("0")
[INFO] [stderr]   TARGET = Some("x86_64-unknown-linux-gnu")
[INFO] [stderr]   HOST = Some("x86_64-unknown-linux-gnu")
[INFO] [stderr]   CC_x86_64-unknown-linux-gnu = None
[INFO] [stderr]   CC_x86_64_unknown_linux_gnu = None
[INFO] [stderr]   HOST_CC = None
[INFO] [stderr]   CC = None
[INFO] [stderr]   CFLAGS_x86_64-unknown-linux-gnu = None
[INFO] [stderr]   CFLAGS_x86_64_unknown_linux_gnu = None
[INFO] [stderr]   HOST_CFLAGS = None
[INFO] [stderr]   CFLAGS = None
[INFO] [stderr]   CRATE_CC_NO_DEFAULTS = None
[INFO] [stderr]   DEBUG = Some("false")
[INFO] [stderr]   CARGO_CFG_TARGET_FEATURE = Some("fxsr,sse,sse2")
[INFO] [stderr]   OPT_LEVEL = Some("0")
[INFO] [stderr]   TARGET = Some("x86_64-unknown-linux-gnu")
[INFO] [stderr]   HOST = Some("x86_64-unknown-linux-gnu")
[INFO] [stderr]   CC_x86_64-unknown-linux-gnu = None
[INFO] [stderr]   CC_x86_64_unknown_linux_gnu = None
[INFO] [stderr]   HOST_CC = None
[INFO] [stderr]   CC = None
[INFO] [stderr]   CFLAGS_x86_64-unknown-linux-gnu = None
[INFO] [stderr]   CFLAGS_x86_64_unknown_linux_gnu = None
[INFO] [stderr]   HOST_CFLAGS = None
[INFO] [stderr]   CFLAGS = None
[INFO] [stderr]   CRATE_CC_NO_DEFAULTS = None
[INFO] [stderr]   DEBUG = Some("false")
[INFO] [stderr]   CARGO_CFG_TARGET_FEATURE = Some("fxsr,sse,sse2")
[INFO] [stderr]   OPT_LEVEL = Some("0")
[INFO] [stderr]   TARGET = Some("x86_64-unknown-linux-gnu")
[INFO] [stderr]   HOST = Some("x86_64-unknown-linux-gnu")
[INFO] [stderr]   CC_x86_64-unknown-linux-gnu = None
[INFO] [stderr]   CC_x86_64_unknown_linux_gnu = None
[INFO] [stderr]   HOST_CC = None
[INFO] [stderr]   CC = None
[INFO] [stderr]   CFLAGS_x86_64-unknown-linux-gnu = None
[INFO] [stderr]   CFLAGS_x86_64_unknown_linux_gnu = None
[INFO] [stderr]   HOST_CFLAGS = None
[INFO] [stderr]   CFLAGS = None
[INFO] [stderr]   CRATE_CC_NO_DEFAULTS = None
[INFO] [stderr]   DEBUG = Some("false")
[INFO] [stderr]   CARGO_CFG_TARGET_FEATURE = Some("fxsr,sse,sse2")
[INFO] [stderr]   OPT_LEVEL = Some("0")
[INFO] [stderr]   TARGET = Some("x86_64-unknown-linux-gnu")
[INFO] [stderr]   HOST = Some("x86_64-unknown-linux-gnu")
[INFO] [stderr]   CC_x86_64-unknown-linux-gnu = None
[INFO] [stderr]   CC_x86_64_unknown_linux_gnu = None
[INFO] [stderr]   HOST_CC = None
[INFO] [stderr]   CC = None
[INFO] [stderr]   CFLAGS_x86_64-unknown-linux-gnu = None
[INFO] [stderr]   CFLAGS_x86_64_unknown_linux_gnu = None
[INFO] [stderr]   HOST_CFLAGS = None
[INFO] [stderr]   CFLAGS = None
[INFO] [stderr]   CRATE_CC_NO_DEFAULTS = None
[INFO] [stderr]   DEBUG = Some("false")
[INFO] [stderr]   CARGO_CFG_TARGET_FEATURE = Some("fxsr,sse,sse2")
[INFO] [stderr]   OPT_LEVEL = Some("0")
[INFO] [stderr]   TARGET = Some("x86_64-unknown-linux-gnu")
[INFO] [stderr]   HOST = Some("x86_64-unknown-linux-gnu")
[INFO] [stderr]   CC_x86_64-unknown-linux-gnu = None
[INFO] [stderr]   CC_x86_64_unknown_linux_gnu = None
[INFO] [stderr]   HOST_CC = None
[INFO] [stderr]   CC = None
[INFO] [stderr]   CFLAGS_x86_64-unknown-linux-gnu = None
[INFO] [stderr]   CFLAGS_x86_64_unknown_linux_gnu = None
[INFO] [stderr]   HOST_CFLAGS = None
[INFO] [stderr]   CFLAGS = None
[INFO] [stderr]   CRATE_CC_NO_DEFAULTS = None
[INFO] [stderr]   DEBUG = Some("false")
[INFO] [stderr]   CARGO_CFG_TARGET_FEATURE = Some("fxsr,sse,sse2")
[INFO] [stderr]   OPT_LEVEL = Some("0")
[INFO] [stderr]   TARGET = Some("x86_64-unknown-linux-gnu")
[INFO] [stderr]   HOST = Some("x86_64-unknown-linux-gnu")
[INFO] [stderr]   CC_x86_64-unknown-linux-gnu = None
[INFO] [stderr]   CC_x86_64_unknown_linux_gnu = None
[INFO] [stderr]   HOST_CC = None
[INFO] [stderr]   CC = None
[INFO] [stderr]   CFLAGS_x86_64-unknown-linux-gnu = None
[INFO] [stderr]   CFLAGS_x86_64_unknown_linux_gnu = None
[INFO] [stderr]   HOST_CFLAGS = None
[INFO] [stderr]   CFLAGS = None
[INFO] [stderr]   CRATE_CC_NO_DEFAULTS = None
[INFO] [stderr]   DEBUG = Some("false")
[INFO] [stderr]   CARGO_CFG_TARGET_FEATURE = Some("fxsr,sse,sse2")
[INFO] [stderr]   OPT_LEVEL = Some("0")
[INFO] [stderr]   TARGET = Some("x86_64-unknown-linux-gnu")
[INFO] [stderr]   HOST = Some("x86_64-unknown-linux-gnu")
[INFO] [stderr]   CC_x86_64-unknown-linux-gnu = None
[INFO] [stderr]   CC_x86_64_unknown_linux_gnu = None
[INFO] [stderr]   HOST_CC = None
[INFO] [stderr]   CC = None
[INFO] [stderr]   CFLAGS_x86_64-unknown-linux-gnu = None
[INFO] [stderr]   CFLAGS_x86_64_unknown_linux_gnu = None
[INFO] [stderr]   HOST_CFLAGS = None
[INFO] [stderr]   CFLAGS = None
[INFO] [stderr]   CRATE_CC_NO_DEFAULTS = None
[INFO] [stderr]   DEBUG = Some("false")
[INFO] [stderr]   CARGO_CFG_TARGET_FEATURE = Some("fxsr,sse,sse2")
[INFO] [stderr]   OPT_LEVEL = Some("0")
[INFO] [stderr]   TARGET = Some("x86_64-unknown-linux-gnu")
[INFO] [stderr]   HOST = Some("x86_64-unknown-linux-gnu")
[INFO] [stderr]   CC_x86_64-unknown-linux-gnu = None
[INFO] [stderr]   CC_x86_64_unknown_linux_gnu = None
[INFO] [stderr]   HOST_CC = None
[INFO] [stderr]   CC = None
[INFO] [stderr]   CFLAGS_x86_64-unknown-linux-gnu = None
[INFO] [stderr]   CFLAGS_x86_64_unknown_linux_gnu = None
[INFO] [stderr]   HOST_CFLAGS = None
[INFO] [stderr]   CFLAGS = None
[INFO] [stderr]   CRATE_CC_NO_DEFAULTS = None
[INFO] [stderr]   DEBUG = Some("false")
[INFO] [stderr]   CARGO_CFG_TARGET_FEATURE = Some("fxsr,sse,sse2")
[INFO] [stderr]   OPT_LEVEL = Some("0")
[INFO] [stderr]   TARGET = Some("x86_64-unknown-linux-gnu")
[INFO] [stderr]   HOST = Some("x86_64-unknown-linux-gnu")
[INFO] [stderr]   CC_x86_64-unknown-linux-gnu = None
[INFO] [stderr]   CC_x86_64_unknown_linux_gnu = None
[INFO] [stderr]   HOST_CC = None
[INFO] [stderr]   CC = None
[INFO] [stderr]   CFLAGS_x86_64-unknown-linux-gnu = None
[INFO] [stderr]   CFLAGS_x86_64_unknown_linux_gnu = None
[INFO] [stderr]   HOST_CFLAGS = None
[INFO] [stderr]   CFLAGS = None
[INFO] [stderr]   CRATE_CC_NO_DEFAULTS = None
[INFO] [stderr]   DEBUG = Some("false")
[INFO] [stderr]   CARGO_CFG_TARGET_FEATURE = Some("fxsr,sse,sse2")
[INFO] [stderr]   OPT_LEVEL = Some("0")
[INFO] [stderr]   TARGET = Some("x86_64-unknown-linux-gnu")
[INFO] [stderr]   HOST = Some("x86_64-unknown-linux-gnu")
[INFO] [stderr]   CC_x86_64-unknown-linux-gnu = None
[INFO] [stderr]   CC_x86_64_unknown_linux_gnu = None
[INFO] [stderr]   HOST_CC = None
[INFO] [stderr]   CC = None
[INFO] [stderr]   CFLAGS_x86_64-unknown-linux-gnu = None
[INFO] [stderr]   CFLAGS_x86_64_unknown_linux_gnu = None
[INFO] [stderr]   HOST_CFLAGS = None
[INFO] [stderr]   CFLAGS = None
[INFO] [stderr]   CRATE_CC_NO_DEFAULTS = None
[INFO] [stderr]   DEBUG = Some("false")
[INFO] [stderr]   CARGO_CFG_TARGET_FEATURE = Some("fxsr,sse,sse2")
[INFO] [stderr]   OPT_LEVEL = Some("0")
[INFO] [stderr]   TARGET = Some("x86_64-unknown-linux-gnu")
[INFO] [stderr]   HOST = Some("x86_64-unknown-linux-gnu")
[INFO] [stderr]   CC_x86_64-unknown-linux-gnu = None
[INFO] [stderr]   CC_x86_64_unknown_linux_gnu = None
[INFO] [stderr]   HOST_CC = None
[INFO] [stderr]   CC = None
[INFO] [stderr]   CFLAGS_x86_64-unknown-linux-gnu = None
[INFO] [stderr]   CFLAGS_x86_64_unknown_linux_gnu = None
[INFO] [stderr]   HOST_CFLAGS = None
[INFO] [stderr]   CFLAGS = None
[INFO] [stderr]   CRATE_CC_NO_DEFAULTS = None
[INFO] [stderr]   DEBUG = Some("false")
[INFO] [stderr]   CARGO_CFG_TARGET_FEATURE = Some("fxsr,sse,sse2")
[INFO] [stderr] 
[INFO] [stderr]   --- stderr
[INFO] [stderr]   running "cc" "-O0" "-ffunction-sections" "-fdata-sections" "-fPIC" "-m64" "-I" "include" "-Wall" "-Wextra" "-pedantic" "-pedantic-errors" "-Wall" "-Wextra" "-Wcast-align" "-Wcast-qual" "-Wconversion" "-Wenum-compare" "-Wfloat-equal" "-Wformat=2" "-Winline" "-Winvalid-pch" "-Wmissing-field-initializers" "-Wmissing-include-dirs" "-Wredundant-decls" "-Wshadow" "-Wsign-compare" "-Wsign-conversion" "-Wundef" "-Wuninitialized" "-Wwrite-strings" "-fno-strict-aliasing" "-fvisibility=hidden" "-fstack-protector" "-g3" "-DNDEBUG" "-c" "-o/opt/rustwide/target/debug/build/ring-6d5dddf5aae189ec/out/aesni-x86_64-elf.o" "/opt/rustwide/cargo-home/registry/src/github.com-1ecc6299db9ec823/ring-0.16.20/pregenerated/aesni-x86_64-elf.S"
[INFO] [stderr]   running "cc" "-O0" "-ffunction-sections" "-fdata-sections" "-fPIC" "-m64" "-I" "include" "-Wall" "-Wextra" "-pedantic" "-pedantic-errors" "-Wall" "-Wextra" "-Wcast-align" "-Wcast-qual" "-Wconversion" "-Wenum-compare" "-Wfloat-equal" "-Wformat=2" "-Winline" "-Winvalid-pch" "-Wmissing-field-initializers" "-Wmissing-include-dirs" "-Wredundant-decls" "-Wshadow" "-Wsign-compare" "-Wsign-conversion" "-Wundef" "-Wuninitialized" "-Wwrite-strings" "-fno-strict-aliasing" "-fvisibility=hidden" "-fstack-protector" "-g3" "-DNDEBUG" "-c" "-o/opt/rustwide/target/debug/build/ring-6d5dddf5aae189ec/out/vpaes-x86_64-elf.o" "/opt/rustwide/cargo-home/registry/src/github.com-1ecc6299db9ec823/ring-0.16.20/pregenerated/vpaes-x86_64-elf.S"
[INFO] [stderr]   running "cc" "-O0" "-ffunction-sections" "-fdata-sections" "-fPIC" "-m64" "-I" "include" "-Wall" "-Wextra" "-pedantic" "-pedantic-errors" "-Wall" "-Wextra" "-Wcast-align" "-Wcast-qual" "-Wconversion" "-Wenum-compare" "-Wfloat-equal" "-Wformat=2" "-Winline" "-Winvalid-pch" "-Wmissing-field-initializers" "-Wmissing-include-dirs" "-Wredundant-decls" "-Wshadow" "-Wsign-compare" "-Wsign-conversion" "-Wundef" "-Wuninitialized" "-Wwrite-strings" "-fno-strict-aliasing" "-fvisibility=hidden" "-fstack-protector" "-g3" "-DNDEBUG" "-c" "-o/opt/rustwide/target/debug/build/ring-6d5dddf5aae189ec/out/x86_64-mont-elf.o" "/opt/rustwide/cargo-home/registry/src/github.com-1ecc6299db9ec823/ring-0.16.20/pregenerated/x86_64-mont-elf.S"
[INFO] [stderr]   running "cc" "-O0" "-ffunction-sections" "-fdata-sections" "-fPIC" "-m64" "-I" "include" "-Wall" "-Wextra" "-pedantic" "-pedantic-errors" "-Wall" "-Wextra" "-Wcast-align" "-Wcast-qual" "-Wconversion" "-Wenum-compare" "-Wfloat-equal" "-Wformat=2" "-Winline" "-Winvalid-pch" "-Wmissing-field-initializers" "-Wmissing-include-dirs" "-Wredundant-decls" "-Wshadow" "-Wsign-compare" "-Wsign-conversion" "-Wundef" "-Wuninitialized" "-Wwrite-strings" "-fno-strict-aliasing" "-fvisibility=hidden" "-fstack-protector" "-g3" "-DNDEBUG" "-c" "-o/opt/rustwide/target/debug/build/ring-6d5dddf5aae189ec/out/x86_64-mont5-elf.o" "/opt/rustwide/cargo-home/registry/src/github.com-1ecc6299db9ec823/ring-0.16.20/pregenerated/x86_64-mont5-elf.S"
[INFO] [stderr]   running "cc" "-O0" "-ffunction-sections" "-fdata-sections" "-fPIC" "-m64" "-I" "include" "-Wall" "-Wextra" "-pedantic" "-pedantic-errors" "-Wall" "-Wextra" "-Wcast-align" "-Wcast-qual" "-Wconversion" "-Wenum-compare" "-Wfloat-equal" "-Wformat=2" "-Winline" "-Winvalid-pch" "-Wmissing-field-initializers" "-Wmissing-include-dirs" "-Wredundant-decls" "-Wshadow" "-Wsign-compare" "-Wsign-conversion" "-Wundef" "-Wuninitialized" "-Wwrite-strings" "-fno-strict-aliasing" "-fvisibility=hidden" "-fstack-protector" "-g3" "-DNDEBUG" "-c" "-o/opt/rustwide/target/debug/build/ring-6d5dddf5aae189ec/out/chacha-x86_64-elf.o" "/opt/rustwide/cargo-home/registry/src/github.com-1ecc6299db9ec823/ring-0.16.20/pregenerated/chacha-x86_64-elf.S"
[INFO] [stderr]   running "cc" "-O0" "-ffunction-sections" "-fdata-sections" "-fPIC" "-m64" "-I" "include" "-Wall" "-Wextra" "-pedantic" "-pedantic-errors" "-Wall" "-Wextra" "-Wcast-align" "-Wcast-qual" "-Wconversion" "-Wenum-compare" "-Wfloat-equal" "-Wformat=2" "-Winline" "-Winvalid-pch" "-Wmissing-field-initializers" "-Wmissing-include-dirs" "-Wredundant-decls" "-Wshadow" "-Wsign-compare" "-Wsign-conversion" "-Wundef" "-Wuninitialized" "-Wwrite-strings" "-fno-strict-aliasing" "-fvisibility=hidden" "-fstack-protector" "-g3" "-DNDEBUG" "-c" "-o/opt/rustwide/target/debug/build/ring-6d5dddf5aae189ec/out/p256-x86_64-asm-elf.o" "/opt/rustwide/cargo-home/registry/src/github.com-1ecc6299db9ec823/ring-0.16.20/pregenerated/p256-x86_64-asm-elf.S"
[INFO] [stderr]   running "cc" "-O0" "-ffunction-sections" "-fdata-sections" "-fPIC" "-m64" "-I" "include" "-Wall" "-Wextra" "-pedantic" "-pedantic-errors" "-Wall" "-Wextra" "-Wcast-align" "-Wcast-qual" "-Wconversion" "-Wenum-compare" "-Wfloat-equal" "-Wformat=2" "-Winline" "-Winvalid-pch" "-Wmissing-field-initializers" "-Wmissing-include-dirs" "-Wredundant-decls" "-Wshadow" "-Wsign-compare" "-Wsign-conversion" "-Wundef" "-Wuninitialized" "-Wwrite-strings" "-fno-strict-aliasing" "-fvisibility=hidden" "-fstack-protector" "-g3" "-DNDEBUG" "-c" "-o/opt/rustwide/target/debug/build/ring-6d5dddf5aae189ec/out/aesni-gcm-x86_64-elf.o" "/opt/rustwide/cargo-home/registry/src/github.com-1ecc6299db9ec823/ring-0.16.20/pregenerated/aesni-gcm-x86_64-elf.S"
[INFO] [stderr]   running "cc" "-O0" "-ffunction-sections" "-fdata-sections" "-fPIC" "-m64" "-I" "include" "-Wall" "-Wextra" "-pedantic" "-pedantic-errors" "-Wall" "-Wextra" "-Wcast-align" "-Wcast-qual" "-Wconversion" "-Wenum-compare" "-Wfloat-equal" "-Wformat=2" "-Winline" "-Winvalid-pch" "-Wmissing-field-initializers" "-Wmissing-include-dirs" "-Wredundant-decls" "-Wshadow" "-Wsign-compare" "-Wsign-conversion" "-Wundef" "-Wuninitialized" "-Wwrite-strings" "-fno-strict-aliasing" "-fvisibility=hidden" "-fstack-protector" "-g3" "-DNDEBUG" "-c" "-o/opt/rustwide/target/debug/build/ring-6d5dddf5aae189ec/out/ghash-x86_64-elf.o" "/opt/rustwide/cargo-home/registry/src/github.com-1ecc6299db9ec823/ring-0.16.20/pregenerated/ghash-x86_64-elf.S"
[INFO] [stderr]   running "cc" "-O0" "-ffunction-sections" "-fdata-sections" "-fPIC" "-m64" "-I" "include" "-Wall" "-Wextra" "-pedantic" "-pedantic-errors" "-Wall" "-Wextra" "-Wcast-align" "-Wcast-qual" "-Wconversion" "-Wenum-compare" "-Wfloat-equal" "-Wformat=2" "-Winline" "-Winvalid-pch" "-Wmissing-field-initializers" "-Wmissing-include-dirs" "-Wredundant-decls" "-Wshadow" "-Wsign-compare" "-Wsign-conversion" "-Wundef" "-Wuninitialized" "-Wwrite-strings" "-fno-strict-aliasing" "-fvisibility=hidden" "-fstack-protector" "-g3" "-DNDEBUG" "-c" "-o/opt/rustwide/target/debug/build/ring-6d5dddf5aae189ec/out/sha512-x86_64-elf.o" "/opt/rustwide/cargo-home/registry/src/github.com-1ecc6299db9ec823/ring-0.16.20/pregenerated/sha512-x86_64-elf.S"
[INFO] [stderr]   running "cc" "-O0" "-ffunction-sections" "-fdata-sections" "-fPIC" "-m64" "-I" "include" "-Wall" "-Wextra" "-pedantic" "-pedantic-errors" "-Wall" "-Wextra" "-Wcast-align" "-Wcast-qual" "-Wconversion" "-Wenum-compare" "-Wfloat-equal" "-Wformat=2" "-Winline" "-Winvalid-pch" "-Wmissing-field-initializers" "-Wmissing-include-dirs" "-Wredundant-decls" "-Wshadow" "-Wsign-compare" "-Wsign-conversion" "-Wundef" "-Wuninitialized" "-Wwrite-strings" "-fno-strict-aliasing" "-fvisibility=hidden" "-fstack-protector" "-g3" "-DNDEBUG" "-c" "-o/opt/rustwide/target/debug/build/ring-6d5dddf5aae189ec/out/chacha20_poly1305_x86_64-elf.o" "/opt/rustwide/cargo-home/registry/src/github.com-1ecc6299db9ec823/ring-0.16.20/pregenerated/chacha20_poly1305_x86_64-elf.S"
[INFO] [stderr]   running "cc" "-O0" "-ffunction-sections" "-fdata-sections" "-fPIC" "-m64" "-I" "include" "-Wall" "-Wextra" "-pedantic" "-pedantic-errors" "-Wall" "-Wextra" "-Wcast-align" "-Wcast-qual" "-Wconversion" "-Wenum-compare" "-Wfloat-equal" "-Wformat=2" "-Winline" "-Winvalid-pch" "-Wmissing-field-initializers" "-Wmissing-include-dirs" "-Wredundant-decls" "-Wshadow" "-Wsign-compare" "-Wsign-conversion" "-Wundef" "-Wuninitialized" "-Wwrite-strings" "-fno-strict-aliasing" "-fvisibility=hidden" "-fstack-protector" "-g3" "-DNDEBUG" "-c" "-o/opt/rustwide/target/debug/build/ring-6d5dddf5aae189ec/out/sha256-x86_64-elf.o" "/opt/rustwide/cargo-home/registry/src/github.com-1ecc6299db9ec823/ring-0.16.20/pregenerated/sha256-x86_64-elf.S"
[INFO] [stderr]   running "cc" "-O0" "-ffunction-sections" "-fdata-sections" "-fPIC" "-m64" "-I" "include" "-Wall" "-Wextra" "-std=c1x" "-Wbad-function-cast" "-Wnested-externs" "-Wstrict-prototypes" "-pedantic" "-pedantic-errors" "-Wall" "-Wextra" "-Wcast-align" "-Wcast-qual" "-Wconversion" "-Wenum-compare" "-Wfloat-equal" "-Wformat=2" "-Winline" "-Winvalid-pch" "-Wmissing-field-initializers" "-Wmissing-include-dirs" "-Wredundant-decls" "-Wshadow" "-Wsign-compare" "-Wsign-conversion" "-Wundef" "-Wuninitialized" "-Wwrite-strings" "-fno-strict-aliasing" "-fvisibility=hidden" "-fstack-protector" "-g3" "-DNDEBUG" "-c" "-o/opt/rustwide/target/debug/build/ring-6d5dddf5aae189ec/out/aes_nohw.o" "crypto/fipsmodule/aes/aes_nohw.c"
[INFO] [stderr]   running "cc" "-O0" "-ffunction-sections" "-fdata-sections" "-fPIC" "-m64" "-I" "include" "-Wall" "-Wextra" "-std=c1x" "-Wbad-function-cast" "-Wnested-externs" "-Wstrict-prototypes" "-pedantic" "-pedantic-errors" "-Wall" "-Wextra" "-Wcast-align" "-Wcast-qual" "-Wconversion" "-Wenum-compare" "-Wfloat-equal" "-Wformat=2" "-Winline" "-Winvalid-pch" "-Wmissing-field-initializers" "-Wmissing-include-dirs" "-Wredundant-decls" "-Wshadow" "-Wsign-compare" "-Wsign-conversion" "-Wundef" "-Wuninitialized" "-Wwrite-strings" "-fno-strict-aliasing" "-fvisibility=hidden" "-fstack-protector" "-g3" "-DNDEBUG" "-c" "-o/opt/rustwide/target/debug/build/ring-6d5dddf5aae189ec/out/montgomery.o" "crypto/fipsmodule/bn/montgomery.c"
[INFO] [stderr]   running "cc" "-O0" "-ffunction-sections" "-fdata-sections" "-fPIC" "-m64" "-I" "include" "-Wall" "-Wextra" "-std=c1x" "-Wbad-function-cast" "-Wnested-externs" "-Wstrict-prototypes" "-pedantic" "-pedantic-errors" "-Wall" "-Wextra" "-Wcast-align" "-Wcast-qual" "-Wconversion" "-Wenum-compare" "-Wfloat-equal" "-Wformat=2" "-Winline" "-Winvalid-pch" "-Wmissing-field-initializers" "-Wmissing-include-dirs" "-Wredundant-decls" "-Wshadow" "-Wsign-compare" "-Wsign-conversion" "-Wundef" "-Wuninitialized" "-Wwrite-strings" "-fno-strict-aliasing" "-fvisibility=hidden" "-fstack-protector" "-g3" "-DNDEBUG" "-c" "-o/opt/rustwide/target/debug/build/ring-6d5dddf5aae189ec/out/montgomery_inv.o" "crypto/fipsmodule/bn/montgomery_inv.c"
[INFO] [stderr]   running "cc" "-O0" "-ffunction-sections" "-fdata-sections" "-fPIC" "-m64" "-I" "include" "-Wall" "-Wextra" "-std=c1x" "-Wbad-function-cast" "-Wnested-externs" "-Wstrict-prototypes" "-pedantic" "-pedantic-errors" "-Wall" "-Wextra" "-Wcast-align" "-Wcast-qual" "-Wconversion" "-Wenum-compare" "-Wfloat-equal" "-Wformat=2" "-Winline" "-Winvalid-pch" "-Wmissing-field-initializers" "-Wmissing-include-dirs" "-Wredundant-decls" "-Wshadow" "-Wsign-compare" "-Wsign-conversion" "-Wundef" "-Wuninitialized" "-Wwrite-strings" "-fno-strict-aliasing" "-fvisibility=hidden" "-fstack-protector" "-g3" "-DNDEBUG" "-c" "-o/opt/rustwide/target/debug/build/ring-6d5dddf5aae189ec/out/limbs.o" "crypto/limbs/limbs.c"
[INFO] [stderr]   running "cc" "-O0" "-ffunction-sections" "-fdata-sections" "-fPIC" "-m64" "-I" "include" "-Wall" "-Wextra" "-std=c1x" "-Wbad-function-cast" "-Wnested-externs" "-Wstrict-prototypes" "-pedantic" "-pedantic-errors" "-Wall" "-Wextra" "-Wcast-align" "-Wcast-qual" "-Wconversion" "-Wenum-compare" "-Wfloat-equal" "-Wformat=2" "-Winline" "-Winvalid-pch" "-Wmissing-field-initializers" "-Wmissing-include-dirs" "-Wredundant-decls" "-Wshadow" "-Wsign-compare" "-Wsign-conversion" "-Wundef" "-Wuninitialized" "-Wwrite-strings" "-fno-strict-aliasing" "-fvisibility=hidden" "-fstack-protector" "-g3" "-DNDEBUG" "-c" "-o/opt/rustwide/target/debug/build/ring-6d5dddf5aae189ec/out/mem.o" "crypto/mem.c"
[INFO] [stderr]   running "cc" "-O0" "-ffunction-sections" "-fdata-sections" "-fPIC" "-m64" "-I" "include" "-Wall" "-Wextra" "-std=c1x" "-Wbad-function-cast" "-Wnested-externs" "-Wstrict-prototypes" "-pedantic" "-pedantic-errors" "-Wall" "-Wextra" "-Wcast-align" "-Wcast-qual" "-Wconversion" "-Wenum-compare" "-Wfloat-equal" "-Wformat=2" "-Winline" "-Winvalid-pch" "-Wmissing-field-initializers" "-Wmissing-include-dirs" "-Wredundant-decls" "-Wshadow" "-Wsign-compare" "-Wsign-conversion" "-Wundef" "-Wuninitialized" "-Wwrite-strings" "-fno-strict-aliasing" "-fvisibility=hidden" "-fstack-protector" "-g3" "-DNDEBUG" "-c" "-o/opt/rustwide/target/debug/build/ring-6d5dddf5aae189ec/out/poly1305.o" "crypto/poly1305/poly1305.c"
[INFO] [stderr]   running "cc" "-O0" "-ffunction-sections" "-fdata-sections" "-fPIC" "-m64" "-I" "include" "-Wall" "-Wextra" "-std=c1x" "-Wbad-function-cast" "-Wnested-externs" "-Wstrict-prototypes" "-pedantic" "-pedantic-errors" "-Wall" "-Wextra" "-Wcast-align" "-Wcast-qual" "-Wconversion" "-Wenum-compare" "-Wfloat-equal" "-Wformat=2" "-Winline" "-Winvalid-pch" "-Wmissing-field-initializers" "-Wmissing-include-dirs" "-Wredundant-decls" "-Wshadow" "-Wsign-compare" "-Wsign-conversion" "-Wundef" "-Wuninitialized" "-Wwrite-strings" "-fno-strict-aliasing" "-fvisibility=hidden" "-fstack-protector" "-g3" "-DNDEBUG" "-c" "-o/opt/rustwide/target/debug/build/ring-6d5dddf5aae189ec/out/crypto.o" "crypto/crypto.c"
[INFO] [stderr]   running "cc" "-O0" "-ffunction-sections" "-fdata-sections" "-fPIC" "-m64" "-I" "include" "-Wall" "-Wextra" "-std=c1x" "-Wbad-function-cast" "-Wnested-externs" "-Wstrict-prototypes" "-pedantic" "-pedantic-errors" "-Wall" "-Wextra" "-Wcast-align" "-Wcast-qual" "-Wconversion" "-Wenum-compare" "-Wfloat-equal" "-Wformat=2" "-Winline" "-Winvalid-pch" "-Wmissing-field-initializers" "-Wmissing-include-dirs" "-Wredundant-decls" "-Wshadow" "-Wsign-compare" "-Wsign-conversion" "-Wundef" "-Wuninitialized" "-Wwrite-strings" "-fno-strict-aliasing" "-fvisibility=hidden" "-fstack-protector" "-g3" "-DNDEBUG" "-c" "-o/opt/rustwide/target/debug/build/ring-6d5dddf5aae189ec/out/curve25519.o" "crypto/curve25519/curve25519.c"
[INFO] [stderr]   running "cc" "-O0" "-ffunction-sections" "-fdata-sections" "-fPIC" "-m64" "-I" "include" "-Wall" "-Wextra" "-std=c1x" "-Wbad-function-cast" "-Wnested-externs" "-Wstrict-prototypes" "-pedantic" "-pedantic-errors" "-Wall" "-Wextra" "-Wcast-align" "-Wcast-qual" "-Wconversion" "-Wenum-compare" "-Wfloat-equal" "-Wformat=2" "-Winline" "-Winvalid-pch" "-Wmissing-field-initializers" "-Wmissing-include-dirs" "-Wredundant-decls" "-Wshadow" "-Wsign-compare" "-Wsign-conversion" "-Wundef" "-Wuninitialized" "-Wwrite-strings" "-fno-strict-aliasing" "-fvisibility=hidden" "-fstack-protector" "-g3" "-DNDEBUG" "-c" "-o/opt/rustwide/target/debug/build/ring-6d5dddf5aae189ec/out/ecp_nistz.o" "crypto/fipsmodule/ec/ecp_nistz.c"
[INFO] [stderr]   running "cc" "-O0" "-ffunction-sections" "-fdata-sections" "-fPIC" "-m64" "-I" "include" "-Wall" "-Wextra" "-std=c1x" "-Wbad-function-cast" "-Wnested-externs" "-Wstrict-prototypes" "-pedantic" "-pedantic-errors" "-Wall" "-Wextra" "-Wcast-align" "-Wcast-qual" "-Wconversion" "-Wenum-compare" "-Wfloat-equal" "-Wformat=2" "-Winline" "-Winvalid-pch" "-Wmissing-field-initializers" "-Wmissing-include-dirs" "-Wredundant-decls" "-Wshadow" "-Wsign-compare" "-Wsign-conversion" "-Wundef" "-Wuninitialized" "-Wwrite-strings" "-fno-strict-aliasing" "-fvisibility=hidden" "-fstack-protector" "-g3" "-DNDEBUG" "-c" "-o/opt/rustwide/target/debug/build/ring-6d5dddf5aae189ec/out/ecp_nistz256.o" "crypto/fipsmodule/ec/ecp_nistz256.c"
[INFO] [stderr]   crypto/fipsmodule/ec/ecp_nistz256.c:347:1: fatal error: error writing to /tmp/cczSGbGb.s: No space left on device
[INFO] [stderr]     347 | }
[INFO] [stderr]         | ^
[INFO] [stderr]   compilation terminated.
[INFO] [stderr]   thread 'main' panicked at 'execution failed', /opt/rustwide/cargo-home/registry/src/github.com-1ecc6299db9ec823/ring-0.16.20/build.rs:656:9
[INFO] [stderr]   stack backtrace:
[INFO] [stderr]      0:     0x564bf058c2aa - std::backtrace_rs::backtrace::libunwind::trace::ha9053a9a07ca49cb
[INFO] [stderr]                                  at /rustc/84c898d65adf2f39a5a98507f1fe0ce10a2b8dbc/library/std/src/../../backtrace/src/backtrace/libunwind.rs:93:5
[INFO] [stderr]      1:     0x564bf058c2aa - std::backtrace_rs::backtrace::trace_unsynchronized::h9c2852a457ad564e
[INFO] [stderr]                                  at /rustc/84c898d65adf2f39a5a98507f1fe0ce10a2b8dbc/library/std/src/../../backtrace/src/backtrace/mod.rs:66:5
[INFO] [stderr]      2:     0x564bf058c2aa - std::sys_common::backtrace::_print_fmt::h457936fbfaa0070f
[INFO] [stderr]                                  at /rustc/84c898d65adf2f39a5a98507f1fe0ce10a2b8dbc/library/std/src/sys_common/backtrace.rs:65:5
[INFO] [stderr]      3:     0x564bf058c2aa - <std::sys_common::backtrace::_print::DisplayBacktrace as core::fmt::Display>::fmt::h5779d7bf7f70cb0c
[INFO] [stderr]                                  at /rustc/84c898d65adf2f39a5a98507f1fe0ce10a2b8dbc/library/std/src/sys_common/backtrace.rs:44:22
[INFO] [stderr]      4:     0x564bf05ac60e - core::fmt::write::h5a4baaff1bcd3eb5
[INFO] [stderr]                                  at /rustc/84c898d65adf2f39a5a98507f1fe0ce10a2b8dbc/library/core/src/fmt/mod.rs:1232:17
[INFO] [stderr]      5:     0x564bf0588c75 - std::io::Write::write_fmt::h4bc1f301cb9e9cce
[INFO] [stderr]                                  at /rustc/84c898d65adf2f39a5a98507f1fe0ce10a2b8dbc/library/std/src/io/mod.rs:1684:15
[INFO] [stderr]      6:     0x564bf058c075 - std::sys_common::backtrace::_print::h5fcdc36060f177e8
[INFO] [stderr]                                  at /rustc/84c898d65adf2f39a5a98507f1fe0ce10a2b8dbc/library/std/src/sys_common/backtrace.rs:47:5
[INFO] [stderr]      7:     0x564bf058c075 - std::sys_common::backtrace::print::h54ca9458b876c8bf
[INFO] [stderr]                                  at /rustc/84c898d65adf2f39a5a98507f1fe0ce10a2b8dbc/library/std/src/sys_common/backtrace.rs:34:9
[INFO] [stderr]      8:     0x564bf058da4f - std::panicking::default_hook::{{closure}}::hbe471161c7664ed6
[INFO] [stderr]                                  at /rustc/84c898d65adf2f39a5a98507f1fe0ce10a2b8dbc/library/std/src/panicking.rs:271:22
[INFO] [stderr]      9:     0x564bf058d78b - std::panicking::default_hook::ha3500da57aa4ac4f
[INFO] [stderr]                                  at /rustc/84c898d65adf2f39a5a98507f1fe0ce10a2b8dbc/library/std/src/panicking.rs:290:9
[INFO] [stderr]     10:     0x564bf058dff8 - std::panicking::rust_panic_with_hook::h50c09d000dc561d2
[INFO] [stderr]                                  at /rustc/84c898d65adf2f39a5a98507f1fe0ce10a2b8dbc/library/std/src/panicking.rs:692:13
[INFO] [stderr]     11:     0x564bf055a56a - std::panicking::begin_panic::{{closure}}::ha69e0df398e18ace
[INFO] [stderr]     12:     0x564bf056309a - std::sys_common::backtrace::__rust_end_short_backtrace::hb649003d23d2ef83
[INFO] [stderr]     13:     0x564bf055a4c3 - std::panicking::begin_panic::hd817e0b284b99441
[INFO] [stderr]     14:     0x564bf05162dc - build_script_build::run_command::h8f5bd15120d9a8d5
[INFO] [stderr]     15:     0x564bf0514da9 - build_script_build::compile::h68c241537ed15d4d
[INFO] [stderr]     16:     0x564bf05148ee - build_script_build::build_library::{{closure}}::hdbf4d67466cf9a72
[INFO] [stderr]     17:     0x564bf0511d5b - core::ops::function::impls::<impl core::ops::function::FnOnce<A> for &mut F>::call_once::h4d823f8a2a37949b
[INFO] [stderr]     18:     0x564bf05103d7 - core::option::Option<T>::map::h458b105217f8bd7c
[INFO] [stderr]     19:     0x564bf051baa4 - <core::iter::adapters::map::Map<I,F> as core::iter::traits::iterator::Iterator>::next::hb7e33e8c72fa0663
[INFO] [stderr]     20:     0x564bf050c370 - alloc::vec::Vec<T,A>::extend_desugared::h6d380c4d7fcae57b
[INFO] [stderr]     21:     0x564bf050d946 - <alloc::vec::Vec<T,A> as alloc::vec::spec_extend::SpecExtend<T,I>>::spec_extend::h6e0cc9933cd0cb1b
[INFO] [stderr]     22:     0x564bf050b04f - <alloc::vec::Vec<T> as alloc::vec::spec_from_iter_nested::SpecFromIterNested<T,I>>::from_iter::h3b249eb6f353f21a
[INFO] [stderr]     23:     0x564bf050d9cd - <alloc::vec::Vec<T> as alloc::vec::spec_from_iter::SpecFromIter<T,I>>::from_iter::h6270275830e6ee99
[INFO] [stderr]     24:     0x564bf050d815 - <alloc::vec::Vec<T> as core::iter::traits::collect::FromIterator<T>>::from_iter::h29c3308eb0659028
[INFO] [stderr]     25:     0x564bf051bfad - core::iter::traits::iterator::Iterator::collect::h52459dc365354786
[INFO] [stderr]     26:     0x564bf0514085 - build_script_build::build_library::h2ed8945cc4f04a3d
[INFO] [stderr]     27:     0x564bf0513eae - build_script_build::build_c_code::{{closure}}::h9b4c9068ab7fa132
[INFO] [stderr]     28:     0x564bf050ef0d - <core::slice::iter::Iter<T> as core::iter::traits::iterator::Iterator>::for_each::h01158eb0dc49d2a1
[INFO] [stderr]     29:     0x564bf0513aae - build_script_build::build_c_code::h002046b776ea9e68
[INFO] [stderr]     30:     0x564bf05126f0 - build_script_build::ring_build_rs_main::h1c27f80908d16f04
[INFO] [stderr]     31:     0x564bf0511f4d - build_script_build::main::h3d103b26db9874db
[INFO] [stderr]     32:     0x564bf050fb23 - core::ops::function::FnOnce::call_once::h4c2e358385dd7f16
[INFO] [stderr]     33:     0x564bf050f219 - std::sys_common::backtrace::__rust_begin_short_backtrace::hddf4df98e91354ee
[INFO] [stderr]     34:     0x564bf0511689 - std::rt::lang_start::{{closure}}::hc28d605f0273076f
[INFO] [stderr]     35:     0x564bf058505c - core::ops::function::impls::<impl core::ops::function::FnOnce<A> for &F>::call_once::hd6efcd3bec896f2c
[INFO] [stderr]                                  at /rustc/84c898d65adf2f39a5a98507f1fe0ce10a2b8dbc/library/core/src/ops/function.rs:287:13
[INFO] [stderr]     36:     0x564bf058505c - std::panicking::try::do_call::hce04e543bb1f4cbb
[INFO] [stderr]                                  at /rustc/84c898d65adf2f39a5a98507f1fe0ce10a2b8dbc/library/std/src/panicking.rs:487:40
[INFO] [stderr]     37:     0x564bf058505c - std::panicking::try::h3342dd4e1f680968
[INFO] [stderr]                                  at /rustc/84c898d65adf2f39a5a98507f1fe0ce10a2b8dbc/library/std/src/panicking.rs:451:19
[INFO] [stderr]     38:     0x564bf058505c - std::panic::catch_unwind::h148ce1e59ac0cee7
[INFO] [stderr]                                  at /rustc/84c898d65adf2f39a5a98507f1fe0ce10a2b8dbc/library/std/src/panic.rs:140:14
[INFO] [stderr]     39:     0x564bf058505c - std::rt::lang_start_internal::{{closure}}::h25f9dda2057a67fe
[INFO] [stderr]                                  at /rustc/84c898d65adf2f39a5a98507f1fe0ce10a2b8dbc/library/std/src/rt.rs:148:48
[INFO] [stderr]     40:     0x564bf058505c - std::panicking::try::do_call::h7caaaeaf9401650b
[INFO] [stderr]                                  at /rustc/84c898d65adf2f39a5a98507f1fe0ce10a2b8dbc/library/std/src/panicking.rs:487:40
[INFO] [stderr]     41:     0x564bf058505c - std::panicking::try::he7d15285746cbbc2
[INFO] [stderr]                                  at /rustc/84c898d65adf2f39a5a98507f1fe0ce10a2b8dbc/library/std/src/panicking.rs:451:19
[INFO] [stderr]     42:     0x564bf058505c - std::panic::catch_unwind::h89fb4f50c0301fe0
[INFO] [stderr]                                  at /rustc/84c898d65adf2f39a5a98507f1fe0ce10a2b8dbc/library/std/src/panic.rs:140:14
[INFO] [stderr]     43:     0x564bf058505c - std::rt::lang_start_internal::h078acd489417d3c1
[INFO] [stderr]                                  at /rustc/84c898d65adf2f39a5a98507f1fe0ce10a2b8dbc/library/std/src/rt.rs:148:20
[INFO] [stderr]     44:     0x564bf0511667 - std::rt::lang_start::h2ab427fbcf407ffd
[INFO] [stderr]     45:     0x564bf0518125 - main
[INFO] [stderr]     46:     0x7efe21343d90 - <unknown>
[INFO] [stderr]     47:     0x7efe21343e40 - __libc_start_main
[INFO] [stderr]     48:     0x564bf050ad35 - _start
[INFO] [stderr]     49:                0x0 - <unknown>
[INFO] [stdout] error: couldn't create a temp dir: No space left on device (os error 28) at path "/opt/rustwide/target/debug/deps/rmetaA23vCu"
[INFO] [stdout] 
[INFO] [stdout] 
[INFO] [stderr] error: could not compile `generic-array` due to previous error
[INFO] [stdout] error: couldn't create a temp dir: No space left on device (os error 28) at path "/opt/rustwide/target/debug/deps/rmetaP4EM1a"
[INFO] [stdout] 
[INFO] [stdout] 
[INFO] [stderr] error: could not compile `miniz_oxide` due to previous error
[INFO] [stdout] error: couldn't create a temp dir: No space left on device (os error 28) at path "/opt/rustwide/target/debug/deps/rmetambwXPV"
[INFO] [stdout] 
[INFO] [stdout] 
[INFO] [stderr] error: could not compile `syn` due to previous error
[INFO] running `Command { std: "docker" "inspect" "661b5ad0a34ceca480c5a97bacbe715b66df1251d6c1a99781f54f3e961f93b4", kill_on_drop: false }`
[INFO] running `Command { std: "docker" "rm" "-f" "661b5ad0a34ceca480c5a97bacbe715b66df1251d6c1a99781f54f3e961f93b4", kill_on_drop: false }`
[INFO] [stdout] 661b5ad0a34ceca480c5a97bacbe715b66df1251d6c1a99781f54f3e961f93b4
