[INFO] cloning repository https://github.com/kolbma/rocket-response
[INFO] running `Command { std: "git" "-c" "credential.helper=" "-c" "credential.helper=/workspace/cargo-home/bin/git-credential-null" "clone" "--bare" "https://github.com/kolbma/rocket-response" "/workspace/cache/git-repos/https%3A%2F%2Fgithub.com%2Fkolbma%2Frocket-response", kill_on_drop: false }`
[INFO] [stderr] Cloning into bare repository '/workspace/cache/git-repos/https%3A%2F%2Fgithub.com%2Fkolbma%2Frocket-response'...
[INFO] running `Command { std: "git" "rev-parse" "HEAD", kill_on_drop: false }`
[INFO] [stdout] df9511f7e9335424ca74eb67cdd8843f84503c6d
[INFO] testing kolbma/rocket-response against 1.69.0 for beta-1.70-1
[INFO] running `Command { std: "git" "clone" "/workspace/cache/git-repos/https%3A%2F%2Fgithub.com%2Fkolbma%2Frocket-response" "/workspace/builds/worker-7-tc1/source", kill_on_drop: false }`
[INFO] [stderr] Cloning into '/workspace/builds/worker-7-tc1/source'...
[INFO] [stderr] done.
[INFO] validating manifest of git repo https://github.com/kolbma/rocket-response on toolchain 1.69.0
[INFO] running `Command { std: CARGO_HOME="/workspace/cargo-home" RUSTUP_HOME="/workspace/rustup-home" "/workspace/cargo-home/bin/cargo" "+1.69.0" "metadata" "--manifest-path" "Cargo.toml" "--no-deps", kill_on_drop: false }`
[INFO] started tweaking git repo https://github.com/kolbma/rocket-response
[INFO] finished tweaking git repo https://github.com/kolbma/rocket-response
[INFO] tweaked toml for git repo https://github.com/kolbma/rocket-response written to /workspace/builds/worker-7-tc1/source/Cargo.toml
[INFO] crate git repo https://github.com/kolbma/rocket-response already has a lockfile, it will not be regenerated
[INFO] running `Command { std: CARGO_HOME="/workspace/cargo-home" RUSTUP_HOME="/workspace/rustup-home" "/workspace/cargo-home/bin/cargo" "+1.69.0" "fetch" "--manifest-path" "Cargo.toml", kill_on_drop: false }`
[INFO] [stderr]  Downloading crates ...
[INFO] [stderr]   Downloaded rmp-serde v1.1.0
[INFO] [stderr]   Downloaded handlebars v4.3.0
[INFO] running `Command { std: "docker" "create" "-v" "/var/lib/crater-agent-workspace/builds/worker-7-tc1/target:/opt/rustwide/target:rw,Z" "-v" "/var/lib/crater-agent-workspace/builds/worker-7-tc1/source:/opt/rustwide/workdir:ro,Z" "-v" "/var/lib/crater-agent-workspace/cargo-home:/opt/rustwide/cargo-home:ro,Z" "-v" "/var/lib/crater-agent-workspace/rustup-home:/opt/rustwide/rustup-home:ro,Z" "-e" "SOURCE_DIR=/opt/rustwide/workdir" "-e" "CARGO_TARGET_DIR=/opt/rustwide/target" "-e" "CARGO_HOME=/opt/rustwide/cargo-home" "-e" "RUSTUP_HOME=/opt/rustwide/rustup-home" "-w" "/opt/rustwide/workdir" "-m" "1610612736" "--user" "0:0" "--network" "none" "ghcr.io/rust-lang/crates-build-env/linux@sha256:5ff2268d62e97bff2cde7d5815dd6ed5b47097566f13b8d0ca110b04b60e07ed" "/opt/rustwide/cargo-home/bin/cargo" "+1.69.0" "metadata" "--no-deps" "--format-version=1", kill_on_drop: false }`
[INFO] [stdout] f46f41d0315a1814ea6c23e8368ce3c991c8a6b4eddbb7a267ee562c539e6c6a
[INFO] running `Command { std: "docker" "start" "-a" "f46f41d0315a1814ea6c23e8368ce3c991c8a6b4eddbb7a267ee562c539e6c6a", kill_on_drop: false }`
[INFO] running `Command { std: "docker" "inspect" "f46f41d0315a1814ea6c23e8368ce3c991c8a6b4eddbb7a267ee562c539e6c6a", kill_on_drop: false }`
[INFO] running `Command { std: "docker" "rm" "-f" "f46f41d0315a1814ea6c23e8368ce3c991c8a6b4eddbb7a267ee562c539e6c6a", kill_on_drop: false }`
[INFO] [stdout] f46f41d0315a1814ea6c23e8368ce3c991c8a6b4eddbb7a267ee562c539e6c6a
[INFO] running `Command { std: "docker" "create" "-v" "/var/lib/crater-agent-workspace/builds/worker-7-tc1/target:/opt/rustwide/target:rw,Z" "-v" "/var/lib/crater-agent-workspace/builds/worker-7-tc1/source:/opt/rustwide/workdir:ro,Z" "-v" "/var/lib/crater-agent-workspace/cargo-home:/opt/rustwide/cargo-home:ro,Z" "-v" "/var/lib/crater-agent-workspace/rustup-home:/opt/rustwide/rustup-home:ro,Z" "-e" "SOURCE_DIR=/opt/rustwide/workdir" "-e" "CARGO_TARGET_DIR=/opt/rustwide/target" "-e" "CARGO_INCREMENTAL=0" "-e" "RUST_BACKTRACE=full" "-e" "RUSTFLAGS=--cap-lints=warn" "-e" "RUSTDOCFLAGS=--cap-lints=warn" "-e" "CARGO_HOME=/opt/rustwide/cargo-home" "-e" "RUSTUP_HOME=/opt/rustwide/rustup-home" "-w" "/opt/rustwide/workdir" "-m" "1610612736" "--user" "0:0" "--network" "none" "ghcr.io/rust-lang/crates-build-env/linux@sha256:5ff2268d62e97bff2cde7d5815dd6ed5b47097566f13b8d0ca110b04b60e07ed" "/opt/rustwide/cargo-home/bin/cargo" "+1.69.0" "build" "--frozen" "--message-format=json", kill_on_drop: false }`
[INFO] [stdout] d01c4057a5a4b8fa327bb28de70b4a61b2baeb7c243599878d95ed7cde6b9f11
[INFO] running `Command { std: "docker" "start" "-a" "d01c4057a5a4b8fa327bb28de70b4a61b2baeb7c243599878d95ed7cde6b9f11", kill_on_drop: false }`
[INFO] [stderr]    Compiling version_check v0.9.4
[INFO] [stderr]    Compiling proc-macro2 v1.0.39
[INFO] [stderr]    Compiling unicode-ident v1.0.0
[INFO] [stderr]    Compiling syn v1.0.96
[INFO] [stderr]    Compiling cfg-if v1.0.0
[INFO] [stderr]    Compiling libc v0.2.126
[INFO] [stderr]    Compiling typenum v1.15.0
[INFO] [stderr]    Compiling futures-core v0.3.21
[INFO] [stderr]    Compiling memchr v2.5.0
[INFO] [stderr]    Compiling autocfg v1.1.0
[INFO] [stderr]    Compiling generic-array v0.14.5
[INFO] [stderr]    Compiling log v0.4.17
[INFO] [stderr]    Compiling pin-project-lite v0.2.9
[INFO] [stderr]    Compiling serde_derive v1.0.137
[INFO] [stderr]    Compiling serde v1.0.137
[INFO] [stderr]    Compiling bytes v1.1.0
[INFO] [stderr]    Compiling subtle v2.4.1
[INFO] [stderr]    Compiling quote v1.0.18
[INFO] [stderr]    Compiling proc-macro2-diagnostics v0.9.1
[INFO] [stderr]    Compiling futures-sink v0.3.21
[INFO] [stderr]    Compiling mio v0.8.3
[INFO] [stderr]    Compiling socket2 v0.4.4
[INFO] [stderr]    Compiling num_cpus v1.13.1
[INFO] [stderr]    Compiling signal-hook-registry v1.4.0
[INFO] [stderr]    Compiling futures-task v0.3.21
[INFO] [stderr]    Compiling yansi v0.5.1
[INFO] [stderr]    Compiling once_cell v1.12.0
[INFO] [stderr]    Compiling futures-channel v0.3.21
[INFO] [stderr]    Compiling itoa v1.0.2
[INFO] [stderr]    Compiling cpufeatures v0.2.2
[INFO] [stderr]    Compiling futures-util v0.3.21
[INFO] [stderr]    Compiling pin-utils v0.1.0
[INFO] [stderr]    Compiling fnv v1.0.7
[INFO] [stderr]    Compiling lazy_static v1.4.0
[INFO] [stderr]    Compiling slab v0.4.6
[INFO] [stderr]    Compiling opaque-debug v0.3.0
[INFO] [stderr]    Compiling futures-io v0.3.21
[INFO] [stderr]    Compiling tracing-core v0.1.26
[INFO] [stderr]    Compiling block-buffer v0.10.2
[INFO] [stderr]    Compiling crypto-common v0.1.3
[INFO] [stderr]    Compiling universal-hash v0.4.1
[INFO] [stderr]    Compiling cipher v0.3.0
[INFO] [stderr]    Compiling http v0.2.8
[INFO] [stderr]    Compiling digest v0.10.3
[INFO] [stderr]    Compiling getrandom v0.2.6
[INFO] [stderr]    Compiling indexmap v1.8.2
[INFO] [stderr]    Compiling httparse v1.7.1
[INFO] [stderr]    Compiling rand_core v0.6.3
[INFO] [stderr]    Compiling polyval v0.5.3
[INFO] [stderr]    Compiling uncased v0.9.7
[INFO] [stderr]    Compiling ppv-lite86 v0.2.16
[INFO] [stderr]    Compiling hashbrown v0.11.2
[INFO] [stderr]    Compiling ghash v0.4.4
[INFO] [stderr]    Compiling hmac v0.12.1
[INFO] [stderr]    Compiling ctr v0.8.0
[INFO] [stderr]    Compiling aes v0.7.5
[INFO] [stderr]    Compiling rand_chacha v0.3.1
[INFO] [stderr]    Compiling aead v0.4.3
[INFO] [stderr]    Compiling cookie v0.16.0
[INFO] [stderr]    Compiling ref-cast v1.0.7
[INFO] [stderr]    Compiling num_threads v0.1.6
[INFO] [stderr]    Compiling time-macros v0.2.4
[INFO] [stderr]    Compiling smallvec v1.8.0
[INFO] [stderr]    Compiling try-lock v0.2.3
[INFO] [stderr]    Compiling inlinable_string v0.1.15
[INFO] [stderr]    Compiling bitflags v1.3.2
[INFO] [stderr]    Compiling want v0.3.0
[INFO] [stderr]    Compiling aes-gcm v0.9.4
[INFO] [stderr]    Compiling rand v0.8.5
[INFO] [stderr]    Compiling hkdf v0.12.3
[INFO] [stderr]    Compiling http-body v0.4.5
[INFO] [stderr]    Compiling sha2 v0.10.2
[INFO] [stderr]    Compiling lock_api v0.4.7
[INFO] [stderr]    Compiling encoding_rs v0.8.31
[INFO] [stderr]    Compiling parking_lot_core v0.9.3
[INFO] [stderr]    Compiling base64 v0.13.0
[INFO] [stderr]    Compiling httpdate v1.0.2
[INFO] [stderr]    Compiling percent-encoding v2.1.0
[INFO] [stderr]    Compiling tower-service v0.3.1
[INFO] [stderr]    Compiling stable-pattern v0.1.0
[INFO] [stderr]    Compiling atomic v0.5.1
[INFO] [stderr]    Compiling multer v2.0.2
[INFO] [stderr]    Compiling figment v0.10.6
[INFO] [stderr]    Compiling either v1.6.1
[INFO] [stderr]    Compiling scopeguard v1.1.0
[INFO] [stderr]    Compiling state v0.5.3
[INFO] [stderr]    Compiling async-trait v0.1.56
[INFO] [stderr]    Compiling futures v0.3.21
[INFO] [stderr]    Compiling time v0.3.9
[INFO] [stderr]    Compiling devise_core v0.3.1
[INFO] [stderr]    Compiling rocket v0.5.0-rc.2
[INFO] [stderr]    Compiling unicode-xid v0.2.3
[INFO] [stderr]    Compiling remove_dir_all v0.5.3
[INFO] [stderr]    Compiling glob v0.3.0
[INFO] [stderr]    Compiling mime v0.3.16
[INFO] [stderr]    Compiling fastrand v1.7.0
[INFO] [stderr]    Compiling spin v0.9.3
[INFO] [stderr]    Compiling tempfile v3.3.0
[INFO] [stderr]    Compiling parking_lot v0.12.1
[INFO] [stderr]    Compiling atty v0.2.14
[INFO] [stderr]    Compiling binascii v0.1.4
[INFO] [stderr]    Compiling tokio-macros v1.8.0
[INFO] [stderr]    Compiling tracing-attributes v0.1.21
[INFO] [stderr]    Compiling pear_codegen v0.2.3
[INFO] [stderr]    Compiling ref-cast-impl v1.0.7
[INFO] [stderr]    Compiling devise_codegen v0.3.1
[INFO] [stderr]    Compiling async-stream-impl v0.3.3
[INFO] [stdout] error: linking with `cc` failed: exit status: 1
[INFO] [stdout]   |
[INFO] [stdout]   = note: LC_ALL="C" PATH="/opt/rustwide/rustup-home/toolchains/1.69.0-x86_64-unknown-linux-gnu/lib/rustlib/x86_64-unknown-linux-gnu/bin:/opt/rustwide/cargo-home/bin:/usr/local/sbin:/usr/local/bin:/usr/sbin:/usr/bin:/sbin:/bin" VSLANG="1033" "cc" "-Wl,--version-script=/tmp/rustcmu1pFf/list" "-m64" "/tmp/rustcmu1pFf/symbols.o" "/opt/rustwide/target/debug/deps/devise_codegen-6fb4f1b17cdc51b6.devise_codegen.4f6e574d-cgu.0.rcgu.o" "/opt/rustwide/target/debug/deps/devise_codegen-6fb4f1b17cdc51b6.devise_codegen.4f6e574d-cgu.1.rcgu.o" "/opt/rustwide/target/debug/deps/devise_codegen-6fb4f1b17cdc51b6.devise_codegen.4f6e574d-cgu.10.rcgu.o" "/opt/rustwide/target/debug/deps/devise_codegen-6fb4f1b17cdc51b6.devise_codegen.4f6e574d-cgu.11.rcgu.o" "/opt/rustwide/target/debug/deps/devise_codegen-6fb4f1b17cdc51b6.devise_codegen.4f6e574d-cgu.12.rcgu.o" "/opt/rustwide/target/debug/deps/devise_codegen-6fb4f1b17cdc51b6.devise_codegen.4f6e574d-cgu.13.rcgu.o" "/opt/rustwide/target/debug/deps/devise_codegen-6fb4f1b17cdc51b6.devise_codegen.4f6e574d-cgu.14.rcgu.o" "/opt/rustwide/target/debug/deps/devise_codegen-6fb4f1b17cdc51b6.devise_codegen.4f6e574d-cgu.15.rcgu.o" "/opt/rustwide/target/debug/deps/devise_codegen-6fb4f1b17cdc51b6.devise_codegen.4f6e574d-cgu.2.rcgu.o" "/opt/rustwide/target/debug/deps/devise_codegen-6fb4f1b17cdc51b6.devise_codegen.4f6e574d-cgu.3.rcgu.o" "/opt/rustwide/target/debug/deps/devise_codegen-6fb4f1b17cdc51b6.devise_codegen.4f6e574d-cgu.4.rcgu.o" "/opt/rustwide/target/debug/deps/devise_codegen-6fb4f1b17cdc51b6.devise_codegen.4f6e574d-cgu.5.rcgu.o" "/opt/rustwide/target/debug/deps/devise_codegen-6fb4f1b17cdc51b6.devise_codegen.4f6e574d-cgu.6.rcgu.o" "/opt/rustwide/target/debug/deps/devise_codegen-6fb4f1b17cdc51b6.devise_codegen.4f6e574d-cgu.7.rcgu.o" "/opt/rustwide/target/debug/deps/devise_codegen-6fb4f1b17cdc51b6.devise_codegen.4f6e574d-cgu.8.rcgu.o" "/opt/rustwide/target/debug/deps/devise_codegen-6fb4f1b17cdc51b6.devise_codegen.4f6e574d-cgu.9.rcgu.o" "/opt/rustwide/target/debug/deps/devise_codegen-6fb4f1b17cdc51b6.5bo07bzk37mazhcd.rcgu.rmeta" "/opt/rustwide/target/debug/deps/devise_codegen-6fb4f1b17cdc51b6.3ghp72lav2u0acup.rcgu.o" "-Wl,--as-needed" "-L" "/opt/rustwide/target/debug/deps" "-L" "/opt/rustwide/rustup-home/toolchains/1.69.0-x86_64-unknown-linux-gnu/lib/rustlib/x86_64-unknown-linux-gnu/lib" "-Wl,-Bstatic" "/opt/rustwide/target/debug/deps/libdevise_core-b4d00faa8caabfa8.rlib" "/opt/rustwide/target/debug/deps/libproc_macro2_diagnostics-fe5f4d3ee74d6c76.rlib" "/opt/rustwide/target/debug/deps/libyansi-709fd29c8aba57f8.rlib" "/opt/rustwide/target/debug/deps/libsyn-c2d545c506645fde.rlib" "/opt/rustwide/target/debug/deps/libbitflags-f94f0ff7526172c3.rlib" "/opt/rustwide/target/debug/deps/libquote-e83283d7481ee324.rlib" "/opt/rustwide/target/debug/deps/libproc_macro2-88378dbb18f5e3b9.rlib" "/opt/rustwide/target/debug/deps/libunicode_ident-2348fa66d2d9925c.rlib" "/opt/rustwide/rustup-home/toolchains/1.69.0-x86_64-unknown-linux-gnu/lib/rustlib/x86_64-unknown-linux-gnu/lib/libproc_macro-3627dfecd49b0535.rlib" "/opt/rustwide/rustup-home/toolchains/1.69.0-x86_64-unknown-linux-gnu/lib/rustlib/x86_64-unknown-linux-gnu/lib/libstd-89bc084783fdc439.rlib" "/opt/rustwide/rustup-home/toolchains/1.69.0-x86_64-unknown-linux-gnu/lib/rustlib/x86_64-unknown-linux-gnu/lib/libpanic_unwind-8bee4b287d4367c1.rlib" "/opt/rustwide/rustup-home/toolchains/1.69.0-x86_64-unknown-linux-gnu/lib/rustlib/x86_64-unknown-linux-gnu/lib/libobject-d61707aed80694c0.rlib" "/opt/rustwide/rustup-home/toolchains/1.69.0-x86_64-unknown-linux-gnu/lib/rustlib/x86_64-unknown-linux-gnu/lib/libmemchr-d85366256f22345b.rlib" "/opt/rustwide/rustup-home/toolchains/1.69.0-x86_64-unknown-linux-gnu/lib/rustlib/x86_64-unknown-linux-gnu/lib/libaddr2line-96069b86b8a8cae9.rlib" "/opt/rustwide/rustup-home/toolchains/1.69.0-x86_64-unknown-linux-gnu/lib/rustlib/x86_64-unknown-linux-gnu/lib/libgimli-d19d53abf68dfa6c.rlib" "/opt/rustwide/rustup-home/toolchains/1.69.0-x86_64-unknown-linux-gnu/lib/rustlib/x86_64-unknown-linux-gnu/lib/librustc_demangle-787cbccd19d64ac6.rlib" "/opt/rustwide/rustup-home/toolchains/1.69.0-x86_64-unknown-linux-gnu/lib/rustlib/x86_64-unknown-linux-gnu/lib/libstd_detect-b3837a36b830e0d0.rlib" "/opt/rustwide/rustup-home/toolchains/1.69.0-x86_64-unknown-linux-gnu/lib/rustlib/x86_64-unknown-linux-gnu/lib/libhashbrown-e3deb0e7e3f04966.rlib" "/opt/rustwide/rustup-home/toolchains/1.69.0-x86_64-unknown-linux-gnu/lib/rustlib/x86_64-unknown-linux-gnu/lib/libminiz_oxide-dabbb79c9815def4.rlib" "/opt/rustwide/rustup-home/toolchains/1.69.0-x86_64-unknown-linux-gnu/lib/rustlib/x86_64-unknown-linux-gnu/lib/libadler-305b01f34c9409f2.rlib" "/opt/rustwide/rustup-home/toolchains/1.69.0-x86_64-unknown-linux-gnu/lib/rustlib/x86_64-unknown-linux-gnu/lib/librustc_std_workspace_alloc-f833521df6074e73.rlib" "/opt/rustwide/rustup-home/toolchains/1.69.0-x86_64-unknown-linux-gnu/lib/rustlib/x86_64-unknown-linux-gnu/lib/libunwind-9ac333113350d171.rlib" "/opt/rustwide/rustup-home/toolchains/1.69.0-x86_64-unknown-linux-gnu/lib/rustlib/x86_64-unknown-linux-gnu/lib/libcfg_if-1c126114322d0eee.rlib" "/opt/rustwide/rustup-home/toolchains/1.69.0-x86_64-unknown-linux-gnu/lib/rustlib/x86_64-unknown-linux-gnu/lib/liblibc-bad9164fdeeecf92.rlib" "/opt/rustwide/rustup-home/toolchains/1.69.0-x86_64-unknown-linux-gnu/lib/rustlib/x86_64-unknown-linux-gnu/lib/liballoc-f9374b1e480fa681.rlib" "/opt/rustwide/rustup-home/toolchains/1.69.0-x86_64-unknown-linux-gnu/lib/rustlib/x86_64-unknown-linux-gnu/lib/librustc_std_workspace_core-207f06e41d9603af.rlib" "/opt/rustwide/rustup-home/toolchains/1.69.0-x86_64-unknown-linux-gnu/lib/rustlib/x86_64-unknown-linux-gnu/lib/libcore-7e2768e66e984e85.rlib" "/opt/rustwide/rustup-home/toolchains/1.69.0-x86_64-unknown-linux-gnu/lib/rustlib/x86_64-unknown-linux-gnu/lib/libcompiler_builtins-957b4aff41f8cd46.rlib" "-Wl,-Bdynamic" "-lgcc_s" "-lutil" "-lrt" "-lpthread" "-lm" "-ldl" "-lc" "-Wl,--eh-frame-hdr" "-Wl,-z,noexecstack" "-L" "/opt/rustwide/rustup-home/toolchains/1.69.0-x86_64-unknown-linux-gnu/lib/rustlib/x86_64-unknown-linux-gnu/lib" "-o" "/opt/rustwide/target/debug/deps/libdevise_codegen-6fb4f1b17cdc51b6.so" "-Wl,--gc-sections" "-shared" "-Wl,-z,relro,-z,now" "-nodefaultlibs"
[INFO] [stdout]   = note: /usr/bin/ld: final link failed: No space left on device
[INFO] [stdout]           collect2: error: ld returned 1 exit status
[INFO] [stdout]           
[INFO] [stdout] 
[INFO] [stdout] 
[INFO] [stdout] error: aborting due to previous error
[INFO] [stdout] 
[INFO] [stdout] 
[INFO] [stderr] error: could not compile `devise_codegen` due to 2 previous errors
[INFO] [stderr] warning: build failed, waiting for other jobs to finish...
[INFO] [stdout] error: linking with `cc` failed: exit status: 1
[INFO] [stdout]   |
[INFO] [stdout]   = note: LC_ALL="C" PATH="/opt/rustwide/rustup-home/toolchains/1.69.0-x86_64-unknown-linux-gnu/lib/rustlib/x86_64-unknown-linux-gnu/bin:/opt/rustwide/cargo-home/bin:/usr/local/sbin:/usr/local/bin:/usr/sbin:/usr/bin:/sbin:/bin" VSLANG="1033" "cc" "-Wl,--version-script=/tmp/rustcsAmlKk/list" "-m64" "/tmp/rustcsAmlKk/symbols.o" "/opt/rustwide/target/debug/deps/ref_cast_impl-323bd532d423f128.ref_cast_impl.2e517396-cgu.0.rcgu.o" "/opt/rustwide/target/debug/deps/ref_cast_impl-323bd532d423f128.ref_cast_impl.2e517396-cgu.1.rcgu.o" "/opt/rustwide/target/debug/deps/ref_cast_impl-323bd532d423f128.ref_cast_impl.2e517396-cgu.10.rcgu.o" "/opt/rustwide/target/debug/deps/ref_cast_impl-323bd532d423f128.ref_cast_impl.2e517396-cgu.11.rcgu.o" "/opt/rustwide/target/debug/deps/ref_cast_impl-323bd532d423f128.ref_cast_impl.2e517396-cgu.12.rcgu.o" "/opt/rustwide/target/debug/deps/ref_cast_impl-323bd532d423f128.ref_cast_impl.2e517396-cgu.13.rcgu.o" "/opt/rustwide/target/debug/deps/ref_cast_impl-323bd532d423f128.ref_cast_impl.2e517396-cgu.14.rcgu.o" "/opt/rustwide/target/debug/deps/ref_cast_impl-323bd532d423f128.ref_cast_impl.2e517396-cgu.15.rcgu.o" "/opt/rustwide/target/debug/deps/ref_cast_impl-323bd532d423f128.ref_cast_impl.2e517396-cgu.2.rcgu.o" "/opt/rustwide/target/debug/deps/ref_cast_impl-323bd532d423f128.ref_cast_impl.2e517396-cgu.3.rcgu.o" "/opt/rustwide/target/debug/deps/ref_cast_impl-323bd532d423f128.ref_cast_impl.2e517396-cgu.4.rcgu.o" "/opt/rustwide/target/debug/deps/ref_cast_impl-323bd532d423f128.ref_cast_impl.2e517396-cgu.5.rcgu.o" "/opt/rustwide/target/debug/deps/ref_cast_impl-323bd532d423f128.ref_cast_impl.2e517396-cgu.6.rcgu.o" "/opt/rustwide/target/debug/deps/ref_cast_impl-323bd532d423f128.ref_cast_impl.2e517396-cgu.7.rcgu.o" "/opt/rustwide/target/debug/deps/ref_cast_impl-323bd532d423f128.ref_cast_impl.2e517396-cgu.8.rcgu.o" "/opt/rustwide/target/debug/deps/ref_cast_impl-323bd532d423f128.ref_cast_impl.2e517396-cgu.9.rcgu.o" "/opt/rustwide/target/debug/deps/ref_cast_impl-323bd532d423f128.qr792czoeestja7.rcgu.rmeta" "/opt/rustwide/target/debug/deps/ref_cast_impl-323bd532d423f128.2xi8obobwokviy87.rcgu.o" "-Wl,--as-needed" "-L" "/opt/rustwide/target/debug/deps" "-L" "/opt/rustwide/rustup-home/toolchains/1.69.0-x86_64-unknown-linux-gnu/lib/rustlib/x86_64-unknown-linux-gnu/lib" "-Wl,-Bstatic" "/opt/rustwide/target/debug/deps/libsyn-c2d545c506645fde.rlib" "/opt/rustwide/target/debug/deps/libquote-e83283d7481ee324.rlib" "/opt/rustwide/target/debug/deps/libproc_macro2-88378dbb18f5e3b9.rlib" "/opt/rustwide/target/debug/deps/libunicode_ident-2348fa66d2d9925c.rlib" "/opt/rustwide/rustup-home/toolchains/1.69.0-x86_64-unknown-linux-gnu/lib/rustlib/x86_64-unknown-linux-gnu/lib/libproc_macro-3627dfecd49b0535.rlib" "/opt/rustwide/rustup-home/toolchains/1.69.0-x86_64-unknown-linux-gnu/lib/rustlib/x86_64-unknown-linux-gnu/lib/libstd-89bc084783fdc439.rlib" "/opt/rustwide/rustup-home/toolchains/1.69.0-x86_64-unknown-linux-gnu/lib/rustlib/x86_64-unknown-linux-gnu/lib/libpanic_unwind-8bee4b287d4367c1.rlib" "/opt/rustwide/rustup-home/toolchains/1.69.0-x86_64-unknown-linux-gnu/lib/rustlib/x86_64-unknown-linux-gnu/lib/libobject-d61707aed80694c0.rlib" "/opt/rustwide/rustup-home/toolchains/1.69.0-x86_64-unknown-linux-gnu/lib/rustlib/x86_64-unknown-linux-gnu/lib/libmemchr-d85366256f22345b.rlib" "/opt/rustwide/rustup-home/toolchains/1.69.0-x86_64-unknown-linux-gnu/lib/rustlib/x86_64-unknown-linux-gnu/lib/libaddr2line-96069b86b8a8cae9.rlib" "/opt/rustwide/rustup-home/toolchains/1.69.0-x86_64-unknown-linux-gnu/lib/rustlib/x86_64-unknown-linux-gnu/lib/libgimli-d19d53abf68dfa6c.rlib" "/opt/rustwide/rustup-home/toolchains/1.69.0-x86_64-unknown-linux-gnu/lib/rustlib/x86_64-unknown-linux-gnu/lib/librustc_demangle-787cbccd19d64ac6.rlib" "/opt/rustwide/rustup-home/toolchains/1.69.0-x86_64-unknown-linux-gnu/lib/rustlib/x86_64-unknown-linux-gnu/lib/libstd_detect-b3837a36b830e0d0.rlib" "/opt/rustwide/rustup-home/toolchains/1.69.0-x86_64-unknown-linux-gnu/lib/rustlib/x86_64-unknown-linux-gnu/lib/libhashbrown-e3deb0e7e3f04966.rlib" "/opt/rustwide/rustup-home/toolchains/1.69.0-x86_64-unknown-linux-gnu/lib/rustlib/x86_64-unknown-linux-gnu/lib/libminiz_oxide-dabbb79c9815def4.rlib" "/opt/rustwide/rustup-home/toolchains/1.69.0-x86_64-unknown-linux-gnu/lib/rustlib/x86_64-unknown-linux-gnu/lib/libadler-305b01f34c9409f2.rlib" "/opt/rustwide/rustup-home/toolchains/1.69.0-x86_64-unknown-linux-gnu/lib/rustlib/x86_64-unknown-linux-gnu/lib/librustc_std_workspace_alloc-f833521df6074e73.rlib" "/opt/rustwide/rustup-home/toolchains/1.69.0-x86_64-unknown-linux-gnu/lib/rustlib/x86_64-unknown-linux-gnu/lib/libunwind-9ac333113350d171.rlib" "/opt/rustwide/rustup-home/toolchains/1.69.0-x86_64-unknown-linux-gnu/lib/rustlib/x86_64-unknown-linux-gnu/lib/libcfg_if-1c126114322d0eee.rlib" "/opt/rustwide/rustup-home/toolchains/1.69.0-x86_64-unknown-linux-gnu/lib/rustlib/x86_64-unknown-linux-gnu/lib/liblibc-bad9164fdeeecf92.rlib" "/opt/rustwide/rustup-home/toolchains/1.69.0-x86_64-unknown-linux-gnu/lib/rustlib/x86_64-unknown-linux-gnu/lib/liballoc-f9374b1e480fa681.rlib" "/opt/rustwide/rustup-home/toolchains/1.69.0-x86_64-unknown-linux-gnu/lib/rustlib/x86_64-unknown-linux-gnu/lib/librustc_std_workspace_core-207f06e41d9603af.rlib" "/opt/rustwide/rustup-home/toolchains/1.69.0-x86_64-unknown-linux-gnu/lib/rustlib/x86_64-unknown-linux-gnu/lib/libcore-7e2768e66e984e85.rlib" "/opt/rustwide/rustup-home/toolchains/1.69.0-x86_64-unknown-linux-gnu/lib/rustlib/x86_64-unknown-linux-gnu/lib/libcompiler_builtins-957b4aff41f8cd46.rlib" "-Wl,-Bdynamic" "-lgcc_s" "-lutil" "-lrt" "-lpthread" "-lm" "-ldl" "-lc" "-Wl,--eh-frame-hdr" "-Wl,-z,noexecstack" "-L" "/opt/rustwide/rustup-home/toolchains/1.69.0-x86_64-unknown-linux-gnu/lib/rustlib/x86_64-unknown-linux-gnu/lib" "-o" "/opt/rustwide/target/debug/deps/libref_cast_impl-323bd532d423f128.so" "-Wl,--gc-sections" "-shared" "-Wl,-z,relro,-z,now" "-nodefaultlibs"
[INFO] [stdout]   = note: /usr/bin/ld: final link failed: No space left on device
[INFO] [stdout]           collect2: error: ld returned 1 exit status
[INFO] [stdout]           
[INFO] [stdout] 
[INFO] [stdout] 
[INFO] [stdout] error: aborting due to previous error
[INFO] [stdout] 
[INFO] [stdout] 
[INFO] [stdout] error: linking with `cc` failed: exit status: 1
[INFO] [stdout]   |
[INFO] [stdout]   = note: LC_ALL="C" PATH="/opt/rustwide/rustup-home/toolchains/1.69.0-x86_64-unknown-linux-gnu/lib/rustlib/x86_64-unknown-linux-gnu/bin:/opt/rustwide/cargo-home/bin:/usr/local/sbin:/usr/local/bin:/usr/sbin:/usr/bin:/sbin:/bin" VSLANG="1033" "cc" "-Wl,--version-script=/tmp/rustcA5KlEp/list" "-m64" "/tmp/rustcA5KlEp/symbols.o" "/opt/rustwide/target/debug/deps/async_stream_impl-6db33c94e945c6e7.async_stream_impl.ef9a3f39-cgu.0.rcgu.o" "/opt/rustwide/target/debug/deps/async_stream_impl-6db33c94e945c6e7.async_stream_impl.ef9a3f39-cgu.1.rcgu.o" "/opt/rustwide/target/debug/deps/async_stream_impl-6db33c94e945c6e7.async_stream_impl.ef9a3f39-cgu.10.rcgu.o" "/opt/rustwide/target/debug/deps/async_stream_impl-6db33c94e945c6e7.async_stream_impl.ef9a3f39-cgu.11.rcgu.o" "/opt/rustwide/target/debug/deps/async_stream_impl-6db33c94e945c6e7.async_stream_impl.ef9a3f39-cgu.12.rcgu.o" "/opt/rustwide/target/debug/deps/async_stream_impl-6db33c94e945c6e7.async_stream_impl.ef9a3f39-cgu.13.rcgu.o" "/opt/rustwide/target/debug/deps/async_stream_impl-6db33c94e945c6e7.async_stream_impl.ef9a3f39-cgu.14.rcgu.o" "/opt/rustwide/target/debug/deps/async_stream_impl-6db33c94e945c6e7.async_stream_impl.ef9a3f39-cgu.15.rcgu.o" "/opt/rustwide/target/debug/deps/async_stream_impl-6db33c94e945c6e7.async_stream_impl.ef9a3f39-cgu.2.rcgu.o" "/opt/rustwide/target/debug/deps/async_stream_impl-6db33c94e945c6e7.async_stream_impl.ef9a3f39-cgu.3.rcgu.o" "/opt/rustwide/target/debug/deps/async_stream_impl-6db33c94e945c6e7.async_stream_impl.ef9a3f39-cgu.4.rcgu.o" "/opt/rustwide/target/debug/deps/async_stream_impl-6db33c94e945c6e7.async_stream_impl.ef9a3f39-cgu.5.rcgu.o" "/opt/rustwide/target/debug/deps/async_stream_impl-6db33c94e945c6e7.async_stream_impl.ef9a3f39-cgu.6.rcgu.o" "/opt/rustwide/target/debug/deps/async_stream_impl-6db33c94e945c6e7.async_stream_impl.ef9a3f39-cgu.7.rcgu.o" "/opt/rustwide/target/debug/deps/async_stream_impl-6db33c94e945c6e7.async_stream_impl.ef9a3f39-cgu.8.rcgu.o" "/opt/rustwide/target/debug/deps/async_stream_impl-6db33c94e945c6e7.async_stream_impl.ef9a3f39-cgu.9.rcgu.o" "/opt/rustwide/target/debug/deps/async_stream_impl-6db33c94e945c6e7.68s9bvuas4obkmo.rcgu.rmeta" "/opt/rustwide/target/debug/deps/async_stream_impl-6db33c94e945c6e7.4gx4qtnhslk3h9vl.rcgu.o" "-Wl,--as-needed" "-L" "/opt/rustwide/target/debug/deps" "-L" "/opt/rustwide/rustup-home/toolchains/1.69.0-x86_64-unknown-linux-gnu/lib/rustlib/x86_64-unknown-linux-gnu/lib" "-Wl,-Bstatic" "/opt/rustwide/target/debug/deps/libsyn-c2d545c506645fde.rlib" "/opt/rustwide/target/debug/deps/libquote-e83283d7481ee324.rlib" "/opt/rustwide/target/debug/deps/libproc_macro2-88378dbb18f5e3b9.rlib" "/opt/rustwide/target/debug/deps/libunicode_ident-2348fa66d2d9925c.rlib" "/opt/rustwide/rustup-home/toolchains/1.69.0-x86_64-unknown-linux-gnu/lib/rustlib/x86_64-unknown-linux-gnu/lib/libproc_macro-3627dfecd49b0535.rlib" "/opt/rustwide/rustup-home/toolchains/1.69.0-x86_64-unknown-linux-gnu/lib/rustlib/x86_64-unknown-linux-gnu/lib/libstd-89bc084783fdc439.rlib" "/opt/rustwide/rustup-home/toolchains/1.69.0-x86_64-unknown-linux-gnu/lib/rustlib/x86_64-unknown-linux-gnu/lib/libpanic_unwind-8bee4b287d4367c1.rlib" "/opt/rustwide/rustup-home/toolchains/1.69.0-x86_64-unknown-linux-gnu/lib/rustlib/x86_64-unknown-linux-gnu/lib/libobject-d61707aed80694c0.rlib" "/opt/rustwide/rustup-home/toolchains/1.69.0-x86_64-unknown-linux-gnu/lib/rustlib/x86_64-unknown-linux-gnu/lib/libmemchr-d85366256f22345b.rlib" "/opt/rustwide/rustup-home/toolchains/1.69.0-x86_64-unknown-linux-gnu/lib/rustlib/x86_64-unknown-linux-gnu/lib/libaddr2line-96069b86b8a8cae9.rlib" "/opt/rustwide/rustup-home/toolchains/1.69.0-x86_64-unknown-linux-gnu/lib/rustlib/x86_64-unknown-linux-gnu/lib/libgimli-d19d53abf68dfa6c.rlib" "/opt/rustwide/rustup-home/toolchains/1.69.0-x86_64-unknown-linux-gnu/lib/rustlib/x86_64-unknown-linux-gnu/lib/librustc_demangle-787cbccd19d64ac6.rlib" "/opt/rustwide/rustup-home/toolchains/1.69.0-x86_64-unknown-linux-gnu/lib/rustlib/x86_64-unknown-linux-gnu/lib/libstd_detect-b3837a36b830e0d0.rlib" "/opt/rustwide/rustup-home/toolchains/1.69.0-x86_64-unknown-linux-gnu/lib/rustlib/x86_64-unknown-linux-gnu/lib/libhashbrown-e3deb0e7e3f04966.rlib" "/opt/rustwide/rustup-home/toolchains/1.69.0-x86_64-unknown-linux-gnu/lib/rustlib/x86_64-unknown-linux-gnu/lib/libminiz_oxide-dabbb79c9815def4.rlib" "/opt/rustwide/rustup-home/toolchains/1.69.0-x86_64-unknown-linux-gnu/lib/rustlib/x86_64-unknown-linux-gnu/lib/libadler-305b01f34c9409f2.rlib" "/opt/rustwide/rustup-home/toolchains/1.69.0-x86_64-unknown-linux-gnu/lib/rustlib/x86_64-unknown-linux-gnu/lib/librustc_std_workspace_alloc-f833521df6074e73.rlib" "/opt/rustwide/rustup-home/toolchains/1.69.0-x86_64-unknown-linux-gnu/lib/rustlib/x86_64-unknown-linux-gnu/lib/libunwind-9ac333113350d171.rlib" "/opt/rustwide/rustup-home/toolchains/1.69.0-x86_64-unknown-linux-gnu/lib/rustlib/x86_64-unknown-linux-gnu/lib/libcfg_if-1c126114322d0eee.rlib" "/opt/rustwide/rustup-home/toolchains/1.69.0-x86_64-unknown-linux-gnu/lib/rustlib/x86_64-unknown-linux-gnu/lib/liblibc-bad9164fdeeecf92.rlib" "/opt/rustwide/rustup-home/toolchains/1.69.0-x86_64-unknown-linux-gnu/lib/rustlib/x86_64-unknown-linux-gnu/lib/liballoc-f9374b1e480fa681.rlib" "/opt/rustwide/rustup-home/toolchains/1.69.0-x86_64-unknown-linux-gnu/lib/rustlib/x86_64-unknown-linux-gnu/lib/librustc_std_workspace_core-207f06e41d9603af.rlib" "/opt/rustwide/rustup-home/toolchains/1.69.0-x86_64-unknown-linux-gnu/lib/rustlib/x86_64-unknown-linux-gnu/lib/libcore-7e2768e66e984e85.rlib" "/opt/rustwide/rustup-home/toolchains/1.69.0-x86_64-unknown-linux-gnu/lib/rustlib/x86_64-unknown-linux-gnu/lib/libcompiler_builtins-957b4aff41f8cd46.rlib" "-Wl,-Bdynamic" "-lgcc_s" "-lutil" "-lrt" "-lpthread" "-lm" "-ldl" "-lc" "-Wl,--eh-frame-hdr" "-Wl,-z,noexecstack" "-L" "/opt/rustwide/rustup-home/toolchains/1.69.0-x86_64-unknown-linux-gnu/lib/rustlib/x86_64-unknown-linux-gnu/lib" "-o" "/opt/rustwide/target/debug/deps/libasync_stream_impl-6db33c94e945c6e7.so" "-Wl,--gc-sections" "-shared" "-Wl,-z,relro,-z,now" "-nodefaultlibs"
[INFO] [stdout]   = note: /usr/bin/ld: final link failed: No space left on device
[INFO] [stdout]           collect2: error: ld returned 1 exit status
[INFO] [stdout]           
[INFO] [stdout] 
[INFO] [stdout] 
[INFO] [stdout] error: aborting due to previous error
[INFO] [stdout] 
[INFO] [stdout] 
[INFO] [stderr] error: could not compile `ref-cast-impl` due to 2 previous errors
[INFO] [stderr] error: could not compile `async-stream-impl` due to 2 previous errors
[INFO] [stdout] error: linking with `cc` failed: exit status: 1
[INFO] [stdout]   |
[INFO] [stdout]   = note: LC_ALL="C" PATH="/opt/rustwide/rustup-home/toolchains/1.69.0-x86_64-unknown-linux-gnu/lib/rustlib/x86_64-unknown-linux-gnu/bin:/opt/rustwide/cargo-home/bin:/usr/local/sbin:/usr/local/bin:/usr/sbin:/usr/bin:/sbin:/bin" VSLANG="1033" "cc" "-Wl,--version-script=/tmp/rustc9baWVS/list" "-m64" "/tmp/rustc9baWVS/symbols.o" "/opt/rustwide/target/debug/deps/tokio_macros-3ed1d21f65de5570.tokio_macros.8eafde21-cgu.0.rcgu.o" "/opt/rustwide/target/debug/deps/tokio_macros-3ed1d21f65de5570.tokio_macros.8eafde21-cgu.1.rcgu.o" "/opt/rustwide/target/debug/deps/tokio_macros-3ed1d21f65de5570.tokio_macros.8eafde21-cgu.10.rcgu.o" "/opt/rustwide/target/debug/deps/tokio_macros-3ed1d21f65de5570.tokio_macros.8eafde21-cgu.11.rcgu.o" "/opt/rustwide/target/debug/deps/tokio_macros-3ed1d21f65de5570.tokio_macros.8eafde21-cgu.12.rcgu.o" "/opt/rustwide/target/debug/deps/tokio_macros-3ed1d21f65de5570.tokio_macros.8eafde21-cgu.13.rcgu.o" "/opt/rustwide/target/debug/deps/tokio_macros-3ed1d21f65de5570.tokio_macros.8eafde21-cgu.14.rcgu.o" "/opt/rustwide/target/debug/deps/tokio_macros-3ed1d21f65de5570.tokio_macros.8eafde21-cgu.15.rcgu.o" "/opt/rustwide/target/debug/deps/tokio_macros-3ed1d21f65de5570.tokio_macros.8eafde21-cgu.2.rcgu.o" "/opt/rustwide/target/debug/deps/tokio_macros-3ed1d21f65de5570.tokio_macros.8eafde21-cgu.3.rcgu.o" "/opt/rustwide/target/debug/deps/tokio_macros-3ed1d21f65de5570.tokio_macros.8eafde21-cgu.4.rcgu.o" "/opt/rustwide/target/debug/deps/tokio_macros-3ed1d21f65de5570.tokio_macros.8eafde21-cgu.5.rcgu.o" "/opt/rustwide/target/debug/deps/tokio_macros-3ed1d21f65de5570.tokio_macros.8eafde21-cgu.6.rcgu.o" "/opt/rustwide/target/debug/deps/tokio_macros-3ed1d21f65de5570.tokio_macros.8eafde21-cgu.7.rcgu.o" "/opt/rustwide/target/debug/deps/tokio_macros-3ed1d21f65de5570.tokio_macros.8eafde21-cgu.8.rcgu.o" "/opt/rustwide/target/debug/deps/tokio_macros-3ed1d21f65de5570.tokio_macros.8eafde21-cgu.9.rcgu.o" "/opt/rustwide/target/debug/deps/tokio_macros-3ed1d21f65de5570.t86kq12td91z4em.rcgu.rmeta" "/opt/rustwide/target/debug/deps/tokio_macros-3ed1d21f65de5570.3tjk5d6pxzefm01g.rcgu.o" "-Wl,--as-needed" "-L" "/opt/rustwide/target/debug/deps" "-L" "/opt/rustwide/rustup-home/toolchains/1.69.0-x86_64-unknown-linux-gnu/lib/rustlib/x86_64-unknown-linux-gnu/lib" "-Wl,-Bstatic" "/opt/rustwide/target/debug/deps/libsyn-c2d545c506645fde.rlib" "/opt/rustwide/target/debug/deps/libquote-e83283d7481ee324.rlib" "/opt/rustwide/target/debug/deps/libproc_macro2-88378dbb18f5e3b9.rlib" "/opt/rustwide/target/debug/deps/libunicode_ident-2348fa66d2d9925c.rlib" "/opt/rustwide/rustup-home/toolchains/1.69.0-x86_64-unknown-linux-gnu/lib/rustlib/x86_64-unknown-linux-gnu/lib/libproc_macro-3627dfecd49b0535.rlib" "/opt/rustwide/rustup-home/toolchains/1.69.0-x86_64-unknown-linux-gnu/lib/rustlib/x86_64-unknown-linux-gnu/lib/libstd-89bc084783fdc439.rlib" "/opt/rustwide/rustup-home/toolchains/1.69.0-x86_64-unknown-linux-gnu/lib/rustlib/x86_64-unknown-linux-gnu/lib/libpanic_unwind-8bee4b287d4367c1.rlib" "/opt/rustwide/rustup-home/toolchains/1.69.0-x86_64-unknown-linux-gnu/lib/rustlib/x86_64-unknown-linux-gnu/lib/libobject-d61707aed80694c0.rlib" "/opt/rustwide/rustup-home/toolchains/1.69.0-x86_64-unknown-linux-gnu/lib/rustlib/x86_64-unknown-linux-gnu/lib/libmemchr-d85366256f22345b.rlib" "/opt/rustwide/rustup-home/toolchains/1.69.0-x86_64-unknown-linux-gnu/lib/rustlib/x86_64-unknown-linux-gnu/lib/libaddr2line-96069b86b8a8cae9.rlib" "/opt/rustwide/rustup-home/toolchains/1.69.0-x86_64-unknown-linux-gnu/lib/rustlib/x86_64-unknown-linux-gnu/lib/libgimli-d19d53abf68dfa6c.rlib" "/opt/rustwide/rustup-home/toolchains/1.69.0-x86_64-unknown-linux-gnu/lib/rustlib/x86_64-unknown-linux-gnu/lib/librustc_demangle-787cbccd19d64ac6.rlib" "/opt/rustwide/rustup-home/toolchains/1.69.0-x86_64-unknown-linux-gnu/lib/rustlib/x86_64-unknown-linux-gnu/lib/libstd_detect-b3837a36b830e0d0.rlib" "/opt/rustwide/rustup-home/toolchains/1.69.0-x86_64-unknown-linux-gnu/lib/rustlib/x86_64-unknown-linux-gnu/lib/libhashbrown-e3deb0e7e3f04966.rlib" "/opt/rustwide/rustup-home/toolchains/1.69.0-x86_64-unknown-linux-gnu/lib/rustlib/x86_64-unknown-linux-gnu/lib/libminiz_oxide-dabbb79c9815def4.rlib" "/opt/rustwide/rustup-home/toolchains/1.69.0-x86_64-unknown-linux-gnu/lib/rustlib/x86_64-unknown-linux-gnu/lib/libadler-305b01f34c9409f2.rlib" "/opt/rustwide/rustup-home/toolchains/1.69.0-x86_64-unknown-linux-gnu/lib/rustlib/x86_64-unknown-linux-gnu/lib/librustc_std_workspace_alloc-f833521df6074e73.rlib" "/opt/rustwide/rustup-home/toolchains/1.69.0-x86_64-unknown-linux-gnu/lib/rustlib/x86_64-unknown-linux-gnu/lib/libunwind-9ac333113350d171.rlib" "/opt/rustwide/rustup-home/toolchains/1.69.0-x86_64-unknown-linux-gnu/lib/rustlib/x86_64-unknown-linux-gnu/lib/libcfg_if-1c126114322d0eee.rlib" "/opt/rustwide/rustup-home/toolchains/1.69.0-x86_64-unknown-linux-gnu/lib/rustlib/x86_64-unknown-linux-gnu/lib/liblibc-bad9164fdeeecf92.rlib" "/opt/rustwide/rustup-home/toolchains/1.69.0-x86_64-unknown-linux-gnu/lib/rustlib/x86_64-unknown-linux-gnu/lib/liballoc-f9374b1e480fa681.rlib" "/opt/rustwide/rustup-home/toolchains/1.69.0-x86_64-unknown-linux-gnu/lib/rustlib/x86_64-unknown-linux-gnu/lib/librustc_std_workspace_core-207f06e41d9603af.rlib" "/opt/rustwide/rustup-home/toolchains/1.69.0-x86_64-unknown-linux-gnu/lib/rustlib/x86_64-unknown-linux-gnu/lib/libcore-7e2768e66e984e85.rlib" "/opt/rustwide/rustup-home/toolchains/1.69.0-x86_64-unknown-linux-gnu/lib/rustlib/x86_64-unknown-linux-gnu/lib/libcompiler_builtins-957b4aff41f8cd46.rlib" "-Wl,-Bdynamic" "-lgcc_s" "-lutil" "-lrt" "-lpthread" "-lm" "-ldl" "-lc" "-Wl,--eh-frame-hdr" "-Wl,-z,noexecstack" "-L" "/opt/rustwide/rustup-home/toolchains/1.69.0-x86_64-unknown-linux-gnu/lib/rustlib/x86_64-unknown-linux-gnu/lib" "-o" "/opt/rustwide/target/debug/deps/libtokio_macros-3ed1d21f65de5570.so" "-Wl,--gc-sections" "-shared" "-Wl,-z,relro,-z,now" "-nodefaultlibs"
[INFO] [stdout]   = note: /usr/bin/ld: final link failed: No space left on device
[INFO] [stdout]           collect2: error: ld returned 1 exit status
[INFO] [stdout]           
[INFO] [stdout] 
[INFO] [stdout] 
[INFO] [stdout] error: aborting due to previous error
[INFO] [stdout] 
[INFO] [stdout] 
[INFO] [stderr] error: could not compile `tokio-macros` due to 2 previous errors
[INFO] [stdout] error: linking with `cc` failed: exit status: 1
[INFO] [stdout]   |
[INFO] [stdout]   = note: LC_ALL="C" PATH="/opt/rustwide/rustup-home/toolchains/1.69.0-x86_64-unknown-linux-gnu/lib/rustlib/x86_64-unknown-linux-gnu/bin:/opt/rustwide/cargo-home/bin:/usr/local/sbin:/usr/local/bin:/usr/sbin:/usr/bin:/sbin:/bin" VSLANG="1033" "cc" "-Wl,--version-script=/tmp/rustcxaoV3J/list" "-m64" "/tmp/rustcxaoV3J/symbols.o" "/opt/rustwide/target/debug/deps/pear_codegen-efd402e622853f91.pear_codegen.c820db52-cgu.0.rcgu.o" "/opt/rustwide/target/debug/deps/pear_codegen-efd402e622853f91.pear_codegen.c820db52-cgu.1.rcgu.o" "/opt/rustwide/target/debug/deps/pear_codegen-efd402e622853f91.pear_codegen.c820db52-cgu.10.rcgu.o" "/opt/rustwide/target/debug/deps/pear_codegen-efd402e622853f91.pear_codegen.c820db52-cgu.11.rcgu.o" "/opt/rustwide/target/debug/deps/pear_codegen-efd402e622853f91.pear_codegen.c820db52-cgu.12.rcgu.o" "/opt/rustwide/target/debug/deps/pear_codegen-efd402e622853f91.pear_codegen.c820db52-cgu.13.rcgu.o" "/opt/rustwide/target/debug/deps/pear_codegen-efd402e622853f91.pear_codegen.c820db52-cgu.14.rcgu.o" "/opt/rustwide/target/debug/deps/pear_codegen-efd402e622853f91.pear_codegen.c820db52-cgu.15.rcgu.o" "/opt/rustwide/target/debug/deps/pear_codegen-efd402e622853f91.pear_codegen.c820db52-cgu.2.rcgu.o" "/opt/rustwide/target/debug/deps/pear_codegen-efd402e622853f91.pear_codegen.c820db52-cgu.3.rcgu.o" "/opt/rustwide/target/debug/deps/pear_codegen-efd402e622853f91.pear_codegen.c820db52-cgu.4.rcgu.o" "/opt/rustwide/target/debug/deps/pear_codegen-efd402e622853f91.pear_codegen.c820db52-cgu.5.rcgu.o" "/opt/rustwide/target/debug/deps/pear_codegen-efd402e622853f91.pear_codegen.c820db52-cgu.6.rcgu.o" "/opt/rustwide/target/debug/deps/pear_codegen-efd402e622853f91.pear_codegen.c820db52-cgu.7.rcgu.o" "/opt/rustwide/target/debug/deps/pear_codegen-efd402e622853f91.pear_codegen.c820db52-cgu.8.rcgu.o" "/opt/rustwide/target/debug/deps/pear_codegen-efd402e622853f91.pear_codegen.c820db52-cgu.9.rcgu.o" "/opt/rustwide/target/debug/deps/pear_codegen-efd402e622853f91.3n8v45jelad9gv72.rcgu.rmeta" "/opt/rustwide/target/debug/deps/pear_codegen-efd402e622853f91.47ud4jtxq81a92ia.rcgu.o" "-Wl,--as-needed" "-L" "/opt/rustwide/target/debug/deps" "-L" "/opt/rustwide/rustup-home/toolchains/1.69.0-x86_64-unknown-linux-gnu/lib/rustlib/x86_64-unknown-linux-gnu/lib" "-Wl,-Bstatic" "/opt/rustwide/target/debug/deps/libproc_macro2_diagnostics-fe5f4d3ee74d6c76.rlib" "/opt/rustwide/target/debug/deps/libyansi-709fd29c8aba57f8.rlib" "/opt/rustwide/target/debug/deps/libsyn-c2d545c506645fde.rlib" "/opt/rustwide/target/debug/deps/libquote-e83283d7481ee324.rlib" "/opt/rustwide/target/debug/deps/libproc_macro2-88378dbb18f5e3b9.rlib" "/opt/rustwide/target/debug/deps/libunicode_ident-2348fa66d2d9925c.rlib" "/opt/rustwide/rustup-home/toolchains/1.69.0-x86_64-unknown-linux-gnu/lib/rustlib/x86_64-unknown-linux-gnu/lib/libproc_macro-3627dfecd49b0535.rlib" "/opt/rustwide/rustup-home/toolchains/1.69.0-x86_64-unknown-linux-gnu/lib/rustlib/x86_64-unknown-linux-gnu/lib/libstd-89bc084783fdc439.rlib" "/opt/rustwide/rustup-home/toolchains/1.69.0-x86_64-unknown-linux-gnu/lib/rustlib/x86_64-unknown-linux-gnu/lib/libpanic_unwind-8bee4b287d4367c1.rlib" "/opt/rustwide/rustup-home/toolchains/1.69.0-x86_64-unknown-linux-gnu/lib/rustlib/x86_64-unknown-linux-gnu/lib/libobject-d61707aed80694c0.rlib" "/opt/rustwide/rustup-home/toolchains/1.69.0-x86_64-unknown-linux-gnu/lib/rustlib/x86_64-unknown-linux-gnu/lib/libmemchr-d85366256f22345b.rlib" "/opt/rustwide/rustup-home/toolchains/1.69.0-x86_64-unknown-linux-gnu/lib/rustlib/x86_64-unknown-linux-gnu/lib/libaddr2line-96069b86b8a8cae9.rlib" "/opt/rustwide/rustup-home/toolchains/1.69.0-x86_64-unknown-linux-gnu/lib/rustlib/x86_64-unknown-linux-gnu/lib/libgimli-d19d53abf68dfa6c.rlib" "/opt/rustwide/rustup-home/toolchains/1.69.0-x86_64-unknown-linux-gnu/lib/rustlib/x86_64-unknown-linux-gnu/lib/librustc_demangle-787cbccd19d64ac6.rlib" "/opt/rustwide/rustup-home/toolchains/1.69.0-x86_64-unknown-linux-gnu/lib/rustlib/x86_64-unknown-linux-gnu/lib/libstd_detect-b3837a36b830e0d0.rlib" "/opt/rustwide/rustup-home/toolchains/1.69.0-x86_64-unknown-linux-gnu/lib/rustlib/x86_64-unknown-linux-gnu/lib/libhashbrown-e3deb0e7e3f04966.rlib" "/opt/rustwide/rustup-home/toolchains/1.69.0-x86_64-unknown-linux-gnu/lib/rustlib/x86_64-unknown-linux-gnu/lib/libminiz_oxide-dabbb79c9815def4.rlib" "/opt/rustwide/rustup-home/toolchains/1.69.0-x86_64-unknown-linux-gnu/lib/rustlib/x86_64-unknown-linux-gnu/lib/libadler-305b01f34c9409f2.rlib" "/opt/rustwide/rustup-home/toolchains/1.69.0-x86_64-unknown-linux-gnu/lib/rustlib/x86_64-unknown-linux-gnu/lib/librustc_std_workspace_alloc-f833521df6074e73.rlib" "/opt/rustwide/rustup-home/toolchains/1.69.0-x86_64-unknown-linux-gnu/lib/rustlib/x86_64-unknown-linux-gnu/lib/libunwind-9ac333113350d171.rlib" "/opt/rustwide/rustup-home/toolchains/1.69.0-x86_64-unknown-linux-gnu/lib/rustlib/x86_64-unknown-linux-gnu/lib/libcfg_if-1c126114322d0eee.rlib" "/opt/rustwide/rustup-home/toolchains/1.69.0-x86_64-unknown-linux-gnu/lib/rustlib/x86_64-unknown-linux-gnu/lib/liblibc-bad9164fdeeecf92.rlib" "/opt/rustwide/rustup-home/toolchains/1.69.0-x86_64-unknown-linux-gnu/lib/rustlib/x86_64-unknown-linux-gnu/lib/liballoc-f9374b1e480fa681.rlib" "/opt/rustwide/rustup-home/toolchains/1.69.0-x86_64-unknown-linux-gnu/lib/rustlib/x86_64-unknown-linux-gnu/lib/librustc_std_workspace_core-207f06e41d9603af.rlib" "/opt/rustwide/rustup-home/toolchains/1.69.0-x86_64-unknown-linux-gnu/lib/rustlib/x86_64-unknown-linux-gnu/lib/libcore-7e2768e66e984e85.rlib" "/opt/rustwide/rustup-home/toolchains/1.69.0-x86_64-unknown-linux-gnu/lib/rustlib/x86_64-unknown-linux-gnu/lib/libcompiler_builtins-957b4aff41f8cd46.rlib" "-Wl,-Bdynamic" "-lgcc_s" "-lutil" "-lrt" "-lpthread" "-lm" "-ldl" "-lc" "-Wl,--eh-frame-hdr" "-Wl,-z,noexecstack" "-L" "/opt/rustwide/rustup-home/toolchains/1.69.0-x86_64-unknown-linux-gnu/lib/rustlib/x86_64-unknown-linux-gnu/lib" "-o" "/opt/rustwide/target/debug/deps/libpear_codegen-efd402e622853f91.so" "-Wl,--gc-sections" "-shared" "-Wl,-z,relro,-z,now" "-nodefaultlibs"
[INFO] [stdout]   = note: /usr/bin/ld: final link failed: No space left on device
[INFO] [stdout]           collect2: error: ld returned 1 exit status
[INFO] [stdout]           
[INFO] [stdout] 
[INFO] [stdout] 
[INFO] [stdout] error: aborting due to previous error
[INFO] [stdout] 
[INFO] [stdout] 
[INFO] [stderr] error: could not compile `pear_codegen` due to 2 previous errors
[INFO] [stdout] error: linking with `cc` failed: exit status: 1
[INFO] [stdout]   |
[INFO] [stdout]   = note: LC_ALL="C" PATH="/opt/rustwide/rustup-home/toolchains/1.69.0-x86_64-unknown-linux-gnu/lib/rustlib/x86_64-unknown-linux-gnu/bin:/opt/rustwide/cargo-home/bin:/usr/local/sbin:/usr/local/bin:/usr/sbin:/usr/bin:/sbin:/bin" VSLANG="1033" "cc" "-Wl,--version-script=/tmp/rustclNQ6om/list" "-m64" "/tmp/rustclNQ6om/symbols.o" "/opt/rustwide/target/debug/deps/async_trait-2ff4fc5b87ab1b65.async_trait.ee2bb545-cgu.0.rcgu.o" "/opt/rustwide/target/debug/deps/async_trait-2ff4fc5b87ab1b65.async_trait.ee2bb545-cgu.1.rcgu.o" "/opt/rustwide/target/debug/deps/async_trait-2ff4fc5b87ab1b65.async_trait.ee2bb545-cgu.10.rcgu.o" "/opt/rustwide/target/debug/deps/async_trait-2ff4fc5b87ab1b65.async_trait.ee2bb545-cgu.11.rcgu.o" "/opt/rustwide/target/debug/deps/async_trait-2ff4fc5b87ab1b65.async_trait.ee2bb545-cgu.12.rcgu.o" "/opt/rustwide/target/debug/deps/async_trait-2ff4fc5b87ab1b65.async_trait.ee2bb545-cgu.13.rcgu.o" "/opt/rustwide/target/debug/deps/async_trait-2ff4fc5b87ab1b65.async_trait.ee2bb545-cgu.14.rcgu.o" "/opt/rustwide/target/debug/deps/async_trait-2ff4fc5b87ab1b65.async_trait.ee2bb545-cgu.15.rcgu.o" "/opt/rustwide/target/debug/deps/async_trait-2ff4fc5b87ab1b65.async_trait.ee2bb545-cgu.2.rcgu.o" "/opt/rustwide/target/debug/deps/async_trait-2ff4fc5b87ab1b65.async_trait.ee2bb545-cgu.3.rcgu.o" "/opt/rustwide/target/debug/deps/async_trait-2ff4fc5b87ab1b65.async_trait.ee2bb545-cgu.4.rcgu.o" "/opt/rustwide/target/debug/deps/async_trait-2ff4fc5b87ab1b65.async_trait.ee2bb545-cgu.5.rcgu.o" "/opt/rustwide/target/debug/deps/async_trait-2ff4fc5b87ab1b65.async_trait.ee2bb545-cgu.6.rcgu.o" "/opt/rustwide/target/debug/deps/async_trait-2ff4fc5b87ab1b65.async_trait.ee2bb545-cgu.7.rcgu.o" "/opt/rustwide/target/debug/deps/async_trait-2ff4fc5b87ab1b65.async_trait.ee2bb545-cgu.8.rcgu.o" "/opt/rustwide/target/debug/deps/async_trait-2ff4fc5b87ab1b65.async_trait.ee2bb545-cgu.9.rcgu.o" "/opt/rustwide/target/debug/deps/async_trait-2ff4fc5b87ab1b65.xhms7zx28jknsrp.rcgu.rmeta" "/opt/rustwide/target/debug/deps/async_trait-2ff4fc5b87ab1b65.2f0ly2ehx3dabvdj.rcgu.o" "-Wl,--as-needed" "-L" "/opt/rustwide/target/debug/deps" "-L" "/opt/rustwide/rustup-home/toolchains/1.69.0-x86_64-unknown-linux-gnu/lib/rustlib/x86_64-unknown-linux-gnu/lib" "-Wl,-Bstatic" "/opt/rustwide/target/debug/deps/libsyn-c2d545c506645fde.rlib" "/opt/rustwide/target/debug/deps/libquote-e83283d7481ee324.rlib" "/opt/rustwide/target/debug/deps/libproc_macro2-88378dbb18f5e3b9.rlib" "/opt/rustwide/target/debug/deps/libunicode_ident-2348fa66d2d9925c.rlib" "/opt/rustwide/rustup-home/toolchains/1.69.0-x86_64-unknown-linux-gnu/lib/rustlib/x86_64-unknown-linux-gnu/lib/libproc_macro-3627dfecd49b0535.rlib" "/opt/rustwide/rustup-home/toolchains/1.69.0-x86_64-unknown-linux-gnu/lib/rustlib/x86_64-unknown-linux-gnu/lib/libstd-89bc084783fdc439.rlib" "/opt/rustwide/rustup-home/toolchains/1.69.0-x86_64-unknown-linux-gnu/lib/rustlib/x86_64-unknown-linux-gnu/lib/libpanic_unwind-8bee4b287d4367c1.rlib" "/opt/rustwide/rustup-home/toolchains/1.69.0-x86_64-unknown-linux-gnu/lib/rustlib/x86_64-unknown-linux-gnu/lib/libobject-d61707aed80694c0.rlib" "/opt/rustwide/rustup-home/toolchains/1.69.0-x86_64-unknown-linux-gnu/lib/rustlib/x86_64-unknown-linux-gnu/lib/libmemchr-d85366256f22345b.rlib" "/opt/rustwide/rustup-home/toolchains/1.69.0-x86_64-unknown-linux-gnu/lib/rustlib/x86_64-unknown-linux-gnu/lib/libaddr2line-96069b86b8a8cae9.rlib" "/opt/rustwide/rustup-home/toolchains/1.69.0-x86_64-unknown-linux-gnu/lib/rustlib/x86_64-unknown-linux-gnu/lib/libgimli-d19d53abf68dfa6c.rlib" "/opt/rustwide/rustup-home/toolchains/1.69.0-x86_64-unknown-linux-gnu/lib/rustlib/x86_64-unknown-linux-gnu/lib/librustc_demangle-787cbccd19d64ac6.rlib" "/opt/rustwide/rustup-home/toolchains/1.69.0-x86_64-unknown-linux-gnu/lib/rustlib/x86_64-unknown-linux-gnu/lib/libstd_detect-b3837a36b830e0d0.rlib" "/opt/rustwide/rustup-home/toolchains/1.69.0-x86_64-unknown-linux-gnu/lib/rustlib/x86_64-unknown-linux-gnu/lib/libhashbrown-e3deb0e7e3f04966.rlib" "/opt/rustwide/rustup-home/toolchains/1.69.0-x86_64-unknown-linux-gnu/lib/rustlib/x86_64-unknown-linux-gnu/lib/libminiz_oxide-dabbb79c9815def4.rlib" "/opt/rustwide/rustup-home/toolchains/1.69.0-x86_64-unknown-linux-gnu/lib/rustlib/x86_64-unknown-linux-gnu/lib/libadler-305b01f34c9409f2.rlib" "/opt/rustwide/rustup-home/toolchains/1.69.0-x86_64-unknown-linux-gnu/lib/rustlib/x86_64-unknown-linux-gnu/lib/librustc_std_workspace_alloc-f833521df6074e73.rlib" "/opt/rustwide/rustup-home/toolchains/1.69.0-x86_64-unknown-linux-gnu/lib/rustlib/x86_64-unknown-linux-gnu/lib/libunwind-9ac333113350d171.rlib" "/opt/rustwide/rustup-home/toolchains/1.69.0-x86_64-unknown-linux-gnu/lib/rustlib/x86_64-unknown-linux-gnu/lib/libcfg_if-1c126114322d0eee.rlib" "/opt/rustwide/rustup-home/toolchains/1.69.0-x86_64-unknown-linux-gnu/lib/rustlib/x86_64-unknown-linux-gnu/lib/liblibc-bad9164fdeeecf92.rlib" "/opt/rustwide/rustup-home/toolchains/1.69.0-x86_64-unknown-linux-gnu/lib/rustlib/x86_64-unknown-linux-gnu/lib/liballoc-f9374b1e480fa681.rlib" "/opt/rustwide/rustup-home/toolchains/1.69.0-x86_64-unknown-linux-gnu/lib/rustlib/x86_64-unknown-linux-gnu/lib/librustc_std_workspace_core-207f06e41d9603af.rlib" "/opt/rustwide/rustup-home/toolchains/1.69.0-x86_64-unknown-linux-gnu/lib/rustlib/x86_64-unknown-linux-gnu/lib/libcore-7e2768e66e984e85.rlib" "/opt/rustwide/rustup-home/toolchains/1.69.0-x86_64-unknown-linux-gnu/lib/rustlib/x86_64-unknown-linux-gnu/lib/libcompiler_builtins-957b4aff41f8cd46.rlib" "-Wl,-Bdynamic" "-lgcc_s" "-lutil" "-lrt" "-lpthread" "-lm" "-ldl" "-lc" "-Wl,--eh-frame-hdr" "-Wl,-z,noexecstack" "-L" "/opt/rustwide/rustup-home/toolchains/1.69.0-x86_64-unknown-linux-gnu/lib/rustlib/x86_64-unknown-linux-gnu/lib" "-o" "/opt/rustwide/target/debug/deps/libasync_trait-2ff4fc5b87ab1b65.so" "-Wl,--gc-sections" "-shared" "-Wl,-z,relro,-z,now" "-nodefaultlibs"
[INFO] [stdout]   = note: /usr/bin/ld: final link failed: No space left on device
[INFO] [stdout]           collect2: error: ld returned 1 exit status
[INFO] [stdout]           
[INFO] [stdout] 
[INFO] [stdout] 
[INFO] [stdout] error: aborting due to previous error
[INFO] [stdout] 
[INFO] [stdout] 
[INFO] [stderr] error: could not compile `async-trait` due to 2 previous errors
[INFO] [stdout] error: linking with `cc` failed: exit status: 1
[INFO] [stdout]   |
[INFO] [stdout]   = note: LC_ALL="C" PATH="/opt/rustwide/rustup-home/toolchains/1.69.0-x86_64-unknown-linux-gnu/lib/rustlib/x86_64-unknown-linux-gnu/bin:/opt/rustwide/cargo-home/bin:/usr/local/sbin:/usr/local/bin:/usr/sbin:/usr/bin:/sbin:/bin" VSLANG="1033" "cc" "-Wl,--version-script=/tmp/rustcJo5RfW/list" "-m64" "/tmp/rustcJo5RfW/symbols.o" "/opt/rustwide/target/debug/deps/tracing_attributes-5fb481a9cd69676a.tracing_attributes.ba0e8be8-cgu.0.rcgu.o" "/opt/rustwide/target/debug/deps/tracing_attributes-5fb481a9cd69676a.tracing_attributes.ba0e8be8-cgu.1.rcgu.o" "/opt/rustwide/target/debug/deps/tracing_attributes-5fb481a9cd69676a.tracing_attributes.ba0e8be8-cgu.10.rcgu.o" "/opt/rustwide/target/debug/deps/tracing_attributes-5fb481a9cd69676a.tracing_attributes.ba0e8be8-cgu.11.rcgu.o" "/opt/rustwide/target/debug/deps/tracing_attributes-5fb481a9cd69676a.tracing_attributes.ba0e8be8-cgu.12.rcgu.o" "/opt/rustwide/target/debug/deps/tracing_attributes-5fb481a9cd69676a.tracing_attributes.ba0e8be8-cgu.13.rcgu.o" "/opt/rustwide/target/debug/deps/tracing_attributes-5fb481a9cd69676a.tracing_attributes.ba0e8be8-cgu.14.rcgu.o" "/opt/rustwide/target/debug/deps/tracing_attributes-5fb481a9cd69676a.tracing_attributes.ba0e8be8-cgu.15.rcgu.o" "/opt/rustwide/target/debug/deps/tracing_attributes-5fb481a9cd69676a.tracing_attributes.ba0e8be8-cgu.2.rcgu.o" "/opt/rustwide/target/debug/deps/tracing_attributes-5fb481a9cd69676a.tracing_attributes.ba0e8be8-cgu.3.rcgu.o" "/opt/rustwide/target/debug/deps/tracing_attributes-5fb481a9cd69676a.tracing_attributes.ba0e8be8-cgu.4.rcgu.o" "/opt/rustwide/target/debug/deps/tracing_attributes-5fb481a9cd69676a.tracing_attributes.ba0e8be8-cgu.5.rcgu.o" "/opt/rustwide/target/debug/deps/tracing_attributes-5fb481a9cd69676a.tracing_attributes.ba0e8be8-cgu.6.rcgu.o" "/opt/rustwide/target/debug/deps/tracing_attributes-5fb481a9cd69676a.tracing_attributes.ba0e8be8-cgu.7.rcgu.o" "/opt/rustwide/target/debug/deps/tracing_attributes-5fb481a9cd69676a.tracing_attributes.ba0e8be8-cgu.8.rcgu.o" "/opt/rustwide/target/debug/deps/tracing_attributes-5fb481a9cd69676a.tracing_attributes.ba0e8be8-cgu.9.rcgu.o" "/opt/rustwide/target/debug/deps/tracing_attributes-5fb481a9cd69676a.3c8au2uxv8e1p7wp.rcgu.rmeta" "/opt/rustwide/target/debug/deps/tracing_attributes-5fb481a9cd69676a.59c73l6qkk3s2xk1.rcgu.o" "-Wl,--as-needed" "-L" "/opt/rustwide/target/debug/deps" "-L" "/opt/rustwide/rustup-home/toolchains/1.69.0-x86_64-unknown-linux-gnu/lib/rustlib/x86_64-unknown-linux-gnu/lib" "-Wl,-Bstatic" "/opt/rustwide/target/debug/deps/libsyn-c2d545c506645fde.rlib" "/opt/rustwide/target/debug/deps/libquote-e83283d7481ee324.rlib" "/opt/rustwide/target/debug/deps/libproc_macro2-88378dbb18f5e3b9.rlib" "/opt/rustwide/target/debug/deps/libunicode_ident-2348fa66d2d9925c.rlib" "/opt/rustwide/rustup-home/toolchains/1.69.0-x86_64-unknown-linux-gnu/lib/rustlib/x86_64-unknown-linux-gnu/lib/libproc_macro-3627dfecd49b0535.rlib" "/opt/rustwide/rustup-home/toolchains/1.69.0-x86_64-unknown-linux-gnu/lib/rustlib/x86_64-unknown-linux-gnu/lib/libstd-89bc084783fdc439.rlib" "/opt/rustwide/rustup-home/toolchains/1.69.0-x86_64-unknown-linux-gnu/lib/rustlib/x86_64-unknown-linux-gnu/lib/libpanic_unwind-8bee4b287d4367c1.rlib" "/opt/rustwide/rustup-home/toolchains/1.69.0-x86_64-unknown-linux-gnu/lib/rustlib/x86_64-unknown-linux-gnu/lib/libobject-d61707aed80694c0.rlib" "/opt/rustwide/rustup-home/toolchains/1.69.0-x86_64-unknown-linux-gnu/lib/rustlib/x86_64-unknown-linux-gnu/lib/libmemchr-d85366256f22345b.rlib" "/opt/rustwide/rustup-home/toolchains/1.69.0-x86_64-unknown-linux-gnu/lib/rustlib/x86_64-unknown-linux-gnu/lib/libaddr2line-96069b86b8a8cae9.rlib" "/opt/rustwide/rustup-home/toolchains/1.69.0-x86_64-unknown-linux-gnu/lib/rustlib/x86_64-unknown-linux-gnu/lib/libgimli-d19d53abf68dfa6c.rlib" "/opt/rustwide/rustup-home/toolchains/1.69.0-x86_64-unknown-linux-gnu/lib/rustlib/x86_64-unknown-linux-gnu/lib/librustc_demangle-787cbccd19d64ac6.rlib" "/opt/rustwide/rustup-home/toolchains/1.69.0-x86_64-unknown-linux-gnu/lib/rustlib/x86_64-unknown-linux-gnu/lib/libstd_detect-b3837a36b830e0d0.rlib" "/opt/rustwide/rustup-home/toolchains/1.69.0-x86_64-unknown-linux-gnu/lib/rustlib/x86_64-unknown-linux-gnu/lib/libhashbrown-e3deb0e7e3f04966.rlib" "/opt/rustwide/rustup-home/toolchains/1.69.0-x86_64-unknown-linux-gnu/lib/rustlib/x86_64-unknown-linux-gnu/lib/libminiz_oxide-dabbb79c9815def4.rlib" "/opt/rustwide/rustup-home/toolchains/1.69.0-x86_64-unknown-linux-gnu/lib/rustlib/x86_64-unknown-linux-gnu/lib/libadler-305b01f34c9409f2.rlib" "/opt/rustwide/rustup-home/toolchains/1.69.0-x86_64-unknown-linux-gnu/lib/rustlib/x86_64-unknown-linux-gnu/lib/librustc_std_workspace_alloc-f833521df6074e73.rlib" "/opt/rustwide/rustup-home/toolchains/1.69.0-x86_64-unknown-linux-gnu/lib/rustlib/x86_64-unknown-linux-gnu/lib/libunwind-9ac333113350d171.rlib" "/opt/rustwide/rustup-home/toolchains/1.69.0-x86_64-unknown-linux-gnu/lib/rustlib/x86_64-unknown-linux-gnu/lib/libcfg_if-1c126114322d0eee.rlib" "/opt/rustwide/rustup-home/toolchains/1.69.0-x86_64-unknown-linux-gnu/lib/rustlib/x86_64-unknown-linux-gnu/lib/liblibc-bad9164fdeeecf92.rlib" "/opt/rustwide/rustup-home/toolchains/1.69.0-x86_64-unknown-linux-gnu/lib/rustlib/x86_64-unknown-linux-gnu/lib/liballoc-f9374b1e480fa681.rlib" "/opt/rustwide/rustup-home/toolchains/1.69.0-x86_64-unknown-linux-gnu/lib/rustlib/x86_64-unknown-linux-gnu/lib/librustc_std_workspace_core-207f06e41d9603af.rlib" "/opt/rustwide/rustup-home/toolchains/1.69.0-x86_64-unknown-linux-gnu/lib/rustlib/x86_64-unknown-linux-gnu/lib/libcore-7e2768e66e984e85.rlib" "/opt/rustwide/rustup-home/toolchains/1.69.0-x86_64-unknown-linux-gnu/lib/rustlib/x86_64-unknown-linux-gnu/lib/libcompiler_builtins-957b4aff41f8cd46.rlib" "-Wl,-Bdynamic" "-lgcc_s" "-lutil" "-lrt" "-lpthread" "-lm" "-ldl" "-lc" "-Wl,--eh-frame-hdr" "-Wl,-z,noexecstack" "-L" "/opt/rustwide/rustup-home/toolchains/1.69.0-x86_64-unknown-linux-gnu/lib/rustlib/x86_64-unknown-linux-gnu/lib" "-o" "/opt/rustwide/target/debug/deps/libtracing_attributes-5fb481a9cd69676a.so" "-Wl,--gc-sections" "-shared" "-Wl,-z,relro,-z,now" "-nodefaultlibs"
[INFO] [stdout]   = note: /usr/bin/ld: final link failed: No space left on device
[INFO] [stdout]           collect2: error: ld returned 1 exit status
[INFO] [stdout]           
[INFO] [stdout] 
[INFO] [stdout] 
[INFO] [stdout] error: aborting due to previous error
[INFO] [stdout] 
[INFO] [stdout] 
[INFO] [stderr] error: could not compile `tracing-attributes` due to 2 previous errors
[INFO] [stdout] error: linking with `cc` failed: exit status: 1
[INFO] [stdout]   |
[INFO] [stdout]   = note: LC_ALL="C" PATH="/opt/rustwide/rustup-home/toolchains/1.69.0-x86_64-unknown-linux-gnu/lib/rustlib/x86_64-unknown-linux-gnu/bin:/opt/rustwide/cargo-home/bin:/usr/local/sbin:/usr/local/bin:/usr/sbin:/usr/bin:/sbin:/bin" VSLANG="1033" "cc" "-Wl,--version-script=/tmp/rustc9D5vzx/list" "-m64" "/tmp/rustc9D5vzx/symbols.o" "/opt/rustwide/target/debug/deps/serde_derive-43d32ef05d834c6b.serde_derive.1ee17966-cgu.0.rcgu.o" "/opt/rustwide/target/debug/deps/serde_derive-43d32ef05d834c6b.serde_derive.1ee17966-cgu.1.rcgu.o" "/opt/rustwide/target/debug/deps/serde_derive-43d32ef05d834c6b.serde_derive.1ee17966-cgu.10.rcgu.o" "/opt/rustwide/target/debug/deps/serde_derive-43d32ef05d834c6b.serde_derive.1ee17966-cgu.11.rcgu.o" "/opt/rustwide/target/debug/deps/serde_derive-43d32ef05d834c6b.serde_derive.1ee17966-cgu.12.rcgu.o" "/opt/rustwide/target/debug/deps/serde_derive-43d32ef05d834c6b.serde_derive.1ee17966-cgu.13.rcgu.o" "/opt/rustwide/target/debug/deps/serde_derive-43d32ef05d834c6b.serde_derive.1ee17966-cgu.14.rcgu.o" "/opt/rustwide/target/debug/deps/serde_derive-43d32ef05d834c6b.serde_derive.1ee17966-cgu.15.rcgu.o" "/opt/rustwide/target/debug/deps/serde_derive-43d32ef05d834c6b.serde_derive.1ee17966-cgu.2.rcgu.o" "/opt/rustwide/target/debug/deps/serde_derive-43d32ef05d834c6b.serde_derive.1ee17966-cgu.3.rcgu.o" "/opt/rustwide/target/debug/deps/serde_derive-43d32ef05d834c6b.serde_derive.1ee17966-cgu.4.rcgu.o" "/opt/rustwide/target/debug/deps/serde_derive-43d32ef05d834c6b.serde_derive.1ee17966-cgu.5.rcgu.o" "/opt/rustwide/target/debug/deps/serde_derive-43d32ef05d834c6b.serde_derive.1ee17966-cgu.6.rcgu.o" "/opt/rustwide/target/debug/deps/serde_derive-43d32ef05d834c6b.serde_derive.1ee17966-cgu.7.rcgu.o" "/opt/rustwide/target/debug/deps/serde_derive-43d32ef05d834c6b.serde_derive.1ee17966-cgu.8.rcgu.o" "/opt/rustwide/target/debug/deps/serde_derive-43d32ef05d834c6b.serde_derive.1ee17966-cgu.9.rcgu.o" "/opt/rustwide/target/debug/deps/serde_derive-43d32ef05d834c6b.4dkn3pt9waglbk81.rcgu.rmeta" "/opt/rustwide/target/debug/deps/serde_derive-43d32ef05d834c6b.5d1utb04r8cxj9jo.rcgu.o" "-Wl,--as-needed" "-L" "/opt/rustwide/target/debug/deps" "-L" "/opt/rustwide/rustup-home/toolchains/1.69.0-x86_64-unknown-linux-gnu/lib/rustlib/x86_64-unknown-linux-gnu/lib" "-Wl,-Bstatic" "/opt/rustwide/target/debug/deps/libsyn-c2d545c506645fde.rlib" "/opt/rustwide/target/debug/deps/libquote-e83283d7481ee324.rlib" "/opt/rustwide/target/debug/deps/libproc_macro2-88378dbb18f5e3b9.rlib" "/opt/rustwide/target/debug/deps/libunicode_ident-2348fa66d2d9925c.rlib" "/opt/rustwide/rustup-home/toolchains/1.69.0-x86_64-unknown-linux-gnu/lib/rustlib/x86_64-unknown-linux-gnu/lib/libproc_macro-3627dfecd49b0535.rlib" "/opt/rustwide/rustup-home/toolchains/1.69.0-x86_64-unknown-linux-gnu/lib/rustlib/x86_64-unknown-linux-gnu/lib/libstd-89bc084783fdc439.rlib" "/opt/rustwide/rustup-home/toolchains/1.69.0-x86_64-unknown-linux-gnu/lib/rustlib/x86_64-unknown-linux-gnu/lib/libpanic_unwind-8bee4b287d4367c1.rlib" "/opt/rustwide/rustup-home/toolchains/1.69.0-x86_64-unknown-linux-gnu/lib/rustlib/x86_64-unknown-linux-gnu/lib/libobject-d61707aed80694c0.rlib" "/opt/rustwide/rustup-home/toolchains/1.69.0-x86_64-unknown-linux-gnu/lib/rustlib/x86_64-unknown-linux-gnu/lib/libmemchr-d85366256f22345b.rlib" "/opt/rustwide/rustup-home/toolchains/1.69.0-x86_64-unknown-linux-gnu/lib/rustlib/x86_64-unknown-linux-gnu/lib/libaddr2line-96069b86b8a8cae9.rlib" "/opt/rustwide/rustup-home/toolchains/1.69.0-x86_64-unknown-linux-gnu/lib/rustlib/x86_64-unknown-linux-gnu/lib/libgimli-d19d53abf68dfa6c.rlib" "/opt/rustwide/rustup-home/toolchains/1.69.0-x86_64-unknown-linux-gnu/lib/rustlib/x86_64-unknown-linux-gnu/lib/librustc_demangle-787cbccd19d64ac6.rlib" "/opt/rustwide/rustup-home/toolchains/1.69.0-x86_64-unknown-linux-gnu/lib/rustlib/x86_64-unknown-linux-gnu/lib/libstd_detect-b3837a36b830e0d0.rlib" "/opt/rustwide/rustup-home/toolchains/1.69.0-x86_64-unknown-linux-gnu/lib/rustlib/x86_64-unknown-linux-gnu/lib/libhashbrown-e3deb0e7e3f04966.rlib" "/opt/rustwide/rustup-home/toolchains/1.69.0-x86_64-unknown-linux-gnu/lib/rustlib/x86_64-unknown-linux-gnu/lib/libminiz_oxide-dabbb79c9815def4.rlib" "/opt/rustwide/rustup-home/toolchains/1.69.0-x86_64-unknown-linux-gnu/lib/rustlib/x86_64-unknown-linux-gnu/lib/libadler-305b01f34c9409f2.rlib" "/opt/rustwide/rustup-home/toolchains/1.69.0-x86_64-unknown-linux-gnu/lib/rustlib/x86_64-unknown-linux-gnu/lib/librustc_std_workspace_alloc-f833521df6074e73.rlib" "/opt/rustwide/rustup-home/toolchains/1.69.0-x86_64-unknown-linux-gnu/lib/rustlib/x86_64-unknown-linux-gnu/lib/libunwind-9ac333113350d171.rlib" "/opt/rustwide/rustup-home/toolchains/1.69.0-x86_64-unknown-linux-gnu/lib/rustlib/x86_64-unknown-linux-gnu/lib/libcfg_if-1c126114322d0eee.rlib" "/opt/rustwide/rustup-home/toolchains/1.69.0-x86_64-unknown-linux-gnu/lib/rustlib/x86_64-unknown-linux-gnu/lib/liblibc-bad9164fdeeecf92.rlib" "/opt/rustwide/rustup-home/toolchains/1.69.0-x86_64-unknown-linux-gnu/lib/rustlib/x86_64-unknown-linux-gnu/lib/liballoc-f9374b1e480fa681.rlib" "/opt/rustwide/rustup-home/toolchains/1.69.0-x86_64-unknown-linux-gnu/lib/rustlib/x86_64-unknown-linux-gnu/lib/librustc_std_workspace_core-207f06e41d9603af.rlib" "/opt/rustwide/rustup-home/toolchains/1.69.0-x86_64-unknown-linux-gnu/lib/rustlib/x86_64-unknown-linux-gnu/lib/libcore-7e2768e66e984e85.rlib" "/opt/rustwide/rustup-home/toolchains/1.69.0-x86_64-unknown-linux-gnu/lib/rustlib/x86_64-unknown-linux-gnu/lib/libcompiler_builtins-957b4aff41f8cd46.rlib" "-Wl,-Bdynamic" "-lgcc_s" "-lutil" "-lrt" "-lpthread" "-lm" "-ldl" "-lc" "-Wl,--eh-frame-hdr" "-Wl,-z,noexecstack" "-L" "/opt/rustwide/rustup-home/toolchains/1.69.0-x86_64-unknown-linux-gnu/lib/rustlib/x86_64-unknown-linux-gnu/lib" "-o" "/opt/rustwide/target/debug/deps/libserde_derive-43d32ef05d834c6b.so" "-Wl,--gc-sections" "-shared" "-Wl,-z,relro,-z,now" "-nodefaultlibs"
[INFO] [stdout]   = note: /usr/bin/ld: final link failed: No space left on device
[INFO] [stdout]           collect2: error: ld returned 1 exit status
[INFO] [stdout]           
[INFO] [stdout] 
[INFO] [stdout] 
[INFO] [stdout] error: aborting due to previous error
[INFO] [stdout] 
[INFO] [stdout] 
[INFO] [stderr] error: could not compile `serde_derive` due to 2 previous errors
[INFO] running `Command { std: "docker" "inspect" "d01c4057a5a4b8fa327bb28de70b4a61b2baeb7c243599878d95ed7cde6b9f11", kill_on_drop: false }`
[INFO] running `Command { std: "docker" "rm" "-f" "d01c4057a5a4b8fa327bb28de70b4a61b2baeb7c243599878d95ed7cde6b9f11", kill_on_drop: false }`
[INFO] [stdout] d01c4057a5a4b8fa327bb28de70b4a61b2baeb7c243599878d95ed7cde6b9f11
