[INFO] cloning repository https://github.com/justinbarclay/card-counter
[INFO] running `Command { std: "git" "-c" "credential.helper=" "-c" "credential.helper=/workspace/cargo-home/bin/git-credential-null" "clone" "--bare" "https://github.com/justinbarclay/card-counter" "/workspace/cache/git-repos/https%3A%2F%2Fgithub.com%2Fjustinbarclay%2Fcard-counter", kill_on_drop: false }`
[INFO] [stderr] Cloning into bare repository '/workspace/cache/git-repos/https%3A%2F%2Fgithub.com%2Fjustinbarclay%2Fcard-counter'...
[INFO] running `Command { std: "git" "rev-parse" "HEAD", kill_on_drop: false }`
[INFO] [stdout] f16f92472e81656e57ef890c28b9ab37367aef16
[INFO] testing justinbarclay/card-counter against 1.69.0 for beta-1.70-1
[INFO] running `Command { std: "git" "clone" "/workspace/cache/git-repos/https%3A%2F%2Fgithub.com%2Fjustinbarclay%2Fcard-counter" "/workspace/builds/worker-3-tc1/source", kill_on_drop: false }`
[INFO] [stderr] Cloning into '/workspace/builds/worker-3-tc1/source'...
[INFO] [stderr] done.
[INFO] validating manifest of git repo https://github.com/justinbarclay/card-counter on toolchain 1.69.0
[INFO] running `Command { std: CARGO_HOME="/workspace/cargo-home" RUSTUP_HOME="/workspace/rustup-home" "/workspace/cargo-home/bin/cargo" "+1.69.0" "metadata" "--manifest-path" "Cargo.toml" "--no-deps", kill_on_drop: false }`
[INFO] started tweaking git repo https://github.com/justinbarclay/card-counter
[INFO] finished tweaking git repo https://github.com/justinbarclay/card-counter
[INFO] tweaked toml for git repo https://github.com/justinbarclay/card-counter written to /workspace/builds/worker-3-tc1/source/Cargo.toml
[INFO] crate git repo https://github.com/justinbarclay/card-counter already has a lockfile, it will not be regenerated
[INFO] running `Command { std: CARGO_HOME="/workspace/cargo-home" RUSTUP_HOME="/workspace/rustup-home" "/workspace/cargo-home/bin/cargo" "+1.69.0" "fetch" "--manifest-path" "Cargo.toml", kill_on_drop: false }`
[INFO] [stderr] warning: /workspace/builds/worker-3-tc1/source/card-counter/cli/Cargo.toml: unused manifest key: dependencies.dialoguer.commit
[INFO] [stderr]     Updating git repository `https://github.com/justinbarclay/azure-sdk-for-rust`
[INFO] [stderr]     Updating git repository `https://github.com/mitsuhiko/dialoguer`
[INFO] [stderr]     Updating git repository `https://github.com/justinbarclay/pointplots-rs.git`
[INFO] [stderr]  Downloading crates ...
[INFO] [stderr]   Downloaded semver v1.0.10
[INFO] [stderr]   Downloaded drawille v0.3.0
[INFO] [stderr]   Downloaded rusoto_dynamodb v0.46.0
[INFO] [stderr]   Downloaded http-serde v1.1.0
[INFO] [stderr]   Downloaded meval v0.2.0
[INFO] [stderr]   Downloaded lambda_runtime v0.4.1
[INFO] [stderr]   Downloaded serde_path_to_error v0.1.7
[INFO] [stderr]   Downloaded aws_lambda_events v0.5.0
[INFO] [stderr]   Downloaded tera v1.16.0
[INFO] [stderr]   Downloaded oauth2 v4.2.0
[INFO] [stderr]   Downloaded openssl-src v111.21.0+1.1.1p
[INFO] [stderr]   Downloaded serde_dynamodb v0.7.0
[INFO] running `Command { std: "docker" "create" "-v" "/var/lib/crater-agent-workspace/builds/worker-3-tc1/target:/opt/rustwide/target:rw,Z" "-v" "/var/lib/crater-agent-workspace/builds/worker-3-tc1/source:/opt/rustwide/workdir:ro,Z" "-v" "/var/lib/crater-agent-workspace/cargo-home:/opt/rustwide/cargo-home:ro,Z" "-v" "/var/lib/crater-agent-workspace/rustup-home:/opt/rustwide/rustup-home:ro,Z" "-e" "SOURCE_DIR=/opt/rustwide/workdir" "-e" "CARGO_TARGET_DIR=/opt/rustwide/target" "-e" "CARGO_HOME=/opt/rustwide/cargo-home" "-e" "RUSTUP_HOME=/opt/rustwide/rustup-home" "-w" "/opt/rustwide/workdir" "-m" "1610612736" "--user" "0:0" "--network" "none" "ghcr.io/rust-lang/crates-build-env/linux@sha256:5ff2268d62e97bff2cde7d5815dd6ed5b47097566f13b8d0ca110b04b60e07ed" "/opt/rustwide/cargo-home/bin/cargo" "+1.69.0" "metadata" "--no-deps" "--format-version=1", kill_on_drop: false }`
[INFO] [stdout] db04440b32fe283adacfc071bc729f479eb7ad89f537bbc090b46f5a5ed7ca77
[INFO] running `Command { std: "docker" "start" "-a" "db04440b32fe283adacfc071bc729f479eb7ad89f537bbc090b46f5a5ed7ca77", kill_on_drop: false }`
[INFO] running `Command { std: "docker" "inspect" "db04440b32fe283adacfc071bc729f479eb7ad89f537bbc090b46f5a5ed7ca77", kill_on_drop: false }`
[INFO] running `Command { std: "docker" "rm" "-f" "db04440b32fe283adacfc071bc729f479eb7ad89f537bbc090b46f5a5ed7ca77", kill_on_drop: false }`
[INFO] [stdout] db04440b32fe283adacfc071bc729f479eb7ad89f537bbc090b46f5a5ed7ca77
[INFO] running `Command { std: "docker" "create" "-v" "/var/lib/crater-agent-workspace/builds/worker-3-tc1/target:/opt/rustwide/target:rw,Z" "-v" "/var/lib/crater-agent-workspace/builds/worker-3-tc1/source:/opt/rustwide/workdir:ro,Z" "-v" "/var/lib/crater-agent-workspace/cargo-home:/opt/rustwide/cargo-home:ro,Z" "-v" "/var/lib/crater-agent-workspace/rustup-home:/opt/rustwide/rustup-home:ro,Z" "-e" "SOURCE_DIR=/opt/rustwide/workdir" "-e" "CARGO_TARGET_DIR=/opt/rustwide/target" "-e" "CARGO_INCREMENTAL=0" "-e" "RUST_BACKTRACE=full" "-e" "RUSTFLAGS=--cap-lints=warn" "-e" "RUSTDOCFLAGS=--cap-lints=warn" "-e" "CARGO_HOME=/opt/rustwide/cargo-home" "-e" "RUSTUP_HOME=/opt/rustwide/rustup-home" "-w" "/opt/rustwide/workdir" "-m" "1610612736" "--user" "0:0" "--network" "none" "ghcr.io/rust-lang/crates-build-env/linux@sha256:5ff2268d62e97bff2cde7d5815dd6ed5b47097566f13b8d0ca110b04b60e07ed" "/opt/rustwide/cargo-home/bin/cargo" "+1.69.0" "build" "--frozen" "--message-format=json", kill_on_drop: false }`
[INFO] [stdout] 994d28f0c43ce9c05f8affa8950beb6b0d3fc4490a99f1e34339a5a81e377c26
[INFO] running `Command { std: "docker" "start" "-a" "994d28f0c43ce9c05f8affa8950beb6b0d3fc4490a99f1e34339a5a81e377c26", kill_on_drop: false }`
[INFO] [stderr] warning: /opt/rustwide/workdir/card-counter/cli/Cargo.toml: unused manifest key: dependencies.dialoguer.commit
[INFO] [stderr]    Compiling libc v0.2.126
[INFO] [stderr]    Compiling proc-macro2 v1.0.40
[INFO] [stderr]    Compiling unicode-ident v1.0.1
[INFO] [stderr]    Compiling quote v1.0.20
[INFO] [stderr]    Compiling syn v1.0.98
[INFO] [stderr]    Compiling cfg-if v1.0.0
[INFO] [stderr]    Compiling version_check v0.9.4
[INFO] [stderr]    Compiling memchr v2.5.0
[INFO] [stderr]    Compiling once_cell v1.12.0
[INFO] [stderr]    Compiling autocfg v1.1.0
[INFO] [stderr]    Compiling log v0.4.17
[INFO] [stderr]    Compiling fnv v1.0.7
[INFO] [stderr]    Compiling cc v1.0.73
[INFO] [stderr]    Compiling futures-core v0.3.21
[INFO] [stderr]    Compiling pin-project-lite v0.2.9
[INFO] [stderr]    Compiling serde_derive v1.0.137
[INFO] [stderr]    Compiling serde v1.0.137
[INFO] [stderr]    Compiling lazy_static v1.4.0
[INFO] [stderr]    Compiling slab v0.4.6
[INFO] [stderr]    Compiling bytes v1.1.0
[INFO] [stderr]    Compiling itoa v1.0.2
[INFO] [stderr]    Compiling futures-sink v0.3.21
[INFO] [stderr]    Compiling futures-task v0.3.21
[INFO] [stderr]    Compiling futures-channel v0.3.21
[INFO] [stderr]    Compiling futures-util v0.3.21
[INFO] [stderr]    Compiling indexmap v1.9.1
[INFO] [stderr]    Compiling tracing-core v0.1.28
[INFO] [stderr]    Compiling typenum v1.15.0
[INFO] [stderr]    Compiling futures-io v0.3.21
[INFO] [stderr]    Compiling pin-utils v0.1.0
[INFO] [stderr]    Compiling http v0.2.8
[INFO] [stderr]    Compiling generic-array v0.14.5
[INFO] [stderr]    Compiling pkg-config v0.3.25
[INFO] [stderr]    Compiling bitflags v1.3.2
[INFO] [stderr]    Compiling hashbrown v0.12.1
[INFO] [stderr]    Compiling mio v0.8.4
[INFO] [stderr]    Compiling tracing v0.1.35
[INFO] [stderr]    Compiling openssl-sys v0.9.74
[INFO] [stderr]    Compiling signal-hook-registry v1.4.0
[INFO] [stderr]    Compiling socket2 v0.4.4
[INFO] [stderr]    Compiling num_cpus v1.13.1
[INFO] [stderr]    Compiling httparse v1.7.1
[INFO] [stderr]    Compiling ryu v1.0.10
[INFO] [stderr]    Compiling try-lock v0.2.3
[INFO] [stderr]    Compiling getrandom v0.2.7
[INFO] [stderr]    Compiling want v0.3.0
[INFO] [stderr]    Compiling num-traits v0.2.15
[INFO] [stderr]    Compiling openssl v0.10.40
[INFO] [stderr]    Compiling tower-service v0.3.2
[INFO] [stderr]    Compiling foreign-types-shared v0.1.1
[INFO] [stderr]    Compiling foreign-types v0.3.2
[INFO] [stderr]    Compiling ring v0.16.20
[INFO] [stderr]    Compiling num-integer v0.1.45
[INFO] [stderr]    Compiling native-tls v0.2.10
[INFO] [stderr]    Compiling rand_core v0.6.3
[INFO] [stderr]    Compiling http-body v0.4.5
[INFO] [stderr]    Compiling aho-corasick v0.7.18
[INFO] [stderr]    Compiling regex-syntax v0.6.26
[INFO] [stderr]    Compiling serde_json v1.0.81
[INFO] [stderr]    Compiling openssl-probe v0.1.5
[INFO] [stderr]    Compiling percent-encoding v2.1.0
[INFO] [stderr]    Compiling httpdate v1.0.2
[INFO] [stderr]    Compiling ppv-lite86 v0.2.16
[INFO] [stderr]    Compiling time v0.1.44
[INFO] [stderr]    Compiling uncased v0.9.7
[INFO] [stderr]    Compiling rand_chacha v0.3.1
[INFO] [stderr]    Compiling spin v0.5.2
[INFO] [stderr]    Compiling untrusted v0.7.1
[INFO] [stderr]    Compiling rand v0.8.5
[INFO] [stderr]    Compiling standback v0.2.17
[INFO] [stderr]    Compiling cfg-if v0.1.10
[INFO] [stderr]    Compiling async-trait v0.1.56
[INFO] [stderr]    Compiling proc-macro-hack v0.5.19
[INFO] [stderr]    Compiling cpufeatures v0.2.2
[INFO] [stderr]    Compiling siphasher v0.3.10
[INFO] [stderr]    Compiling base64 v0.13.0
[INFO] [stderr]    Compiling regex v1.5.6
[INFO] [stderr]    Compiling phf_shared v0.10.0
[INFO] [stderr]    Compiling tinyvec_macros v0.1.0
[INFO] [stderr]    Compiling matches v0.1.9
[INFO] [stderr]    Compiling rustls v0.20.6
[INFO] [stderr]    Compiling tinyvec v1.6.0
[INFO] [stderr]    Compiling net2 v0.2.37
[INFO] [stderr]    Compiling iovec v0.1.4
[INFO] [stderr]    Compiling semver v1.0.10
[INFO] [stderr]    Compiling webpki v0.22.0
[INFO] [stderr]    Compiling futures-macro v0.3.21
[INFO] [stderr]    Compiling tokio-macros v1.8.0
[INFO] [stderr]    Compiling openssl-macros v0.1.0
[INFO] [stderr] LLVM ERROR: IO failure on output stream: No space left on device
[INFO] [stderr] LLVM ERROR: IO failure on output stream: No space left on device
[INFO] [stderr] error: could not compile `ring`
[INFO] [stderr] warning: build failed, waiting for other jobs to finish...
[INFO] [stdout] error: linking with `cc` failed: exit status: 1
[INFO] [stdout]   |
[INFO] [stdout]   = note: LC_ALL="C" PATH="/opt/rustwide/rustup-home/toolchains/1.69.0-x86_64-unknown-linux-gnu/lib/rustlib/x86_64-unknown-linux-gnu/bin:/opt/rustwide/cargo-home/bin:/usr/local/sbin:/usr/local/bin:/usr/sbin:/usr/bin:/sbin:/bin" VSLANG="1033" "cc" "-Wl,--version-script=/tmp/rustcEc9h9t/list" "-m64" "/tmp/rustcEc9h9t/symbols.o" "/opt/rustwide/target/debug/deps/openssl_macros-345883b8cd5d7eed.openssl_macros.dd5ab3e8-cgu.0.rcgu.o" "/opt/rustwide/target/debug/deps/openssl_macros-345883b8cd5d7eed.openssl_macros.dd5ab3e8-cgu.1.rcgu.o" "/opt/rustwide/target/debug/deps/openssl_macros-345883b8cd5d7eed.openssl_macros.dd5ab3e8-cgu.10.rcgu.o" "/opt/rustwide/target/debug/deps/openssl_macros-345883b8cd5d7eed.openssl_macros.dd5ab3e8-cgu.11.rcgu.o" "/opt/rustwide/target/debug/deps/openssl_macros-345883b8cd5d7eed.openssl_macros.dd5ab3e8-cgu.12.rcgu.o" "/opt/rustwide/target/debug/deps/openssl_macros-345883b8cd5d7eed.openssl_macros.dd5ab3e8-cgu.13.rcgu.o" "/opt/rustwide/target/debug/deps/openssl_macros-345883b8cd5d7eed.openssl_macros.dd5ab3e8-cgu.14.rcgu.o" "/opt/rustwide/target/debug/deps/openssl_macros-345883b8cd5d7eed.openssl_macros.dd5ab3e8-cgu.15.rcgu.o" "/opt/rustwide/target/debug/deps/openssl_macros-345883b8cd5d7eed.openssl_macros.dd5ab3e8-cgu.2.rcgu.o" "/opt/rustwide/target/debug/deps/openssl_macros-345883b8cd5d7eed.openssl_macros.dd5ab3e8-cgu.3.rcgu.o" "/opt/rustwide/target/debug/deps/openssl_macros-345883b8cd5d7eed.openssl_macros.dd5ab3e8-cgu.4.rcgu.o" "/opt/rustwide/target/debug/deps/openssl_macros-345883b8cd5d7eed.openssl_macros.dd5ab3e8-cgu.5.rcgu.o" "/opt/rustwide/target/debug/deps/openssl_macros-345883b8cd5d7eed.openssl_macros.dd5ab3e8-cgu.6.rcgu.o" "/opt/rustwide/target/debug/deps/openssl_macros-345883b8cd5d7eed.openssl_macros.dd5ab3e8-cgu.7.rcgu.o" "/opt/rustwide/target/debug/deps/openssl_macros-345883b8cd5d7eed.openssl_macros.dd5ab3e8-cgu.8.rcgu.o" "/opt/rustwide/target/debug/deps/openssl_macros-345883b8cd5d7eed.openssl_macros.dd5ab3e8-cgu.9.rcgu.o" "/opt/rustwide/target/debug/deps/openssl_macros-345883b8cd5d7eed.2sjmp03aume3taqn.rcgu.rmeta" "/opt/rustwide/target/debug/deps/openssl_macros-345883b8cd5d7eed.33wtccenf4gvjz5j.rcgu.o" "-Wl,--as-needed" "-L" "/opt/rustwide/target/debug/deps" "-L" "/opt/rustwide/rustup-home/toolchains/1.69.0-x86_64-unknown-linux-gnu/lib/rustlib/x86_64-unknown-linux-gnu/lib" "-Wl,-Bstatic" "/opt/rustwide/target/debug/deps/libsyn-4cd65a1aeeb95438.rlib" "/opt/rustwide/target/debug/deps/libquote-7e980564852d94c7.rlib" "/opt/rustwide/target/debug/deps/libproc_macro2-0e437b8dd1b7a831.rlib" "/opt/rustwide/target/debug/deps/libunicode_ident-e502440dec99c067.rlib" "/opt/rustwide/rustup-home/toolchains/1.69.0-x86_64-unknown-linux-gnu/lib/rustlib/x86_64-unknown-linux-gnu/lib/libproc_macro-3627dfecd49b0535.rlib" "/opt/rustwide/rustup-home/toolchains/1.69.0-x86_64-unknown-linux-gnu/lib/rustlib/x86_64-unknown-linux-gnu/lib/libstd-89bc084783fdc439.rlib" "/opt/rustwide/rustup-home/toolchains/1.69.0-x86_64-unknown-linux-gnu/lib/rustlib/x86_64-unknown-linux-gnu/lib/libpanic_unwind-8bee4b287d4367c1.rlib" "/opt/rustwide/rustup-home/toolchains/1.69.0-x86_64-unknown-linux-gnu/lib/rustlib/x86_64-unknown-linux-gnu/lib/libobject-d61707aed80694c0.rlib" "/opt/rustwide/rustup-home/toolchains/1.69.0-x86_64-unknown-linux-gnu/lib/rustlib/x86_64-unknown-linux-gnu/lib/libmemchr-d85366256f22345b.rlib" "/opt/rustwide/rustup-home/toolchains/1.69.0-x86_64-unknown-linux-gnu/lib/rustlib/x86_64-unknown-linux-gnu/lib/libaddr2line-96069b86b8a8cae9.rlib" "/opt/rustwide/rustup-home/toolchains/1.69.0-x86_64-unknown-linux-gnu/lib/rustlib/x86_64-unknown-linux-gnu/lib/libgimli-d19d53abf68dfa6c.rlib" "/opt/rustwide/rustup-home/toolchains/1.69.0-x86_64-unknown-linux-gnu/lib/rustlib/x86_64-unknown-linux-gnu/lib/librustc_demangle-787cbccd19d64ac6.rlib" "/opt/rustwide/rustup-home/toolchains/1.69.0-x86_64-unknown-linux-gnu/lib/rustlib/x86_64-unknown-linux-gnu/lib/libstd_detect-b3837a36b830e0d0.rlib" "/opt/rustwide/rustup-home/toolchains/1.69.0-x86_64-unknown-linux-gnu/lib/rustlib/x86_64-unknown-linux-gnu/lib/libhashbrown-e3deb0e7e3f04966.rlib" "/opt/rustwide/rustup-home/toolchains/1.69.0-x86_64-unknown-linux-gnu/lib/rustlib/x86_64-unknown-linux-gnu/lib/libminiz_oxide-dabbb79c9815def4.rlib" "/opt/rustwide/rustup-home/toolchains/1.69.0-x86_64-unknown-linux-gnu/lib/rustlib/x86_64-unknown-linux-gnu/lib/libadler-305b01f34c9409f2.rlib" "/opt/rustwide/rustup-home/toolchains/1.69.0-x86_64-unknown-linux-gnu/lib/rustlib/x86_64-unknown-linux-gnu/lib/librustc_std_workspace_alloc-f833521df6074e73.rlib" "/opt/rustwide/rustup-home/toolchains/1.69.0-x86_64-unknown-linux-gnu/lib/rustlib/x86_64-unknown-linux-gnu/lib/libunwind-9ac333113350d171.rlib" "/opt/rustwide/rustup-home/toolchains/1.69.0-x86_64-unknown-linux-gnu/lib/rustlib/x86_64-unknown-linux-gnu/lib/libcfg_if-1c126114322d0eee.rlib" "/opt/rustwide/rustup-home/toolchains/1.69.0-x86_64-unknown-linux-gnu/lib/rustlib/x86_64-unknown-linux-gnu/lib/liblibc-bad9164fdeeecf92.rlib" "/opt/rustwide/rustup-home/toolchains/1.69.0-x86_64-unknown-linux-gnu/lib/rustlib/x86_64-unknown-linux-gnu/lib/liballoc-f9374b1e480fa681.rlib" "/opt/rustwide/rustup-home/toolchains/1.69.0-x86_64-unknown-linux-gnu/lib/rustlib/x86_64-unknown-linux-gnu/lib/librustc_std_workspace_core-207f06e41d9603af.rlib" "/opt/rustwide/rustup-home/toolchains/1.69.0-x86_64-unknown-linux-gnu/lib/rustlib/x86_64-unknown-linux-gnu/lib/libcore-7e2768e66e984e85.rlib" "/opt/rustwide/rustup-home/toolchains/1.69.0-x86_64-unknown-linux-gnu/lib/rustlib/x86_64-unknown-linux-gnu/lib/libcompiler_builtins-957b4aff41f8cd46.rlib" "-Wl,-Bdynamic" "-lgcc_s" "-lutil" "-lrt" "-lpthread" "-lm" "-ldl" "-lc" "-Wl,--eh-frame-hdr" "-Wl,-z,noexecstack" "-L" "/opt/rustwide/rustup-home/toolchains/1.69.0-x86_64-unknown-linux-gnu/lib/rustlib/x86_64-unknown-linux-gnu/lib" "-o" "/opt/rustwide/target/debug/deps/libopenssl_macros-345883b8cd5d7eed.so" "-Wl,--gc-sections" "-shared" "-Wl,-z,relro,-z,now" "-nodefaultlibs"
[INFO] [stdout]   = note: /usr/bin/ld: final link failed: No space left on device
[INFO] [stdout]           collect2: error: ld returned 1 exit status
[INFO] [stdout]           
[INFO] [stdout] 
[INFO] [stdout] 
[INFO] [stdout] error: aborting due to previous error
[INFO] [stdout] 
[INFO] [stdout] 
[INFO] [stderr] error: could not compile `openssl-macros` due to 2 previous errors
[INFO] [stderr] error: could not compile `regex-syntax`
[INFO] [stdout] error: linking with `cc` failed: exit status: 1
[INFO] [stdout]   |
[INFO] [stdout]   = note: LC_ALL="C" PATH="/opt/rustwide/rustup-home/toolchains/1.69.0-x86_64-unknown-linux-gnu/lib/rustlib/x86_64-unknown-linux-gnu/bin:/opt/rustwide/cargo-home/bin:/usr/local/sbin:/usr/local/bin:/usr/sbin:/usr/bin:/sbin:/bin" VSLANG="1033" "cc" "-Wl,--version-script=/tmp/rustcIIRYPr/list" "-m64" "/tmp/rustcIIRYPr/symbols.o" "/opt/rustwide/target/debug/deps/futures_macro-b31ddd46880100a2.futures_macro.40407bef-cgu.0.rcgu.o" "/opt/rustwide/target/debug/deps/futures_macro-b31ddd46880100a2.futures_macro.40407bef-cgu.1.rcgu.o" "/opt/rustwide/target/debug/deps/futures_macro-b31ddd46880100a2.futures_macro.40407bef-cgu.10.rcgu.o" "/opt/rustwide/target/debug/deps/futures_macro-b31ddd46880100a2.futures_macro.40407bef-cgu.11.rcgu.o" "/opt/rustwide/target/debug/deps/futures_macro-b31ddd46880100a2.futures_macro.40407bef-cgu.12.rcgu.o" "/opt/rustwide/target/debug/deps/futures_macro-b31ddd46880100a2.futures_macro.40407bef-cgu.13.rcgu.o" "/opt/rustwide/target/debug/deps/futures_macro-b31ddd46880100a2.futures_macro.40407bef-cgu.14.rcgu.o" "/opt/rustwide/target/debug/deps/futures_macro-b31ddd46880100a2.futures_macro.40407bef-cgu.15.rcgu.o" "/opt/rustwide/target/debug/deps/futures_macro-b31ddd46880100a2.futures_macro.40407bef-cgu.2.rcgu.o" "/opt/rustwide/target/debug/deps/futures_macro-b31ddd46880100a2.futures_macro.40407bef-cgu.3.rcgu.o" "/opt/rustwide/target/debug/deps/futures_macro-b31ddd46880100a2.futures_macro.40407bef-cgu.4.rcgu.o" "/opt/rustwide/target/debug/deps/futures_macro-b31ddd46880100a2.futures_macro.40407bef-cgu.5.rcgu.o" "/opt/rustwide/target/debug/deps/futures_macro-b31ddd46880100a2.futures_macro.40407bef-cgu.6.rcgu.o" "/opt/rustwide/target/debug/deps/futures_macro-b31ddd46880100a2.futures_macro.40407bef-cgu.7.rcgu.o" "/opt/rustwide/target/debug/deps/futures_macro-b31ddd46880100a2.futures_macro.40407bef-cgu.8.rcgu.o" "/opt/rustwide/target/debug/deps/futures_macro-b31ddd46880100a2.futures_macro.40407bef-cgu.9.rcgu.o" "/opt/rustwide/target/debug/deps/futures_macro-b31ddd46880100a2.5ex5r64z8odo0ahx.rcgu.rmeta" "/opt/rustwide/target/debug/deps/futures_macro-b31ddd46880100a2.18rue4iio3hu2qq7.rcgu.o" "-Wl,--as-needed" "-L" "/opt/rustwide/target/debug/deps" "-L" "/opt/rustwide/rustup-home/toolchains/1.69.0-x86_64-unknown-linux-gnu/lib/rustlib/x86_64-unknown-linux-gnu/lib" "-Wl,-Bstatic" "/opt/rustwide/target/debug/deps/libsyn-4cd65a1aeeb95438.rlib" "/opt/rustwide/target/debug/deps/libquote-7e980564852d94c7.rlib" "/opt/rustwide/target/debug/deps/libproc_macro2-0e437b8dd1b7a831.rlib" "/opt/rustwide/target/debug/deps/libunicode_ident-e502440dec99c067.rlib" "/opt/rustwide/rustup-home/toolchains/1.69.0-x86_64-unknown-linux-gnu/lib/rustlib/x86_64-unknown-linux-gnu/lib/libproc_macro-3627dfecd49b0535.rlib" "/opt/rustwide/rustup-home/toolchains/1.69.0-x86_64-unknown-linux-gnu/lib/rustlib/x86_64-unknown-linux-gnu/lib/libstd-89bc084783fdc439.rlib" "/opt/rustwide/rustup-home/toolchains/1.69.0-x86_64-unknown-linux-gnu/lib/rustlib/x86_64-unknown-linux-gnu/lib/libpanic_unwind-8bee4b287d4367c1.rlib" "/opt/rustwide/rustup-home/toolchains/1.69.0-x86_64-unknown-linux-gnu/lib/rustlib/x86_64-unknown-linux-gnu/lib/libobject-d61707aed80694c0.rlib" "/opt/rustwide/rustup-home/toolchains/1.69.0-x86_64-unknown-linux-gnu/lib/rustlib/x86_64-unknown-linux-gnu/lib/libmemchr-d85366256f22345b.rlib" "/opt/rustwide/rustup-home/toolchains/1.69.0-x86_64-unknown-linux-gnu/lib/rustlib/x86_64-unknown-linux-gnu/lib/libaddr2line-96069b86b8a8cae9.rlib" "/opt/rustwide/rustup-home/toolchains/1.69.0-x86_64-unknown-linux-gnu/lib/rustlib/x86_64-unknown-linux-gnu/lib/libgimli-d19d53abf68dfa6c.rlib" "/opt/rustwide/rustup-home/toolchains/1.69.0-x86_64-unknown-linux-gnu/lib/rustlib/x86_64-unknown-linux-gnu/lib/librustc_demangle-787cbccd19d64ac6.rlib" "/opt/rustwide/rustup-home/toolchains/1.69.0-x86_64-unknown-linux-gnu/lib/rustlib/x86_64-unknown-linux-gnu/lib/libstd_detect-b3837a36b830e0d0.rlib" "/opt/rustwide/rustup-home/toolchains/1.69.0-x86_64-unknown-linux-gnu/lib/rustlib/x86_64-unknown-linux-gnu/lib/libhashbrown-e3deb0e7e3f04966.rlib" "/opt/rustwide/rustup-home/toolchains/1.69.0-x86_64-unknown-linux-gnu/lib/rustlib/x86_64-unknown-linux-gnu/lib/libminiz_oxide-dabbb79c9815def4.rlib" "/opt/rustwide/rustup-home/toolchains/1.69.0-x86_64-unknown-linux-gnu/lib/rustlib/x86_64-unknown-linux-gnu/lib/libadler-305b01f34c9409f2.rlib" "/opt/rustwide/rustup-home/toolchains/1.69.0-x86_64-unknown-linux-gnu/lib/rustlib/x86_64-unknown-linux-gnu/lib/librustc_std_workspace_alloc-f833521df6074e73.rlib" "/opt/rustwide/rustup-home/toolchains/1.69.0-x86_64-unknown-linux-gnu/lib/rustlib/x86_64-unknown-linux-gnu/lib/libunwind-9ac333113350d171.rlib" "/opt/rustwide/rustup-home/toolchains/1.69.0-x86_64-unknown-linux-gnu/lib/rustlib/x86_64-unknown-linux-gnu/lib/libcfg_if-1c126114322d0eee.rlib" "/opt/rustwide/rustup-home/toolchains/1.69.0-x86_64-unknown-linux-gnu/lib/rustlib/x86_64-unknown-linux-gnu/lib/liblibc-bad9164fdeeecf92.rlib" "/opt/rustwide/rustup-home/toolchains/1.69.0-x86_64-unknown-linux-gnu/lib/rustlib/x86_64-unknown-linux-gnu/lib/liballoc-f9374b1e480fa681.rlib" "/opt/rustwide/rustup-home/toolchains/1.69.0-x86_64-unknown-linux-gnu/lib/rustlib/x86_64-unknown-linux-gnu/lib/librustc_std_workspace_core-207f06e41d9603af.rlib" "/opt/rustwide/rustup-home/toolchains/1.69.0-x86_64-unknown-linux-gnu/lib/rustlib/x86_64-unknown-linux-gnu/lib/libcore-7e2768e66e984e85.rlib" "/opt/rustwide/rustup-home/toolchains/1.69.0-x86_64-unknown-linux-gnu/lib/rustlib/x86_64-unknown-linux-gnu/lib/libcompiler_builtins-957b4aff41f8cd46.rlib" "-Wl,-Bdynamic" "-lgcc_s" "-lutil" "-lrt" "-lpthread" "-lm" "-ldl" "-lc" "-Wl,--eh-frame-hdr" "-Wl,-z,noexecstack" "-L" "/opt/rustwide/rustup-home/toolchains/1.69.0-x86_64-unknown-linux-gnu/lib/rustlib/x86_64-unknown-linux-gnu/lib" "-o" "/opt/rustwide/target/debug/deps/libfutures_macro-b31ddd46880100a2.so" "-Wl,--gc-sections" "-shared" "-Wl,-z,relro,-z,now" "-nodefaultlibs"
[INFO] [stdout]   = note: /usr/bin/ld: final link failed: No space left on device
[INFO] [stdout]           collect2: error: ld returned 1 exit status
[INFO] [stdout]           
[INFO] [stdout] 
[INFO] [stdout] 
[INFO] [stdout] error: aborting due to previous error
[INFO] [stdout] 
[INFO] [stdout] 
[INFO] [stderr] error: could not compile `futures-macro` due to 2 previous errors
[INFO] [stdout] error: linking with `cc` failed: exit status: 1
[INFO] [stdout]   |
[INFO] [stdout]   = note: LC_ALL="C" PATH="/opt/rustwide/rustup-home/toolchains/1.69.0-x86_64-unknown-linux-gnu/lib/rustlib/x86_64-unknown-linux-gnu/bin:/opt/rustwide/cargo-home/bin:/usr/local/sbin:/usr/local/bin:/usr/sbin:/usr/bin:/sbin:/bin" VSLANG="1033" "cc" "-Wl,--version-script=/tmp/rustcPOrrTc/list" "-m64" "/tmp/rustcPOrrTc/symbols.o" "/opt/rustwide/target/debug/deps/async_trait-dbd9be1efa939348.async_trait.58b5ac29-cgu.0.rcgu.o" "/opt/rustwide/target/debug/deps/async_trait-dbd9be1efa939348.async_trait.58b5ac29-cgu.1.rcgu.o" "/opt/rustwide/target/debug/deps/async_trait-dbd9be1efa939348.async_trait.58b5ac29-cgu.10.rcgu.o" "/opt/rustwide/target/debug/deps/async_trait-dbd9be1efa939348.async_trait.58b5ac29-cgu.11.rcgu.o" "/opt/rustwide/target/debug/deps/async_trait-dbd9be1efa939348.async_trait.58b5ac29-cgu.12.rcgu.o" "/opt/rustwide/target/debug/deps/async_trait-dbd9be1efa939348.async_trait.58b5ac29-cgu.13.rcgu.o" "/opt/rustwide/target/debug/deps/async_trait-dbd9be1efa939348.async_trait.58b5ac29-cgu.14.rcgu.o" "/opt/rustwide/target/debug/deps/async_trait-dbd9be1efa939348.async_trait.58b5ac29-cgu.15.rcgu.o" "/opt/rustwide/target/debug/deps/async_trait-dbd9be1efa939348.async_trait.58b5ac29-cgu.2.rcgu.o" "/opt/rustwide/target/debug/deps/async_trait-dbd9be1efa939348.async_trait.58b5ac29-cgu.3.rcgu.o" "/opt/rustwide/target/debug/deps/async_trait-dbd9be1efa939348.async_trait.58b5ac29-cgu.4.rcgu.o" "/opt/rustwide/target/debug/deps/async_trait-dbd9be1efa939348.async_trait.58b5ac29-cgu.5.rcgu.o" "/opt/rustwide/target/debug/deps/async_trait-dbd9be1efa939348.async_trait.58b5ac29-cgu.6.rcgu.o" "/opt/rustwide/target/debug/deps/async_trait-dbd9be1efa939348.async_trait.58b5ac29-cgu.7.rcgu.o" "/opt/rustwide/target/debug/deps/async_trait-dbd9be1efa939348.async_trait.58b5ac29-cgu.8.rcgu.o" "/opt/rustwide/target/debug/deps/async_trait-dbd9be1efa939348.async_trait.58b5ac29-cgu.9.rcgu.o" "/opt/rustwide/target/debug/deps/async_trait-dbd9be1efa939348.393zmqh972inctk9.rcgu.rmeta" "/opt/rustwide/target/debug/deps/async_trait-dbd9be1efa939348.1tfvn07cb832hw5l.rcgu.o" "-Wl,--as-needed" "-L" "/opt/rustwide/target/debug/deps" "-L" "/opt/rustwide/rustup-home/toolchains/1.69.0-x86_64-unknown-linux-gnu/lib/rustlib/x86_64-unknown-linux-gnu/lib" "-Wl,-Bstatic" "/opt/rustwide/target/debug/deps/libsyn-4cd65a1aeeb95438.rlib" "/opt/rustwide/target/debug/deps/libquote-7e980564852d94c7.rlib" "/opt/rustwide/target/debug/deps/libproc_macro2-0e437b8dd1b7a831.rlib" "/opt/rustwide/target/debug/deps/libunicode_ident-e502440dec99c067.rlib" "/opt/rustwide/rustup-home/toolchains/1.69.0-x86_64-unknown-linux-gnu/lib/rustlib/x86_64-unknown-linux-gnu/lib/libproc_macro-3627dfecd49b0535.rlib" "/opt/rustwide/rustup-home/toolchains/1.69.0-x86_64-unknown-linux-gnu/lib/rustlib/x86_64-unknown-linux-gnu/lib/libstd-89bc084783fdc439.rlib" "/opt/rustwide/rustup-home/toolchains/1.69.0-x86_64-unknown-linux-gnu/lib/rustlib/x86_64-unknown-linux-gnu/lib/libpanic_unwind-8bee4b287d4367c1.rlib" "/opt/rustwide/rustup-home/toolchains/1.69.0-x86_64-unknown-linux-gnu/lib/rustlib/x86_64-unknown-linux-gnu/lib/libobject-d61707aed80694c0.rlib" "/opt/rustwide/rustup-home/toolchains/1.69.0-x86_64-unknown-linux-gnu/lib/rustlib/x86_64-unknown-linux-gnu/lib/libmemchr-d85366256f22345b.rlib" "/opt/rustwide/rustup-home/toolchains/1.69.0-x86_64-unknown-linux-gnu/lib/rustlib/x86_64-unknown-linux-gnu/lib/libaddr2line-96069b86b8a8cae9.rlib" "/opt/rustwide/rustup-home/toolchains/1.69.0-x86_64-unknown-linux-gnu/lib/rustlib/x86_64-unknown-linux-gnu/lib/libgimli-d19d53abf68dfa6c.rlib" "/opt/rustwide/rustup-home/toolchains/1.69.0-x86_64-unknown-linux-gnu/lib/rustlib/x86_64-unknown-linux-gnu/lib/librustc_demangle-787cbccd19d64ac6.rlib" "/opt/rustwide/rustup-home/toolchains/1.69.0-x86_64-unknown-linux-gnu/lib/rustlib/x86_64-unknown-linux-gnu/lib/libstd_detect-b3837a36b830e0d0.rlib" "/opt/rustwide/rustup-home/toolchains/1.69.0-x86_64-unknown-linux-gnu/lib/rustlib/x86_64-unknown-linux-gnu/lib/libhashbrown-e3deb0e7e3f04966.rlib" "/opt/rustwide/rustup-home/toolchains/1.69.0-x86_64-unknown-linux-gnu/lib/rustlib/x86_64-unknown-linux-gnu/lib/libminiz_oxide-dabbb79c9815def4.rlib" "/opt/rustwide/rustup-home/toolchains/1.69.0-x86_64-unknown-linux-gnu/lib/rustlib/x86_64-unknown-linux-gnu/lib/libadler-305b01f34c9409f2.rlib" "/opt/rustwide/rustup-home/toolchains/1.69.0-x86_64-unknown-linux-gnu/lib/rustlib/x86_64-unknown-linux-gnu/lib/librustc_std_workspace_alloc-f833521df6074e73.rlib" "/opt/rustwide/rustup-home/toolchains/1.69.0-x86_64-unknown-linux-gnu/lib/rustlib/x86_64-unknown-linux-gnu/lib/libunwind-9ac333113350d171.rlib" "/opt/rustwide/rustup-home/toolchains/1.69.0-x86_64-unknown-linux-gnu/lib/rustlib/x86_64-unknown-linux-gnu/lib/libcfg_if-1c126114322d0eee.rlib" "/opt/rustwide/rustup-home/toolchains/1.69.0-x86_64-unknown-linux-gnu/lib/rustlib/x86_64-unknown-linux-gnu/lib/liblibc-bad9164fdeeecf92.rlib" "/opt/rustwide/rustup-home/toolchains/1.69.0-x86_64-unknown-linux-gnu/lib/rustlib/x86_64-unknown-linux-gnu/lib/liballoc-f9374b1e480fa681.rlib" "/opt/rustwide/rustup-home/toolchains/1.69.0-x86_64-unknown-linux-gnu/lib/rustlib/x86_64-unknown-linux-gnu/lib/librustc_std_workspace_core-207f06e41d9603af.rlib" "/opt/rustwide/rustup-home/toolchains/1.69.0-x86_64-unknown-linux-gnu/lib/rustlib/x86_64-unknown-linux-gnu/lib/libcore-7e2768e66e984e85.rlib" "/opt/rustwide/rustup-home/toolchains/1.69.0-x86_64-unknown-linux-gnu/lib/rustlib/x86_64-unknown-linux-gnu/lib/libcompiler_builtins-957b4aff41f8cd46.rlib" "-Wl,-Bdynamic" "-lgcc_s" "-lutil" "-lrt" "-lpthread" "-lm" "-ldl" "-lc" "-Wl,--eh-frame-hdr" "-Wl,-z,noexecstack" "-L" "/opt/rustwide/rustup-home/toolchains/1.69.0-x86_64-unknown-linux-gnu/lib/rustlib/x86_64-unknown-linux-gnu/lib" "-o" "/opt/rustwide/target/debug/deps/libasync_trait-dbd9be1efa939348.so" "-Wl,--gc-sections" "-shared" "-Wl,-z,relro,-z,now" "-nodefaultlibs"
[INFO] [stdout]   = note: /usr/bin/ld: final link failed: No space left on device
[INFO] [stdout]           collect2: error: ld returned 1 exit status
[INFO] [stdout]           
[INFO] [stdout] 
[INFO] [stdout] 
[INFO] [stdout] error: aborting due to previous error
[INFO] [stdout] 
[INFO] [stdout] 
[INFO] [stderr] error: could not compile `async-trait` due to 2 previous errors
[INFO] [stdout] error: failed to write /tmp/rustchNPH00/lib.rmeta: No space left on device (os error 28)
[INFO] [stdout] 
[INFO] [stdout] 
[INFO] [stderr] error: could not compile `regex` due to previous error
[INFO] [stdout] error: error writing metadata object file: No space left on device (os error 28)
[INFO] [stdout] 
[INFO] [stdout] 
[INFO] [stderr] error: could not compile `serde_derive` due to previous error
[INFO] running `Command { std: "docker" "inspect" "994d28f0c43ce9c05f8affa8950beb6b0d3fc4490a99f1e34339a5a81e377c26", kill_on_drop: false }`
[INFO] running `Command { std: "docker" "rm" "-f" "994d28f0c43ce9c05f8affa8950beb6b0d3fc4490a99f1e34339a5a81e377c26", kill_on_drop: false }`
[INFO] [stdout] 994d28f0c43ce9c05f8affa8950beb6b0d3fc4490a99f1e34339a5a81e377c26
