[INFO] cloning repository https://github.com/evanvono/181G-3D-Game
[INFO] running `Command { std: "git" "-c" "credential.helper=" "-c" "credential.helper=/workspace/cargo-home/bin/git-credential-null" "clone" "--bare" "https://github.com/evanvono/181G-3D-Game" "/workspace/cache/git-repos/https%3A%2F%2Fgithub.com%2Fevanvono%2F181G-3D-Game", kill_on_drop: false }`
[INFO] [stderr] Cloning into bare repository '/workspace/cache/git-repos/https%3A%2F%2Fgithub.com%2Fevanvono%2F181G-3D-Game'...
[INFO] running `Command { std: "git" "rev-parse" "HEAD", kill_on_drop: false }`
[INFO] [stdout] 61e9f7455c249dc0b03356ca1b57675e39cb8773
[INFO] testing evanvono/181G-3D-Game against 1.69.0 for beta-1.70-1
[INFO] running `Command { std: "git" "clone" "/workspace/cache/git-repos/https%3A%2F%2Fgithub.com%2Fevanvono%2F181G-3D-Game" "/workspace/builds/worker-5-tc1/source", kill_on_drop: false }`
[INFO] [stderr] Cloning into '/workspace/builds/worker-5-tc1/source'...
[INFO] [stderr] done.
[INFO] validating manifest of git repo https://github.com/evanvono/181G-3D-Game on toolchain 1.69.0
[INFO] running `Command { std: CARGO_HOME="/workspace/cargo-home" RUSTUP_HOME="/workspace/rustup-home" "/workspace/cargo-home/bin/cargo" "+1.69.0" "metadata" "--manifest-path" "Cargo.toml" "--no-deps", kill_on_drop: false }`
[INFO] started tweaking git repo https://github.com/evanvono/181G-3D-Game
[INFO] finished tweaking git repo https://github.com/evanvono/181G-3D-Game
[INFO] tweaked toml for git repo https://github.com/evanvono/181G-3D-Game written to /workspace/builds/worker-5-tc1/source/Cargo.toml
[INFO] crate git repo https://github.com/evanvono/181G-3D-Game already has a lockfile, it will not be regenerated
[INFO] running `Command { std: CARGO_HOME="/workspace/cargo-home" RUSTUP_HOME="/workspace/rustup-home" "/workspace/cargo-home/bin/cargo" "+1.69.0" "fetch" "--manifest-path" "Cargo.toml", kill_on_drop: false }`
[INFO] [stderr]     Updating git repository `https://github.com/JoeOsborn/russimp.git`
[INFO] [stderr]  Downloading crates ...
[INFO] [stderr]   Downloaded eyre v0.6.7
[INFO] [stderr]   Downloaded vk-parse v0.7.0
[INFO] [stderr]   Downloaded vulkano-shaders v0.29.0
[INFO] [stderr]   Downloaded ultraviolet v0.9.0
[INFO] [stderr]   Downloaded ash v0.36.0+1.3.206
[INFO] [stderr]   Downloaded string-interner v0.14.0
[INFO] [stderr]   Downloaded jpeg-decoder v0.2.3
[INFO] [stderr]   Downloaded vulkano-win v0.29.0
[INFO] [stderr]   Downloaded vulkano v0.29.0
[INFO] [stderr]   Downloaded thunderdome v0.5.0
[INFO] [stderr]   Downloaded russimp-sys v1.0.1
[INFO] running `Command { std: "docker" "create" "-v" "/var/lib/crater-agent-workspace/builds/worker-5-tc1/target:/opt/rustwide/target:rw,Z" "-v" "/var/lib/crater-agent-workspace/builds/worker-5-tc1/source:/opt/rustwide/workdir:ro,Z" "-v" "/var/lib/crater-agent-workspace/cargo-home:/opt/rustwide/cargo-home:ro,Z" "-v" "/var/lib/crater-agent-workspace/rustup-home:/opt/rustwide/rustup-home:ro,Z" "-e" "SOURCE_DIR=/opt/rustwide/workdir" "-e" "CARGO_TARGET_DIR=/opt/rustwide/target" "-e" "CARGO_HOME=/opt/rustwide/cargo-home" "-e" "RUSTUP_HOME=/opt/rustwide/rustup-home" "-w" "/opt/rustwide/workdir" "-m" "1610612736" "--user" "0:0" "--network" "none" "ghcr.io/rust-lang/crates-build-env/linux@sha256:5ff2268d62e97bff2cde7d5815dd6ed5b47097566f13b8d0ca110b04b60e07ed" "/opt/rustwide/cargo-home/bin/cargo" "+1.69.0" "metadata" "--no-deps" "--format-version=1", kill_on_drop: false }`
[INFO] [stdout] aceb7e613a5dd1d246885271dc70f47bec7e4dbdcc60727574ebb67de1626d8c
[INFO] running `Command { std: "docker" "start" "-a" "aceb7e613a5dd1d246885271dc70f47bec7e4dbdcc60727574ebb67de1626d8c", kill_on_drop: false }`
[INFO] running `Command { std: "docker" "inspect" "aceb7e613a5dd1d246885271dc70f47bec7e4dbdcc60727574ebb67de1626d8c", kill_on_drop: false }`
[INFO] running `Command { std: "docker" "rm" "-f" "aceb7e613a5dd1d246885271dc70f47bec7e4dbdcc60727574ebb67de1626d8c", kill_on_drop: false }`
[INFO] [stdout] aceb7e613a5dd1d246885271dc70f47bec7e4dbdcc60727574ebb67de1626d8c
[INFO] running `Command { std: "docker" "create" "-v" "/var/lib/crater-agent-workspace/builds/worker-5-tc1/target:/opt/rustwide/target:rw,Z" "-v" "/var/lib/crater-agent-workspace/builds/worker-5-tc1/source:/opt/rustwide/workdir:ro,Z" "-v" "/var/lib/crater-agent-workspace/cargo-home:/opt/rustwide/cargo-home:ro,Z" "-v" "/var/lib/crater-agent-workspace/rustup-home:/opt/rustwide/rustup-home:ro,Z" "-e" "SOURCE_DIR=/opt/rustwide/workdir" "-e" "CARGO_TARGET_DIR=/opt/rustwide/target" "-e" "CARGO_INCREMENTAL=0" "-e" "RUST_BACKTRACE=full" "-e" "RUSTFLAGS=--cap-lints=warn" "-e" "RUSTDOCFLAGS=--cap-lints=warn" "-e" "CARGO_HOME=/opt/rustwide/cargo-home" "-e" "RUSTUP_HOME=/opt/rustwide/rustup-home" "-w" "/opt/rustwide/workdir" "-m" "1610612736" "--user" "0:0" "--network" "none" "ghcr.io/rust-lang/crates-build-env/linux@sha256:5ff2268d62e97bff2cde7d5815dd6ed5b47097566f13b8d0ca110b04b60e07ed" "/opt/rustwide/cargo-home/bin/cargo" "+1.69.0" "build" "--frozen" "--message-format=json", kill_on_drop: false }`
[INFO] [stdout] 7626c613ddd27db31135057ed1def68f8072ad3e85d21c987b51f2d14484d8e0
[INFO] running `Command { std: "docker" "start" "-a" "7626c613ddd27db31135057ed1def68f8072ad3e85d21c987b51f2d14484d8e0", kill_on_drop: false }`
[INFO] [stderr]    Compiling cfg-if v1.0.0
[INFO] [stderr]    Compiling autocfg v1.1.0
[INFO] [stderr]    Compiling proc-macro2 v1.0.36
[INFO] [stderr]    Compiling unicode-xid v0.2.2
[INFO] [stderr]    Compiling libc v0.2.121
[INFO] [stderr]    Compiling lazy_static v1.4.0
[INFO] [stderr]    Compiling syn v1.0.90
[INFO] [stderr]    Compiling once_cell v1.10.0
[INFO] [stderr]    Compiling cc v1.0.73
[INFO] [stderr]    Compiling libloading v0.7.3
[INFO] [stderr]    Compiling scopeguard v1.1.0
[INFO] [stderr]    Compiling serde_derive v1.0.136
[INFO] [stderr]    Compiling smallvec v1.8.0
[INFO] [stderr]    Compiling memchr v2.4.1
[INFO] [stderr]    Compiling memoffset v0.6.5
[INFO] [stderr]    Compiling xml-rs v0.8.4
[INFO] [stderr]    Compiling bitflags v1.3.2
[INFO] [stderr]    Compiling serde v1.0.136
[INFO] [stderr]    Compiling quote v1.0.17
[INFO] [stderr]    Compiling pkg-config v0.3.24
[INFO] [stderr]    Compiling lock_api v0.4.7
[INFO] [stderr]    Compiling adler v1.0.2
[INFO] [stderr]    Compiling aho-corasick v0.7.18
[INFO] [stderr]    Compiling miniz_oxide v0.4.4
[INFO] [stderr]    Compiling regex-syntax v0.6.25
[INFO] [stderr]    Compiling minimal-lexical v0.2.1
[INFO] [stderr]    Compiling ring v0.16.20
[INFO] [stderr]    Compiling crossbeam-utils v0.8.8
[INFO] [stderr]    Compiling crc32fast v1.3.2
[INFO] [stderr]    Compiling serde_json v1.0.79
[INFO] [stderr]    Compiling itoa v1.0.1
[INFO] [stderr]    Compiling ryu v1.0.9
[INFO] [stderr]    Compiling getrandom v0.2.6
[INFO] [stderr]    Compiling wayland-scanner v0.29.4
[INFO] [stderr]    Compiling log v0.4.16
[INFO] [stderr]    Compiling untrusted v0.7.1
[INFO] [stderr]    Compiling spin v0.5.2
[INFO] [stderr]    Compiling wayland-sys v0.29.4
[INFO] [stderr]    Compiling tinyvec_macros v0.1.0
[INFO] [stderr]    Compiling percent-encoding v2.1.0
[INFO] [stderr]    Compiling parking_lot_core v0.9.2
[INFO] [stderr]    Compiling glob v0.3.0
[INFO] [stderr]    Compiling tinyvec v1.5.1
[INFO] [stderr]    Compiling regex v1.5.5
[INFO] [stderr]    Compiling clang-sys v1.3.1
[INFO] [stderr]    Compiling nix v0.22.3
[INFO] [stderr]    Compiling indexmap v1.8.1
[INFO] [stderr]    Compiling dlib v0.5.0
[INFO] [stderr]    Compiling matches v0.1.9
[INFO] [stderr]    Compiling unicode-normalization v0.1.19
[INFO] [stderr]    Compiling wayland-client v0.29.4
[INFO] [stderr]    Compiling atty v0.2.14
[INFO] [stderr]    Compiling crossbeam-epoch v0.9.8
[INFO] [stderr]    Compiling webpki v0.22.0
[INFO] [stderr]    Compiling num-traits v0.2.14
[INFO] [stderr]    Compiling rustls v0.20.4
[INFO] [stderr]    Compiling unicode-width v0.1.9
[INFO] [stderr]    Compiling hashbrown v0.11.2
[INFO] [stderr]    Compiling crossbeam-queue v0.3.5
[INFO] [stderr]    Compiling unicode-bidi v0.3.7
[INFO] [stderr]    Compiling textwrap v0.11.0
[INFO] [stderr]    Compiling idna v0.2.3
[INFO] [stderr]    Compiling sct v0.7.0
[INFO] [stderr]    Compiling form_urlencoded v1.0.1
[INFO] [stderr]    Compiling nom v7.1.1
[INFO] [stderr]    Compiling num_cpus v1.13.1
[INFO] [stderr]    Compiling vk-parse v0.7.0
[INFO] [stderr]    Compiling downcast-rs v1.2.0
[INFO] [stderr]    Compiling heck v0.4.0
[INFO] [stderr]    Compiling half v1.8.2
[INFO] [stderr]    Compiling strsim v0.8.0
[INFO] [stderr]    Compiling rayon-core v1.9.1
[INFO] [stderr]    Compiling termcolor v1.1.3
[INFO] [stderr]    Compiling ash v0.36.0+1.3.206
[INFO] [stderr]    Compiling either v1.6.1
[INFO] [stderr]    Compiling wayland-commons v0.29.4
[INFO] [stderr]    Compiling bindgen v0.59.2
[INFO] [stderr]    Compiling humantime v2.1.0
[INFO] [stderr]    Compiling ansi_term v0.12.1
[INFO] [stderr]    Compiling scoped-tls v1.0.0
[INFO] [stderr]    Compiling vec_map v0.8.2
[INFO] [stderr]    Compiling env_logger v0.9.0
[INFO] [stderr]    Compiling clap v2.34.0
[INFO] [stderr]    Compiling which v4.2.5
[INFO] [stderr]    Compiling url v2.2.2
[INFO] [stderr]    Compiling cexpr v0.6.0
[INFO] [stderr]    Compiling bytemuck_derive v1.1.0
[INFO] [stderr]    Compiling thiserror-impl v1.0.30
[INFO] [stderr]    Compiling webpki-roots v0.22.2
[INFO] [stderr]    Compiling bytemuck v1.9.0
[INFO] [stderr]    Compiling wayland-protocols v0.29.4
[INFO] [stderr]    Compiling flate2 v1.0.22
[INFO] [stderr]    Compiling filetime v0.2.15
[INFO] [stderr]    Compiling xattr v0.2.2
[INFO] [stderr]    Compiling cmake v0.1.48
[INFO] [stderr]    Compiling num-integer v0.1.44
[INFO] [stderr]    Compiling tracing-core v0.1.23
[INFO] [stderr]    Compiling adler32 v1.2.0
[INFO] [stderr]    Compiling chunked_transfer v1.4.0
[INFO] [stderr]    Compiling base64 v0.13.0
[INFO] [stderr]    Compiling parking_lot_core v0.8.5
[INFO] [stderr]    Compiling futures-core v0.3.21
[INFO] [stderr]    Compiling shlex v1.1.0
[INFO] [stderr]    Compiling version_check v0.9.4
[INFO] [stderr]    Compiling lazycell v1.3.0
[INFO] [stderr]    Compiling peeking_take_while v0.1.2
[INFO] [stderr]    Compiling rustc-hash v1.1.0
[INFO] [stderr]    Compiling xcursor v0.3.4
[INFO] [stderr]    Compiling ureq v2.4.0
[INFO] [stderr]    Compiling shaderc-sys v0.7.4
[INFO] [stderr]    Compiling ahash v0.7.6
[INFO] [stderr]    Compiling tar v0.4.38
[INFO] [stderr]    Compiling thiserror v1.0.30
[INFO] [stderr]    Compiling crossbeam-deque v0.8.1
[INFO] [stderr]    Compiling tracing-attributes v0.1.20
[INFO] [stderr]    Compiling pin-project-internal v1.0.10
[INFO] [stderr]    Compiling crossbeam-channel v0.5.4
[INFO] [stderr]    Compiling x11-dl v2.19.1
[INFO] [stderr]    Compiling smithay-client-toolkit v0.15.3
[INFO] [stderr]    Compiling rayon v1.5.1
[INFO] [stderr]    Compiling thread_local v1.1.4
[INFO] [stderr]    Compiling sharded-slab v0.1.4
[INFO] [stderr]    Compiling instant v0.1.12
[INFO] [stderr]    Compiling pin-project-lite v0.2.8
[INFO] [stderr]    Compiling vcpkg v0.2.15
[INFO] [stderr]    Compiling tracing v0.1.32
[INFO] [stderr]    Compiling pin-project v1.0.10
[INFO] [stderr]    Compiling tracing-subscriber v0.2.25
[INFO] [stderr]    Compiling wayland-cursor v0.29.4
[INFO] [stderr]    Compiling toml v0.5.8
[INFO] [stderr]    Compiling proc-macro-crate v1.1.3
[INFO] [stderr]    Compiling vulkano v0.29.0
[INFO] [stderr]    Compiling deflate v1.0.0
[INFO] [stderr]    Compiling calloop v0.9.3
[INFO] [stderr]    Compiling russimp-sys v1.0.1
[INFO] [stderr]    Compiling nanorand v0.7.0
[INFO] [stderr]    Compiling spin v0.9.2
[INFO] [stderr]    Compiling memmap2 v0.3.1
[INFO] [stderr]    Compiling backtrace v0.3.64
[INFO] [stderr]    Compiling num-rational v0.4.0
[INFO] [stderr] error: could not compile `ash`
[INFO] [stderr] 
[INFO] [stderr] Caused by:
[INFO] [stderr]   process didn't exit successfully: `rustc --crate-name ash --edition=2018 /opt/rustwide/cargo-home/registry/src/github.com-1ecc6299db9ec823/ash-0.36.0+1.3.206/src/lib.rs --error-format=json --json=diagnostic-rendered-ansi,artifacts,future-incompat --crate-type lib --emit=dep-info,metadata,link -C embed-bitcode=no -C debuginfo=2 --cfg 'feature="debug"' --cfg 'feature="default"' --cfg 'feature="libloading"' --cfg 'feature="loaded"' -C metadata=541c5e3e6d09eee6 -C extra-filename=-541c5e3e6d09eee6 --out-dir /opt/rustwide/target/debug/deps -L dependency=/opt/rustwide/target/debug/deps --extern libloading=/opt/rustwide/target/debug/deps/liblibloading-c6f8e8bc6a1e8176.rmeta --cap-lints allow --cap-lints=warn` (signal: 9, SIGKILL: kill)
[INFO] [stderr] warning: build failed, waiting for other jobs to finish...
[INFO] [stdout] error: linking with `cc` failed: exit status: 1
[INFO] [stdout]   |
[INFO] [stdout]   = note: LC_ALL="C" PATH="/opt/rustwide/rustup-home/toolchains/1.69.0-x86_64-unknown-linux-gnu/lib/rustlib/x86_64-unknown-linux-gnu/bin:/opt/rustwide/cargo-home/bin:/usr/local/sbin:/usr/local/bin:/usr/sbin:/usr/bin:/sbin:/bin" VSLANG="1033" "cc" "-m64" "/tmp/rustcpnBqZy/symbols.o" "/opt/rustwide/target/debug/build/russimp-sys-7ece14cf98531c52/build_script_build-7ece14cf98531c52.build_script_build.374448dd-cgu.0.rcgu.o" "/opt/rustwide/target/debug/build/russimp-sys-7ece14cf98531c52/build_script_build-7ece14cf98531c52.build_script_build.374448dd-cgu.1.rcgu.o" "/opt/rustwide/target/debug/build/russimp-sys-7ece14cf98531c52/build_script_build-7ece14cf98531c52.build_script_build.374448dd-cgu.10.rcgu.o" "/opt/rustwide/target/debug/build/russimp-sys-7ece14cf98531c52/build_script_build-7ece14cf98531c52.build_script_build.374448dd-cgu.11.rcgu.o" "/opt/rustwide/target/debug/build/russimp-sys-7ece14cf98531c52/build_script_build-7ece14cf98531c52.build_script_build.374448dd-cgu.12.rcgu.o" "/opt/rustwide/target/debug/build/russimp-sys-7ece14cf98531c52/build_script_build-7ece14cf98531c52.build_script_build.374448dd-cgu.13.rcgu.o" "/opt/rustwide/target/debug/build/russimp-sys-7ece14cf98531c52/build_script_build-7ece14cf98531c52.build_script_build.374448dd-cgu.14.rcgu.o" "/opt/rustwide/target/debug/build/russimp-sys-7ece14cf98531c52/build_script_build-7ece14cf98531c52.build_script_build.374448dd-cgu.15.rcgu.o" "/opt/rustwide/target/debug/build/russimp-sys-7ece14cf98531c52/build_script_build-7ece14cf98531c52.build_script_build.374448dd-cgu.2.rcgu.o" "/opt/rustwide/target/debug/build/russimp-sys-7ece14cf98531c52/build_script_build-7ece14cf98531c52.build_script_build.374448dd-cgu.3.rcgu.o" "/opt/rustwide/target/debug/build/russimp-sys-7ece14cf98531c52/build_script_build-7ece14cf98531c52.build_script_build.374448dd-cgu.4.rcgu.o" "/opt/rustwide/target/debug/build/russimp-sys-7ece14cf98531c52/build_script_build-7ece14cf98531c52.build_script_build.374448dd-cgu.5.rcgu.o" "/opt/rustwide/target/debug/build/russimp-sys-7ece14cf98531c52/build_script_build-7ece14cf98531c52.build_script_build.374448dd-cgu.6.rcgu.o" "/opt/rustwide/target/debug/build/russimp-sys-7ece14cf98531c52/build_script_build-7ece14cf98531c52.build_script_build.374448dd-cgu.7.rcgu.o" "/opt/rustwide/target/debug/build/russimp-sys-7ece14cf98531c52/build_script_build-7ece14cf98531c52.build_script_build.374448dd-cgu.8.rcgu.o" "/opt/rustwide/target/debug/build/russimp-sys-7ece14cf98531c52/build_script_build-7ece14cf98531c52.build_script_build.374448dd-cgu.9.rcgu.o" "/opt/rustwide/target/debug/build/russimp-sys-7ece14cf98531c52/build_script_build-7ece14cf98531c52.f5fh8uaylmzs5gn.rcgu.o" "-Wl,--as-needed" "-L" "/opt/rustwide/target/debug/deps" "-L" "/opt/rustwide/target/debug/build/ring-647bc79de4ac8adb/out" "-L" "/opt/rustwide/rustup-home/toolchains/1.69.0-x86_64-unknown-linux-gnu/lib/rustlib/x86_64-unknown-linux-gnu/lib" "-Wl,-Bstatic" "/opt/rustwide/target/debug/deps/libvcpkg-174031a60dacf416.rlib" "/opt/rustwide/target/debug/deps/libserde_json-d4b69008f22081de.rlib" "/opt/rustwide/target/debug/deps/libryu-694e5adc49d319cf.rlib" "/opt/rustwide/target/debug/deps/libitoa-cd95d0b9777ca356.rlib" "/opt/rustwide/target/debug/deps/libtar-1bcc607512d02827.rlib" "/opt/rustwide/target/debug/deps/libxattr-1b878ecfaddd005b.rlib" "/opt/rustwide/target/debug/deps/libfiletime-c6576eb6de6a4207.rlib" "/opt/rustwide/target/debug/deps/libnum_cpus-739041baeb07c4f5.rlib" "/opt/rustwide/target/debug/deps/libbindgen-ce19391c851334d8.rlib" "/opt/rustwide/target/debug/deps/libwhich-aeb5b891dbbe28ca.rlib" "/opt/rustwide/target/debug/deps/libeither-b41781ec3c2e7d69.rlib" "/opt/rustwide/target/debug/deps/libshlex-5e85ae70dfbf86fb.rlib" "/opt/rustwide/target/debug/deps/librustc_hash-6f4995b07864623a.rlib" "/opt/rustwide/target/debug/deps/libregex-84779b5d5812e750.rlib" "/opt/rustwide/target/debug/deps/libaho_corasick-2ac061bb71302157.rlib" "/opt/rustwide/target/debug/deps/libregex_syntax-0a4186997c8e0a70.rlib" "/opt/rustwide/target/debug/deps/liblazycell-4de3c88d56557364.rlib" "/opt/rustwide/target/debug/deps/libpeeking_take_while-ea19703f2f8bfe52.rlib" "/opt/rustwide/target/debug/deps/libcexpr-b0fc7792c5a112a5.rlib" "/opt/rustwide/target/debug/deps/libnom-7b40630a225ad651.rlib" "/opt/rustwide/target/debug/deps/libmemchr-9632a6d36c9bb1b8.rlib" "/opt/rustwide/target/debug/deps/libclang_sys-f37efe391baec3f4.rlib" "/opt/rustwide/target/debug/deps/liblibloading-c6f8e8bc6a1e8176.rlib" "/opt/rustwide/target/debug/deps/libglob-79bf48252afcbf6d.rlib" "/opt/rustwide/target/debug/deps/libquote-c7a6a09ae3604847.rlib" "/opt/rustwide/target/debug/deps/libproc_macro2-5c6b681c5b4f0f7e.rlib" "/opt/rustwide/target/debug/deps/libunicode_xid-81bfc7035fc781ba.rlib" "/opt/rustwide/rustup-home/toolchains/1.69.0-x86_64-unknown-linux-gnu/lib/rustlib/x86_64-unknown-linux-gnu/lib/libproc_macro-3627dfecd49b0535.rlib" "/opt/rustwide/target/debug/deps/liblazy_static-a15e1ed0a3c31761.rlib" "/opt/rustwide/target/debug/deps/libbitflags-82cc2d155c6eb112.rlib" "/opt/rustwide/target/debug/deps/libureq-906f017f351c8428.rlib" "/opt/rustwide/target/debug/deps/libwebpki_roots-1a3445e5985ae655.rlib" "/opt/rustwide/target/debug/deps/libbase64-621d2fbfbfbdb144.rlib" "/opt/rustwide/target/debug/deps/librustls-608b7cc0909c9aa3.rlib" "/opt/rustwide/target/debug/deps/libsct-d50dfbb66439d7a1.rlib" "/opt/rustwide/target/debug/deps/libwebpki-d47c0f99bd99096d.rlib" "/opt/rustwide/target/debug/deps/libring-e2fb3c2d4021cece.rlib" "/opt/rustwide/target/debug/deps/libspin-387600f003b87152.rlib" "/opt/rustwide/target/debug/deps/libuntrusted-73d09b192c728220.rlib" "/opt/rustwide/target/debug/deps/liblibc-1f596ecadd407afb.rlib" "/opt/rustwide/target/debug/deps/libonce_cell-bf6de0187c3087d7.rlib" "/opt/rustwide/target/debug/deps/libchunked_transfer-25667e961efaade9.rlib" "/opt/rustwide/target/debug/deps/liblog-9a8797a278d98663.rlib" "/opt/rustwide/target/debug/deps/liburl-6475f7da8fce506c.rlib" "/opt/rustwide/target/debug/deps/libidna-bb1499861b2bb1dd.rlib" "/opt/rustwide/target/debug/deps/libunicode_normalization-46e9988b8ba21a43.rlib" "/opt/rustwide/target/debug/deps/libtinyvec-48eb866fb77a662c.rlib" "/opt/rustwide/target/debug/deps/libtinyvec_macros-eb7ce274b753fb2b.rlib" "/opt/rustwide/target/debug/deps/libunicode_bidi-0b13b643ad7be177.rlib" "/opt/rustwide/target/debug/deps/libform_urlencoded-d7c21a25cb2b27c1.rlib" "/opt/rustwide/target/debug/deps/libpercent_encoding-5186c2668f567217.rlib" "/opt/rustwide/target/debug/deps/libmatches-babe02fa85292285.rlib" "/opt/rustwide/target/debug/deps/libserde-e6be45e913a6c73c.rlib" "/opt/rustwide/target/debug/deps/libflate2-1d00a8898d5c71b7.rlib" "/opt/rustwide/target/debug/deps/libminiz_oxide-6a85a01ec27e2a37.rlib" "/opt/rustwide/target/debug/deps/libadler-478247d24f5486f3.rlib" "/opt/rustwide/target/debug/deps/libcrc32fast-104e9b895f0c2d44.rlib" "/opt/rustwide/target/debug/deps/libcfg_if-e5e118dd7d121aaa.rlib" "/opt/rustwide/rustup-home/toolchains/1.69.0-x86_64-unknown-linux-gnu/lib/rustlib/x86_64-unknown-linux-gnu/lib/libstd-89bc084783fdc439.rlib" "/opt/rustwide/rustup-home/toolchains/1.69.0-x86_64-unknown-linux-gnu/lib/rustlib/x86_64-unknown-linux-gnu/lib/libpanic_unwind-8bee4b287d4367c1.rlib" "/opt/rustwide/rustup-home/toolchains/1.69.0-x86_64-unknown-linux-gnu/lib/rustlib/x86_64-unknown-linux-gnu/lib/libobject-d61707aed80694c0.rlib" "/opt/rustwide/rustup-home/toolchains/1.69.0-x86_64-unknown-linux-gnu/lib/rustlib/x86_64-unknown-linux-gnu/lib/libmemchr-d85366256f22345b.rlib" "/opt/rustwide/rustup-home/toolchains/1.69.0-x86_64-unknown-linux-gnu/lib/rustlib/x86_64-unknown-linux-gnu/lib/libaddr2line-96069b86b8a8cae9.rlib" "/opt/rustwide/rustup-home/toolchains/1.69.0-x86_64-unknown-linux-gnu/lib/rustlib/x86_64-unknown-linux-gnu/lib/libgimli-d19d53abf68dfa6c.rlib" "/opt/rustwide/rustup-home/toolchains/1.69.0-x86_64-unknown-linux-gnu/lib/rustlib/x86_64-unknown-linux-gnu/lib/librustc_demangle-787cbccd19d64ac6.rlib" "/opt/rustwide/rustup-home/toolchains/1.69.0-x86_64-unknown-linux-gnu/lib/rustlib/x86_64-unknown-linux-gnu/lib/libstd_detect-b3837a36b830e0d0.rlib" "/opt/rustwide/rustup-home/toolchains/1.69.0-x86_64-unknown-linux-gnu/lib/rustlib/x86_64-unknown-linux-gnu/lib/libhashbrown-e3deb0e7e3f04966.rlib" "/opt/rustwide/rustup-home/toolchains/1.69.0-x86_64-unknown-linux-gnu/lib/rustlib/x86_64-unknown-linux-gnu/lib/libminiz_oxide-dabbb79c9815def4.rlib" "/opt/rustwide/rustup-home/toolchains/1.69.0-x86_64-unknown-linux-gnu/lib/rustlib/x86_64-unknown-linux-gnu/lib/libadler-305b01f34c9409f2.rlib" "/opt/rustwide/rustup-home/toolchains/1.69.0-x86_64-unknown-linux-gnu/lib/rustlib/x86_64-unknown-linux-gnu/lib/librustc_std_workspace_alloc-f833521df6074e73.rlib" "/opt/rustwide/rustup-home/toolchains/1.69.0-x86_64-unknown-linux-gnu/lib/rustlib/x86_64-unknown-linux-gnu/lib/libunwind-9ac333113350d171.rlib" "/opt/rustwide/rustup-home/toolchains/1.69.0-x86_64-unknown-linux-gnu/lib/rustlib/x86_64-unknown-linux-gnu/lib/libcfg_if-1c126114322d0eee.rlib" "/opt/rustwide/rustup-home/toolchains/1.69.0-x86_64-unknown-linux-gnu/lib/rustlib/x86_64-unknown-linux-gnu/lib/liblibc-bad9164fdeeecf92.rlib" "/opt/rustwide/rustup-home/toolchains/1.69.0-x86_64-unknown-linux-gnu/lib/rustlib/x86_64-unknown-linux-gnu/lib/liballoc-f9374b1e480fa681.rlib" "/opt/rustwide/rustup-home/toolchains/1.69.0-x86_64-unknown-linux-gnu/lib/rustlib/x86_64-unknown-linux-gnu/lib/librustc_std_workspace_core-207f06e41d9603af.rlib" "/opt/rustwide/rustup-home/toolchains/1.69.0-x86_64-unknown-linux-gnu/lib/rustlib/x86_64-unknown-linux-gnu/lib/libcore-7e2768e66e984e85.rlib" "/opt/rustwide/rustup-home/toolchains/1.69.0-x86_64-unknown-linux-gnu/lib/rustlib/x86_64-unknown-linux-gnu/lib/libcompiler_builtins-957b4aff41f8cd46.rlib" "-Wl,-Bdynamic" "-ldl" "-lgcc_s" "-lutil" "-lrt" "-lpthread" "-lm" "-ldl" "-lc" "-Wl,--eh-frame-hdr" "-Wl,-z,noexecstack" "-L" "/opt/rustwide/rustup-home/toolchains/1.69.0-x86_64-unknown-linux-gnu/lib/rustlib/x86_64-unknown-linux-gnu/lib" "-o" "/opt/rustwide/target/debug/build/russimp-sys-7ece14cf98531c52/build_script_build-7ece14cf98531c52" "-Wl,--gc-sections" "-pie" "-Wl,-z,relro,-z,now" "-nodefaultlibs"
[INFO] [stdout]   = note: /usr/bin/ld: final link failed: No space left on device
[INFO] [stdout]           collect2: error: ld returned 1 exit status
[INFO] [stdout]           
[INFO] [stdout] 
[INFO] [stdout] 
[INFO] [stdout] error: aborting due to previous error
[INFO] [stdout] 
[INFO] [stdout] 
[INFO] [stderr] error: could not compile `russimp-sys` due to 2 previous errors
[INFO] [stdout] error: linking with `cc` failed: exit status: 1
[INFO] [stdout]   |
[INFO] [stdout]   = note: LC_ALL="C" PATH="/opt/rustwide/rustup-home/toolchains/1.69.0-x86_64-unknown-linux-gnu/lib/rustlib/x86_64-unknown-linux-gnu/bin:/opt/rustwide/cargo-home/bin:/usr/local/sbin:/usr/local/bin:/usr/sbin:/usr/bin:/sbin:/bin" VSLANG="1033" "cc" "-m64" "/tmp/rustcxpuoAU/symbols.o" "/opt/rustwide/target/debug/build/vulkano-583087194451f28a/build_script_build-583087194451f28a.build_script_build.1c86bb62-cgu.0.rcgu.o" "/opt/rustwide/target/debug/build/vulkano-583087194451f28a/build_script_build-583087194451f28a.build_script_build.1c86bb62-cgu.1.rcgu.o" "/opt/rustwide/target/debug/build/vulkano-583087194451f28a/build_script_build-583087194451f28a.build_script_build.1c86bb62-cgu.10.rcgu.o" "/opt/rustwide/target/debug/build/vulkano-583087194451f28a/build_script_build-583087194451f28a.build_script_build.1c86bb62-cgu.11.rcgu.o" "/opt/rustwide/target/debug/build/vulkano-583087194451f28a/build_script_build-583087194451f28a.build_script_build.1c86bb62-cgu.12.rcgu.o" "/opt/rustwide/target/debug/build/vulkano-583087194451f28a/build_script_build-583087194451f28a.build_script_build.1c86bb62-cgu.13.rcgu.o" "/opt/rustwide/target/debug/build/vulkano-583087194451f28a/build_script_build-583087194451f28a.build_script_build.1c86bb62-cgu.14.rcgu.o" "/opt/rustwide/target/debug/build/vulkano-583087194451f28a/build_script_build-583087194451f28a.build_script_build.1c86bb62-cgu.15.rcgu.o" "/opt/rustwide/target/debug/build/vulkano-583087194451f28a/build_script_build-583087194451f28a.build_script_build.1c86bb62-cgu.2.rcgu.o" "/opt/rustwide/target/debug/build/vulkano-583087194451f28a/build_script_build-583087194451f28a.build_script_build.1c86bb62-cgu.3.rcgu.o" "/opt/rustwide/target/debug/build/vulkano-583087194451f28a/build_script_build-583087194451f28a.build_script_build.1c86bb62-cgu.4.rcgu.o" "/opt/rustwide/target/debug/build/vulkano-583087194451f28a/build_script_build-583087194451f28a.build_script_build.1c86bb62-cgu.5.rcgu.o" "/opt/rustwide/target/debug/build/vulkano-583087194451f28a/build_script_build-583087194451f28a.build_script_build.1c86bb62-cgu.6.rcgu.o" "/opt/rustwide/target/debug/build/vulkano-583087194451f28a/build_script_build-583087194451f28a.build_script_build.1c86bb62-cgu.7.rcgu.o" "/opt/rustwide/target/debug/build/vulkano-583087194451f28a/build_script_build-583087194451f28a.build_script_build.1c86bb62-cgu.8.rcgu.o" "/opt/rustwide/target/debug/build/vulkano-583087194451f28a/build_script_build-583087194451f28a.build_script_build.1c86bb62-cgu.9.rcgu.o" "/opt/rustwide/target/debug/build/vulkano-583087194451f28a/build_script_build-583087194451f28a.16sejhfqvrk6ai2y.rcgu.o" "-Wl,--as-needed" "-L" "/opt/rustwide/target/debug/deps" "-L" "/opt/rustwide/rustup-home/toolchains/1.69.0-x86_64-unknown-linux-gnu/lib/rustlib/x86_64-unknown-linux-gnu/lib" "-Wl,-Bstatic" "/opt/rustwide/target/debug/deps/libserde_json-d4b69008f22081de.rlib" "/opt/rustwide/target/debug/deps/libryu-694e5adc49d319cf.rlib" "/opt/rustwide/target/debug/deps/libitoa-cd95d0b9777ca356.rlib" "/opt/rustwide/target/debug/deps/libserde-e6be45e913a6c73c.rlib" "/opt/rustwide/target/debug/deps/libquote-c7a6a09ae3604847.rlib" "/opt/rustwide/target/debug/deps/libproc_macro2-5c6b681c5b4f0f7e.rlib" "/opt/rustwide/target/debug/deps/libunicode_xid-81bfc7035fc781ba.rlib" "/opt/rustwide/rustup-home/toolchains/1.69.0-x86_64-unknown-linux-gnu/lib/rustlib/x86_64-unknown-linux-gnu/lib/libproc_macro-3627dfecd49b0535.rlib" "/opt/rustwide/target/debug/deps/libheck-1ad433ed6497a156.rlib" "/opt/rustwide/target/debug/deps/libvk_parse-cfe5f13ed14351ac.rlib" "/opt/rustwide/target/debug/deps/libxml-9ffbaab0457120e0.rlib" "/opt/rustwide/target/debug/deps/libregex-84779b5d5812e750.rlib" "/opt/rustwide/target/debug/deps/libaho_corasick-2ac061bb71302157.rlib" "/opt/rustwide/target/debug/deps/libmemchr-9632a6d36c9bb1b8.rlib" "/opt/rustwide/target/debug/deps/libregex_syntax-0a4186997c8e0a70.rlib" "/opt/rustwide/target/debug/deps/liblazy_static-a15e1ed0a3c31761.rlib" "/opt/rustwide/target/debug/deps/libindexmap-34521daf872338c0.rlib" "/opt/rustwide/target/debug/deps/libhashbrown-3f81f76d73bd7e23.rlib" "/opt/rustwide/rustup-home/toolchains/1.69.0-x86_64-unknown-linux-gnu/lib/rustlib/x86_64-unknown-linux-gnu/lib/libstd-89bc084783fdc439.rlib" "/opt/rustwide/rustup-home/toolchains/1.69.0-x86_64-unknown-linux-gnu/lib/rustlib/x86_64-unknown-linux-gnu/lib/libpanic_unwind-8bee4b287d4367c1.rlib" "/opt/rustwide/rustup-home/toolchains/1.69.0-x86_64-unknown-linux-gnu/lib/rustlib/x86_64-unknown-linux-gnu/lib/libobject-d61707aed80694c0.rlib" "/opt/rustwide/rustup-home/toolchains/1.69.0-x86_64-unknown-linux-gnu/lib/rustlib/x86_64-unknown-linux-gnu/lib/libmemchr-d85366256f22345b.rlib" "/opt/rustwide/rustup-home/toolchains/1.69.0-x86_64-unknown-linux-gnu/lib/rustlib/x86_64-unknown-linux-gnu/lib/libaddr2line-96069b86b8a8cae9.rlib" "/opt/rustwide/rustup-home/toolchains/1.69.0-x86_64-unknown-linux-gnu/lib/rustlib/x86_64-unknown-linux-gnu/lib/libgimli-d19d53abf68dfa6c.rlib" "/opt/rustwide/rustup-home/toolchains/1.69.0-x86_64-unknown-linux-gnu/lib/rustlib/x86_64-unknown-linux-gnu/lib/librustc_demangle-787cbccd19d64ac6.rlib" "/opt/rustwide/rustup-home/toolchains/1.69.0-x86_64-unknown-linux-gnu/lib/rustlib/x86_64-unknown-linux-gnu/lib/libstd_detect-b3837a36b830e0d0.rlib" "/opt/rustwide/rustup-home/toolchains/1.69.0-x86_64-unknown-linux-gnu/lib/rustlib/x86_64-unknown-linux-gnu/lib/libhashbrown-e3deb0e7e3f04966.rlib" "/opt/rustwide/rustup-home/toolchains/1.69.0-x86_64-unknown-linux-gnu/lib/rustlib/x86_64-unknown-linux-gnu/lib/libminiz_oxide-dabbb79c9815def4.rlib" "/opt/rustwide/rustup-home/toolchains/1.69.0-x86_64-unknown-linux-gnu/lib/rustlib/x86_64-unknown-linux-gnu/lib/libadler-305b01f34c9409f2.rlib" "/opt/rustwide/rustup-home/toolchains/1.69.0-x86_64-unknown-linux-gnu/lib/rustlib/x86_64-unknown-linux-gnu/lib/librustc_std_workspace_alloc-f833521df6074e73.rlib" "/opt/rustwide/rustup-home/toolchains/1.69.0-x86_64-unknown-linux-gnu/lib/rustlib/x86_64-unknown-linux-gnu/lib/libunwind-9ac333113350d171.rlib" "/opt/rustwide/rustup-home/toolchains/1.69.0-x86_64-unknown-linux-gnu/lib/rustlib/x86_64-unknown-linux-gnu/lib/libcfg_if-1c126114322d0eee.rlib" "/opt/rustwide/rustup-home/toolchains/1.69.0-x86_64-unknown-linux-gnu/lib/rustlib/x86_64-unknown-linux-gnu/lib/liblibc-bad9164fdeeecf92.rlib" "/opt/rustwide/rustup-home/toolchains/1.69.0-x86_64-unknown-linux-gnu/lib/rustlib/x86_64-unknown-linux-gnu/lib/liballoc-f9374b1e480fa681.rlib" "/opt/rustwide/rustup-home/toolchains/1.69.0-x86_64-unknown-linux-gnu/lib/rustlib/x86_64-unknown-linux-gnu/lib/librustc_std_workspace_core-207f06e41d9603af.rlib" "/opt/rustwide/rustup-home/toolchains/1.69.0-x86_64-unknown-linux-gnu/lib/rustlib/x86_64-unknown-linux-gnu/lib/libcore-7e2768e66e984e85.rlib" "/opt/rustwide/rustup-home/toolchains/1.69.0-x86_64-unknown-linux-gnu/lib/rustlib/x86_64-unknown-linux-gnu/lib/libcompiler_builtins-957b4aff41f8cd46.rlib" "-Wl,-Bdynamic" "-lgcc_s" "-lutil" "-lrt" "-lpthread" "-lm" "-ldl" "-lc" "-Wl,--eh-frame-hdr" "-Wl,-z,noexecstack" "-L" "/opt/rustwide/rustup-home/toolchains/1.69.0-x86_64-unknown-linux-gnu/lib/rustlib/x86_64-unknown-linux-gnu/lib" "-o" "/opt/rustwide/target/debug/build/vulkano-583087194451f28a/build_script_build-583087194451f28a" "-Wl,--gc-sections" "-pie" "-Wl,-z,relro,-z,now" "-nodefaultlibs"
[INFO] [stdout]   = note: /usr/bin/ld: final link failed: No space left on device
[INFO] [stdout]           collect2: error: ld returned 1 exit status
[INFO] [stdout]           
[INFO] [stdout] 
[INFO] [stdout] 
[INFO] [stdout] error: aborting due to previous error
[INFO] [stdout] 
[INFO] [stdout] 
[INFO] [stderr] error: could not compile `vulkano` due to 2 previous errors
[INFO] [stderr] The following warnings were emitted during compilation:
[INFO] [stderr] 
[INFO] [stderr] warning: shaderc: searching for native shaderc libraries on system;  use '--features build-from-source' to force building from source code
[INFO] [stderr] warning: shaderc: cannot find native shaderc library on system; falling back to build from source
[INFO] [stderr] 
[INFO] [stderr] error: failed to run custom build command for `shaderc-sys v0.7.4`
[INFO] [stderr] note: To improve backtraces for build dependencies, set the CARGO_PROFILE_DEV_BUILD_OVERRIDE_DEBUG=true environment variable to enable debug information generation.
[INFO] [stderr] 
[INFO] [stderr] Caused by:
[INFO] [stderr]   process didn't exit successfully: `/opt/rustwide/target/debug/build/shaderc-sys-284a60b8a4281ff5/build-script-build` (exit status: 101)
[INFO] [stderr]   --- stdout
[INFO] [stderr]   cargo:warning=shaderc: searching for native shaderc libraries on system;  use '--features build-from-source' to force building from source code
[INFO] [stderr]   cargo:warning=shaderc: cannot find native shaderc library on system; falling back to build from source
[INFO] [stderr]   CMAKE_TOOLCHAIN_FILE_x86_64-unknown-linux-gnu = None
[INFO] [stderr]   CMAKE_TOOLCHAIN_FILE_x86_64_unknown_linux_gnu = None
[INFO] [stderr]   HOST_CMAKE_TOOLCHAIN_FILE = None
[INFO] [stderr]   CMAKE_TOOLCHAIN_FILE = None
[INFO] [stderr]   CMAKE_PREFIX_PATH_x86_64-unknown-linux-gnu = None
[INFO] [stderr]   CMAKE_PREFIX_PATH_x86_64_unknown_linux_gnu = None
[INFO] [stderr]   HOST_CMAKE_PREFIX_PATH = None
[INFO] [stderr]   CMAKE_PREFIX_PATH = None
[INFO] [stderr]   CMAKE_x86_64-unknown-linux-gnu = None
[INFO] [stderr]   CMAKE_x86_64_unknown_linux_gnu = None
[INFO] [stderr]   HOST_CMAKE = None
[INFO] [stderr]   CMAKE = None
[INFO] [stderr]   running: cd "/opt/rustwide/target/debug/build/shaderc-sys-7bd204a24c019810/out/build" && CMAKE_PREFIX_PATH="" "cmake" "/opt/rustwide/cargo-home/registry/src/github.com-1ecc6299db9ec823/shaderc-sys-0.7.4/build" "-G" "Ninja" "-DCMAKE_INSTALL_LIBDIR=lib" "-DCMAKE_POSITION_INDEPENDENT_CODE=ON" "-DENABLE_SPVREMAPPER=OFF" "-DENABLE_GLSLANG_BINARIES=OFF" "-DSHADERC_SKIP_TESTS=ON" "-DSPIRV_SKIP_EXECUTABLES=ON" "-DSPIRV_WERROR=OFF" "-DCMAKE_INSTALL_PREFIX=/opt/rustwide/target/debug/build/shaderc-sys-7bd204a24c019810/out" "-DCMAKE_C_FLAGS= -ffunction-sections -fdata-sections -fPIC -m64" "-DCMAKE_C_COMPILER=/usr/bin/cc" "-DCMAKE_CXX_FLAGS= -ffunction-sections -fdata-sections -fPIC -m64" "-DCMAKE_CXX_COMPILER=/usr/bin/c++" "-DCMAKE_ASM_FLAGS= -ffunction-sections -fdata-sections -fPIC -m64" "-DCMAKE_ASM_COMPILER=/usr/bin/cc" "-DCMAKE_BUILD_TYPE=Release"
[INFO] [stderr]   -- The C compiler identification is GNU 11.3.0
[INFO] [stderr]   -- The CXX compiler identification is GNU 11.3.0
[INFO] [stderr]   -- Detecting C compiler ABI info
[INFO] [stderr]   -- Detecting C compiler ABI info - done
[INFO] [stderr]   -- Check for working C compiler: /usr/bin/cc - skipped
[INFO] [stderr]   -- Detecting C compile features
[INFO] [stderr]   -- Detecting C compile features - done
[INFO] [stderr]   -- Detecting CXX compiler ABI info
[INFO] [stderr]   -- Detecting CXX compiler ABI info - done
[INFO] [stderr]   -- Check for working CXX compiler: /usr/bin/c++ - skipped
[INFO] [stderr]   -- Detecting CXX compile features
[INFO] [stderr]   -- Detecting CXX compile features - done
[INFO] [stderr]   -- Building SPIRV-Header examples
[INFO] [stderr]   -- Installing SPIRV-Header
[INFO] [stderr]   -- Found PythonInterp: /usr/bin/python3 (found suitable version "3.10.6", minimum required is "3") 
[INFO] [stderr]   -- Google Mock was not found - tests based on that will not build
[INFO] [stderr]   -- optimizer enabled
[INFO] [stderr]   -- Looking for pthread.h
[INFO] [stderr]   -- Looking for pthread.h - found
[INFO] [stderr]   -- Performing Test CMAKE_HAVE_LIBC_PTHREAD
[INFO] [stderr]   -- Performing Test CMAKE_HAVE_LIBC_PTHREAD - Success
[INFO] [stderr]   -- Found Threads: TRUE  
[INFO] [stderr]   -- Shaderc: build type is "Release".
[INFO] [stderr]   -- Configuring Shaderc to avoid building tests.
[INFO] [stderr]   -- Configuring Shaderc to build examples.
[INFO] [stderr]   -- Configuring Shaderc to check copyrights.
[INFO] [stderr]   -- asciidoctor was not found - no documentation will be generated
[INFO] [stderr]   -- Performing Test COMPILER_SUPPORTS_FALLTHROUGH_WARNING
[INFO] [stderr]   -- Performing Test COMPILER_SUPPORTS_FALLTHROUGH_WARNING - Success
[INFO] [stderr]   -- Performing Test COMPILER_SUPPORTS_EXTRA_SEMI_WARNING
[INFO] [stderr]   -- Performing Test COMPILER_SUPPORTS_EXTRA_SEMI_WARNING - Success
[INFO] [stderr]   -- Performing Test COMPILER_SUPPORTS_PIC
[INFO] [stderr]   -- Performing Test COMPILER_SUPPORTS_PIC - Success
[INFO] [stderr]   -- Configuring done
[INFO] [stderr]   -- Generating done
[INFO] [stderr]   -- Build files have been written to: /opt/rustwide/target/debug/build/shaderc-sys-7bd204a24c019810/out/build
[INFO] [stderr]   running: cd "/opt/rustwide/target/debug/build/shaderc-sys-7bd204a24c019810/out/build" && "cmake" "--build" "." "--target" "install" "--config" "Release" "--parallel" "8"
[INFO] [stderr]   [1/391] cd /opt/rustwide/target/debug/build/shaderc-sys-7bd204a24c019810/out/build/spirv-tools && /usr/bin/cmake -DCHANGES_FILE=/opt/rustwide/cargo-home/registry/src/github.com-1ecc6299db9ec823/shaderc-sys-0.7.4/build/spirv-tools/CHANGES -DTEMPLATE_FILE=/opt/rustwide/cargo-home/registry/src/github.com-1ecc6299db9ec823/shaderc-sys-0.7.4/build/spirv-tools/cmake/SPIRV-Tools.pc.in -DOUT_FILE=/opt/rustwide/target/debug/build/shaderc-sys-7bd204a24c019810/out/build/spirv-tools/SPIRV-Tools.pc -DCMAKE_INSTALL_PREFIX=/opt/rustwide/target/debug/build/shaderc-sys-7bd204a24c019810/out -DCMAKE_INSTALL_LIBDIR=lib -DCMAKE_INSTALL_INCLUDEDIR=include -DSPIRV_LIBRARIES=-lSPIRV-Tools-opt\ -lSPIRV-Tools\ -lSPIRV-Tools-link -P /opt/rustwide/cargo-home/registry/src/github.com-1ecc6299db9ec823/shaderc-sys-0.7.4/build/spirv-tools/cmake/write_pkg_config.cmake
[INFO] [stderr]   [2/391] cd /opt/rustwide/target/debug/build/shaderc-sys-7bd204a24c019810/out/build/spirv-tools && /usr/bin/cmake -DCHANGES_FILE=/opt/rustwide/cargo-home/registry/src/github.com-1ecc6299db9ec823/shaderc-sys-0.7.4/build/spirv-tools/CHANGES -DTEMPLATE_FILE=/opt/rustwide/cargo-home/registry/src/github.com-1ecc6299db9ec823/shaderc-sys-0.7.4/build/spirv-tools/cmake/SPIRV-Tools-shared.pc.in -DOUT_FILE=/opt/rustwide/target/debug/build/shaderc-sys-7bd204a24c019810/out/build/spirv-tools/SPIRV-Tools-shared.pc -DCMAKE_INSTALL_PREFIX=/opt/rustwide/target/debug/build/shaderc-sys-7bd204a24c019810/out -DCMAKE_INSTALL_LIBDIR=lib -DCMAKE_INSTALL_INCLUDEDIR=include -DSPIRV_SHARED_LIBRARIES=-lSPIRV-Tools-shared -P /opt/rustwide/cargo-home/registry/src/github.com-1ecc6299db9ec823/shaderc-sys-0.7.4/build/spirv-tools/cmake/write_pkg_config.cmake
[INFO] [stderr]   [3/391] Building CXX object spirv-headers/example/CMakeFiles/SPIRV-Headers-example.dir/example.cpp.o
[INFO] [stderr]   [4/391] Generate extended instruction tables for spv-amd-shader-explicit-vertex-parameter.
[INFO] [stderr]   [5/391] Generate extended instruction tables for spv-amd-shader-trinary-minmax.
[INFO] [stderr]   [6/391] Generate enum-string mapping for SPIR-V vunified1.
[INFO] [stderr]   [7/391] Generate extended instruction tables for spv-amd-gcn-shader.
[INFO] [stderr]   [8/391] Generate extended instruction tables for spv-amd-shader-ballot.
[INFO] [stderr]   [9/391] Generate extended instruction tables for opencl.debuginfo.100.
[INFO] [stderr]   [10/391] Generate extended instruction tables for debuginfo.
[INFO] [stderr]   [11/391] Generate extended instruction tables for nonsemantic.shader.debuginfo.100.
[INFO] [stderr]   [12/391] Generate language specific header for DebugInfo.
[INFO] [stderr]   [13/391] Generate language specific header for OpenCLDebugInfo100.
[INFO] [stderr]   [14/391] Linking CXX static library spirv-headers/example/libSPIRV-Headers-example.a
[INFO] [stderr]   [15/391] Generate language specific header for NonSemanticShaderDebugInfo100.
[INFO] [stderr]   [16/391] Generate extended instruction tables for nonsemantic.clspvreflection.
[INFO] [stderr]   [17/391] Generate tables based on the SPIR-V XML registry.
[INFO] [stderr]   [18/391] Generate info tables for GLSL extended instructions and operands vunified1.
[INFO] [stderr]   [19/391] Update build-version.inc in the SPIRV-Tools build directory (if necessary).
[INFO] [stderr]   [20/391] Generate info tables for SPIR-V vunified1 core instructions and operands.
[INFO] [stderr]   [21/391] Generate info tables for OpenCL extended instructions and operands vunified1.
[INFO] [stderr]   [22/391] Building CXX object glslang/hlsl/CMakeFiles/HLSL.dir/stub.cpp.o
[INFO] [stderr]   [23/391] Building CXX object glslang/glslang/OSDependent/Unix/CMakeFiles/OSDependent.dir/ossource.cpp.o
[INFO] [stderr]   [24/391] Building CXX object glslang/OGLCompilersDLL/CMakeFiles/OGLCompiler.dir/InitializeDll.cpp.o
[INFO] [stderr]   [25/391] Building CXX object glslang/glslang/CMakeFiles/GenericCodeGen.dir/GenericCodeGen/CodeGen.cpp.o
[INFO] [stderr]   [26/391] Building CXX object glslang/glslang/CMakeFiles/GenericCodeGen.dir/GenericCodeGen/Link.cpp.o
[INFO] [stderr]   [27/391] Building CXX object spirv-tools/source/CMakeFiles/SPIRV-Tools-shared.dir/util/bit_vector.cpp.o
[INFO] [stderr]   [28/391] Building CXX object spirv-tools/source/CMakeFiles/SPIRV-Tools-shared.dir/util/string_utils.cpp.o
[INFO] [stderr]   [29/391] Building CXX object spirv-tools/source/CMakeFiles/SPIRV-Tools-shared.dir/assembly_grammar.cpp.o
[INFO] [stderr]   [30/391] Building CXX object glslang/glslang/CMakeFiles/glslang.dir/CInterface/glslang_c_interface.cpp.o
[INFO] [stderr]   [31/391] Building CXX object spirv-tools/source/CMakeFiles/SPIRV-Tools-shared.dir/enum_string_mapping.cpp.o
[INFO] [stderr]   [32/391] Building CXX object spirv-tools/source/CMakeFiles/SPIRV-Tools-shared.dir/diagnostic.cpp.o
[INFO] [stderr]   [33/391] Building CXX object spirv-tools/source/CMakeFiles/SPIRV-Tools-shared.dir/ext_inst.cpp.o
[INFO] [stderr]   [34/391] Building CXX object spirv-tools/source/CMakeFiles/SPIRV-Tools-shared.dir/extensions.cpp.o
[INFO] [stderr]   [35/391] Building CXX object spirv-tools/source/CMakeFiles/SPIRV-Tools-shared.dir/libspirv.cpp.o
[INFO] [stderr]   [36/391] Building CXX object spirv-tools/source/CMakeFiles/SPIRV-Tools-shared.dir/util/parse_number.cpp.o
[INFO] [stderr]   [37/391] Building CXX object spirv-tools/source/CMakeFiles/SPIRV-Tools-shared.dir/disassemble.cpp.o
[INFO] [stderr]   [38/391] Building CXX object spirv-tools/source/CMakeFiles/SPIRV-Tools-shared.dir/software_version.cpp.o
[INFO] [stderr]   [39/391] Building CXX object spirv-tools/source/CMakeFiles/SPIRV-Tools-shared.dir/spirv_endian.cpp.o
[INFO] [stderr]   [40/391] Building CXX object spirv-tools/source/CMakeFiles/SPIRV-Tools-shared.dir/opcode.cpp.o
[INFO] [stderr]   [41/391] Building CXX object spirv-tools/source/CMakeFiles/SPIRV-Tools-shared.dir/print.cpp.o
[INFO] [stderr]   [42/391] Building CXX object spirv-tools/source/CMakeFiles/SPIRV-Tools-shared.dir/spirv_optimizer_options.cpp.o
[INFO] [stderr]   [43/391] Building CXX object spirv-tools/source/CMakeFiles/SPIRV-Tools-shared.dir/binary.cpp.o
[INFO] [stderr]   [44/391] Building CXX object spirv-tools/source/CMakeFiles/SPIRV-Tools-shared.dir/spirv_fuzzer_options.cpp.o
[INFO] [stderr]   [45/391] Building CXX object spirv-tools/source/CMakeFiles/SPIRV-Tools-shared.dir/spirv_validator_options.cpp.o
[INFO] [stderr]   [46/391] Building CXX object spirv-tools/source/CMakeFiles/SPIRV-Tools-shared.dir/spirv_reducer_options.cpp.o
[INFO] [stderr]   [47/391] Building CXX object spirv-tools/source/CMakeFiles/SPIRV-Tools-shared.dir/spirv_target_env.cpp.o
[INFO] [stderr]   [48/391] Building CXX object spirv-tools/source/CMakeFiles/SPIRV-Tools-shared.dir/parsed_operand.cpp.o
[INFO] [stderr]   [49/391] Building CXX object spirv-tools/source/CMakeFiles/SPIRV-Tools-shared.dir/name_mapper.cpp.o
[INFO] [stderr]   [50/391] Building CXX object spirv-tools/source/CMakeFiles/SPIRV-Tools-shared.dir/operand.cpp.o
[INFO] [stderr]   [51/391] Building CXX object spirv-tools/source/CMakeFiles/SPIRV-Tools-shared.dir/table.cpp.o
[INFO] [stderr]   [52/391] Building CXX object spirv-tools/source/CMakeFiles/SPIRV-Tools-shared.dir/val/validate_adjacency.cpp.o
[INFO] [stderr]   [53/391] Building CXX object glslang/glslang/CMakeFiles/MachineIndependent.dir/cmake_pch.hxx.gch
[INFO] [stderr]   [54/391] Building CXX object spirv-tools/source/CMakeFiles/SPIRV-Tools-shared.dir/text_handler.cpp.o
[INFO] [stderr]   [55/391] Building CXX object spirv-tools/source/CMakeFiles/SPIRV-Tools-shared.dir/val/validate_atomics.cpp.o
[INFO] [stderr]   [56/391] Building CXX object spirv-tools/source/CMakeFiles/SPIRV-Tools-shared.dir/text.cpp.o
[INFO] [stderr]   [57/391] Building CXX object spirv-tools/source/CMakeFiles/SPIRV-Tools-shared.dir/val/validate_annotation.cpp.o
[INFO] [stderr]   [58/391] Building CXX object spirv-tools/source/CMakeFiles/SPIRV-Tools-shared.dir/val/validate_arithmetics.cpp.o
[INFO] [stderr]   [59/391] Building CXX object spirv-tools/source/CMakeFiles/SPIRV-Tools-shared.dir/val/validate_barriers.cpp.o
[INFO] [stderr]   [60/391] Building CXX object spirv-tools/source/CMakeFiles/SPIRV-Tools-shared.dir/val/validate_bitwise.cpp.o
[INFO] [stderr]   [61/391] Building CXX object spirv-tools/source/CMakeFiles/SPIRV-Tools-shared.dir/val/validate.cpp.o
[INFO] [stderr]   [62/391] Building CXX object spirv-tools/source/CMakeFiles/SPIRV-Tools-shared.dir/val/validate_capability.cpp.o
[INFO] [stderr]   [63/391] Building CXX object spirv-tools/source/CMakeFiles/SPIRV-Tools-shared.dir/val/validate_constants.cpp.o
[INFO] [stderr]   [64/391] Building CXX object spirv-tools/source/CMakeFiles/SPIRV-Tools-shared.dir/val/validate_composites.cpp.o
[INFO] [stderr]   [65/391] Building CXX object spirv-tools/source/CMakeFiles/SPIRV-Tools-shared.dir/val/validate_debug.cpp.o
[INFO] [stderr]   [66/391] Building CXX object spirv-tools/source/CMakeFiles/SPIRV-Tools-shared.dir/val/validate_conversion.cpp.o
[INFO] [stderr]   [67/391] Building CXX object spirv-tools/source/CMakeFiles/SPIRV-Tools-shared.dir/val/validate_derivatives.cpp.o
[INFO] [stderr]   [68/391] Building CXX object spirv-tools/source/CMakeFiles/SPIRV-Tools-shared.dir/val/validate_execution_limitations.cpp.o
[INFO] [stderr]   [69/391] Building CXX object spirv-tools/source/CMakeFiles/SPIRV-Tools-shared.dir/val/validate_function.cpp.o
[INFO] [stderr]   [70/391] Building CXX object spirv-tools/source/CMakeFiles/SPIRV-Tools-shared.dir/val/validate_id.cpp.o
[INFO] [stderr]   [71/391] Building CXX object spirv-tools/source/CMakeFiles/SPIRV-Tools-shared.dir/val/validate_cfg.cpp.o
[INFO] [stderr]   [72/391] Building CXX object spirv-tools/source/CMakeFiles/SPIRV-Tools-shared.dir/val/validate_decorations.cpp.o
[INFO] [stderr]   [73/391] Building CXX object spirv-tools/source/CMakeFiles/SPIRV-Tools-shared.dir/val/validate_layout.cpp.o
[INFO] [stderr]   [74/391] Building CXX object spirv-tools/source/CMakeFiles/SPIRV-Tools-shared.dir/val/validate_image.cpp.o
[INFO] [stderr]   [75/391] Building CXX object spirv-tools/source/CMakeFiles/SPIRV-Tools-shared.dir/val/validate_literals.cpp.o
[INFO] [stderr]   [76/391] Building CXX object spirv-tools/source/CMakeFiles/SPIRV-Tools-shared.dir/val/validate_logicals.cpp.o
[INFO] [stderr]   [77/391] Building CXX object spirv-tools/source/CMakeFiles/SPIRV-Tools-shared.dir/val/validate_interfaces.cpp.o
[INFO] [stderr]   [78/391] Building CXX object spirv-tools/source/CMakeFiles/SPIRV-Tools-shared.dir/val/validate_instruction.cpp.o
[INFO] [stderr]   [79/391] Building CXX object spirv-tools/source/CMakeFiles/SPIRV-Tools-shared.dir/val/validate_builtins.cpp.o
[INFO] [stderr]   [80/391] Building CXX object spirv-tools/source/CMakeFiles/SPIRV-Tools-shared.dir/val/validate_memory_semantics.cpp.o
[INFO] [stderr]   [81/391] Building CXX object spirv-tools/source/CMakeFiles/SPIRV-Tools-shared.dir/val/validate_misc.cpp.o
[INFO] [stderr]   [82/391] Building CXX object spirv-tools/source/CMakeFiles/SPIRV-Tools-shared.dir/val/validate_non_uniform.cpp.o
[INFO] [stderr]   [83/391] Building CXX object spirv-tools/source/CMakeFiles/SPIRV-Tools-shared.dir/val/validate_primitives.cpp.o
[INFO] [stderr]   [84/391] Building CXX object spirv-tools/source/CMakeFiles/SPIRV-Tools-shared.dir/val/validate_mode_setting.cpp.o
[INFO] [stderr]   [85/391] Building CXX object spirv-tools/source/CMakeFiles/SPIRV-Tools-shared.dir/val/validate_memory.cpp.o
[INFO] [stderr]   [86/391] Building CXX object spirv-tools/source/CMakeFiles/SPIRV-Tools-shared.dir/val/basic_block.cpp.o
[INFO] [stderr]   [87/391] Building CXX object spirv-tools/source/CMakeFiles/SPIRV-Tools-shared.dir/val/validate_extensions.cpp.o
[INFO] [stderr]   [88/391] Building CXX object spirv-tools/source/CMakeFiles/SPIRV-Tools-shared.dir/val/validate_small_type_uses.cpp.o
[INFO] [stderr]   [89/391] Building CXX object spirv-tools/source/CMakeFiles/SPIRV-Tools-shared.dir/val/validate_scopes.cpp.o
[INFO] [stderr]   [90/391] Building CXX object spirv-tools/source/CMakeFiles/SPIRV-Tools-shared.dir/val/instruction.cpp.o
[INFO] [stderr]   [91/391] Building CXX object spirv-tools/source/CMakeFiles/SPIRV-Tools-shared.dir/util/timer.cpp.o
[INFO] [stderr]   [92/391] Building CXX object spirv-tools/source/CMakeFiles/SPIRV-Tools-shared.dir/val/construct.cpp.o
[INFO] [stderr]   [93/391] Building CXX object spirv-tools/source/CMakeFiles/SPIRV-Tools-static.dir/util/bit_vector.cpp.o
[INFO] [stderr]   [94/391] Building CXX object spirv-tools/source/CMakeFiles/SPIRV-Tools-shared.dir/val/validate_type.cpp.o
[INFO] [stderr]   [95/391] Building CXX object spirv-tools/source/CMakeFiles/SPIRV-Tools-static.dir/util/string_utils.cpp.o
[INFO] [stderr]   [96/391] Building CXX object spirv-tools/source/CMakeFiles/SPIRV-Tools-static.dir/assembly_grammar.cpp.o
[INFO] [stderr]   [97/391] Building CXX object spirv-tools/source/CMakeFiles/SPIRV-Tools-shared.dir/val/function.cpp.o
[INFO] [stderr]   [98/391] Building CXX object spirv-tools/source/CMakeFiles/SPIRV-Tools-static.dir/diagnostic.cpp.o
[INFO] [stderr]   [99/391] Building CXX object spirv-tools/source/CMakeFiles/SPIRV-Tools-static.dir/enum_string_mapping.cpp.o
[INFO] [stderr]   [100/391] Building CXX object spirv-tools/source/CMakeFiles/SPIRV-Tools-static.dir/util/parse_number.cpp.o
[INFO] [stderr]   [101/391] Building CXX object spirv-tools/source/CMakeFiles/SPIRV-Tools-static.dir/extensions.cpp.o
[INFO] [stderr]   [102/391] Building CXX object spirv-tools/source/CMakeFiles/SPIRV-Tools-static.dir/ext_inst.cpp.o
[INFO] [stderr]   [103/391] Building CXX object spirv-tools/source/CMakeFiles/SPIRV-Tools-static.dir/disassemble.cpp.o
[INFO] [stderr]   [104/391] Building CXX object spirv-tools/source/CMakeFiles/SPIRV-Tools-static.dir/libspirv.cpp.o
[INFO] [stderr]   [105/391] Building CXX object spirv-tools/source/CMakeFiles/SPIRV-Tools-static.dir/binary.cpp.o
[INFO] [stderr]   [106/391] Building CXX object spirv-tools/source/CMakeFiles/SPIRV-Tools-static.dir/software_version.cpp.o
[INFO] [stderr]   [107/391] Building CXX object spirv-tools/source/CMakeFiles/SPIRV-Tools-static.dir/opcode.cpp.o
[INFO] [stderr]   [108/391] Building CXX object spirv-tools/source/CMakeFiles/SPIRV-Tools-static.dir/print.cpp.o
[INFO] [stderr]   [109/391] Building CXX object spirv-tools/source/CMakeFiles/SPIRV-Tools-static.dir/spirv_endian.cpp.o
[INFO] [stderr]   [110/391] Building CXX object spirv-tools/source/CMakeFiles/SPIRV-Tools-static.dir/spirv_optimizer_options.cpp.o
[INFO] [stderr]   [111/391] Building CXX object spirv-tools/source/CMakeFiles/SPIRV-Tools-static.dir/spirv_fuzzer_options.cpp.o
[INFO] [stderr]   [112/391] Building CXX object spirv-tools/source/CMakeFiles/SPIRV-Tools-static.dir/parsed_operand.cpp.o
[INFO] [stderr]   [113/391] Building CXX object spirv-tools/source/CMakeFiles/SPIRV-Tools-static.dir/spirv_validator_options.cpp.o
[INFO] [stderr]   [114/391] Building CXX object spirv-tools/source/CMakeFiles/SPIRV-Tools-static.dir/operand.cpp.o
[INFO] [stderr]   [115/391] Building CXX object spirv-tools/source/CMakeFiles/SPIRV-Tools-static.dir/spirv_reducer_options.cpp.o
[INFO] [stderr]   [116/391] Building CXX object spirv-tools/source/CMakeFiles/SPIRV-Tools-static.dir/spirv_target_env.cpp.o
[INFO] [stderr]   [117/391] Building CXX object spirv-tools/source/CMakeFiles/SPIRV-Tools-static.dir/name_mapper.cpp.o
[INFO] [stderr]   [118/391] Building CXX object spirv-tools/source/CMakeFiles/SPIRV-Tools-static.dir/table.cpp.o
[INFO] [stderr]   [119/391] Building CXX object spirv-tools/source/CMakeFiles/SPIRV-Tools-shared.dir/val/validation_state.cpp.o
[INFO] [stderr]   [120/391] Building CXX object spirv-tools/source/CMakeFiles/SPIRV-Tools-static.dir/val/validate_adjacency.cpp.o
[INFO] [stderr]   [121/391] Linking CXX shared library spirv-tools/source/libSPIRV-Tools-shared.so
[INFO] [stderr]   FAILED: spirv-tools/source/libSPIRV-Tools-shared.so 
[INFO] [stderr]   : && /usr/bin/c++ -fPIC -ffunction-sections -fdata-sections -fPIC -m64 -O3 -DNDEBUG   -shared -Wl,-soname,libSPIRV-Tools-shared.so -o spirv-tools/source/libSPIRV-Tools-shared.so spirv-tools/source/CMakeFiles/SPIRV-Tools-shared.dir/util/bit_vector.cpp.o spirv-tools/source/CMakeFiles/SPIRV-Tools-shared.dir/util/parse_number.cpp.o spirv-tools/source/CMakeFiles/SPIRV-Tools-shared.dir/util/string_utils.cpp.o spirv-tools/source/CMakeFiles/SPIRV-Tools-shared.dir/assembly_grammar.cpp.o spirv-tools/source/CMakeFiles/SPIRV-Tools-shared.dir/binary.cpp.o spirv-tools/source/CMakeFiles/SPIRV-Tools-shared.dir/diagnostic.cpp.o spirv-tools/source/CMakeFiles/SPIRV-Tools-shared.dir/disassemble.cpp.o spirv-tools/source/CMakeFiles/SPIRV-Tools-shared.dir/enum_string_mapping.cpp.o spirv-tools/source/CMakeFiles/SPIRV-Tools-shared.dir/ext_inst.cpp.o spirv-tools/source/CMakeFiles/SPIRV-Tools-shared.dir/extensions.cpp.o spirv-tools/source/CMakeFiles/SPIRV-Tools-shared.dir/libspirv.cpp.o spirv-tools/source/CMakeFiles/SPIRV-Tools-shared.dir/name_mapper.cpp.o spirv-tools/source/CMakeFiles/SPIRV-Tools-shared.dir/opcode.cpp.o spirv-tools/source/CMakeFiles/SPIRV-Tools-shared.dir/operand.cpp.o spirv-tools/source/CMakeFiles/SPIRV-Tools-shared.dir/parsed_operand.cpp.o spirv-tools/source/CMakeFiles/SPIRV-Tools-shared.dir/print.cpp.o spirv-tools/source/CMakeFiles/SPIRV-Tools-shared.dir/software_version.cpp.o spirv-tools/source/CMakeFiles/SPIRV-Tools-shared.dir/spirv_endian.cpp.o spirv-tools/source/CMakeFiles/SPIRV-Tools-shared.dir/spirv_fuzzer_options.cpp.o spirv-tools/source/CMakeFiles/SPIRV-Tools-shared.dir/spirv_optimizer_options.cpp.o spirv-tools/source/CMakeFiles/SPIRV-Tools-shared.dir/spirv_reducer_options.cpp.o spirv-tools/source/CMakeFiles/SPIRV-Tools-shared.dir/spirv_target_env.cpp.o spirv-tools/source/CMakeFiles/SPIRV-Tools-shared.dir/spirv_validator_options.cpp.o spirv-tools/source/CMakeFiles/SPIRV-Tools-shared.dir/table.cpp.o spirv-tools/source/CMakeFiles/SPIRV-Tools-shared.dir/text.cpp.o spirv-tools/source/CMakeFiles/SPIRV-Tools-shared.dir/text_handler.cpp.o spirv-tools/source/CMakeFiles/SPIRV-Tools-shared.dir/val/validate.cpp.o spirv-tools/source/CMakeFiles/SPIRV-Tools-shared.dir/val/validate_adjacency.cpp.o spirv-tools/source/CMakeFiles/SPIRV-Tools-shared.dir/val/validate_annotation.cpp.o spirv-tools/source/CMakeFiles/SPIRV-Tools-shared.dir/val/validate_arithmetics.cpp.o spirv-tools/source/CMakeFiles/SPIRV-Tools-shared.dir/val/validate_atomics.cpp.o spirv-tools/source/CMakeFiles/SPIRV-Tools-shared.dir/val/validate_barriers.cpp.o spirv-tools/source/CMakeFiles/SPIRV-Tools-shared.dir/val/validate_bitwise.cpp.o spirv-tools/source/CMakeFiles/SPIRV-Tools-shared.dir/val/validate_builtins.cpp.o spirv-tools/source/CMakeFiles/SPIRV-Tools-shared.dir/val/validate_capability.cpp.o spirv-tools/source/CMakeFiles/SPIRV-Tools-shared.dir/val/validate_cfg.cpp.o spirv-tools/source/CMakeFiles/SPIRV-Tools-shared.dir/val/validate_composites.cpp.o spirv-tools/source/CMakeFiles/SPIRV-Tools-shared.dir/val/validate_constants.cpp.o spirv-tools/source/CMakeFiles/SPIRV-Tools-shared.dir/val/validate_conversion.cpp.o spirv-tools/source/CMakeFiles/SPIRV-Tools-shared.dir/val/validate_debug.cpp.o spirv-tools/source/CMakeFiles/SPIRV-Tools-shared.dir/val/validate_decorations.cpp.o spirv-tools/source/CMakeFiles/SPIRV-Tools-shared.dir/val/validate_derivatives.cpp.o spirv-tools/source/CMakeFiles/SPIRV-Tools-shared.dir/val/validate_extensions.cpp.o spirv-tools/source/CMakeFiles/SPIRV-Tools-shared.dir/val/validate_execution_limitations.cpp.o spirv-tools/source/CMakeFiles/SPIRV-Tools-shared.dir/val/validate_function.cpp.o spirv-tools/source/CMakeFiles/SPIRV-Tools-shared.dir/val/validate_id.cpp.o spirv-tools/source/CMakeFiles/SPIRV-Tools-shared.dir/val/validate_image.cpp.o spirv-tools/source/CMakeFiles/SPIRV-Tools-shared.dir/val/validate_interfaces.cpp.o spirv-tools/source/CMakeFiles/SPIRV-Tools-shared.dir/val/validate_instruction.cpp.o spirv-tools/source/CMakeFiles/SPIRV-Tools-shared.dir/val/validate_layout.cpp.o spirv-tools/source/CMakeFiles/SPIRV-Tools-shared.dir/val/validate_literals.cpp.o spirv-tools/source/CMakeFiles/SPIRV-Tools-shared.dir/val/validate_logicals.cpp.o spirv-tools/source/CMakeFiles/SPIRV-Tools-shared.dir/val/validate_memory.cpp.o spirv-tools/source/CMakeFiles/SPIRV-Tools-shared.dir/val/validate_memory_semantics.cpp.o spirv-tools/source/CMakeFiles/SPIRV-Tools-shared.dir/val/validate_misc.cpp.o spirv-tools/source/CMakeFiles/SPIRV-Tools-shared.dir/val/validate_mode_setting.cpp.o spirv-tools/source/CMakeFiles/SPIRV-Tools-shared.dir/val/validate_non_uniform.cpp.o spirv-tools/source/CMakeFiles/SPIRV-Tools-shared.dir/val/validate_primitives.cpp.o spirv-tools/source/CMakeFiles/SPIRV-Tools-shared.dir/val/validate_scopes.cpp.o spirv-tools/source/CMakeFiles/SPIRV-Tools-shared.dir/val/validate_small_type_uses.cpp.o spirv-tools/source/CMakeFiles/SPIRV-Tools-shared.dir/val/validate_type.cpp.o spirv-tools/source/CMakeFiles/SPIRV-Tools-shared.dir/val/basic_block.cpp.o spirv-tools/source/CMakeFiles/SPIRV-Tools-shared.dir/val/construct.cpp.o spirv-tools/source/CMakeFiles/SPIRV-Tools-shared.dir/val/function.cpp.o spirv-tools/source/CMakeFiles/SPIRV-Tools-shared.dir/val/instruction.cpp.o spirv-tools/source/CMakeFiles/SPIRV-Tools-shared.dir/val/validation_state.cpp.o spirv-tools/source/CMakeFiles/SPIRV-Tools-shared.dir/util/timer.cpp.o  -Wl,-Bstatic  -lrt  -Wl,-Bdynamic && :
[INFO] [stderr]   /usr/bin/ld: final link failed: No space left on device
[INFO] [stderr]   collect2: error: ld returned 1 exit status
[INFO] [stderr]   [122/391] Building CXX object spirv-tools/source/CMakeFiles/SPIRV-Tools-static.dir/text_handler.cpp.o
[INFO] [stderr]   [123/391] Building CXX object spirv-tools/source/CMakeFiles/SPIRV-Tools-static.dir/val/validate_arithmetics.cpp.o
[INFO] [stderr]   [124/391] Building CXX object spirv-tools/source/CMakeFiles/SPIRV-Tools-static.dir/text.cpp.o
[INFO] [stderr]   FAILED: spirv-tools/source/CMakeFiles/SPIRV-Tools-static.dir/text.cpp.o 
[INFO] [stderr]   /usr/bin/c++ -DSPIRV_COLOR_TERMINAL -DSPIRV_LINUX -DSPIRV_TIMER_ENABLED -I/opt/rustwide/cargo-home/registry/src/github.com-1ecc6299db9ec823/shaderc-sys-0.7.4/build/spirv-tools -I/opt/rustwide/cargo-home/registry/src/github.com-1ecc6299db9ec823/shaderc-sys-0.7.4/build/spirv-tools/include -I/opt/rustwide/target/debug/build/shaderc-sys-7bd204a24c019810/out/build/spirv-tools -I/opt/rustwide/cargo-home/registry/src/github.com-1ecc6299db9ec823/shaderc-sys-0.7.4/build/spirv-headers/include -ffunction-sections -fdata-sections -fPIC -m64 -O3 -DNDEBUG -fPIC -fno-rtti -Wall -Wextra -Wnon-virtual-dtor -Wno-missing-field-initializers -std=c++11 -fno-exceptions -Wno-long-long -Wshadow -Wundef -Wconversion -Wno-sign-conversion -std=gnu++11 -MD -MT spirv-tools/source/CMakeFiles/SPIRV-Tools-static.dir/text.cpp.o -MF spirv-tools/source/CMakeFiles/SPIRV-Tools-static.dir/text.cpp.o.d -o spirv-tools/source/CMakeFiles/SPIRV-Tools-static.dir/text.cpp.o -c /opt/rustwide/cargo-home/registry/src/github.com-1ecc6299db9ec823/shaderc-sys-0.7.4/build/spirv-tools/source/text.cpp
[INFO] [stderr]   /opt/rustwide/cargo-home/registry/src/github.com-1ecc6299db9ec823/shaderc-sys-0.7.4/build/spirv-tools/source/text.cpp:841:1: fatal error: error writing to /tmp/ccAQagmI.s: No space left on device
[INFO] [stderr]     841 | }
[INFO] [stderr]         | ^
[INFO] [stderr]   compilation terminated.
[INFO] [stderr]   [125/391] Building CXX object spirv-tools/source/CMakeFiles/SPIRV-Tools-static.dir/val/validate_annotation.cpp.o
[INFO] [stderr]   FAILED: spirv-tools/source/CMakeFiles/SPIRV-Tools-static.dir/val/validate_annotation.cpp.o 
[INFO] [stderr]   /usr/bin/c++ -DSPIRV_COLOR_TERMINAL -DSPIRV_LINUX -DSPIRV_TIMER_ENABLED -I/opt/rustwide/cargo-home/registry/src/github.com-1ecc6299db9ec823/shaderc-sys-0.7.4/build/spirv-tools -I/opt/rustwide/cargo-home/registry/src/github.com-1ecc6299db9ec823/shaderc-sys-0.7.4/build/spirv-tools/include -I/opt/rustwide/target/debug/build/shaderc-sys-7bd204a24c019810/out/build/spirv-tools -I/opt/rustwide/cargo-home/registry/src/github.com-1ecc6299db9ec823/shaderc-sys-0.7.4/build/spirv-headers/include -ffunction-sections -fdata-sections -fPIC -m64 -O3 -DNDEBUG -fPIC -fno-rtti -Wall -Wextra -Wnon-virtual-dtor -Wno-missing-field-initializers -std=c++11 -fno-exceptions -Wno-long-long -Wshadow -Wundef -Wconversion -Wno-sign-conversion -std=gnu++11 -MD -MT spirv-tools/source/CMakeFiles/SPIRV-Tools-static.dir/val/validate_annotation.cpp.o -MF spirv-tools/source/CMakeFiles/SPIRV-Tools-static.dir/val/validate_annotation.cpp.o.d -o spirv-tools/source/CMakeFiles/SPIRV-Tools-static.dir/val/validate_annotation.cpp.o -c /opt/rustwide/cargo-home/registry/src/github.com-1ecc6299db9ec823/shaderc-sys-0.7.4/build/spirv-tools/source/val/validate_annotation.cpp
[INFO] [stderr]   /opt/rustwide/cargo-home/registry/src/github.com-1ecc6299db9ec823/shaderc-sys-0.7.4/build/spirv-tools/source/val/validate_annotation.cpp:647:1: fatal error: error writing to /tmp/ccPqE2hf.s: No space left on device
[INFO] [stderr]     647 | }  // namespace spvtools
[INFO] [stderr]         | ^
[INFO] [stderr]   compilation terminated.
[INFO] [stderr]   [126/391] Building CXX object spirv-tools/source/CMakeFiles/SPIRV-Tools-static.dir/val/validate.cpp.o
[INFO] [stderr]   FAILED: spirv-tools/source/CMakeFiles/SPIRV-Tools-static.dir/val/validate.cpp.o 
[INFO] [stderr]   /usr/bin/c++ -DSPIRV_COLOR_TERMINAL -DSPIRV_LINUX -DSPIRV_TIMER_ENABLED -I/opt/rustwide/cargo-home/registry/src/github.com-1ecc6299db9ec823/shaderc-sys-0.7.4/build/spirv-tools -I/opt/rustwide/cargo-home/registry/src/github.com-1ecc6299db9ec823/shaderc-sys-0.7.4/build/spirv-tools/include -I/opt/rustwide/target/debug/build/shaderc-sys-7bd204a24c019810/out/build/spirv-tools -I/opt/rustwide/cargo-home/registry/src/github.com-1ecc6299db9ec823/shaderc-sys-0.7.4/build/spirv-headers/include -ffunction-sections -fdata-sections -fPIC -m64 -O3 -DNDEBUG -fPIC -fno-rtti -Wall -Wextra -Wnon-virtual-dtor -Wno-missing-field-initializers -std=c++11 -fno-exceptions -Wno-long-long -Wshadow -Wundef -Wconversion -Wno-sign-conversion -std=gnu++11 -MD -MT spirv-tools/source/CMakeFiles/SPIRV-Tools-static.dir/val/validate.cpp.o -MF spirv-tools/source/CMakeFiles/SPIRV-Tools-static.dir/val/validate.cpp.o.d -o spirv-tools/source/CMakeFiles/SPIRV-Tools-static.dir/val/validate.cpp.o -c /opt/rustwide/cargo-home/registry/src/github.com-1ecc6299db9ec823/shaderc-sys-0.7.4/build/spirv-tools/source/val/validate.cpp
[INFO] [stderr]   /opt/rustwide/cargo-home/registry/src/github.com-1ecc6299db9ec823/shaderc-sys-0.7.4/build/spirv-tools/source/val/validate.cpp:445:1: fatal error: error writing to /tmp/ccp8Dy4j.s: No space left on device
[INFO] [stderr]     445 | }
[INFO] [stderr]         | ^
[INFO] [stderr]   compilation terminated.
[INFO] [stderr]   [127/391] Building CXX object spirv-tools/source/CMakeFiles/SPIRV-Tools-static.dir/val/validate_atomics.cpp.o
[INFO] [stderr]   [128/391] Building CXX object spirv-tools/source/opt/CMakeFiles/SPIRV-Tools-opt.dir/loop_unswitch_pass.cpp.o
[INFO] [stderr]   FAILED: spirv-tools/source/opt/CMakeFiles/SPIRV-Tools-opt.dir/loop_unswitch_pass.cpp.o 
[INFO] [stderr]   /usr/bin/c++ -DSPIRV_COLOR_TERMINAL -DSPIRV_LINUX -DSPIRV_TIMER_ENABLED -I/opt/rustwide/cargo-home/registry/src/github.com-1ecc6299db9ec823/shaderc-sys-0.7.4/build/spirv-tools -I/opt/rustwide/cargo-home/registry/src/github.com-1ecc6299db9ec823/shaderc-sys-0.7.4/build/spirv-tools/include -I/opt/rustwide/cargo-home/registry/src/github.com-1ecc6299db9ec823/shaderc-sys-0.7.4/build/spirv-headers/include -I/opt/rustwide/target/debug/build/shaderc-sys-7bd204a24c019810/out/build/spirv-tools -ffunction-sections -fdata-sections -fPIC -m64 -O3 -DNDEBUG -fPIC -Wall -Wextra -Wnon-virtual-dtor -Wno-missing-field-initializers -std=c++11 -fno-exceptions -Wno-long-long -Wshadow -Wundef -Wconversion -Wno-sign-conversion -std=gnu++11 -MD -MT spirv-tools/source/opt/CMakeFiles/SPIRV-Tools-opt.dir/loop_unswitch_pass.cpp.o -MF spirv-tools/source/opt/CMakeFiles/SPIRV-Tools-opt.dir/loop_unswitch_pass.cpp.o.d -o spirv-tools/source/opt/CMakeFiles/SPIRV-Tools-opt.dir/loop_unswitch_pass.cpp.o -c /opt/rustwide/cargo-home/registry/src/github.com-1ecc6299db9ec823/shaderc-sys-0.7.4/build/spirv-tools/source/opt/loop_unswitch_pass.cpp
[INFO] [stderr]   /opt/rustwide/cargo-home/registry/src/github.com-1ecc6299db9ec823/shaderc-sys-0.7.4/build/spirv-tools/source/opt/loop_unswitch_pass.cpp:620:1: fatal error: error writing to /tmp/cclFdkZr.s: No space left on device
[INFO] [stderr]     620 | }  // namespace spvtools
[INFO] [stderr]         | ^
[INFO] [stderr]   compilation terminated.
[INFO] [stderr]   ninja: build stopped: subcommand failed.
[INFO] [stderr] 
[INFO] [stderr]   --- stderr
[INFO] [stderr]   CMake Warning:
[INFO] [stderr]     Manually-specified variables were not used by the project:
[INFO] [stderr] 
[INFO] [stderr]       CMAKE_ASM_COMPILER
[INFO] [stderr]       CMAKE_ASM_FLAGS
[INFO] [stderr] 
[INFO] [stderr] 
[INFO] [stderr]   thread 'main' panicked at '
[INFO] [stderr]   command did not execute successfully, got: exit status: 1
[INFO] [stderr] 
[INFO] [stderr]   build script failed, must exit now', /opt/rustwide/cargo-home/registry/src/github.com-1ecc6299db9ec823/cmake-0.1.48/src/lib.rs:975:5
[INFO] [stderr]   stack backtrace:
[INFO] [stderr]      0:     0x5578095d409a - std::backtrace_rs::backtrace::libunwind::trace::ha9053a9a07ca49cb
[INFO] [stderr]                                  at /rustc/84c898d65adf2f39a5a98507f1fe0ce10a2b8dbc/library/std/src/../../backtrace/src/backtrace/libunwind.rs:93:5
[INFO] [stderr]      1:     0x5578095d409a - std::backtrace_rs::backtrace::trace_unsynchronized::h9c2852a457ad564e
[INFO] [stderr]                                  at /rustc/84c898d65adf2f39a5a98507f1fe0ce10a2b8dbc/library/std/src/../../backtrace/src/backtrace/mod.rs:66:5
[INFO] [stderr]      2:     0x5578095d409a - std::sys_common::backtrace::_print_fmt::h457936fbfaa0070f
[INFO] [stderr]                                  at /rustc/84c898d65adf2f39a5a98507f1fe0ce10a2b8dbc/library/std/src/sys_common/backtrace.rs:65:5
[INFO] [stderr]      3:     0x5578095d409a - <std::sys_common::backtrace::_print::DisplayBacktrace as core::fmt::Display>::fmt::h5779d7bf7f70cb0c
[INFO] [stderr]                                  at /rustc/84c898d65adf2f39a5a98507f1fe0ce10a2b8dbc/library/std/src/sys_common/backtrace.rs:44:22
[INFO] [stderr]      4:     0x5578095f43fe - core::fmt::write::h5a4baaff1bcd3eb5
[INFO] [stderr]                                  at /rustc/84c898d65adf2f39a5a98507f1fe0ce10a2b8dbc/library/core/src/fmt/mod.rs:1232:17
[INFO] [stderr]      5:     0x5578095d0fa5 - std::io::Write::write_fmt::h4bc1f301cb9e9cce
[INFO] [stderr]                                  at /rustc/84c898d65adf2f39a5a98507f1fe0ce10a2b8dbc/library/std/src/io/mod.rs:1684:15
[INFO] [stderr]      6:     0x5578095d3e65 - std::sys_common::backtrace::_print::h5fcdc36060f177e8
[INFO] [stderr]                                  at /rustc/84c898d65adf2f39a5a98507f1fe0ce10a2b8dbc/library/std/src/sys_common/backtrace.rs:47:5
[INFO] [stderr]      7:     0x5578095d3e65 - std::sys_common::backtrace::print::h54ca9458b876c8bf
[INFO] [stderr]                                  at /rustc/84c898d65adf2f39a5a98507f1fe0ce10a2b8dbc/library/std/src/sys_common/backtrace.rs:34:9
[INFO] [stderr]      8:     0x5578095d583f - std::panicking::default_hook::{{closure}}::hbe471161c7664ed6
[INFO] [stderr]                                  at /rustc/84c898d65adf2f39a5a98507f1fe0ce10a2b8dbc/library/std/src/panicking.rs:271:22
[INFO] [stderr]      9:     0x5578095d557b - std::panicking::default_hook::ha3500da57aa4ac4f
[INFO] [stderr]                                  at /rustc/84c898d65adf2f39a5a98507f1fe0ce10a2b8dbc/library/std/src/panicking.rs:290:9
[INFO] [stderr]     10:     0x5578095d5de8 - std::panicking::rust_panic_with_hook::h50c09d000dc561d2
[INFO] [stderr]                                  at /rustc/84c898d65adf2f39a5a98507f1fe0ce10a2b8dbc/library/std/src/panicking.rs:692:13
[INFO] [stderr]     11:     0x5578095d5ce9 - std::panicking::begin_panic_handler::{{closure}}::h9e2b2176e00e0d9c
[INFO] [stderr]                                  at /rustc/84c898d65adf2f39a5a98507f1fe0ce10a2b8dbc/library/std/src/panicking.rs:583:13
[INFO] [stderr]     12:     0x5578095d4506 - std::sys_common::backtrace::__rust_end_short_backtrace::h5739b8e512c09d02
[INFO] [stderr]                                  at /rustc/84c898d65adf2f39a5a98507f1fe0ce10a2b8dbc/library/std/src/sys_common/backtrace.rs:150:18
[INFO] [stderr]     13:     0x5578095d59f2 - rust_begin_unwind
[INFO] [stderr]                                  at /rustc/84c898d65adf2f39a5a98507f1fe0ce10a2b8dbc/library/std/src/panicking.rs:579:5
[INFO] [stderr]     14:     0x5578095537a3 - core::panicking::panic_fmt::hf33a1475b4dc5c3e
[INFO] [stderr]                                  at /rustc/84c898d65adf2f39a5a98507f1fe0ce10a2b8dbc/library/core/src/panicking.rs:64:14
[INFO] [stderr]     15:     0x55780956561f - cmake::fail::h00aca0d84517c318
[INFO] [stderr]     16:     0x557809565083 - cmake::run::h90a7542d53f4c0ad
[INFO] [stderr]     17:     0x5578095624c9 - cmake::Config::build::haa4b16a04dd484ab
[INFO] [stderr]     18:     0x557809555b25 - build_script_build::build_shaderc_unix::hdf9dc3ecd6549eaf
[INFO] [stderr]     19:     0x557809558cc6 - build_script_build::main::h1e8f08a5ac0abf76
[INFO] [stderr]     20:     0x55780955ca73 - core::ops::function::FnOnce::call_once::h78da8595b967c6eb
[INFO] [stderr]     21:     0x55780955d4a9 - std::sys_common::backtrace::__rust_begin_short_backtrace::h5c4b1ebc84e32467
[INFO] [stderr]     22:     0x55780955a209 - std::rt::lang_start::{{closure}}::hff9eaacfb525a66a
[INFO] [stderr]     23:     0x5578095cd05c - core::ops::function::impls::<impl core::ops::function::FnOnce<A> for &F>::call_once::hd6efcd3bec896f2c
[INFO] [stderr]                                  at /rustc/84c898d65adf2f39a5a98507f1fe0ce10a2b8dbc/library/core/src/ops/function.rs:287:13
[INFO] [stderr]     24:     0x5578095cd05c - std::panicking::try::do_call::hce04e543bb1f4cbb
[INFO] [stderr]                                  at /rustc/84c898d65adf2f39a5a98507f1fe0ce10a2b8dbc/library/std/src/panicking.rs:487:40
[INFO] [stderr]     25:     0x5578095cd05c - std::panicking::try::h3342dd4e1f680968
[INFO] [stderr]                                  at /rustc/84c898d65adf2f39a5a98507f1fe0ce10a2b8dbc/library/std/src/panicking.rs:451:19
[INFO] [stderr]     26:     0x5578095cd05c - std::panic::catch_unwind::h148ce1e59ac0cee7
[INFO] [stderr]                                  at /rustc/84c898d65adf2f39a5a98507f1fe0ce10a2b8dbc/library/std/src/panic.rs:140:14
[INFO] [stderr]     27:     0x5578095cd05c - std::rt::lang_start_internal::{{closure}}::h25f9dda2057a67fe
[INFO] [stderr]                                  at /rustc/84c898d65adf2f39a5a98507f1fe0ce10a2b8dbc/library/std/src/rt.rs:148:48
[INFO] [stderr]     28:     0x5578095cd05c - std::panicking::try::do_call::h7caaaeaf9401650b
[INFO] [stderr]                                  at /rustc/84c898d65adf2f39a5a98507f1fe0ce10a2b8dbc/library/std/src/panicking.rs:487:40
[INFO] [stderr]     29:     0x5578095cd05c - std::panicking::try::he7d15285746cbbc2
[INFO] [stderr]                                  at /rustc/84c898d65adf2f39a5a98507f1fe0ce10a2b8dbc/library/std/src/panicking.rs:451:19
[INFO] [stderr]     30:     0x5578095cd05c - std::panic::catch_unwind::h89fb4f50c0301fe0
[INFO] [stderr]                                  at /rustc/84c898d65adf2f39a5a98507f1fe0ce10a2b8dbc/library/std/src/panic.rs:140:14
[INFO] [stderr]     31:     0x5578095cd05c - std::rt::lang_start_internal::h078acd489417d3c1
[INFO] [stderr]                                  at /rustc/84c898d65adf2f39a5a98507f1fe0ce10a2b8dbc/library/std/src/rt.rs:148:20
[INFO] [stderr]     32:     0x55780955a1e7 - std::rt::lang_start::h6c24a4ba8bdf8fb4
[INFO] [stderr]     33:     0x5578095592b5 - main
[INFO] [stderr]     34:     0x7feee5d00d90 - <unknown>
[INFO] [stderr]     35:     0x7feee5d00e40 - __libc_start_main
[INFO] [stderr]     36:     0x557809553d25 - _start
[INFO] [stderr]     37:                0x0 - <unknown>
[INFO] [stderr] error: failed to run custom build command for `wayland-protocols v0.29.4`
[INFO] [stderr] note: To improve backtraces for build dependencies, set the CARGO_PROFILE_DEV_BUILD_OVERRIDE_DEBUG=true environment variable to enable debug information generation.
[INFO] [stderr] 
[INFO] [stderr] Caused by:
[INFO] [stderr]   process didn't exit successfully: `/opt/rustwide/target/debug/build/wayland-protocols-21554c42adcbb1b4/build-script-build` (exit status: 101)
[INFO] [stderr]   --- stdout
[INFO] [stderr]   cargo:rerun-if-changed-env=CARGO_FEATURE_CLIENT
[INFO] [stderr]   cargo:rerun-if-changed-env=CARGO_FEATURE_SERVER
[INFO] [stderr]   cargo:rerun-if-changed-env=CARGO_FEATURE_UNSTABLE_PROTOCOLS
[INFO] [stderr]   cargo:rerun-if-changed=./protocols/stable/presentation-time/presentation-time.xml
[INFO] [stderr]   cargo:rerun-if-changed=./protocols/stable/viewporter/viewporter.xml
[INFO] [stderr]   cargo:rerun-if-changed=./protocols/stable/xdg-shell/xdg-shell.xml
[INFO] [stderr]   cargo:rerun-if-changed=./protocols/staging/xdg-activation/xdg-activation-v1.xml
[INFO] [stderr]   cargo:rerun-if-changed=./misc/gtk-primary-selection.xml
[INFO] [stderr]   cargo:rerun-if-changed=./misc/input-method-unstable-v2.xml
[INFO] [stderr]   cargo:rerun-if-changed=./misc/server-decoration.xml
[INFO] [stderr]   cargo:rerun-if-changed=./protocols/unstable/fullscreen-shell/fullscreen-shell-unstable-v1.xml
[INFO] [stderr]   cargo:rerun-if-changed=./protocols/unstable/idle-inhibit/idle-inhibit-unstable-v1.xml
[INFO] [stderr]   cargo:rerun-if-changed=./protocols/unstable/input-method/input-method-unstable-v1.xml
[INFO] [stderr]   cargo:rerun-if-changed=./protocols/unstable/input-timestamps/input-timestamps-unstable-v1.xml
[INFO] [stderr]   cargo:rerun-if-changed=./protocols/unstable/keyboard-shortcuts-inhibit/keyboard-shortcuts-inhibit-unstable-v1.xml
[INFO] [stderr]   cargo:rerun-if-changed=./protocols/unstable/linux-dmabuf/linux-dmabuf-unstable-v1.xml
[INFO] [stderr]   cargo:rerun-if-changed=./protocols/unstable/linux-explicit-synchronization/linux-explicit-synchronization-unstable-v1.xml
[INFO] [stderr]   cargo:rerun-if-changed=./protocols/unstable/pointer-constraints/pointer-constraints-unstable-v1.xml
[INFO] [stderr]   cargo:rerun-if-changed=./protocols/unstable/pointer-gestures/pointer-gestures-unstable-v1.xml
[INFO] [stderr]   cargo:rerun-if-changed=./protocols/unstable/primary-selection/primary-selection-unstable-v1.xml
[INFO] [stderr]   cargo:rerun-if-changed=./protocols/unstable/relative-pointer/relative-pointer-unstable-v1.xml
[INFO] [stderr]   cargo:rerun-if-changed=./protocols/unstable/tablet/tablet-unstable-v1.xml
[INFO] [stderr]   cargo:rerun-if-changed=./protocols/unstable/tablet/tablet-unstable-v2.xml
[INFO] [stderr]   cargo:rerun-if-changed=./protocols/unstable/text-input/text-input-unstable-v1.xml
[INFO] [stderr]   cargo:rerun-if-changed=./protocols/unstable/text-input/text-input-unstable-v3.xml
[INFO] [stderr]   cargo:rerun-if-changed=./protocols/unstable/xdg-decoration/xdg-decoration-unstable-v1.xml
[INFO] [stderr]   cargo:rerun-if-changed=./protocols/unstable/xdg-foreign/xdg-foreign-unstable-v1.xml
[INFO] [stderr]   cargo:rerun-if-changed=./protocols/unstable/xdg-foreign/xdg-foreign-unstable-v2.xml
[INFO] [stderr] 
[INFO] [stderr]   --- stderr
[INFO] [stderr]   error: 'rustfmt' is not installed for the toolchain '1.69.0-x86_64-unknown-linux-gnu'
[INFO] [stderr]   To install, run `rustup component add rustfmt --toolchain 1.69.0-x86_64-unknown-linux-gnu`
[INFO] [stderr]   error: 'rustfmt' is not installed for the toolchain '1.69.0-x86_64-unknown-linux-gnu'
[INFO] [stderr]   To install, run `rustup component add rustfmt --toolchain 1.69.0-x86_64-unknown-linux-gnu`
[INFO] [stderr]   error: 'rustfmt' is not installed for the toolchain '1.69.0-x86_64-unknown-linux-gnu'
[INFO] [stderr]   To install, run `rustup component add rustfmt --toolchain 1.69.0-x86_64-unknown-linux-gnu`
[INFO] [stderr]   error: 'rustfmt' is not installed for the toolchain '1.69.0-x86_64-unknown-linux-gnu'
[INFO] [stderr]   To install, run `rustup component add rustfmt --toolchain 1.69.0-x86_64-unknown-linux-gnu`
[INFO] [stderr]   error: 'rustfmt' is not installed for the toolchain '1.69.0-x86_64-unknown-linux-gnu'
[INFO] [stderr]   To install, run `rustup component add rustfmt --toolchain 1.69.0-x86_64-unknown-linux-gnu`
[INFO] [stderr]   error: 'rustfmt' is not installed for the toolchain '1.69.0-x86_64-unknown-linux-gnu'
[INFO] [stderr]   To install, run `rustup component add rustfmt --toolchain 1.69.0-x86_64-unknown-linux-gnu`
[INFO] [stderr]   error: 'rustfmt' is not installed for the toolchain '1.69.0-x86_64-unknown-linux-gnu'
[INFO] [stderr]   To install, run `rustup component add rustfmt --toolchain 1.69.0-x86_64-unknown-linux-gnu`
[INFO] [stderr]   error: 'rustfmt' is not installed for the toolchain '1.69.0-x86_64-unknown-linux-gnu'
[INFO] [stderr]   To install, run `rustup component add rustfmt --toolchain 1.69.0-x86_64-unknown-linux-gnu`
[INFO] [stderr]   error: 'rustfmt' is not installed for the toolchain '1.69.0-x86_64-unknown-linux-gnu'
[INFO] [stderr]   To install, run `rustup component add rustfmt --toolchain 1.69.0-x86_64-unknown-linux-gnu`
[INFO] [stderr]   error: 'rustfmt' is not installed for the toolchain '1.69.0-x86_64-unknown-linux-gnu'
[INFO] [stderr]   To install, run `rustup component add rustfmt --toolchain 1.69.0-x86_64-unknown-linux-gnu`
[INFO] [stderr]   error: 'rustfmt' is not installed for the toolchain '1.69.0-x86_64-unknown-linux-gnu'
[INFO] [stderr]   To install, run `rustup component add rustfmt --toolchain 1.69.0-x86_64-unknown-linux-gnu`
[INFO] [stderr]   error: 'rustfmt' is not installed for the toolchain '1.69.0-x86_64-unknown-linux-gnu'
[INFO] [stderr]   To install, run `rustup component add rustfmt --toolchain 1.69.0-x86_64-unknown-linux-gnu`
[INFO] [stderr]   error: 'rustfmt' is not installed for the toolchain '1.69.0-x86_64-unknown-linux-gnu'
[INFO] [stderr]   To install, run `rustup component add rustfmt --toolchain 1.69.0-x86_64-unknown-linux-gnu`
[INFO] [stderr]   error: 'rustfmt' is not installed for the toolchain '1.69.0-x86_64-unknown-linux-gnu'
[INFO] [stderr]   To install, run `rustup component add rustfmt --toolchain 1.69.0-x86_64-unknown-linux-gnu`
[INFO] [stderr]   error: 'rustfmt' is not installed for the toolchain '1.69.0-x86_64-unknown-linux-gnu'
[INFO] [stderr]   To install, run `rustup component add rustfmt --toolchain 1.69.0-x86_64-unknown-linux-gnu`
[INFO] [stderr]   error: 'rustfmt' is not installed for the toolchain '1.69.0-x86_64-unknown-linux-gnu'
[INFO] [stderr]   To install, run `rustup component add rustfmt --toolchain 1.69.0-x86_64-unknown-linux-gnu`
[INFO] [stderr]   error: 'rustfmt' is not installed for the toolchain '1.69.0-x86_64-unknown-linux-gnu'
[INFO] [stderr]   To install, run `rustup component add rustfmt --toolchain 1.69.0-x86_64-unknown-linux-gnu`
[INFO] [stderr]   error: 'rustfmt' is not installed for the toolchain '1.69.0-x86_64-unknown-linux-gnu'
[INFO] [stderr]   To install, run `rustup component add rustfmt --toolchain 1.69.0-x86_64-unknown-linux-gnu`
[INFO] [stderr]   error: 'rustfmt' is not installed for the toolchain '1.69.0-x86_64-unknown-linux-gnu'
[INFO] [stderr]   To install, run `rustup component add rustfmt --toolchain 1.69.0-x86_64-unknown-linux-gnu`
[INFO] [stderr]   error: 'rustfmt' is not installed for the toolchain '1.69.0-x86_64-unknown-linux-gnu'
[INFO] [stderr]   To install, run `rustup component add rustfmt --toolchain 1.69.0-x86_64-unknown-linux-gnu`
[INFO] [stderr]   error: 'rustfmt' is not installed for the toolchain '1.69.0-x86_64-unknown-linux-gnu'
[INFO] [stderr]   To install, run `rustup component add rustfmt --toolchain 1.69.0-x86_64-unknown-linux-gnu`
[INFO] [stderr]   error: 'rustfmt' is not installed for the toolchain '1.69.0-x86_64-unknown-linux-gnu'
[INFO] [stderr]   To install, run `rustup component add rustfmt --toolchain 1.69.0-x86_64-unknown-linux-gnu`
[INFO] [stderr]   error: 'rustfmt' is not installed for the toolchain '1.69.0-x86_64-unknown-linux-gnu'
[INFO] [stderr]   To install, run `rustup component add rustfmt --toolchain 1.69.0-x86_64-unknown-linux-gnu`
[INFO] [stderr]   error: 'rustfmt' is not installed for the toolchain '1.69.0-x86_64-unknown-linux-gnu'
[INFO] [stderr]   To install, run `rustup component add rustfmt --toolchain 1.69.0-x86_64-unknown-linux-gnu`
[INFO] [stderr]   thread 'main' panicked at 'called `Result::unwrap()` on an `Err` value: Os { code: 28, kind: StorageFull, message: "No space left on device" }', /opt/rustwide/cargo-home/registry/src/github.com-1ecc6299db9ec823/wayland-scanner-0.29.4/src/lib.rs:156:40
[INFO] [stderr]   stack backtrace:
[INFO] [stderr]      0:     0x557c5ac0caba - std::backtrace_rs::backtrace::libunwind::trace::ha9053a9a07ca49cb
[INFO] [stderr]                                  at /rustc/84c898d65adf2f39a5a98507f1fe0ce10a2b8dbc/library/std/src/../../backtrace/src/backtrace/libunwind.rs:93:5
[INFO] [stderr]      1:     0x557c5ac0caba - std::backtrace_rs::backtrace::trace_unsynchronized::h9c2852a457ad564e
[INFO] [stderr]                                  at /rustc/84c898d65adf2f39a5a98507f1fe0ce10a2b8dbc/library/std/src/../../backtrace/src/backtrace/mod.rs:66:5
[INFO] [stderr]      2:     0x557c5ac0caba - std::sys_common::backtrace::_print_fmt::h457936fbfaa0070f
[INFO] [stderr]                                  at /rustc/84c898d65adf2f39a5a98507f1fe0ce10a2b8dbc/library/std/src/sys_common/backtrace.rs:65:5
[INFO] [stderr]      3:     0x557c5ac0caba - <std::sys_common::backtrace::_print::DisplayBacktrace as core::fmt::Display>::fmt::h5779d7bf7f70cb0c
[INFO] [stderr]                                  at /rustc/84c898d65adf2f39a5a98507f1fe0ce10a2b8dbc/library/std/src/sys_common/backtrace.rs:44:22
[INFO] [stderr]      4:     0x557c5ac2a74e - core::fmt::write::h5a4baaff1bcd3eb5
[INFO] [stderr]                                  at /rustc/84c898d65adf2f39a5a98507f1fe0ce10a2b8dbc/library/core/src/fmt/mod.rs:1232:17
[INFO] [stderr]      5:     0x557c5ac0a825 - std::io::Write::write_fmt::h4bc1f301cb9e9cce
[INFO] [stderr]                                  at /rustc/84c898d65adf2f39a5a98507f1fe0ce10a2b8dbc/library/std/src/io/mod.rs:1684:15
[INFO] [stderr]      6:     0x557c5ac0c885 - std::sys_common::backtrace::_print::h5fcdc36060f177e8
[INFO] [stderr]                                  at /rustc/84c898d65adf2f39a5a98507f1fe0ce10a2b8dbc/library/std/src/sys_common/backtrace.rs:47:5
[INFO] [stderr]      7:     0x557c5ac0c885 - std::sys_common::backtrace::print::h54ca9458b876c8bf
[INFO] [stderr]                                  at /rustc/84c898d65adf2f39a5a98507f1fe0ce10a2b8dbc/library/std/src/sys_common/backtrace.rs:34:9
[INFO] [stderr]      8:     0x557c5ac0dedf - std::panicking::default_hook::{{closure}}::hbe471161c7664ed6
[INFO] [stderr]                                  at /rustc/84c898d65adf2f39a5a98507f1fe0ce10a2b8dbc/library/std/src/panicking.rs:271:22
[INFO] [stderr]      9:     0x557c5ac0dc1b - std::panicking::default_hook::ha3500da57aa4ac4f
[INFO] [stderr]                                  at /rustc/84c898d65adf2f39a5a98507f1fe0ce10a2b8dbc/library/std/src/panicking.rs:290:9
[INFO] [stderr]     10:     0x557c5ac0e488 - std::panicking::rust_panic_with_hook::h50c09d000dc561d2
[INFO] [stderr]                                  at /rustc/84c898d65adf2f39a5a98507f1fe0ce10a2b8dbc/library/std/src/panicking.rs:692:13
[INFO] [stderr]     11:     0x557c5ac0e389 - std::panicking::begin_panic_handler::{{closure}}::h9e2b2176e00e0d9c
[INFO] [stderr]                                  at /rustc/84c898d65adf2f39a5a98507f1fe0ce10a2b8dbc/library/std/src/panicking.rs:583:13
[INFO] [stderr]     12:     0x557c5ac0cf26 - std::sys_common::backtrace::__rust_end_short_backtrace::h5739b8e512c09d02
[INFO] [stderr]                                  at /rustc/84c898d65adf2f39a5a98507f1fe0ce10a2b8dbc/library/std/src/sys_common/backtrace.rs:150:18
[INFO] [stderr]     13:     0x557c5ac0e092 - rust_begin_unwind
[INFO] [stderr]                                  at /rustc/84c898d65adf2f39a5a98507f1fe0ce10a2b8dbc/library/std/src/panicking.rs:579:5
[INFO] [stderr]     14:     0x557c5ab3ddf3 - core::panicking::panic_fmt::hf33a1475b4dc5c3e
[INFO] [stderr]                                  at /rustc/84c898d65adf2f39a5a98507f1fe0ce10a2b8dbc/library/core/src/panicking.rs:64:14
[INFO] [stderr]     15:     0x557c5ab3e1e3 - core::result::unwrap_failed::hdff5465d74574b44
[INFO] [stderr]                                  at /rustc/84c898d65adf2f39a5a98507f1fe0ce10a2b8dbc/library/core/src/result.rs:1750:5
[INFO] [stderr]     16:     0x557c5ab4e18b - core::result::Result<T,E>::unwrap::h1d1f62d7829030b3
[INFO] [stderr]     17:     0x557c5ab5192d - wayland_scanner::generate_code_with_destructor_events::hb5d2cbfdd2d24272
[INFO] [stderr]     18:     0x557c5ab40e8d - build_script_build::generate_protocol::h460ae84ec473e95b
[INFO] [stderr]     19:     0x557c5ab42a70 - build_script_build::main::h75e97ceb1a6609f6
[INFO] [stderr]     20:     0x557c5ab4fdd3 - core::ops::function::FnOnce::call_once::h7db9174e736d3511
[INFO] [stderr]     21:     0x557c5ab44419 - std::sys_common::backtrace::__rust_begin_short_backtrace::h4d87d17724b0d8ad
[INFO] [stderr]     22:     0x557c5ab436b9 - std::rt::lang_start::{{closure}}::h5f98ceb98caf4979
[INFO] [stderr]     23:     0x557c5ac0784c - core::ops::function::impls::<impl core::ops::function::FnOnce<A> for &F>::call_once::hd6efcd3bec896f2c
[INFO] [stderr]                                  at /rustc/84c898d65adf2f39a5a98507f1fe0ce10a2b8dbc/library/core/src/ops/function.rs:287:13
[INFO] [stderr]     24:     0x557c5ac0784c - std::panicking::try::do_call::hce04e543bb1f4cbb
[INFO] [stderr]                                  at /rustc/84c898d65adf2f39a5a98507f1fe0ce10a2b8dbc/library/std/src/panicking.rs:487:40
[INFO] [stderr]     25:     0x557c5ac0784c - std::panicking::try::h3342dd4e1f680968
[INFO] [stderr]                                  at /rustc/84c898d65adf2f39a5a98507f1fe0ce10a2b8dbc/library/std/src/panicking.rs:451:19
[INFO] [stderr]     26:     0x557c5ac0784c - std::panic::catch_unwind::h148ce1e59ac0cee7
[INFO] [stderr]                                  at /rustc/84c898d65adf2f39a5a98507f1fe0ce10a2b8dbc/library/std/src/panic.rs:140:14
[INFO] [stderr]     27:     0x557c5ac0784c - std::rt::lang_start_internal::{{closure}}::h25f9dda2057a67fe
[INFO] [stderr]                                  at /rustc/84c898d65adf2f39a5a98507f1fe0ce10a2b8dbc/library/std/src/rt.rs:148:48
[INFO] [stderr]     28:     0x557c5ac0784c - std::panicking::try::do_call::h7caaaeaf9401650b
[INFO] [stderr]                                  at /rustc/84c898d65adf2f39a5a98507f1fe0ce10a2b8dbc/library/std/src/panicking.rs:487:40
[INFO] [stderr]     29:     0x557c5ac0784c - std::panicking::try::he7d15285746cbbc2
[INFO] [stderr]                                  at /rustc/84c898d65adf2f39a5a98507f1fe0ce10a2b8dbc/library/std/src/panicking.rs:451:19
[INFO] [stderr]     30:     0x557c5ac0784c - std::panic::catch_unwind::h89fb4f50c0301fe0
[INFO] [stderr]                                  at /rustc/84c898d65adf2f39a5a98507f1fe0ce10a2b8dbc/library/std/src/panic.rs:140:14
[INFO] [stderr]     31:     0x557c5ac0784c - std::rt::lang_start_internal::h078acd489417d3c1
[INFO] [stderr]                                  at /rustc/84c898d65adf2f39a5a98507f1fe0ce10a2b8dbc/library/std/src/rt.rs:148:20
[INFO] [stderr]     32:     0x557c5ab43697 - std::rt::lang_start::hf450a205a7a98519
[INFO] [stderr]     33:     0x557c5ab43015 - main
[INFO] [stderr]     34:     0x7f8e0dcd7d90 - <unknown>
[INFO] [stderr]     35:     0x7f8e0dcd7e40 - __libc_start_main
[INFO] [stderr]     36:     0x557c5ab3e3c5 - _start
[INFO] [stderr]     37:                0x0 - <unknown>
[INFO] running `Command { std: "docker" "inspect" "7626c613ddd27db31135057ed1def68f8072ad3e85d21c987b51f2d14484d8e0", kill_on_drop: false }`
[INFO] running `Command { std: "docker" "rm" "-f" "7626c613ddd27db31135057ed1def68f8072ad3e85d21c987b51f2d14484d8e0", kill_on_drop: false }`
[INFO] [stdout] 7626c613ddd27db31135057ed1def68f8072ad3e85d21c987b51f2d14484d8e0
