[INFO] cloning repository https://github.com/dovahcrow/voipbits
[INFO] running `Command { std: "git" "-c" "credential.helper=" "-c" "credential.helper=/workspace/cargo-home/bin/git-credential-null" "clone" "--bare" "https://github.com/dovahcrow/voipbits" "/workspace/cache/git-repos/https%3A%2F%2Fgithub.com%2Fdovahcrow%2Fvoipbits", kill_on_drop: false }`
[INFO] [stderr] Cloning into bare repository '/workspace/cache/git-repos/https%3A%2F%2Fgithub.com%2Fdovahcrow%2Fvoipbits'...
[INFO] running `Command { std: "git" "rev-parse" "HEAD", kill_on_drop: false }`
[INFO] [stdout] 12c841baf21ff7f74197bf6e8771033a364fd13a
[INFO] testing dovahcrow/voipbits against 1.69.0 for beta-1.70-1
[INFO] running `Command { std: "git" "clone" "/workspace/cache/git-repos/https%3A%2F%2Fgithub.com%2Fdovahcrow%2Fvoipbits" "/workspace/builds/worker-5-tc1/source", kill_on_drop: false }`
[INFO] [stderr] Cloning into '/workspace/builds/worker-5-tc1/source'...
[INFO] [stderr] done.
[INFO] validating manifest of git repo https://github.com/dovahcrow/voipbits on toolchain 1.69.0
[INFO] running `Command { std: CARGO_HOME="/workspace/cargo-home" RUSTUP_HOME="/workspace/rustup-home" "/workspace/cargo-home/bin/cargo" "+1.69.0" "metadata" "--manifest-path" "Cargo.toml" "--no-deps", kill_on_drop: false }`
[INFO] started tweaking git repo https://github.com/dovahcrow/voipbits
[INFO] finished tweaking git repo https://github.com/dovahcrow/voipbits
[INFO] tweaked toml for git repo https://github.com/dovahcrow/voipbits written to /workspace/builds/worker-5-tc1/source/Cargo.toml
[INFO] crate git repo https://github.com/dovahcrow/voipbits already has a lockfile, it will not be regenerated
[INFO] running `Command { std: CARGO_HOME="/workspace/cargo-home" RUSTUP_HOME="/workspace/rustup-home" "/workspace/cargo-home/bin/cargo" "+1.69.0" "fetch" "--manifest-path" "Cargo.toml", kill_on_drop: false }`
[INFO] [stderr]     Updating git repository `https://github.com/dovahcrow/lambda-web`
[INFO] [stderr]  Downloading crates ...
[INFO] [stderr]   Downloaded lambda_runtime v0.5.1
[INFO] [stderr]   Downloaded aws-types v0.10.1
[INFO] [stderr]   Downloaded aws-smithy-json v0.40.2
[INFO] [stderr]   Downloaded aws-http v0.10.1
[INFO] [stderr]   Downloaded aws-sigv4 v0.10.1
[INFO] [stderr]   Downloaded aws-endpoint v0.10.1
[INFO] [stderr]   Downloaded aws-smithy-query v0.40.2
[INFO] [stderr]   Downloaded aws-config v0.10.1
[INFO] [stderr]   Downloaded aws-smithy-xml v0.40.2
[INFO] [stderr]   Downloaded aws-sdk-sts v0.10.1
[INFO] [stderr]   Downloaded aws-sdk-sso v0.10.1
[INFO] [stderr]   Downloaded urlencoding v2.1.0
[INFO] [stderr]   Downloaded aws-smithy-http-tower v0.40.2
[INFO] [stderr]   Downloaded aws-sig-auth v0.10.1
[INFO] [stderr]   Downloaded aws-smithy-http v0.40.2
[INFO] [stderr]   Downloaded aws-smithy-client v0.40.2
[INFO] [stderr]   Downloaded aws-smithy-async v0.40.2
[INFO] [stderr]   Downloaded rsa v0.3.0
[INFO] [stderr]   Downloaded aws-sdk-dynamodb v0.10.1
[INFO] [stderr]   Downloaded num-bigint-dig v0.6.1
[INFO] [stderr]   Downloaded aws-smithy-types v0.40.2
[INFO] [stderr]   Downloaded axum-core v0.2.2
[INFO] [stderr]   Downloaded axum v0.5.3
[INFO] [stderr]   Downloaded lambda_runtime_api_client v0.5.0
[INFO] running `Command { std: "docker" "create" "-v" "/var/lib/crater-agent-workspace/builds/worker-5-tc1/target:/opt/rustwide/target:rw,Z" "-v" "/var/lib/crater-agent-workspace/builds/worker-5-tc1/source:/opt/rustwide/workdir:ro,Z" "-v" "/var/lib/crater-agent-workspace/cargo-home:/opt/rustwide/cargo-home:ro,Z" "-v" "/var/lib/crater-agent-workspace/rustup-home:/opt/rustwide/rustup-home:ro,Z" "-e" "SOURCE_DIR=/opt/rustwide/workdir" "-e" "CARGO_TARGET_DIR=/opt/rustwide/target" "-e" "CARGO_HOME=/opt/rustwide/cargo-home" "-e" "RUSTUP_HOME=/opt/rustwide/rustup-home" "-w" "/opt/rustwide/workdir" "-m" "1610612736" "--user" "0:0" "--network" "none" "ghcr.io/rust-lang/crates-build-env/linux@sha256:5ff2268d62e97bff2cde7d5815dd6ed5b47097566f13b8d0ca110b04b60e07ed" "/opt/rustwide/cargo-home/bin/cargo" "+1.69.0" "metadata" "--no-deps" "--format-version=1", kill_on_drop: false }`
[INFO] [stdout] b25ae53d720d66aa53081aaed5b81c97a3d614cf38c362e667fa1035bd105358
[INFO] running `Command { std: "docker" "start" "-a" "b25ae53d720d66aa53081aaed5b81c97a3d614cf38c362e667fa1035bd105358", kill_on_drop: false }`
[INFO] running `Command { std: "docker" "inspect" "b25ae53d720d66aa53081aaed5b81c97a3d614cf38c362e667fa1035bd105358", kill_on_drop: false }`
[INFO] running `Command { std: "docker" "rm" "-f" "b25ae53d720d66aa53081aaed5b81c97a3d614cf38c362e667fa1035bd105358", kill_on_drop: false }`
[INFO] [stdout] b25ae53d720d66aa53081aaed5b81c97a3d614cf38c362e667fa1035bd105358
[INFO] running `Command { std: "docker" "create" "-v" "/var/lib/crater-agent-workspace/builds/worker-5-tc1/target:/opt/rustwide/target:rw,Z" "-v" "/var/lib/crater-agent-workspace/builds/worker-5-tc1/source:/opt/rustwide/workdir:ro,Z" "-v" "/var/lib/crater-agent-workspace/cargo-home:/opt/rustwide/cargo-home:ro,Z" "-v" "/var/lib/crater-agent-workspace/rustup-home:/opt/rustwide/rustup-home:ro,Z" "-e" "SOURCE_DIR=/opt/rustwide/workdir" "-e" "CARGO_TARGET_DIR=/opt/rustwide/target" "-e" "CARGO_INCREMENTAL=0" "-e" "RUST_BACKTRACE=full" "-e" "RUSTFLAGS=--cap-lints=warn" "-e" "RUSTDOCFLAGS=--cap-lints=warn" "-e" "CARGO_HOME=/opt/rustwide/cargo-home" "-e" "RUSTUP_HOME=/opt/rustwide/rustup-home" "-w" "/opt/rustwide/workdir" "-m" "1610612736" "--user" "0:0" "--network" "none" "ghcr.io/rust-lang/crates-build-env/linux@sha256:5ff2268d62e97bff2cde7d5815dd6ed5b47097566f13b8d0ca110b04b60e07ed" "/opt/rustwide/cargo-home/bin/cargo" "+1.69.0" "build" "--frozen" "--message-format=json", kill_on_drop: false }`
[INFO] [stdout] 9e5733ae8169888ecf269825c1bc85de19e3d24925375ff97d7265f057550a89
[INFO] running `Command { std: "docker" "start" "-a" "9e5733ae8169888ecf269825c1bc85de19e3d24925375ff97d7265f057550a89", kill_on_drop: false }`
[INFO] [stderr]    Compiling libc v0.2.124
[INFO] [stderr]    Compiling proc-macro2 v1.0.37
[INFO] [stderr]    Compiling unicode-xid v0.2.2
[INFO] [stderr]    Compiling autocfg v1.1.0
[INFO] [stderr]    Compiling syn v1.0.91
[INFO] [stderr]    Compiling cfg-if v1.0.0
[INFO] [stderr]    Compiling memchr v2.4.1
[INFO] [stderr]    Compiling spin v0.5.2
[INFO] [stderr]    Compiling once_cell v1.10.0
[INFO] [stderr]    Compiling log v0.4.16
[INFO] [stderr]    Compiling pin-project-lite v0.2.8
[INFO] [stderr]    Compiling lazy_static v1.4.0
[INFO] [stderr]    Compiling smallvec v1.8.0
[INFO] [stderr]    Compiling futures-core v0.3.21
[INFO] [stderr]    Compiling bytes v1.1.0
[INFO] [stderr]    Compiling lock_api v0.4.7
[INFO] [stderr]    Compiling parking_lot_core v0.9.2
[INFO] [stderr]    Compiling num-traits v0.2.14
[INFO] [stderr]    Compiling scopeguard v1.1.0
[INFO] [stderr]    Compiling quote v1.0.18
[INFO] [stderr]    Compiling itoa v1.0.1
[INFO] [stderr]    Compiling futures-sink v0.3.21
[INFO] [stderr]    Compiling signal-hook-registry v1.4.0
[INFO] [stderr]    Compiling num_cpus v1.13.1
[INFO] [stderr]    Compiling mio v0.8.2
[INFO] [stderr]    Compiling socket2 v0.4.4
[INFO] [stderr]    Compiling parking_lot v0.12.0
[INFO] [stderr]    Compiling futures-channel v0.3.21
[INFO] [stderr]    Compiling cc v1.0.73
[INFO] [stderr]    Compiling futures-task v0.3.21
[INFO] [stderr]    Compiling futures-util v0.3.21
[INFO] [stderr]    Compiling tracing-core v0.1.26
[INFO] [stderr]    Compiling futures-io v0.3.21
[INFO] [stderr]    Compiling pin-utils v0.1.0
[INFO] [stderr]    Compiling slab v0.4.6
[INFO] [stderr]    Compiling ppv-lite86 v0.2.16
[INFO] [stderr]    Compiling version_check v0.9.4
[INFO] [stderr]    Compiling num-integer v0.1.44
[INFO] [stderr]    Compiling indexmap v1.8.1
[INFO] [stderr]    Compiling fnv v1.0.7
[INFO] [stderr]    Compiling http v0.2.6
[INFO] [stderr]    Compiling getrandom v0.2.6
[INFO] [stderr]    Compiling hashbrown v0.11.2
[INFO] [stderr]    Compiling rand_core v0.6.3
[INFO] [stderr]    Compiling base64 v0.13.0
[INFO] [stderr]    Compiling httparse v1.7.0
[INFO] [stderr]    Compiling rand_chacha v0.3.1
[INFO] [stderr]    Compiling ryu v1.0.9
[INFO] [stderr]    Compiling tower-service v0.3.1
[INFO] [stderr]    Compiling try-lock v0.2.3
[INFO] [stderr]    Compiling httpdate v1.0.2
[INFO] [stderr]    Compiling want v0.3.0
[INFO] [stderr]    Compiling rand v0.8.5
[INFO] [stderr]    Compiling ring v0.16.20
[INFO] [stderr]    Compiling crc32fast v1.3.2
[INFO] [stderr]    Compiling crossbeam-utils v0.8.8
[INFO] [stderr]    Compiling adler v1.0.2
[INFO] [stderr]    Compiling percent-encoding v2.1.0
[INFO] [stderr]    Compiling byteorder v1.4.3
[INFO] [stderr]    Compiling regex-syntax v0.6.25
[INFO] [stderr]    Compiling untrusted v0.7.1
[INFO] [stderr]    Compiling http-body v0.4.4
[INFO] [stderr]    Compiling miniz_oxide v0.5.1
[INFO] [stderr]    Compiling minimal-lexical v0.2.1
[INFO] [stderr]    Compiling aho-corasick v0.7.18
[INFO] [stderr]    Compiling flate2 v1.0.23
[INFO] [stderr]    Compiling nom v7.1.1
[INFO] [stderr]    Compiling crossbeam-channel v0.5.4
[INFO] [stderr]    Compiling num_threads v0.1.5
[INFO] [stderr]    Compiling serde_derive v1.0.136
[INFO] [stderr]    Compiling time v0.3.9
[INFO] [stderr]    Compiling openssl-probe v0.1.5
[INFO] [stderr]    Compiling regex v1.5.5
[INFO] [stderr]    Compiling tower-layer v0.3.1
[INFO] [stderr]    Compiling serde v1.0.136
[INFO] [stderr]    Compiling either v1.6.1
[INFO] [stderr]    Compiling aws-smithy-types v0.40.2
[INFO] [stderr]    Compiling semver v1.0.7
[INFO] [stderr]    Compiling hdrhistogram v7.5.0
[INFO] [stderr]    Compiling sct v0.6.1
[INFO] [stderr]    Compiling webpki v0.21.4
[INFO] [stderr]    Compiling bytes-utils v0.1.2
[INFO] [stderr]    Compiling synstructure v0.12.6
[INFO] [stderr]    Compiling rustls v0.19.1
[INFO] [stderr]    Compiling matches v0.1.9
[INFO] [stderr]    Compiling form_urlencoded v1.0.1
[INFO] [stderr]    Compiling ct-logs v0.8.0
[INFO] [stderr]    Compiling uncased v0.9.6
[INFO] [stderr]    Compiling pkg-config v0.3.25
[INFO] [stderr]    Compiling bitflags v1.3.2
[INFO] [stderr]    Compiling rustc_version v0.4.0
[INFO] [stderr]    Compiling fastrand v1.7.0
[INFO] [stderr]    Compiling siphasher v0.3.10
[INFO] [stderr]    Compiling tokio-macros v1.7.0
[INFO] [stderr]    Compiling futures-macro v0.3.21
[INFO] [stderr]    Compiling tracing-attributes v0.1.20
[INFO] [stderr]    Compiling pin-project-internal v1.0.10
[INFO] [stderr]    Compiling zeroize_derive v1.3.2
[INFO] [stderr]    Compiling tokio v1.17.0
[INFO] [stderr]    Compiling zeroize v1.5.4
[INFO] [stderr]    Compiling rustls-native-certs v0.5.0
[INFO] [stderr]    Compiling openssl-sys v0.9.72
[INFO] [stderr]    Compiling aws-types v0.10.1
[INFO] [stderr]    Compiling pin-project v1.0.10
[INFO] [stderr]    Compiling thiserror-impl v1.0.30
[INFO] [stderr]    Compiling phf_shared v0.10.0
[INFO] [stderr]    Compiling tracing v0.1.34
[INFO] [stderr]    Compiling getrandom v0.1.16
[INFO] [stderr]    Compiling serde_json v1.0.79
[INFO] [stderr]    Compiling typenum v1.15.0
[INFO] [stderr]    Compiling generic-array v0.14.5
[INFO] [stderr]    Compiling hex v0.4.3
[INFO] [stderr]    Compiling foreign-types-shared v0.1.1
[INFO] [stderr]    Compiling openssl v0.10.38
[INFO] [stderr]    Compiling foreign-types v0.3.2
[INFO] [stderr]    Compiling phf_generator v0.10.0
[INFO] [stderr]    Compiling thiserror v1.0.30
[INFO] [stderr]    Compiling proc-macro-error-attr v1.0.4
[INFO] [stderr]    Compiling time v0.1.43
[INFO] [stderr]    Compiling tinyvec_macros v0.1.0
[INFO] [stderr]    Compiling native-tls v0.2.10
[INFO] [stderr]    Compiling tinyvec v1.6.0
[INFO] [stderr]    Compiling phf_codegen v0.10.0
[INFO] [stderr]    Compiling rand_core v0.5.1
[INFO] [stderr]    Compiling phf v0.10.1
[INFO] [stderr] thread 'rustc' panicked at 'assertion failed: pos.get() <= self.position()', compiler/rustc_metadata/src/rmeta/encoder.rs:435:9
[INFO] [stderr] error: could not parse/generate dep info at: /opt/rustwide/target/debug/deps/phf-2d443d7b7eaf9638.d
[INFO] [stderr] 
[INFO] [stderr] Caused by:
[INFO] [stderr]   failed to write `/opt/rustwide/target/debug/.fingerprint/phf-2d443d7b7eaf9638/dep-lib-phf`
[INFO] [stderr] 
[INFO] [stderr] Caused by:
[INFO] [stderr]   No space left on device (os error 28)
[INFO] [stderr] warning: build failed, waiting for other jobs to finish...
[INFO] [stderr] thread 'rustc' panicked at 'assertion failed: pos.get() <= self.position()', compiler/rustc_metadata/src/rmeta/encoder.rs:435:9
[INFO] [stderr] LLVM ERROR: IO failure on output stream: No space left on device
[INFO] [stderr] error: could not compile `rand_core`
[INFO] [stderr] thread 'rustc' panicked at 'assertion failed: pos.get() <= self.position()', compiler/rustc_metadata/src/rmeta/encoder.rs:435:9
[INFO] [stderr] error: could not compile `generic-array`
[INFO] [stderr] error: could not compile `futures-util`
[INFO] [stderr] error: could not compile `tokio`
[INFO] [stderr] LLVM ERROR: IO failure on output stream: No space left on device
[INFO] [stderr] error: could not compile `openssl`
[INFO] [stdout] error: couldn't create a temp dir: No space left on device (os error 28) at path "/opt/rustwide/target/debug/deps/rmetagcHv6s"
[INFO] [stdout] 
[INFO] [stdout] 
[INFO] [stderr] error: could not compile `serde` due to previous error
[INFO] running `Command { std: "docker" "inspect" "9e5733ae8169888ecf269825c1bc85de19e3d24925375ff97d7265f057550a89", kill_on_drop: false }`
[INFO] running `Command { std: "docker" "rm" "-f" "9e5733ae8169888ecf269825c1bc85de19e3d24925375ff97d7265f057550a89", kill_on_drop: false }`
[INFO] [stdout] 9e5733ae8169888ecf269825c1bc85de19e3d24925375ff97d7265f057550a89
