[INFO] cloning repository https://github.com/darren-reddick/rusty-recordstore-api
[INFO] running `Command { std: "git" "-c" "credential.helper=" "-c" "credential.helper=/workspace/cargo-home/bin/git-credential-null" "clone" "--bare" "https://github.com/darren-reddick/rusty-recordstore-api" "/workspace/cache/git-repos/https%3A%2F%2Fgithub.com%2Fdarren-reddick%2Frusty-recordstore-api", kill_on_drop: false }`
[INFO] [stderr] Cloning into bare repository '/workspace/cache/git-repos/https%3A%2F%2Fgithub.com%2Fdarren-reddick%2Frusty-recordstore-api'...
[INFO] running `Command { std: "git" "rev-parse" "HEAD", kill_on_drop: false }`
[INFO] [stdout] 7dc3ac3c8620857beca74decb95ef77b5a4450a3
[INFO] testing darren-reddick/rusty-recordstore-api against 1.69.0 for beta-1.70-1
[INFO] running `Command { std: "git" "clone" "/workspace/cache/git-repos/https%3A%2F%2Fgithub.com%2Fdarren-reddick%2Frusty-recordstore-api" "/workspace/builds/worker-3-tc1/source", kill_on_drop: false }`
[INFO] [stderr] Cloning into '/workspace/builds/worker-3-tc1/source'...
[INFO] [stderr] done.
[INFO] validating manifest of git repo https://github.com/darren-reddick/rusty-recordstore-api on toolchain 1.69.0
[INFO] running `Command { std: CARGO_HOME="/workspace/cargo-home" RUSTUP_HOME="/workspace/rustup-home" "/workspace/cargo-home/bin/cargo" "+1.69.0" "metadata" "--manifest-path" "Cargo.toml" "--no-deps", kill_on_drop: false }`
[INFO] started tweaking git repo https://github.com/darren-reddick/rusty-recordstore-api
[INFO] finished tweaking git repo https://github.com/darren-reddick/rusty-recordstore-api
[INFO] tweaked toml for git repo https://github.com/darren-reddick/rusty-recordstore-api written to /workspace/builds/worker-3-tc1/source/Cargo.toml
[INFO] crate git repo https://github.com/darren-reddick/rusty-recordstore-api already has a lockfile, it will not be regenerated
[INFO] running `Command { std: CARGO_HOME="/workspace/cargo-home" RUSTUP_HOME="/workspace/rustup-home" "/workspace/cargo-home/bin/cargo" "+1.69.0" "fetch" "--manifest-path" "Cargo.toml", kill_on_drop: false }`
[INFO] [stderr]  Downloading crates ...
[INFO] [stderr]   Downloaded netbuf v0.4.1
[INFO] [stderr]   Downloaded tk-bufstream v0.3.0
[INFO] [stderr]   Downloaded tk-http v0.3.9
[INFO] [stderr]   Downloaded tk-sendfile v0.4.0
[INFO] running `Command { std: "docker" "create" "-v" "/var/lib/crater-agent-workspace/builds/worker-3-tc1/target:/opt/rustwide/target:rw,Z" "-v" "/var/lib/crater-agent-workspace/builds/worker-3-tc1/source:/opt/rustwide/workdir:ro,Z" "-v" "/var/lib/crater-agent-workspace/cargo-home:/opt/rustwide/cargo-home:ro,Z" "-v" "/var/lib/crater-agent-workspace/rustup-home:/opt/rustwide/rustup-home:ro,Z" "-e" "SOURCE_DIR=/opt/rustwide/workdir" "-e" "CARGO_TARGET_DIR=/opt/rustwide/target" "-e" "CARGO_HOME=/opt/rustwide/cargo-home" "-e" "RUSTUP_HOME=/opt/rustwide/rustup-home" "-w" "/opt/rustwide/workdir" "-m" "1610612736" "--user" "0:0" "--network" "none" "ghcr.io/rust-lang/crates-build-env/linux@sha256:5ff2268d62e97bff2cde7d5815dd6ed5b47097566f13b8d0ca110b04b60e07ed" "/opt/rustwide/cargo-home/bin/cargo" "+1.69.0" "metadata" "--no-deps" "--format-version=1", kill_on_drop: false }`
[INFO] [stdout] ab52e307be69acc189ba527562efd884e37ef61112b644f80b58f5434bf99e46
[INFO] running `Command { std: "docker" "start" "-a" "ab52e307be69acc189ba527562efd884e37ef61112b644f80b58f5434bf99e46", kill_on_drop: false }`
[INFO] running `Command { std: "docker" "inspect" "ab52e307be69acc189ba527562efd884e37ef61112b644f80b58f5434bf99e46", kill_on_drop: false }`
[INFO] running `Command { std: "docker" "rm" "-f" "ab52e307be69acc189ba527562efd884e37ef61112b644f80b58f5434bf99e46", kill_on_drop: false }`
[INFO] [stdout] ab52e307be69acc189ba527562efd884e37ef61112b644f80b58f5434bf99e46
[INFO] running `Command { std: "docker" "create" "-v" "/var/lib/crater-agent-workspace/builds/worker-3-tc1/target:/opt/rustwide/target:rw,Z" "-v" "/var/lib/crater-agent-workspace/builds/worker-3-tc1/source:/opt/rustwide/workdir:ro,Z" "-v" "/var/lib/crater-agent-workspace/cargo-home:/opt/rustwide/cargo-home:ro,Z" "-v" "/var/lib/crater-agent-workspace/rustup-home:/opt/rustwide/rustup-home:ro,Z" "-e" "SOURCE_DIR=/opt/rustwide/workdir" "-e" "CARGO_TARGET_DIR=/opt/rustwide/target" "-e" "CARGO_INCREMENTAL=0" "-e" "RUST_BACKTRACE=full" "-e" "RUSTFLAGS=--cap-lints=warn" "-e" "RUSTDOCFLAGS=--cap-lints=warn" "-e" "CARGO_HOME=/opt/rustwide/cargo-home" "-e" "RUSTUP_HOME=/opt/rustwide/rustup-home" "-w" "/opt/rustwide/workdir" "-m" "1610612736" "--user" "0:0" "--network" "none" "ghcr.io/rust-lang/crates-build-env/linux@sha256:5ff2268d62e97bff2cde7d5815dd6ed5b47097566f13b8d0ca110b04b60e07ed" "/opt/rustwide/cargo-home/bin/cargo" "+1.69.0" "build" "--frozen" "--message-format=json", kill_on_drop: false }`
[INFO] [stdout] a63dc8f467a7afd8199a70559293d9ff38a41cf0a567c91fb0e7310181ff477a
[INFO] running `Command { std: "docker" "start" "-a" "a63dc8f467a7afd8199a70559293d9ff38a41cf0a567c91fb0e7310181ff477a", kill_on_drop: false }`
[INFO] [stderr]    Compiling libc v0.2.85
[INFO] [stderr]    Compiling cfg-if v1.0.0
[INFO] [stderr]    Compiling autocfg v1.0.1
[INFO] [stderr]    Compiling log v0.4.14
[INFO] [stderr]    Compiling lazy_static v1.4.0
[INFO] [stderr]    Compiling scopeguard v1.1.0
[INFO] [stderr]    Compiling proc-macro2 v1.0.24
[INFO] [stderr]    Compiling unicode-xid v0.2.1
[INFO] [stderr]    Compiling syn v1.0.60
[INFO] [stderr]    Compiling cfg-if v0.1.10
[INFO] [stderr]    Compiling slab v0.4.2
[INFO] [stderr]    Compiling fnv v1.0.7
[INFO] [stderr]    Compiling memchr v2.3.4
[INFO] [stderr]    Compiling byteorder v1.4.2
[INFO] [stderr]    Compiling maybe-uninit v2.0.0
[INFO] [stderr]    Compiling futures v0.1.30
[INFO] [stderr]    Compiling once_cell v1.5.2
[INFO] [stderr]    Compiling semver-parser v0.7.0
[INFO] [stderr]    Compiling bytes v1.0.1
[INFO] [stderr]    Compiling version_check v0.9.2
[INFO] [stderr]    Compiling typenum v1.12.0
[INFO] [stderr]    Compiling pin-project-lite v0.2.4
[INFO] [stderr]    Compiling itoa v0.4.7
[INFO] [stderr]    Compiling instant v0.1.9
[INFO] [stderr]    Compiling matches v0.1.8
[INFO] [stderr]    Compiling semver v0.9.0
[INFO] [stderr]    Compiling smallvec v1.6.1
[INFO] [stderr]    Compiling lock_api v0.4.2
[INFO] [stderr] LLVM ERROR: IO failure on output stream: No space left on device
[INFO] [stdout] error: linking with `cc` failed: exit status: 1
[INFO] [stdout]   |
[INFO] [stdout]   = note: LC_ALL="C" PATH="/opt/rustwide/rustup-home/toolchains/1.69.0-x86_64-unknown-linux-gnu/lib/rustlib/x86_64-unknown-linux-gnu/bin:/opt/rustwide/cargo-home/bin:/usr/local/sbin:/usr/local/bin:/usr/sbin:/usr/bin:/sbin:/bin" VSLANG="1033" "cc" "-m64" "/tmp/rustc80Fwuv/symbols.o" "/opt/rustwide/target/debug/build/syn-0d5e7bd8da6b366c/build_script_build-0d5e7bd8da6b366c.build_script_build.fb5755e2-cgu.0.rcgu.o" "/opt/rustwide/target/debug/build/syn-0d5e7bd8da6b366c/build_script_build-0d5e7bd8da6b366c.build_script_build.fb5755e2-cgu.1.rcgu.o" "/opt/rustwide/target/debug/build/syn-0d5e7bd8da6b366c/build_script_build-0d5e7bd8da6b366c.build_script_build.fb5755e2-cgu.10.rcgu.o" "/opt/rustwide/target/debug/build/syn-0d5e7bd8da6b366c/build_script_build-0d5e7bd8da6b366c.build_script_build.fb5755e2-cgu.11.rcgu.o" "/opt/rustwide/target/debug/build/syn-0d5e7bd8da6b366c/build_script_build-0d5e7bd8da6b366c.build_script_build.fb5755e2-cgu.12.rcgu.o" "/opt/rustwide/target/debug/build/syn-0d5e7bd8da6b366c/build_script_build-0d5e7bd8da6b366c.build_script_build.fb5755e2-cgu.13.rcgu.o" "/opt/rustwide/target/debug/build/syn-0d5e7bd8da6b366c/build_script_build-0d5e7bd8da6b366c.build_script_build.fb5755e2-cgu.14.rcgu.o" "/opt/rustwide/target/debug/build/syn-0d5e7bd8da6b366c/build_script_build-0d5e7bd8da6b366c.build_script_build.fb5755e2-cgu.15.rcgu.o" "/opt/rustwide/target/debug/build/syn-0d5e7bd8da6b366c/build_script_build-0d5e7bd8da6b366c.build_script_build.fb5755e2-cgu.2.rcgu.o" "/opt/rustwide/target/debug/build/syn-0d5e7bd8da6b366c/build_script_build-0d5e7bd8da6b366c.build_script_build.fb5755e2-cgu.3.rcgu.o" "/opt/rustwide/target/debug/build/syn-0d5e7bd8da6b366c/build_script_build-0d5e7bd8da6b366c.build_script_build.fb5755e2-cgu.4.rcgu.o" "/opt/rustwide/target/debug/build/syn-0d5e7bd8da6b366c/build_script_build-0d5e7bd8da6b366c.build_script_build.fb5755e2-cgu.5.rcgu.o" "/opt/rustwide/target/debug/build/syn-0d5e7bd8da6b366c/build_script_build-0d5e7bd8da6b366c.build_script_build.fb5755e2-cgu.6.rcgu.o" "/opt/rustwide/target/debug/build/syn-0d5e7bd8da6b366c/build_script_build-0d5e7bd8da6b366c.build_script_build.fb5755e2-cgu.7.rcgu.o" "/opt/rustwide/target/debug/build/syn-0d5e7bd8da6b366c/build_script_build-0d5e7bd8da6b366c.build_script_build.fb5755e2-cgu.8.rcgu.o" "/opt/rustwide/target/debug/build/syn-0d5e7bd8da6b366c/build_script_build-0d5e7bd8da6b366c.build_script_build.fb5755e2-cgu.9.rcgu.o" "/opt/rustwide/target/debug/build/syn-0d5e7bd8da6b366c/build_script_build-0d5e7bd8da6b366c.54y4lj94xj4j0hr6.rcgu.o" "-Wl,--as-needed" "-L" "/opt/rustwide/target/debug/deps" "-L" "/opt/rustwide/rustup-home/toolchains/1.69.0-x86_64-unknown-linux-gnu/lib/rustlib/x86_64-unknown-linux-gnu/lib" "-Wl,-Bstatic" "/opt/rustwide/rustup-home/toolchains/1.69.0-x86_64-unknown-linux-gnu/lib/rustlib/x86_64-unknown-linux-gnu/lib/libstd-89bc084783fdc439.rlib" "/opt/rustwide/rustup-home/toolchains/1.69.0-x86_64-unknown-linux-gnu/lib/rustlib/x86_64-unknown-linux-gnu/lib/libpanic_unwind-8bee4b287d4367c1.rlib" "/opt/rustwide/rustup-home/toolchains/1.69.0-x86_64-unknown-linux-gnu/lib/rustlib/x86_64-unknown-linux-gnu/lib/libobject-d61707aed80694c0.rlib" "/opt/rustwide/rustup-home/toolchains/1.69.0-x86_64-unknown-linux-gnu/lib/rustlib/x86_64-unknown-linux-gnu/lib/libmemchr-d85366256f22345b.rlib" "/opt/rustwide/rustup-home/toolchains/1.69.0-x86_64-unknown-linux-gnu/lib/rustlib/x86_64-unknown-linux-gnu/lib/libaddr2line-96069b86b8a8cae9.rlib" "/opt/rustwide/rustup-home/toolchains/1.69.0-x86_64-unknown-linux-gnu/lib/rustlib/x86_64-unknown-linux-gnu/lib/libgimli-d19d53abf68dfa6c.rlib" "/opt/rustwide/rustup-home/toolchains/1.69.0-x86_64-unknown-linux-gnu/lib/rustlib/x86_64-unknown-linux-gnu/lib/librustc_demangle-787cbccd19d64ac6.rlib" "/opt/rustwide/rustup-home/toolchains/1.69.0-x86_64-unknown-linux-gnu/lib/rustlib/x86_64-unknown-linux-gnu/lib/libstd_detect-b3837a36b830e0d0.rlib" "/opt/rustwide/rustup-home/toolchains/1.69.0-x86_64-unknown-linux-gnu/lib/rustlib/x86_64-unknown-linux-gnu/lib/libhashbrown-e3deb0e7e3f04966.rlib" "/opt/rustwide/rustup-home/toolchains/1.69.0-x86_64-unknown-linux-gnu/lib/rustlib/x86_64-unknown-linux-gnu/lib/libminiz_oxide-dabbb79c9815def4.rlib" "/opt/rustwide/rustup-home/toolchains/1.69.0-x86_64-unknown-linux-gnu/lib/rustlib/x86_64-unknown-linux-gnu/lib/libadler-305b01f34c9409f2.rlib" "/opt/rustwide/rustup-home/toolchains/1.69.0-x86_64-unknown-linux-gnu/lib/rustlib/x86_64-unknown-linux-gnu/lib/librustc_std_workspace_alloc-f833521df6074e73.rlib" "/opt/rustwide/rustup-home/toolchains/1.69.0-x86_64-unknown-linux-gnu/lib/rustlib/x86_64-unknown-linux-gnu/lib/libunwind-9ac333113350d171.rlib" "/opt/rustwide/rustup-home/toolchains/1.69.0-x86_64-unknown-linux-gnu/lib/rustlib/x86_64-unknown-linux-gnu/lib/libcfg_if-1c126114322d0eee.rlib" "/opt/rustwide/rustup-home/toolchains/1.69.0-x86_64-unknown-linux-gnu/lib/rustlib/x86_64-unknown-linux-gnu/lib/liblibc-bad9164fdeeecf92.rlib" "/opt/rustwide/rustup-home/toolchains/1.69.0-x86_64-unknown-linux-gnu/lib/rustlib/x86_64-unknown-linux-gnu/lib/liballoc-f9374b1e480fa681.rlib" "/opt/rustwide/rustup-home/toolchains/1.69.0-x86_64-unknown-linux-gnu/lib/rustlib/x86_64-unknown-linux-gnu/lib/librustc_std_workspace_core-207f06e41d9603af.rlib" "/opt/rustwide/rustup-home/toolchains/1.69.0-x86_64-unknown-linux-gnu/lib/rustlib/x86_64-unknown-linux-gnu/lib/libcore-7e2768e66e984e85.rlib" "/opt/rustwide/rustup-home/toolchains/1.69.0-x86_64-unknown-linux-gnu/lib/rustlib/x86_64-unknown-linux-gnu/lib/libcompiler_builtins-957b4aff41f8cd46.rlib" "-Wl,-Bdynamic" "-lgcc_s" "-lutil" "-lrt" "-lpthread" "-lm" "-ldl" "-lc" "-Wl,--eh-frame-hdr" "-Wl,-z,noexecstack" "-L" "/opt/rustwide/rustup-home/toolchains/1.69.0-x86_64-unknown-linux-gnu/lib/rustlib/x86_64-unknown-linux-gnu/lib" "-o" "/opt/rustwide/target/debug/build/syn-0d5e7bd8da6b366c/build_script_build-0d5e7bd8da6b366c" "-Wl,--gc-sections" "-pie" "-Wl,-z,relro,-z,now" "-nodefaultlibs"
[INFO] [stdout]   = note: /usr/bin/ld: final link failed: No space left on device
[INFO] [stdout]           collect2: error: ld returned 1 exit status
[INFO] [stdout]           
[INFO] [stdout] 
[INFO] [stdout] 
[INFO] [stdout] error: aborting due to previous error
[INFO] [stdout] 
[INFO] [stdout] 
[INFO] [stdout] error: linking with `cc` failed: exit status: 1
[INFO] [stdout]   |
[INFO] [stdout]   = note: LC_ALL="C" PATH="/opt/rustwide/rustup-home/toolchains/1.69.0-x86_64-unknown-linux-gnu/lib/rustlib/x86_64-unknown-linux-gnu/bin:/opt/rustwide/cargo-home/bin:/usr/local/sbin:/usr/local/bin:/usr/sbin:/usr/bin:/sbin:/bin" VSLANG="1033" "cc" "-m64" "/tmp/rustcRDqQGY/symbols.o" "/opt/rustwide/target/debug/build/memchr-aa83d08065dffe8f/build_script_build-aa83d08065dffe8f.build_script_build.289c1ca3-cgu.0.rcgu.o" "/opt/rustwide/target/debug/build/memchr-aa83d08065dffe8f/build_script_build-aa83d08065dffe8f.build_script_build.289c1ca3-cgu.1.rcgu.o" "/opt/rustwide/target/debug/build/memchr-aa83d08065dffe8f/build_script_build-aa83d08065dffe8f.build_script_build.289c1ca3-cgu.10.rcgu.o" "/opt/rustwide/target/debug/build/memchr-aa83d08065dffe8f/build_script_build-aa83d08065dffe8f.build_script_build.289c1ca3-cgu.11.rcgu.o" "/opt/rustwide/target/debug/build/memchr-aa83d08065dffe8f/build_script_build-aa83d08065dffe8f.build_script_build.289c1ca3-cgu.12.rcgu.o" "/opt/rustwide/target/debug/build/memchr-aa83d08065dffe8f/build_script_build-aa83d08065dffe8f.build_script_build.289c1ca3-cgu.13.rcgu.o" "/opt/rustwide/target/debug/build/memchr-aa83d08065dffe8f/build_script_build-aa83d08065dffe8f.build_script_build.289c1ca3-cgu.14.rcgu.o" "/opt/rustwide/target/debug/build/memchr-aa83d08065dffe8f/build_script_build-aa83d08065dffe8f.build_script_build.289c1ca3-cgu.15.rcgu.o" "/opt/rustwide/target/debug/build/memchr-aa83d08065dffe8f/build_script_build-aa83d08065dffe8f.build_script_build.289c1ca3-cgu.2.rcgu.o" "/opt/rustwide/target/debug/build/memchr-aa83d08065dffe8f/build_script_build-aa83d08065dffe8f.build_script_build.289c1ca3-cgu.3.rcgu.o" "/opt/rustwide/target/debug/build/memchr-aa83d08065dffe8f/build_script_build-aa83d08065dffe8f.build_script_build.289c1ca3-cgu.4.rcgu.o" "/opt/rustwide/target/debug/build/memchr-aa83d08065dffe8f/build_script_build-aa83d08065dffe8f.build_script_build.289c1ca3-cgu.5.rcgu.o" "/opt/rustwide/target/debug/build/memchr-aa83d08065dffe8f/build_script_build-aa83d08065dffe8f.build_script_build.289c1ca3-cgu.6.rcgu.o" "/opt/rustwide/target/debug/build/memchr-aa83d08065dffe8f/build_script_build-aa83d08065dffe8f.build_script_build.289c1ca3-cgu.7.rcgu.o" "/opt/rustwide/target/debug/build/memchr-aa83d08065dffe8f/build_script_build-aa83d08065dffe8f.build_script_build.289c1ca3-cgu.8.rcgu.o" "/opt/rustwide/target/debug/build/memchr-aa83d08065dffe8f/build_script_build-aa83d08065dffe8f.build_script_build.289c1ca3-cgu.9.rcgu.o" "/opt/rustwide/target/debug/build/memchr-aa83d08065dffe8f/build_script_build-aa83d08065dffe8f.3rnp6rle9ti12zwz.rcgu.o" "-Wl,--as-needed" "-L" "/opt/rustwide/target/debug/deps" "-L" "/opt/rustwide/rustup-home/toolchains/1.69.0-x86_64-unknown-linux-gnu/lib/rustlib/x86_64-unknown-linux-gnu/lib" "-Wl,-Bstatic" "/opt/rustwide/rustup-home/toolchains/1.69.0-x86_64-unknown-linux-gnu/lib/rustlib/x86_64-unknown-linux-gnu/lib/libstd-89bc084783fdc439.rlib" "/opt/rustwide/rustup-home/toolchains/1.69.0-x86_64-unknown-linux-gnu/lib/rustlib/x86_64-unknown-linux-gnu/lib/libpanic_unwind-8bee4b287d4367c1.rlib" "/opt/rustwide/rustup-home/toolchains/1.69.0-x86_64-unknown-linux-gnu/lib/rustlib/x86_64-unknown-linux-gnu/lib/libobject-d61707aed80694c0.rlib" "/opt/rustwide/rustup-home/toolchains/1.69.0-x86_64-unknown-linux-gnu/lib/rustlib/x86_64-unknown-linux-gnu/lib/libmemchr-d85366256f22345b.rlib" "/opt/rustwide/rustup-home/toolchains/1.69.0-x86_64-unknown-linux-gnu/lib/rustlib/x86_64-unknown-linux-gnu/lib/libaddr2line-96069b86b8a8cae9.rlib" "/opt/rustwide/rustup-home/toolchains/1.69.0-x86_64-unknown-linux-gnu/lib/rustlib/x86_64-unknown-linux-gnu/lib/libgimli-d19d53abf68dfa6c.rlib" "/opt/rustwide/rustup-home/toolchains/1.69.0-x86_64-unknown-linux-gnu/lib/rustlib/x86_64-unknown-linux-gnu/lib/librustc_demangle-787cbccd19d64ac6.rlib" "/opt/rustwide/rustup-home/toolchains/1.69.0-x86_64-unknown-linux-gnu/lib/rustlib/x86_64-unknown-linux-gnu/lib/libstd_detect-b3837a36b830e0d0.rlib" "/opt/rustwide/rustup-home/toolchains/1.69.0-x86_64-unknown-linux-gnu/lib/rustlib/x86_64-unknown-linux-gnu/lib/libhashbrown-e3deb0e7e3f04966.rlib" "/opt/rustwide/rustup-home/toolchains/1.69.0-x86_64-unknown-linux-gnu/lib/rustlib/x86_64-unknown-linux-gnu/lib/libminiz_oxide-dabbb79c9815def4.rlib" "/opt/rustwide/rustup-home/toolchains/1.69.0-x86_64-unknown-linux-gnu/lib/rustlib/x86_64-unknown-linux-gnu/lib/libadler-305b01f34c9409f2.rlib" "/opt/rustwide/rustup-home/toolchains/1.69.0-x86_64-unknown-linux-gnu/lib/rustlib/x86_64-unknown-linux-gnu/lib/librustc_std_workspace_alloc-f833521df6074e73.rlib" "/opt/rustwide/rustup-home/toolchains/1.69.0-x86_64-unknown-linux-gnu/lib/rustlib/x86_64-unknown-linux-gnu/lib/libunwind-9ac333113350d171.rlib" "/opt/rustwide/rustup-home/toolchains/1.69.0-x86_64-unknown-linux-gnu/lib/rustlib/x86_64-unknown-linux-gnu/lib/libcfg_if-1c126114322d0eee.rlib" "/opt/rustwide/rustup-home/toolchains/1.69.0-x86_64-unknown-linux-gnu/lib/rustlib/x86_64-unknown-linux-gnu/lib/liblibc-bad9164fdeeecf92.rlib" "/opt/rustwide/rustup-home/toolchains/1.69.0-x86_64-unknown-linux-gnu/lib/rustlib/x86_64-unknown-linux-gnu/lib/liballoc-f9374b1e480fa681.rlib" "/opt/rustwide/rustup-home/toolchains/1.69.0-x86_64-unknown-linux-gnu/lib/rustlib/x86_64-unknown-linux-gnu/lib/librustc_std_workspace_core-207f06e41d9603af.rlib" "/opt/rustwide/rustup-home/toolchains/1.69.0-x86_64-unknown-linux-gnu/lib/rustlib/x86_64-unknown-linux-gnu/lib/libcore-7e2768e66e984e85.rlib" "/opt/rustwide/rustup-home/toolchains/1.69.0-x86_64-unknown-linux-gnu/lib/rustlib/x86_64-unknown-linux-gnu/lib/libcompiler_builtins-957b4aff41f8cd46.rlib" "-Wl,-Bdynamic" "-lgcc_s" "-lutil" "-lrt" "-lpthread" "-lm" "-ldl" "-lc" "-Wl,--eh-frame-hdr" "-Wl,-z,noexecstack" "-L" "/opt/rustwide/rustup-home/toolchains/1.69.0-x86_64-unknown-linux-gnu/lib/rustlib/x86_64-unknown-linux-gnu/lib" "-o" "/opt/rustwide/target/debug/build/memchr-aa83d08065dffe8f/build_script_build-aa83d08065dffe8f" "-Wl,--gc-sections" "-pie" "-Wl,-z,relro,-z,now" "-nodefaultlibs"
[INFO] [stdout]   = note: /usr/bin/ld: final link failed: No space left on device
[INFO] [stdout]           collect2: error: ld returned 1 exit status
[INFO] [stdout]           
[INFO] [stdout] 
[INFO] [stdout] 
[INFO] [stderr] error: could not compile `typenum`
[INFO] [stderr] warning: build failed, waiting for other jobs to finish...
[INFO] [stderr] LLVM ERROR: IO failure on output stream: No space left on device
[INFO] [stderr] error: could not compile `syn` due to 2 previous errors
[INFO] [stderr] LLVM ERROR: IO failure on output stream: No space left on device
[INFO] [stderr] error: could not compile `memchr` due to previous error
[INFO] [stderr] error: could not compile `version_check`
[INFO] [stderr] error: could not compile `semver-parser`
[INFO] [stdout] error: linking with `cc` failed: exit status: 1
[INFO] [stdout]   |
[INFO] [stdout]   = note: LC_ALL="C" PATH="/opt/rustwide/rustup-home/toolchains/1.69.0-x86_64-unknown-linux-gnu/lib/rustlib/x86_64-unknown-linux-gnu/bin:/opt/rustwide/cargo-home/bin:/usr/local/sbin:/usr/local/bin:/usr/sbin:/usr/bin:/sbin:/bin" VSLANG="1033" "cc" "-m64" "/tmp/rustcO2HOcd/symbols.o" "/opt/rustwide/target/debug/build/libc-8176de8efea40c32/build_script_build-8176de8efea40c32.build_script_build.dd025922-cgu.0.rcgu.o" "/opt/rustwide/target/debug/build/libc-8176de8efea40c32/build_script_build-8176de8efea40c32.build_script_build.dd025922-cgu.1.rcgu.o" "/opt/rustwide/target/debug/build/libc-8176de8efea40c32/build_script_build-8176de8efea40c32.build_script_build.dd025922-cgu.10.rcgu.o" "/opt/rustwide/target/debug/build/libc-8176de8efea40c32/build_script_build-8176de8efea40c32.build_script_build.dd025922-cgu.11.rcgu.o" "/opt/rustwide/target/debug/build/libc-8176de8efea40c32/build_script_build-8176de8efea40c32.build_script_build.dd025922-cgu.12.rcgu.o" "/opt/rustwide/target/debug/build/libc-8176de8efea40c32/build_script_build-8176de8efea40c32.build_script_build.dd025922-cgu.13.rcgu.o" "/opt/rustwide/target/debug/build/libc-8176de8efea40c32/build_script_build-8176de8efea40c32.build_script_build.dd025922-cgu.14.rcgu.o" "/opt/rustwide/target/debug/build/libc-8176de8efea40c32/build_script_build-8176de8efea40c32.build_script_build.dd025922-cgu.15.rcgu.o" "/opt/rustwide/target/debug/build/libc-8176de8efea40c32/build_script_build-8176de8efea40c32.build_script_build.dd025922-cgu.2.rcgu.o" "/opt/rustwide/target/debug/build/libc-8176de8efea40c32/build_script_build-8176de8efea40c32.build_script_build.dd025922-cgu.3.rcgu.o" "/opt/rustwide/target/debug/build/libc-8176de8efea40c32/build_script_build-8176de8efea40c32.build_script_build.dd025922-cgu.4.rcgu.o" "/opt/rustwide/target/debug/build/libc-8176de8efea40c32/build_script_build-8176de8efea40c32.build_script_build.dd025922-cgu.5.rcgu.o" "/opt/rustwide/target/debug/build/libc-8176de8efea40c32/build_script_build-8176de8efea40c32.build_script_build.dd025922-cgu.6.rcgu.o" "/opt/rustwide/target/debug/build/libc-8176de8efea40c32/build_script_build-8176de8efea40c32.build_script_build.dd025922-cgu.7.rcgu.o" "/opt/rustwide/target/debug/build/libc-8176de8efea40c32/build_script_build-8176de8efea40c32.build_script_build.dd025922-cgu.8.rcgu.o" "/opt/rustwide/target/debug/build/libc-8176de8efea40c32/build_script_build-8176de8efea40c32.build_script_build.dd025922-cgu.9.rcgu.o" "/opt/rustwide/target/debug/build/libc-8176de8efea40c32/build_script_build-8176de8efea40c32.4wo2dz6lgzegsmxl.rcgu.o" "-Wl,--as-needed" "-L" "/opt/rustwide/target/debug/deps" "-L" "/opt/rustwide/rustup-home/toolchains/1.69.0-x86_64-unknown-linux-gnu/lib/rustlib/x86_64-unknown-linux-gnu/lib" "-Wl,-Bstatic" "/opt/rustwide/rustup-home/toolchains/1.69.0-x86_64-unknown-linux-gnu/lib/rustlib/x86_64-unknown-linux-gnu/lib/libstd-89bc084783fdc439.rlib" "/opt/rustwide/rustup-home/toolchains/1.69.0-x86_64-unknown-linux-gnu/lib/rustlib/x86_64-unknown-linux-gnu/lib/libpanic_unwind-8bee4b287d4367c1.rlib" "/opt/rustwide/rustup-home/toolchains/1.69.0-x86_64-unknown-linux-gnu/lib/rustlib/x86_64-unknown-linux-gnu/lib/libobject-d61707aed80694c0.rlib" "/opt/rustwide/rustup-home/toolchains/1.69.0-x86_64-unknown-linux-gnu/lib/rustlib/x86_64-unknown-linux-gnu/lib/libmemchr-d85366256f22345b.rlib" "/opt/rustwide/rustup-home/toolchains/1.69.0-x86_64-unknown-linux-gnu/lib/rustlib/x86_64-unknown-linux-gnu/lib/libaddr2line-96069b86b8a8cae9.rlib" "/opt/rustwide/rustup-home/toolchains/1.69.0-x86_64-unknown-linux-gnu/lib/rustlib/x86_64-unknown-linux-gnu/lib/libgimli-d19d53abf68dfa6c.rlib" "/opt/rustwide/rustup-home/toolchains/1.69.0-x86_64-unknown-linux-gnu/lib/rustlib/x86_64-unknown-linux-gnu/lib/librustc_demangle-787cbccd19d64ac6.rlib" "/opt/rustwide/rustup-home/toolchains/1.69.0-x86_64-unknown-linux-gnu/lib/rustlib/x86_64-unknown-linux-gnu/lib/libstd_detect-b3837a36b830e0d0.rlib" "/opt/rustwide/rustup-home/toolchains/1.69.0-x86_64-unknown-linux-gnu/lib/rustlib/x86_64-unknown-linux-gnu/lib/libhashbrown-e3deb0e7e3f04966.rlib" "/opt/rustwide/rustup-home/toolchains/1.69.0-x86_64-unknown-linux-gnu/lib/rustlib/x86_64-unknown-linux-gnu/lib/libminiz_oxide-dabbb79c9815def4.rlib" "/opt/rustwide/rustup-home/toolchains/1.69.0-x86_64-unknown-linux-gnu/lib/rustlib/x86_64-unknown-linux-gnu/lib/libadler-305b01f34c9409f2.rlib" "/opt/rustwide/rustup-home/toolchains/1.69.0-x86_64-unknown-linux-gnu/lib/rustlib/x86_64-unknown-linux-gnu/lib/librustc_std_workspace_alloc-f833521df6074e73.rlib" "/opt/rustwide/rustup-home/toolchains/1.69.0-x86_64-unknown-linux-gnu/lib/rustlib/x86_64-unknown-linux-gnu/lib/libunwind-9ac333113350d171.rlib" "/opt/rustwide/rustup-home/toolchains/1.69.0-x86_64-unknown-linux-gnu/lib/rustlib/x86_64-unknown-linux-gnu/lib/libcfg_if-1c126114322d0eee.rlib" "/opt/rustwide/rustup-home/toolchains/1.69.0-x86_64-unknown-linux-gnu/lib/rustlib/x86_64-unknown-linux-gnu/lib/liblibc-bad9164fdeeecf92.rlib" "/opt/rustwide/rustup-home/toolchains/1.69.0-x86_64-unknown-linux-gnu/lib/rustlib/x86_64-unknown-linux-gnu/lib/liballoc-f9374b1e480fa681.rlib" "/opt/rustwide/rustup-home/toolchains/1.69.0-x86_64-unknown-linux-gnu/lib/rustlib/x86_64-unknown-linux-gnu/lib/librustc_std_workspace_core-207f06e41d9603af.rlib" "/opt/rustwide/rustup-home/toolchains/1.69.0-x86_64-unknown-linux-gnu/lib/rustlib/x86_64-unknown-linux-gnu/lib/libcore-7e2768e66e984e85.rlib" "/opt/rustwide/rustup-home/toolchains/1.69.0-x86_64-unknown-linux-gnu/lib/rustlib/x86_64-unknown-linux-gnu/lib/libcompiler_builtins-957b4aff41f8cd46.rlib" "-Wl,-Bdynamic" "-lgcc_s" "-lutil" "-lrt" "-lpthread" "-lm" "-ldl" "-lc" "-Wl,--eh-frame-hdr" "-Wl,-z,noexecstack" "-L" "/opt/rustwide/rustup-home/toolchains/1.69.0-x86_64-unknown-linux-gnu/lib/rustlib/x86_64-unknown-linux-gnu/lib" "-o" "/opt/rustwide/target/debug/build/libc-8176de8efea40c32/build_script_build-8176de8efea40c32" "-Wl,--gc-sections" "-pie" "-Wl,-z,relro,-z,now" "-nodefaultlibs"
[INFO] [stdout]   = note: /usr/bin/ld: final link failed: No space left on device
[INFO] [stdout]           collect2: error: ld returned 1 exit status
[INFO] [stdout]           
[INFO] [stdout] 
[INFO] [stdout] 
[INFO] [stdout] error: aborting due to previous error
[INFO] [stdout] 
[INFO] [stdout] 
[INFO] [stderr] error: could not compile `libc` due to 2 previous errors
[INFO] [stderr] LLVM ERROR: IO failure on output stream: No space left on device
[INFO] [stderr] error: could not compile `autocfg`
[INFO] [stdout] error: linking with `cc` failed: exit status: 1
[INFO] [stdout]   |
[INFO] [stdout]   = note: LC_ALL="C" PATH="/opt/rustwide/rustup-home/toolchains/1.69.0-x86_64-unknown-linux-gnu/lib/rustlib/x86_64-unknown-linux-gnu/bin:/opt/rustwide/cargo-home/bin:/usr/local/sbin:/usr/local/bin:/usr/sbin:/usr/bin:/sbin:/bin" VSLANG="1033" "cc" "-m64" "/tmp/rustckvzgFb/symbols.o" "/opt/rustwide/target/debug/build/maybe-uninit-a5f3ca946a8d832f/build_script_build-a5f3ca946a8d832f.build_script_build.5d782c11-cgu.0.rcgu.o" "/opt/rustwide/target/debug/build/maybe-uninit-a5f3ca946a8d832f/build_script_build-a5f3ca946a8d832f.build_script_build.5d782c11-cgu.1.rcgu.o" "/opt/rustwide/target/debug/build/maybe-uninit-a5f3ca946a8d832f/build_script_build-a5f3ca946a8d832f.build_script_build.5d782c11-cgu.10.rcgu.o" "/opt/rustwide/target/debug/build/maybe-uninit-a5f3ca946a8d832f/build_script_build-a5f3ca946a8d832f.build_script_build.5d782c11-cgu.11.rcgu.o" "/opt/rustwide/target/debug/build/maybe-uninit-a5f3ca946a8d832f/build_script_build-a5f3ca946a8d832f.build_script_build.5d782c11-cgu.12.rcgu.o" "/opt/rustwide/target/debug/build/maybe-uninit-a5f3ca946a8d832f/build_script_build-a5f3ca946a8d832f.build_script_build.5d782c11-cgu.13.rcgu.o" "/opt/rustwide/target/debug/build/maybe-uninit-a5f3ca946a8d832f/build_script_build-a5f3ca946a8d832f.build_script_build.5d782c11-cgu.14.rcgu.o" "/opt/rustwide/target/debug/build/maybe-uninit-a5f3ca946a8d832f/build_script_build-a5f3ca946a8d832f.build_script_build.5d782c11-cgu.15.rcgu.o" "/opt/rustwide/target/debug/build/maybe-uninit-a5f3ca946a8d832f/build_script_build-a5f3ca946a8d832f.build_script_build.5d782c11-cgu.2.rcgu.o" "/opt/rustwide/target/debug/build/maybe-uninit-a5f3ca946a8d832f/build_script_build-a5f3ca946a8d832f.build_script_build.5d782c11-cgu.3.rcgu.o" "/opt/rustwide/target/debug/build/maybe-uninit-a5f3ca946a8d832f/build_script_build-a5f3ca946a8d832f.build_script_build.5d782c11-cgu.4.rcgu.o" "/opt/rustwide/target/debug/build/maybe-uninit-a5f3ca946a8d832f/build_script_build-a5f3ca946a8d832f.build_script_build.5d782c11-cgu.5.rcgu.o" "/opt/rustwide/target/debug/build/maybe-uninit-a5f3ca946a8d832f/build_script_build-a5f3ca946a8d832f.build_script_build.5d782c11-cgu.6.rcgu.o" "/opt/rustwide/target/debug/build/maybe-uninit-a5f3ca946a8d832f/build_script_build-a5f3ca946a8d832f.build_script_build.5d782c11-cgu.7.rcgu.o" "/opt/rustwide/target/debug/build/maybe-uninit-a5f3ca946a8d832f/build_script_build-a5f3ca946a8d832f.build_script_build.5d782c11-cgu.8.rcgu.o" "/opt/rustwide/target/debug/build/maybe-uninit-a5f3ca946a8d832f/build_script_build-a5f3ca946a8d832f.build_script_build.5d782c11-cgu.9.rcgu.o" "/opt/rustwide/target/debug/build/maybe-uninit-a5f3ca946a8d832f/build_script_build-a5f3ca946a8d832f.4b3sropw2rsp81lx.rcgu.o" "-Wl,--as-needed" "-L" "/opt/rustwide/target/debug/deps" "-L" "/opt/rustwide/rustup-home/toolchains/1.69.0-x86_64-unknown-linux-gnu/lib/rustlib/x86_64-unknown-linux-gnu/lib" "-Wl,-Bstatic" "/opt/rustwide/rustup-home/toolchains/1.69.0-x86_64-unknown-linux-gnu/lib/rustlib/x86_64-unknown-linux-gnu/lib/libstd-89bc084783fdc439.rlib" "/opt/rustwide/rustup-home/toolchains/1.69.0-x86_64-unknown-linux-gnu/lib/rustlib/x86_64-unknown-linux-gnu/lib/libpanic_unwind-8bee4b287d4367c1.rlib" "/opt/rustwide/rustup-home/toolchains/1.69.0-x86_64-unknown-linux-gnu/lib/rustlib/x86_64-unknown-linux-gnu/lib/libobject-d61707aed80694c0.rlib" "/opt/rustwide/rustup-home/toolchains/1.69.0-x86_64-unknown-linux-gnu/lib/rustlib/x86_64-unknown-linux-gnu/lib/libmemchr-d85366256f22345b.rlib" "/opt/rustwide/rustup-home/toolchains/1.69.0-x86_64-unknown-linux-gnu/lib/rustlib/x86_64-unknown-linux-gnu/lib/libaddr2line-96069b86b8a8cae9.rlib" "/opt/rustwide/rustup-home/toolchains/1.69.0-x86_64-unknown-linux-gnu/lib/rustlib/x86_64-unknown-linux-gnu/lib/libgimli-d19d53abf68dfa6c.rlib" "/opt/rustwide/rustup-home/toolchains/1.69.0-x86_64-unknown-linux-gnu/lib/rustlib/x86_64-unknown-linux-gnu/lib/librustc_demangle-787cbccd19d64ac6.rlib" "/opt/rustwide/rustup-home/toolchains/1.69.0-x86_64-unknown-linux-gnu/lib/rustlib/x86_64-unknown-linux-gnu/lib/libstd_detect-b3837a36b830e0d0.rlib" "/opt/rustwide/rustup-home/toolchains/1.69.0-x86_64-unknown-linux-gnu/lib/rustlib/x86_64-unknown-linux-gnu/lib/libhashbrown-e3deb0e7e3f04966.rlib" "/opt/rustwide/rustup-home/toolchains/1.69.0-x86_64-unknown-linux-gnu/lib/rustlib/x86_64-unknown-linux-gnu/lib/libminiz_oxide-dabbb79c9815def4.rlib" "/opt/rustwide/rustup-home/toolchains/1.69.0-x86_64-unknown-linux-gnu/lib/rustlib/x86_64-unknown-linux-gnu/lib/libadler-305b01f34c9409f2.rlib" "/opt/rustwide/rustup-home/toolchains/1.69.0-x86_64-unknown-linux-gnu/lib/rustlib/x86_64-unknown-linux-gnu/lib/librustc_std_workspace_alloc-f833521df6074e73.rlib" "/opt/rustwide/rustup-home/toolchains/1.69.0-x86_64-unknown-linux-gnu/lib/rustlib/x86_64-unknown-linux-gnu/lib/libunwind-9ac333113350d171.rlib" "/opt/rustwide/rustup-home/toolchains/1.69.0-x86_64-unknown-linux-gnu/lib/rustlib/x86_64-unknown-linux-gnu/lib/libcfg_if-1c126114322d0eee.rlib" "/opt/rustwide/rustup-home/toolchains/1.69.0-x86_64-unknown-linux-gnu/lib/rustlib/x86_64-unknown-linux-gnu/lib/liblibc-bad9164fdeeecf92.rlib" "/opt/rustwide/rustup-home/toolchains/1.69.0-x86_64-unknown-linux-gnu/lib/rustlib/x86_64-unknown-linux-gnu/lib/liballoc-f9374b1e480fa681.rlib" "/opt/rustwide/rustup-home/toolchains/1.69.0-x86_64-unknown-linux-gnu/lib/rustlib/x86_64-unknown-linux-gnu/lib/librustc_std_workspace_core-207f06e41d9603af.rlib" "/opt/rustwide/rustup-home/toolchains/1.69.0-x86_64-unknown-linux-gnu/lib/rustlib/x86_64-unknown-linux-gnu/lib/libcore-7e2768e66e984e85.rlib" "/opt/rustwide/rustup-home/toolchains/1.69.0-x86_64-unknown-linux-gnu/lib/rustlib/x86_64-unknown-linux-gnu/lib/libcompiler_builtins-957b4aff41f8cd46.rlib" "-Wl,-Bdynamic" "-lgcc_s" "-lutil" "-lrt" "-lpthread" "-lm" "-ldl" "-lc" "-Wl,--eh-frame-hdr" "-Wl,-z,noexecstack" "-L" "/opt/rustwide/rustup-home/toolchains/1.69.0-x86_64-unknown-linux-gnu/lib/rustlib/x86_64-unknown-linux-gnu/lib" "-o" "/opt/rustwide/target/debug/build/maybe-uninit-a5f3ca946a8d832f/build_script_build-a5f3ca946a8d832f" "-Wl,--gc-sections" "-pie" "-Wl,-z,relro,-z,now" "-nodefaultlibs"
[INFO] [stdout]   = note: /usr/bin/ld: final link failed: No space left on device
[INFO] [stdout]           collect2: error: ld returned 1 exit status
[INFO] [stdout]           
[INFO] [stdout] 
[INFO] [stdout] 
[INFO] [stdout] error: aborting due to previous error
[INFO] [stdout] 
[INFO] [stdout] 
[INFO] [stderr] error: could not compile `maybe-uninit` due to 2 previous errors
[INFO] [stdout] error: linking with `cc` failed: exit status: 1
[INFO] [stdout]   |
[INFO] [stdout]   = note: LC_ALL="C" PATH="/opt/rustwide/rustup-home/toolchains/1.69.0-x86_64-unknown-linux-gnu/lib/rustlib/x86_64-unknown-linux-gnu/bin:/opt/rustwide/cargo-home/bin:/usr/local/sbin:/usr/local/bin:/usr/sbin:/usr/bin:/sbin:/bin" VSLANG="1033" "cc" "-m64" "/tmp/rustcwR3TaA/symbols.o" "/opt/rustwide/target/debug/build/proc-macro2-74c743c4b1f95f15/build_script_build-74c743c4b1f95f15.build_script_build.099ea0be-cgu.0.rcgu.o" "/opt/rustwide/target/debug/build/proc-macro2-74c743c4b1f95f15/build_script_build-74c743c4b1f95f15.build_script_build.099ea0be-cgu.1.rcgu.o" "/opt/rustwide/target/debug/build/proc-macro2-74c743c4b1f95f15/build_script_build-74c743c4b1f95f15.build_script_build.099ea0be-cgu.10.rcgu.o" "/opt/rustwide/target/debug/build/proc-macro2-74c743c4b1f95f15/build_script_build-74c743c4b1f95f15.build_script_build.099ea0be-cgu.11.rcgu.o" "/opt/rustwide/target/debug/build/proc-macro2-74c743c4b1f95f15/build_script_build-74c743c4b1f95f15.build_script_build.099ea0be-cgu.12.rcgu.o" "/opt/rustwide/target/debug/build/proc-macro2-74c743c4b1f95f15/build_script_build-74c743c4b1f95f15.build_script_build.099ea0be-cgu.13.rcgu.o" "/opt/rustwide/target/debug/build/proc-macro2-74c743c4b1f95f15/build_script_build-74c743c4b1f95f15.build_script_build.099ea0be-cgu.14.rcgu.o" "/opt/rustwide/target/debug/build/proc-macro2-74c743c4b1f95f15/build_script_build-74c743c4b1f95f15.build_script_build.099ea0be-cgu.15.rcgu.o" "/opt/rustwide/target/debug/build/proc-macro2-74c743c4b1f95f15/build_script_build-74c743c4b1f95f15.build_script_build.099ea0be-cgu.2.rcgu.o" "/opt/rustwide/target/debug/build/proc-macro2-74c743c4b1f95f15/build_script_build-74c743c4b1f95f15.build_script_build.099ea0be-cgu.3.rcgu.o" "/opt/rustwide/target/debug/build/proc-macro2-74c743c4b1f95f15/build_script_build-74c743c4b1f95f15.build_script_build.099ea0be-cgu.4.rcgu.o" "/opt/rustwide/target/debug/build/proc-macro2-74c743c4b1f95f15/build_script_build-74c743c4b1f95f15.build_script_build.099ea0be-cgu.5.rcgu.o" "/opt/rustwide/target/debug/build/proc-macro2-74c743c4b1f95f15/build_script_build-74c743c4b1f95f15.build_script_build.099ea0be-cgu.6.rcgu.o" "/opt/rustwide/target/debug/build/proc-macro2-74c743c4b1f95f15/build_script_build-74c743c4b1f95f15.build_script_build.099ea0be-cgu.7.rcgu.o" "/opt/rustwide/target/debug/build/proc-macro2-74c743c4b1f95f15/build_script_build-74c743c4b1f95f15.build_script_build.099ea0be-cgu.8.rcgu.o" "/opt/rustwide/target/debug/build/proc-macro2-74c743c4b1f95f15/build_script_build-74c743c4b1f95f15.build_script_build.099ea0be-cgu.9.rcgu.o" "/opt/rustwide/target/debug/build/proc-macro2-74c743c4b1f95f15/build_script_build-74c743c4b1f95f15.1mlmcb8frp32pb12.rcgu.o" "-Wl,--as-needed" "-L" "/opt/rustwide/target/debug/deps" "-L" "/opt/rustwide/rustup-home/toolchains/1.69.0-x86_64-unknown-linux-gnu/lib/rustlib/x86_64-unknown-linux-gnu/lib" "-Wl,-Bstatic" "/opt/rustwide/rustup-home/toolchains/1.69.0-x86_64-unknown-linux-gnu/lib/rustlib/x86_64-unknown-linux-gnu/lib/libstd-89bc084783fdc439.rlib" "/opt/rustwide/rustup-home/toolchains/1.69.0-x86_64-unknown-linux-gnu/lib/rustlib/x86_64-unknown-linux-gnu/lib/libpanic_unwind-8bee4b287d4367c1.rlib" "/opt/rustwide/rustup-home/toolchains/1.69.0-x86_64-unknown-linux-gnu/lib/rustlib/x86_64-unknown-linux-gnu/lib/libobject-d61707aed80694c0.rlib" "/opt/rustwide/rustup-home/toolchains/1.69.0-x86_64-unknown-linux-gnu/lib/rustlib/x86_64-unknown-linux-gnu/lib/libmemchr-d85366256f22345b.rlib" "/opt/rustwide/rustup-home/toolchains/1.69.0-x86_64-unknown-linux-gnu/lib/rustlib/x86_64-unknown-linux-gnu/lib/libaddr2line-96069b86b8a8cae9.rlib" "/opt/rustwide/rustup-home/toolchains/1.69.0-x86_64-unknown-linux-gnu/lib/rustlib/x86_64-unknown-linux-gnu/lib/libgimli-d19d53abf68dfa6c.rlib" "/opt/rustwide/rustup-home/toolchains/1.69.0-x86_64-unknown-linux-gnu/lib/rustlib/x86_64-unknown-linux-gnu/lib/librustc_demangle-787cbccd19d64ac6.rlib" "/opt/rustwide/rustup-home/toolchains/1.69.0-x86_64-unknown-linux-gnu/lib/rustlib/x86_64-unknown-linux-gnu/lib/libstd_detect-b3837a36b830e0d0.rlib" "/opt/rustwide/rustup-home/toolchains/1.69.0-x86_64-unknown-linux-gnu/lib/rustlib/x86_64-unknown-linux-gnu/lib/libhashbrown-e3deb0e7e3f04966.rlib" "/opt/rustwide/rustup-home/toolchains/1.69.0-x86_64-unknown-linux-gnu/lib/rustlib/x86_64-unknown-linux-gnu/lib/libminiz_oxide-dabbb79c9815def4.rlib" "/opt/rustwide/rustup-home/toolchains/1.69.0-x86_64-unknown-linux-gnu/lib/rustlib/x86_64-unknown-linux-gnu/lib/libadler-305b01f34c9409f2.rlib" "/opt/rustwide/rustup-home/toolchains/1.69.0-x86_64-unknown-linux-gnu/lib/rustlib/x86_64-unknown-linux-gnu/lib/librustc_std_workspace_alloc-f833521df6074e73.rlib" "/opt/rustwide/rustup-home/toolchains/1.69.0-x86_64-unknown-linux-gnu/lib/rustlib/x86_64-unknown-linux-gnu/lib/libunwind-9ac333113350d171.rlib" "/opt/rustwide/rustup-home/toolchains/1.69.0-x86_64-unknown-linux-gnu/lib/rustlib/x86_64-unknown-linux-gnu/lib/libcfg_if-1c126114322d0eee.rlib" "/opt/rustwide/rustup-home/toolchains/1.69.0-x86_64-unknown-linux-gnu/lib/rustlib/x86_64-unknown-linux-gnu/lib/liblibc-bad9164fdeeecf92.rlib" "/opt/rustwide/rustup-home/toolchains/1.69.0-x86_64-unknown-linux-gnu/lib/rustlib/x86_64-unknown-linux-gnu/lib/liballoc-f9374b1e480fa681.rlib" "/opt/rustwide/rustup-home/toolchains/1.69.0-x86_64-unknown-linux-gnu/lib/rustlib/x86_64-unknown-linux-gnu/lib/librustc_std_workspace_core-207f06e41d9603af.rlib" "/opt/rustwide/rustup-home/toolchains/1.69.0-x86_64-unknown-linux-gnu/lib/rustlib/x86_64-unknown-linux-gnu/lib/libcore-7e2768e66e984e85.rlib" "/opt/rustwide/rustup-home/toolchains/1.69.0-x86_64-unknown-linux-gnu/lib/rustlib/x86_64-unknown-linux-gnu/lib/libcompiler_builtins-957b4aff41f8cd46.rlib" "-Wl,-Bdynamic" "-lgcc_s" "-lutil" "-lrt" "-lpthread" "-lm" "-ldl" "-lc" "-Wl,--eh-frame-hdr" "-Wl,-z,noexecstack" "-L" "/opt/rustwide/rustup-home/toolchains/1.69.0-x86_64-unknown-linux-gnu/lib/rustlib/x86_64-unknown-linux-gnu/lib" "-o" "/opt/rustwide/target/debug/build/proc-macro2-74c743c4b1f95f15/build_script_build-74c743c4b1f95f15" "-Wl,--gc-sections" "-pie" "-Wl,-z,relro,-z,now" "-nodefaultlibs"
[INFO] [stdout]   = note: /usr/bin/ld: final link failed: No space left on device
[INFO] [stdout]           collect2: error: ld returned 1 exit status
[INFO] [stdout]           
[INFO] [stdout] 
[INFO] [stdout] 
[INFO] [stdout] error: aborting due to previous error
[INFO] [stdout] 
[INFO] [stdout] 
[INFO] [stderr] error: could not compile `proc-macro2` due to 2 previous errors
[INFO] [stderr] LLVM ERROR: IO failure on output stream: No space left on device
[INFO] [stderr] LLVM ERROR: IO failure on output stream: No space left on device
[INFO] [stderr] thread 'rustc' panicked at 'assertion failed: pos.get() <= self.position()', compiler/rustc_metadata/src/rmeta/encoder.rs:435:9
[INFO] [stderr] LLVM ERROR: IO failure on output stream: No space left on device
[INFO] [stderr] error: could not compile `semver`
[INFO] [stderr] error: could not compile `log`
[INFO] [stderr] error: could not compile `bytes`
[INFO] [stderr] error: could not compile `lock_api`
[INFO] [stdout] error: couldn't create a temp dir: No space left on device (os error 28) at path "/opt/rustwide/target/debug/deps/rmetapb7yV7"
[INFO] [stdout] 
[INFO] [stdout] 
[INFO] [stderr] error: could not compile `futures` due to previous error
[INFO] running `Command { std: "docker" "inspect" "a63dc8f467a7afd8199a70559293d9ff38a41cf0a567c91fb0e7310181ff477a", kill_on_drop: false }`
[INFO] running `Command { std: "docker" "rm" "-f" "a63dc8f467a7afd8199a70559293d9ff38a41cf0a567c91fb0e7310181ff477a", kill_on_drop: false }`
[INFO] [stdout] a63dc8f467a7afd8199a70559293d9ff38a41cf0a567c91fb0e7310181ff477a
