[INFO] cloning repository https://github.com/cutsea110/capnp-test
[INFO] running `Command { std: "git" "-c" "credential.helper=" "-c" "credential.helper=/workspace/cargo-home/bin/git-credential-null" "clone" "--bare" "https://github.com/cutsea110/capnp-test" "/workspace/cache/git-repos/https%3A%2F%2Fgithub.com%2Fcutsea110%2Fcapnp-test", kill_on_drop: false }`
[INFO] [stderr] Cloning into bare repository '/workspace/cache/git-repos/https%3A%2F%2Fgithub.com%2Fcutsea110%2Fcapnp-test'...
[INFO] running `Command { std: "git" "rev-parse" "HEAD", kill_on_drop: false }`
[INFO] [stdout] bb8637b5b3ec3e3d088506fe130324c3c409b51a
[INFO] testing cutsea110/capnp-test against 1.69.0 for beta-1.70-1
[INFO] running `Command { std: "git" "clone" "/workspace/cache/git-repos/https%3A%2F%2Fgithub.com%2Fcutsea110%2Fcapnp-test" "/workspace/builds/worker-0-tc1/source", kill_on_drop: false }`
[INFO] [stderr] Cloning into '/workspace/builds/worker-0-tc1/source'...
[INFO] [stderr] done.
[INFO] validating manifest of git repo https://github.com/cutsea110/capnp-test on toolchain 1.69.0
[INFO] running `Command { std: CARGO_HOME="/workspace/cargo-home" RUSTUP_HOME="/workspace/rustup-home" "/workspace/cargo-home/bin/cargo" "+1.69.0" "metadata" "--manifest-path" "Cargo.toml" "--no-deps", kill_on_drop: false }`
[INFO] started tweaking git repo https://github.com/cutsea110/capnp-test
[INFO] finished tweaking git repo https://github.com/cutsea110/capnp-test
[INFO] tweaked toml for git repo https://github.com/cutsea110/capnp-test written to /workspace/builds/worker-0-tc1/source/Cargo.toml
[INFO] crate git repo https://github.com/cutsea110/capnp-test already has a lockfile, it will not be regenerated
[INFO] running `Command { std: CARGO_HOME="/workspace/cargo-home" RUSTUP_HOME="/workspace/rustup-home" "/workspace/cargo-home/bin/cargo" "+1.69.0" "fetch" "--manifest-path" "Cargo.toml", kill_on_drop: false }`
[INFO] [stderr]  Downloading crates ...
[INFO] [stderr]   Downloaded capnp-futures v0.14.1
[INFO] [stderr]   Downloaded capnp-rpc v0.14.1
[INFO] [stderr]   Downloaded capnpc v0.14.7
[INFO] [stderr]   Downloaded capnp v0.14.6
[INFO] running `Command { std: "docker" "create" "-v" "/var/lib/crater-agent-workspace/builds/worker-0-tc1/target:/opt/rustwide/target:rw,Z" "-v" "/var/lib/crater-agent-workspace/builds/worker-0-tc1/source:/opt/rustwide/workdir:ro,Z" "-v" "/var/lib/crater-agent-workspace/cargo-home:/opt/rustwide/cargo-home:ro,Z" "-v" "/var/lib/crater-agent-workspace/rustup-home:/opt/rustwide/rustup-home:ro,Z" "-e" "SOURCE_DIR=/opt/rustwide/workdir" "-e" "CARGO_TARGET_DIR=/opt/rustwide/target" "-e" "CARGO_HOME=/opt/rustwide/cargo-home" "-e" "RUSTUP_HOME=/opt/rustwide/rustup-home" "-w" "/opt/rustwide/workdir" "-m" "1610612736" "--user" "0:0" "--network" "none" "ghcr.io/rust-lang/crates-build-env/linux@sha256:5ff2268d62e97bff2cde7d5815dd6ed5b47097566f13b8d0ca110b04b60e07ed" "/opt/rustwide/cargo-home/bin/cargo" "+1.69.0" "metadata" "--no-deps" "--format-version=1", kill_on_drop: false }`
[INFO] [stdout] a4f6dcfe1b203820f9a78c3ac5b27fcf15830d166520874ff6ef417e7485ae3a
[INFO] running `Command { std: "docker" "start" "-a" "a4f6dcfe1b203820f9a78c3ac5b27fcf15830d166520874ff6ef417e7485ae3a", kill_on_drop: false }`
[INFO] running `Command { std: "docker" "inspect" "a4f6dcfe1b203820f9a78c3ac5b27fcf15830d166520874ff6ef417e7485ae3a", kill_on_drop: false }`
[INFO] running `Command { std: "docker" "rm" "-f" "a4f6dcfe1b203820f9a78c3ac5b27fcf15830d166520874ff6ef417e7485ae3a", kill_on_drop: false }`
[INFO] [stdout] a4f6dcfe1b203820f9a78c3ac5b27fcf15830d166520874ff6ef417e7485ae3a
[INFO] running `Command { std: "docker" "create" "-v" "/var/lib/crater-agent-workspace/builds/worker-0-tc1/target:/opt/rustwide/target:rw,Z" "-v" "/var/lib/crater-agent-workspace/builds/worker-0-tc1/source:/opt/rustwide/workdir:ro,Z" "-v" "/var/lib/crater-agent-workspace/cargo-home:/opt/rustwide/cargo-home:ro,Z" "-v" "/var/lib/crater-agent-workspace/rustup-home:/opt/rustwide/rustup-home:ro,Z" "-e" "SOURCE_DIR=/opt/rustwide/workdir" "-e" "CARGO_TARGET_DIR=/opt/rustwide/target" "-e" "CARGO_INCREMENTAL=0" "-e" "RUST_BACKTRACE=full" "-e" "RUSTFLAGS=--cap-lints=warn" "-e" "RUSTDOCFLAGS=--cap-lints=warn" "-e" "CARGO_HOME=/opt/rustwide/cargo-home" "-e" "RUSTUP_HOME=/opt/rustwide/rustup-home" "-w" "/opt/rustwide/workdir" "-m" "1610612736" "--user" "0:0" "--network" "none" "ghcr.io/rust-lang/crates-build-env/linux@sha256:5ff2268d62e97bff2cde7d5815dd6ed5b47097566f13b8d0ca110b04b60e07ed" "/opt/rustwide/cargo-home/bin/cargo" "+1.69.0" "build" "--frozen" "--message-format=json", kill_on_drop: false }`
[INFO] [stdout] 3315123da9a0c384700a2e37be0c1144f807de7b7ea90efb52a31ddb7cd146ee
[INFO] running `Command { std: "docker" "start" "-a" "3315123da9a0c384700a2e37be0c1144f807de7b7ea90efb52a31ddb7cd146ee", kill_on_drop: false }`
[INFO] [stderr]    Compiling proc-macro2 v1.0.36
[INFO] [stderr]    Compiling unicode-xid v0.2.2
[INFO] [stderr]    Compiling syn v1.0.89
[INFO] [stderr]    Compiling libc v0.2.121
[INFO] [stderr]    Compiling memchr v2.4.1
[INFO] [stderr]    Compiling futures-core v0.3.21
[INFO] [stderr]    Compiling futures-sink v0.3.21
[INFO] [stderr]    Compiling futures-channel v0.3.21
[INFO] [stderr]    Compiling futures-task v0.3.21
[INFO] [stderr]    Compiling pin-project-lite v0.2.8
[INFO] [stderr]    Compiling futures-io v0.3.21
[INFO] [stderr]    Compiling futures-util v0.3.21
[INFO] [stderr]    Compiling cfg-if v1.0.0
[INFO] [stderr]    Compiling log v0.4.14
[INFO] [stderr]    Compiling parking_lot_core v0.9.1
[INFO] [stderr]    Compiling pin-utils v0.1.0
[INFO] [stderr]    Compiling slab v0.4.5
[INFO] [stderr]    Compiling scopeguard v1.1.0
[INFO] [stderr]    Compiling smallvec v1.8.0
[INFO] [stderr]    Compiling capnp v0.14.6
[INFO] [stderr]    Compiling lock_api v0.4.6
[INFO] [stderr]    Compiling bytes v1.1.0
[INFO] [stderr]    Compiling once_cell v1.10.0
[INFO] [stderr] error: could not parse/generate dep info at: /opt/rustwide/target/debug/build/log-515e6db5cdbaeab3/build_script_build-515e6db5cdbaeab3.d
[INFO] [stderr] 
[INFO] [stderr] Caused by:
[INFO] [stderr]   failed to write `/opt/rustwide/target/debug/.fingerprint/log-515e6db5cdbaeab3/dep-build-script-build-script-build`
[INFO] [stderr] 
[INFO] [stderr] Caused by:
[INFO] [stderr]   No space left on device (os error 28)
[INFO] [stderr] warning: build failed, waiting for other jobs to finish...
[INFO] [stderr] error: could not parse/generate dep info at: /opt/rustwide/target/debug/build/futures-channel-a659890db9611f22/build_script_build-a659890db9611f22.d
[INFO] [stderr] 
[INFO] [stderr] Caused by:
[INFO] [stderr]   failed to write `/opt/rustwide/target/debug/.fingerprint/futures-channel-a659890db9611f22/dep-build-script-build-script-build`
[INFO] [stderr] 
[INFO] [stderr] Caused by:
[INFO] [stderr]   No space left on device (os error 28)
[INFO] [stdout] error: linking with `cc` failed: exit status: 1
[INFO] [stdout]   |
[INFO] [stdout]   = note: LC_ALL="C" PATH="/opt/rustwide/rustup-home/toolchains/1.69.0-x86_64-unknown-linux-gnu/lib/rustlib/x86_64-unknown-linux-gnu/bin:/opt/rustwide/cargo-home/bin:/usr/local/sbin:/usr/local/bin:/usr/sbin:/usr/bin:/sbin:/bin" VSLANG="1033" "cc" "-m64" "/tmp/rustcIz12vr/symbols.o" "/opt/rustwide/target/debug/build/parking_lot_core-26af62404e3df34f/build_script_build-26af62404e3df34f.build_script_build.76f8d002-cgu.0.rcgu.o" "/opt/rustwide/target/debug/build/parking_lot_core-26af62404e3df34f/build_script_build-26af62404e3df34f.build_script_build.76f8d002-cgu.1.rcgu.o" "/opt/rustwide/target/debug/build/parking_lot_core-26af62404e3df34f/build_script_build-26af62404e3df34f.build_script_build.76f8d002-cgu.10.rcgu.o" "/opt/rustwide/target/debug/build/parking_lot_core-26af62404e3df34f/build_script_build-26af62404e3df34f.build_script_build.76f8d002-cgu.11.rcgu.o" "/opt/rustwide/target/debug/build/parking_lot_core-26af62404e3df34f/build_script_build-26af62404e3df34f.build_script_build.76f8d002-cgu.12.rcgu.o" "/opt/rustwide/target/debug/build/parking_lot_core-26af62404e3df34f/build_script_build-26af62404e3df34f.build_script_build.76f8d002-cgu.13.rcgu.o" "/opt/rustwide/target/debug/build/parking_lot_core-26af62404e3df34f/build_script_build-26af62404e3df34f.build_script_build.76f8d002-cgu.14.rcgu.o" "/opt/rustwide/target/debug/build/parking_lot_core-26af62404e3df34f/build_script_build-26af62404e3df34f.build_script_build.76f8d002-cgu.15.rcgu.o" "/opt/rustwide/target/debug/build/parking_lot_core-26af62404e3df34f/build_script_build-26af62404e3df34f.build_script_build.76f8d002-cgu.2.rcgu.o" "/opt/rustwide/target/debug/build/parking_lot_core-26af62404e3df34f/build_script_build-26af62404e3df34f.build_script_build.76f8d002-cgu.3.rcgu.o" "/opt/rustwide/target/debug/build/parking_lot_core-26af62404e3df34f/build_script_build-26af62404e3df34f.build_script_build.76f8d002-cgu.4.rcgu.o" "/opt/rustwide/target/debug/build/parking_lot_core-26af62404e3df34f/build_script_build-26af62404e3df34f.build_script_build.76f8d002-cgu.5.rcgu.o" "/opt/rustwide/target/debug/build/parking_lot_core-26af62404e3df34f/build_script_build-26af62404e3df34f.build_script_build.76f8d002-cgu.6.rcgu.o" "/opt/rustwide/target/debug/build/parking_lot_core-26af62404e3df34f/build_script_build-26af62404e3df34f.build_script_build.76f8d002-cgu.7.rcgu.o" "/opt/rustwide/target/debug/build/parking_lot_core-26af62404e3df34f/build_script_build-26af62404e3df34f.build_script_build.76f8d002-cgu.8.rcgu.o" "/opt/rustwide/target/debug/build/parking_lot_core-26af62404e3df34f/build_script_build-26af62404e3df34f.build_script_build.76f8d002-cgu.9.rcgu.o" "/opt/rustwide/target/debug/build/parking_lot_core-26af62404e3df34f/build_script_build-26af62404e3df34f.3pr2rx92s6naoclj.rcgu.o" "-Wl,--as-needed" "-L" "/opt/rustwide/target/debug/deps" "-L" "/opt/rustwide/rustup-home/toolchains/1.69.0-x86_64-unknown-linux-gnu/lib/rustlib/x86_64-unknown-linux-gnu/lib" "-Wl,-Bstatic" "/opt/rustwide/rustup-home/toolchains/1.69.0-x86_64-unknown-linux-gnu/lib/rustlib/x86_64-unknown-linux-gnu/lib/libstd-89bc084783fdc439.rlib" "/opt/rustwide/rustup-home/toolchains/1.69.0-x86_64-unknown-linux-gnu/lib/rustlib/x86_64-unknown-linux-gnu/lib/libpanic_unwind-8bee4b287d4367c1.rlib" "/opt/rustwide/rustup-home/toolchains/1.69.0-x86_64-unknown-linux-gnu/lib/rustlib/x86_64-unknown-linux-gnu/lib/libobject-d61707aed80694c0.rlib" "/opt/rustwide/rustup-home/toolchains/1.69.0-x86_64-unknown-linux-gnu/lib/rustlib/x86_64-unknown-linux-gnu/lib/libmemchr-d85366256f22345b.rlib" "/opt/rustwide/rustup-home/toolchains/1.69.0-x86_64-unknown-linux-gnu/lib/rustlib/x86_64-unknown-linux-gnu/lib/libaddr2line-96069b86b8a8cae9.rlib" "/opt/rustwide/rustup-home/toolchains/1.69.0-x86_64-unknown-linux-gnu/lib/rustlib/x86_64-unknown-linux-gnu/lib/libgimli-d19d53abf68dfa6c.rlib" "/opt/rustwide/rustup-home/toolchains/1.69.0-x86_64-unknown-linux-gnu/lib/rustlib/x86_64-unknown-linux-gnu/lib/librustc_demangle-787cbccd19d64ac6.rlib" "/opt/rustwide/rustup-home/toolchains/1.69.0-x86_64-unknown-linux-gnu/lib/rustlib/x86_64-unknown-linux-gnu/lib/libstd_detect-b3837a36b830e0d0.rlib" "/opt/rustwide/rustup-home/toolchains/1.69.0-x86_64-unknown-linux-gnu/lib/rustlib/x86_64-unknown-linux-gnu/lib/libhashbrown-e3deb0e7e3f04966.rlib" "/opt/rustwide/rustup-home/toolchains/1.69.0-x86_64-unknown-linux-gnu/lib/rustlib/x86_64-unknown-linux-gnu/lib/libminiz_oxide-dabbb79c9815def4.rlib" "/opt/rustwide/rustup-home/toolchains/1.69.0-x86_64-unknown-linux-gnu/lib/rustlib/x86_64-unknown-linux-gnu/lib/libadler-305b01f34c9409f2.rlib" "/opt/rustwide/rustup-home/toolchains/1.69.0-x86_64-unknown-linux-gnu/lib/rustlib/x86_64-unknown-linux-gnu/lib/librustc_std_workspace_alloc-f833521df6074e73.rlib" "/opt/rustwide/rustup-home/toolchains/1.69.0-x86_64-unknown-linux-gnu/lib/rustlib/x86_64-unknown-linux-gnu/lib/libunwind-9ac333113350d171.rlib" "/opt/rustwide/rustup-home/toolchains/1.69.0-x86_64-unknown-linux-gnu/lib/rustlib/x86_64-unknown-linux-gnu/lib/libcfg_if-1c126114322d0eee.rlib" "/opt/rustwide/rustup-home/toolchains/1.69.0-x86_64-unknown-linux-gnu/lib/rustlib/x86_64-unknown-linux-gnu/lib/liblibc-bad9164fdeeecf92.rlib" "/opt/rustwide/rustup-home/toolchains/1.69.0-x86_64-unknown-linux-gnu/lib/rustlib/x86_64-unknown-linux-gnu/lib/liballoc-f9374b1e480fa681.rlib" "/opt/rustwide/rustup-home/toolchains/1.69.0-x86_64-unknown-linux-gnu/lib/rustlib/x86_64-unknown-linux-gnu/lib/librustc_std_workspace_core-207f06e41d9603af.rlib" "/opt/rustwide/rustup-home/toolchains/1.69.0-x86_64-unknown-linux-gnu/lib/rustlib/x86_64-unknown-linux-gnu/lib/libcore-7e2768e66e984e85.rlib" "/opt/rustwide/rustup-home/toolchains/1.69.0-x86_64-unknown-linux-gnu/lib/rustlib/x86_64-unknown-linux-gnu/lib/libcompiler_builtins-957b4aff41f8cd46.rlib" "-Wl,-Bdynamic" "-lgcc_s" "-lutil" "-lrt" "-lpthread" "-lm" "-ldl" "-lc" "-Wl,--eh-frame-hdr" "-Wl,-z,noexecstack" "-L" "/opt/rustwide/rustup-home/toolchains/1.69.0-x86_64-unknown-linux-gnu/lib/rustlib/x86_64-unknown-linux-gnu/lib" "-o" "/opt/rustwide/target/debug/build/parking_lot_core-26af62404e3df34f/build_script_build-26af62404e3df34f" "-Wl,--gc-sections" "-pie" "-Wl,-z,relro,-z,now" "-nodefaultlibs"
[INFO] [stdout]   = note: /usr/bin/ld: final link failed: No space left on device
[INFO] [stdout]           collect2: error: ld returned 1 exit status
[INFO] [stdout]           
[INFO] [stdout] 
[INFO] [stdout] 
[INFO] [stdout] error: aborting due to previous error
[INFO] [stdout] 
[INFO] [stdout] 
[INFO] [stdout] error: linking with `cc` failed: exit status: 1
[INFO] [stdout]   |
[INFO] [stdout]   = note: LC_ALL="C" PATH="/opt/rustwide/rustup-home/toolchains/1.69.0-x86_64-unknown-linux-gnu/lib/rustlib/x86_64-unknown-linux-gnu/bin:/opt/rustwide/cargo-home/bin:/usr/local/sbin:/usr/local/bin:/usr/sbin:/usr/bin:/sbin:/bin" VSLANG="1033" "cc" "-m64" "/tmp/rustcyO52Br/symbols.o" "/opt/rustwide/target/debug/build/memchr-a307e17eaf48757f/build_script_build-a307e17eaf48757f.build_script_build.df567cbc-cgu.0.rcgu.o" "/opt/rustwide/target/debug/build/memchr-a307e17eaf48757f/build_script_build-a307e17eaf48757f.build_script_build.df567cbc-cgu.1.rcgu.o" "/opt/rustwide/target/debug/build/memchr-a307e17eaf48757f/build_script_build-a307e17eaf48757f.build_script_build.df567cbc-cgu.10.rcgu.o" "/opt/rustwide/target/debug/build/memchr-a307e17eaf48757f/build_script_build-a307e17eaf48757f.build_script_build.df567cbc-cgu.11.rcgu.o" "/opt/rustwide/target/debug/build/memchr-a307e17eaf48757f/build_script_build-a307e17eaf48757f.build_script_build.df567cbc-cgu.12.rcgu.o" "/opt/rustwide/target/debug/build/memchr-a307e17eaf48757f/build_script_build-a307e17eaf48757f.build_script_build.df567cbc-cgu.13.rcgu.o" "/opt/rustwide/target/debug/build/memchr-a307e17eaf48757f/build_script_build-a307e17eaf48757f.build_script_build.df567cbc-cgu.14.rcgu.o" "/opt/rustwide/target/debug/build/memchr-a307e17eaf48757f/build_script_build-a307e17eaf48757f.build_script_build.df567cbc-cgu.15.rcgu.o" "/opt/rustwide/target/debug/build/memchr-a307e17eaf48757f/build_script_build-a307e17eaf48757f.build_script_build.df567cbc-cgu.2.rcgu.o" "/opt/rustwide/target/debug/build/memchr-a307e17eaf48757f/build_script_build-a307e17eaf48757f.build_script_build.df567cbc-cgu.3.rcgu.o" "/opt/rustwide/target/debug/build/memchr-a307e17eaf48757f/build_script_build-a307e17eaf48757f.build_script_build.df567cbc-cgu.4.rcgu.o" "/opt/rustwide/target/debug/build/memchr-a307e17eaf48757f/build_script_build-a307e17eaf48757f.build_script_build.df567cbc-cgu.5.rcgu.o" "/opt/rustwide/target/debug/build/memchr-a307e17eaf48757f/build_script_build-a307e17eaf48757f.build_script_build.df567cbc-cgu.6.rcgu.o" "/opt/rustwide/target/debug/build/memchr-a307e17eaf48757f/build_script_build-a307e17eaf48757f.build_script_build.df567cbc-cgu.7.rcgu.o" "/opt/rustwide/target/debug/build/memchr-a307e17eaf48757f/build_script_build-a307e17eaf48757f.build_script_build.df567cbc-cgu.8.rcgu.o" "/opt/rustwide/target/debug/build/memchr-a307e17eaf48757f/build_script_build-a307e17eaf48757f.build_script_build.df567cbc-cgu.9.rcgu.o" "/opt/rustwide/target/debug/build/memchr-a307e17eaf48757f/build_script_build-a307e17eaf48757f.48uw4cpcv37a8kl2.rcgu.o" "-Wl,--as-needed" "-L" "/opt/rustwide/target/debug/deps" "-L" "/opt/rustwide/rustup-home/toolchains/1.69.0-x86_64-unknown-linux-gnu/lib/rustlib/x86_64-unknown-linux-gnu/lib" "-Wl,-Bstatic" "/opt/rustwide/rustup-home/toolchains/1.69.0-x86_64-unknown-linux-gnu/lib/rustlib/x86_64-unknown-linux-gnu/lib/libstd-89bc084783fdc439.rlib" "/opt/rustwide/rustup-home/toolchains/1.69.0-x86_64-unknown-linux-gnu/lib/rustlib/x86_64-unknown-linux-gnu/lib/libpanic_unwind-8bee4b287d4367c1.rlib" "/opt/rustwide/rustup-home/toolchains/1.69.0-x86_64-unknown-linux-gnu/lib/rustlib/x86_64-unknown-linux-gnu/lib/libobject-d61707aed80694c0.rlib" "/opt/rustwide/rustup-home/toolchains/1.69.0-x86_64-unknown-linux-gnu/lib/rustlib/x86_64-unknown-linux-gnu/lib/libmemchr-d85366256f22345b.rlib" "/opt/rustwide/rustup-home/toolchains/1.69.0-x86_64-unknown-linux-gnu/lib/rustlib/x86_64-unknown-linux-gnu/lib/libaddr2line-96069b86b8a8cae9.rlib" "/opt/rustwide/rustup-home/toolchains/1.69.0-x86_64-unknown-linux-gnu/lib/rustlib/x86_64-unknown-linux-gnu/lib/libgimli-d19d53abf68dfa6c.rlib" "/opt/rustwide/rustup-home/toolchains/1.69.0-x86_64-unknown-linux-gnu/lib/rustlib/x86_64-unknown-linux-gnu/lib/librustc_demangle-787cbccd19d64ac6.rlib" "/opt/rustwide/rustup-home/toolchains/1.69.0-x86_64-unknown-linux-gnu/lib/rustlib/x86_64-unknown-linux-gnu/lib/libstd_detect-b3837a36b830e0d0.rlib" "/opt/rustwide/rustup-home/toolchains/1.69.0-x86_64-unknown-linux-gnu/lib/rustlib/x86_64-unknown-linux-gnu/lib/libhashbrown-e3deb0e7e3f04966.rlib" "/opt/rustwide/rustup-home/toolchains/1.69.0-x86_64-unknown-linux-gnu/lib/rustlib/x86_64-unknown-linux-gnu/lib/libminiz_oxide-dabbb79c9815def4.rlib" "/opt/rustwide/rustup-home/toolchains/1.69.0-x86_64-unknown-linux-gnu/lib/rustlib/x86_64-unknown-linux-gnu/lib/libadler-305b01f34c9409f2.rlib" "/opt/rustwide/rustup-home/toolchains/1.69.0-x86_64-unknown-linux-gnu/lib/rustlib/x86_64-unknown-linux-gnu/lib/librustc_std_workspace_alloc-f833521df6074e73.rlib" "/opt/rustwide/rustup-home/toolchains/1.69.0-x86_64-unknown-linux-gnu/lib/rustlib/x86_64-unknown-linux-gnu/lib/libunwind-9ac333113350d171.rlib" "/opt/rustwide/rustup-home/toolchains/1.69.0-x86_64-unknown-linux-gnu/lib/rustlib/x86_64-unknown-linux-gnu/lib/libcfg_if-1c126114322d0eee.rlib" "/opt/rustwide/rustup-home/toolchains/1.69.0-x86_64-unknown-linux-gnu/lib/rustlib/x86_64-unknown-linux-gnu/lib/liblibc-bad9164fdeeecf92.rlib" "/opt/rustwide/rustup-home/toolchains/1.69.0-x86_64-unknown-linux-gnu/lib/rustlib/x86_64-unknown-linux-gnu/lib/liballoc-f9374b1e480fa681.rlib" "/opt/rustwide/rustup-home/toolchains/1.69.0-x86_64-unknown-linux-gnu/lib/rustlib/x86_64-unknown-linux-gnu/lib/librustc_std_workspace_core-207f06e41d9603af.rlib" "/opt/rustwide/rustup-home/toolchains/1.69.0-x86_64-unknown-linux-gnu/lib/rustlib/x86_64-unknown-linux-gnu/lib/libcore-7e2768e66e984e85.rlib" "/opt/rustwide/rustup-home/toolchains/1.69.0-x86_64-unknown-linux-gnu/lib/rustlib/x86_64-unknown-linux-gnu/lib/libcompiler_builtins-957b4aff41f8cd46.rlib" "-Wl,-Bdynamic" "-lgcc_s" "-lutil" "-lrt" "-lpthread" "-lm" "-ldl" "-lc" "-Wl,--eh-frame-hdr" "-Wl,-z,noexecstack" "-L" "/opt/rustwide/rustup-home/toolchains/1.69.0-x86_64-unknown-linux-gnu/lib/rustlib/x86_64-unknown-linux-gnu/lib" "-o" "/opt/rustwide/target/debug/build/memchr-a307e17eaf48757f/build_script_build-a307e17eaf48757f" "-Wl,--gc-sections" "-pie" "-Wl,-z,relro,-z,now" "-nodefaultlibs"
[INFO] [stdout]   = note: /usr/bin/ld: final link failed: No space left on device
[INFO] [stdout]           collect2: error: ld returned 1 exit status
[INFO] [stdout]           
[INFO] [stdout] 
[INFO] [stdout] 
[INFO] [stdout] error: aborting due to previous error
[INFO] [stdout] 
[INFO] [stdout] 
[INFO] [stdout] error: linking with `cc` failed: exit status: 1
[INFO] [stdout]   |
[INFO] [stdout]   = note: LC_ALL="C" PATH="/opt/rustwide/rustup-home/toolchains/1.69.0-x86_64-unknown-linux-gnu/lib/rustlib/x86_64-unknown-linux-gnu/bin:/opt/rustwide/cargo-home/bin:/usr/local/sbin:/usr/local/bin:/usr/sbin:/usr/bin:/sbin:/bin" VSLANG="1033" "cc" "-m64" "/tmp/rustcF0QI1S/symbols.o" "/opt/rustwide/target/debug/build/futures-util-af420ef1af7c4dfe/build_script_build-af420ef1af7c4dfe.build_script_build.320cc621-cgu.0.rcgu.o" "/opt/rustwide/target/debug/build/futures-util-af420ef1af7c4dfe/build_script_build-af420ef1af7c4dfe.build_script_build.320cc621-cgu.1.rcgu.o" "/opt/rustwide/target/debug/build/futures-util-af420ef1af7c4dfe/build_script_build-af420ef1af7c4dfe.build_script_build.320cc621-cgu.10.rcgu.o" "/opt/rustwide/target/debug/build/futures-util-af420ef1af7c4dfe/build_script_build-af420ef1af7c4dfe.build_script_build.320cc621-cgu.11.rcgu.o" "/opt/rustwide/target/debug/build/futures-util-af420ef1af7c4dfe/build_script_build-af420ef1af7c4dfe.build_script_build.320cc621-cgu.12.rcgu.o" "/opt/rustwide/target/debug/build/futures-util-af420ef1af7c4dfe/build_script_build-af420ef1af7c4dfe.build_script_build.320cc621-cgu.13.rcgu.o" "/opt/rustwide/target/debug/build/futures-util-af420ef1af7c4dfe/build_script_build-af420ef1af7c4dfe.build_script_build.320cc621-cgu.14.rcgu.o" "/opt/rustwide/target/debug/build/futures-util-af420ef1af7c4dfe/build_script_build-af420ef1af7c4dfe.build_script_build.320cc621-cgu.15.rcgu.o" "/opt/rustwide/target/debug/build/futures-util-af420ef1af7c4dfe/build_script_build-af420ef1af7c4dfe.build_script_build.320cc621-cgu.2.rcgu.o" "/opt/rustwide/target/debug/build/futures-util-af420ef1af7c4dfe/build_script_build-af420ef1af7c4dfe.build_script_build.320cc621-cgu.3.rcgu.o" "/opt/rustwide/target/debug/build/futures-util-af420ef1af7c4dfe/build_script_build-af420ef1af7c4dfe.build_script_build.320cc621-cgu.4.rcgu.o" "/opt/rustwide/target/debug/build/futures-util-af420ef1af7c4dfe/build_script_build-af420ef1af7c4dfe.build_script_build.320cc621-cgu.5.rcgu.o" "/opt/rustwide/target/debug/build/futures-util-af420ef1af7c4dfe/build_script_build-af420ef1af7c4dfe.build_script_build.320cc621-cgu.6.rcgu.o" "/opt/rustwide/target/debug/build/futures-util-af420ef1af7c4dfe/build_script_build-af420ef1af7c4dfe.build_script_build.320cc621-cgu.7.rcgu.o" "/opt/rustwide/target/debug/build/futures-util-af420ef1af7c4dfe/build_script_build-af420ef1af7c4dfe.build_script_build.320cc621-cgu.8.rcgu.o" "/opt/rustwide/target/debug/build/futures-util-af420ef1af7c4dfe/build_script_build-af420ef1af7c4dfe.build_script_build.320cc621-cgu.9.rcgu.o" "/opt/rustwide/target/debug/build/futures-util-af420ef1af7c4dfe/build_script_build-af420ef1af7c4dfe.4h3sqns5qkjnxsro.rcgu.o" "-Wl,--as-needed" "-L" "/opt/rustwide/target/debug/deps" "-L" "/opt/rustwide/rustup-home/toolchains/1.69.0-x86_64-unknown-linux-gnu/lib/rustlib/x86_64-unknown-linux-gnu/lib" "-Wl,-Bstatic" "/opt/rustwide/rustup-home/toolchains/1.69.0-x86_64-unknown-linux-gnu/lib/rustlib/x86_64-unknown-linux-gnu/lib/libstd-89bc084783fdc439.rlib" "/opt/rustwide/rustup-home/toolchains/1.69.0-x86_64-unknown-linux-gnu/lib/rustlib/x86_64-unknown-linux-gnu/lib/libpanic_unwind-8bee4b287d4367c1.rlib" "/opt/rustwide/rustup-home/toolchains/1.69.0-x86_64-unknown-linux-gnu/lib/rustlib/x86_64-unknown-linux-gnu/lib/libobject-d61707aed80694c0.rlib" "/opt/rustwide/rustup-home/toolchains/1.69.0-x86_64-unknown-linux-gnu/lib/rustlib/x86_64-unknown-linux-gnu/lib/libmemchr-d85366256f22345b.rlib" "/opt/rustwide/rustup-home/toolchains/1.69.0-x86_64-unknown-linux-gnu/lib/rustlib/x86_64-unknown-linux-gnu/lib/libaddr2line-96069b86b8a8cae9.rlib" "/opt/rustwide/rustup-home/toolchains/1.69.0-x86_64-unknown-linux-gnu/lib/rustlib/x86_64-unknown-linux-gnu/lib/libgimli-d19d53abf68dfa6c.rlib" "/opt/rustwide/rustup-home/toolchains/1.69.0-x86_64-unknown-linux-gnu/lib/rustlib/x86_64-unknown-linux-gnu/lib/librustc_demangle-787cbccd19d64ac6.rlib" "/opt/rustwide/rustup-home/toolchains/1.69.0-x86_64-unknown-linux-gnu/lib/rustlib/x86_64-unknown-linux-gnu/lib/libstd_detect-b3837a36b830e0d0.rlib" "/opt/rustwide/rustup-home/toolchains/1.69.0-x86_64-unknown-linux-gnu/lib/rustlib/x86_64-unknown-linux-gnu/lib/libhashbrown-e3deb0e7e3f04966.rlib" "/opt/rustwide/rustup-home/toolchains/1.69.0-x86_64-unknown-linux-gnu/lib/rustlib/x86_64-unknown-linux-gnu/lib/libminiz_oxide-dabbb79c9815def4.rlib" "/opt/rustwide/rustup-home/toolchains/1.69.0-x86_64-unknown-linux-gnu/lib/rustlib/x86_64-unknown-linux-gnu/lib/libadler-305b01f34c9409f2.rlib" "/opt/rustwide/rustup-home/toolchains/1.69.0-x86_64-unknown-linux-gnu/lib/rustlib/x86_64-unknown-linux-gnu/lib/librustc_std_workspace_alloc-f833521df6074e73.rlib" "/opt/rustwide/rustup-home/toolchains/1.69.0-x86_64-unknown-linux-gnu/lib/rustlib/x86_64-unknown-linux-gnu/lib/libunwind-9ac333113350d171.rlib" "/opt/rustwide/rustup-home/toolchains/1.69.0-x86_64-unknown-linux-gnu/lib/rustlib/x86_64-unknown-linux-gnu/lib/libcfg_if-1c126114322d0eee.rlib" "/opt/rustwide/rustup-home/toolchains/1.69.0-x86_64-unknown-linux-gnu/lib/rustlib/x86_64-unknown-linux-gnu/lib/liblibc-bad9164fdeeecf92.rlib" "/opt/rustwide/rustup-home/toolchains/1.69.0-x86_64-unknown-linux-gnu/lib/rustlib/x86_64-unknown-linux-gnu/lib/liballoc-f9374b1e480fa681.rlib" "/opt/rustwide/rustup-home/toolchains/1.69.0-x86_64-unknown-linux-gnu/lib/rustlib/x86_64-unknown-linux-gnu/lib/librustc_std_workspace_core-207f06e41d9603af.rlib" "/opt/rustwide/rustup-home/toolchains/1.69.0-x86_64-unknown-linux-gnu/lib/rustlib/x86_64-unknown-linux-gnu/lib/libcore-7e2768e66e984e85.rlib" "/opt/rustwide/rustup-home/toolchains/1.69.0-x86_64-unknown-linux-gnu/lib/rustlib/x86_64-unknown-linux-gnu/lib/libcompiler_builtins-957b4aff41f8cd46.rlib" "-Wl,-Bdynamic" "-lgcc_s" "-lutil" "-lrt" "-lpthread" "-lm" "-ldl" "-lc" "-Wl,--eh-frame-hdr" "-Wl,-z,noexecstack" "-L" "/opt/rustwide/rustup-home/toolchains/1.69.0-x86_64-unknown-linux-gnu/lib/rustlib/x86_64-unknown-linux-gnu/lib" "-o" "/opt/rustwide/target/debug/build/futures-util-af420ef1af7c4dfe/build_script_build-af420ef1af7c4dfe" "-Wl,--gc-sections" "-pie" "-Wl,-z,relro,-z,now" "-nodefaultlibs"
[INFO] [stdout]   = note: /usr/bin/ld: final link failed: No space left on device
[INFO] [stdout]           collect2: error: ld returned 1 exit status
[INFO] [stdout]           
[INFO] [stdout] 
[INFO] [stdout] 
[INFO] [stdout] error: linking with `cc` failed: exit status: 1
[INFO] [stdout]   |
[INFO] [stdout]   = note: LC_ALL="C" PATH="/opt/rustwide/rustup-home/toolchains/1.69.0-x86_64-unknown-linux-gnu/lib/rustlib/x86_64-unknown-linux-gnu/bin:/opt/rustwide/cargo-home/bin:/usr/local/sbin:/usr/local/bin:/usr/sbin:/usr/bin:/sbin:/bin" VSLANG="1033" "cc" "-m64" "/tmp/rustcpFXBeq/symbols.o" "/opt/rustwide/target/debug/build/futures-core-6eb17c35e0d2515f/build_script_build-6eb17c35e0d2515f.build_script_build.68f3260a-cgu.0.rcgu.o" "/opt/rustwide/target/debug/build/futures-core-6eb17c35e0d2515f/build_script_build-6eb17c35e0d2515f.build_script_build.68f3260a-cgu.1.rcgu.o" "/opt/rustwide/target/debug/build/futures-core-6eb17c35e0d2515f/build_script_build-6eb17c35e0d2515f.build_script_build.68f3260a-cgu.10.rcgu.o" "/opt/rustwide/target/debug/build/futures-core-6eb17c35e0d2515f/build_script_build-6eb17c35e0d2515f.build_script_build.68f3260a-cgu.11.rcgu.o" "/opt/rustwide/target/debug/build/futures-core-6eb17c35e0d2515f/build_script_build-6eb17c35e0d2515f.build_script_build.68f3260a-cgu.12.rcgu.o" "/opt/rustwide/target/debug/build/futures-core-6eb17c35e0d2515f/build_script_build-6eb17c35e0d2515f.build_script_build.68f3260a-cgu.13.rcgu.o" "/opt/rustwide/target/debug/build/futures-core-6eb17c35e0d2515f/build_script_build-6eb17c35e0d2515f.build_script_build.68f3260a-cgu.14.rcgu.o" "/opt/rustwide/target/debug/build/futures-core-6eb17c35e0d2515f/build_script_build-6eb17c35e0d2515f.build_script_build.68f3260a-cgu.15.rcgu.o" "/opt/rustwide/target/debug/build/futures-core-6eb17c35e0d2515f/build_script_build-6eb17c35e0d2515f.build_script_build.68f3260a-cgu.2.rcgu.o" "/opt/rustwide/target/debug/build/futures-core-6eb17c35e0d2515f/build_script_build-6eb17c35e0d2515f.build_script_build.68f3260a-cgu.3.rcgu.o" "/opt/rustwide/target/debug/build/futures-core-6eb17c35e0d2515f/build_script_build-6eb17c35e0d2515f.build_script_build.68f3260a-cgu.4.rcgu.o" "/opt/rustwide/target/debug/build/futures-core-6eb17c35e0d2515f/build_script_build-6eb17c35e0d2515f.build_script_build.68f3260a-cgu.5.rcgu.o" "/opt/rustwide/target/debug/build/futures-core-6eb17c35e0d2515f/build_script_build-6eb17c35e0d2515f.build_script_build.68f3260a-cgu.6.rcgu.o" "/opt/rustwide/target/debug/build/futures-core-6eb17c35e0d2515f/build_script_build-6eb17c35e0d2515f.build_script_build.68f3260a-cgu.7.rcgu.o" "/opt/rustwide/target/debug/build/futures-core-6eb17c35e0d2515f/build_script_build-6eb17c35e0d2515f.build_script_build.68f3260a-cgu.8.rcgu.o" "/opt/rustwide/target/debug/build/futures-core-6eb17c35e0d2515f/build_script_build-6eb17c35e0d2515f.build_script_build.68f3260a-cgu.9.rcgu.o" "/opt/rustwide/target/debug/build/futures-core-6eb17c35e0d2515f/build_script_build-6eb17c35e0d2515f.231i7sh6o8nizlbo.rcgu.o" "-Wl,--as-needed" "-L" "/opt/rustwide/target/debug/deps" "-L" "/opt/rustwide/rustup-home/toolchains/1.69.0-x86_64-unknown-linux-gnu/lib/rustlib/x86_64-unknown-linux-gnu/lib" "-Wl,-Bstatic" "/opt/rustwide/rustup-home/toolchains/1.69.0-x86_64-unknown-linux-gnu/lib/rustlib/x86_64-unknown-linux-gnu/lib/libstd-89bc084783fdc439.rlib" "/opt/rustwide/rustup-home/toolchains/1.69.0-x86_64-unknown-linux-gnu/lib/rustlib/x86_64-unknown-linux-gnu/lib/libpanic_unwind-8bee4b287d4367c1.rlib" "/opt/rustwide/rustup-home/toolchains/1.69.0-x86_64-unknown-linux-gnu/lib/rustlib/x86_64-unknown-linux-gnu/lib/libobject-d61707aed80694c0.rlib" "/opt/rustwide/rustup-home/toolchains/1.69.0-x86_64-unknown-linux-gnu/lib/rustlib/x86_64-unknown-linux-gnu/lib/libmemchr-d85366256f22345b.rlib" "/opt/rustwide/rustup-home/toolchains/1.69.0-x86_64-unknown-linux-gnu/lib/rustlib/x86_64-unknown-linux-gnu/lib/libaddr2line-96069b86b8a8cae9.rlib" "/opt/rustwide/rustup-home/toolchains/1.69.0-x86_64-unknown-linux-gnu/lib/rustlib/x86_64-unknown-linux-gnu/lib/libgimli-d19d53abf68dfa6c.rlib" "/opt/rustwide/rustup-home/toolchains/1.69.0-x86_64-unknown-linux-gnu/lib/rustlib/x86_64-unknown-linux-gnu/lib/librustc_demangle-787cbccd19d64ac6.rlib" "/opt/rustwide/rustup-home/toolchains/1.69.0-x86_64-unknown-linux-gnu/lib/rustlib/x86_64-unknown-linux-gnu/lib/libstd_detect-b3837a36b830e0d0.rlib" "/opt/rustwide/rustup-home/toolchains/1.69.0-x86_64-unknown-linux-gnu/lib/rustlib/x86_64-unknown-linux-gnu/lib/libhashbrown-e3deb0e7e3f04966.rlib" "/opt/rustwide/rustup-home/toolchains/1.69.0-x86_64-unknown-linux-gnu/lib/rustlib/x86_64-unknown-linux-gnu/lib/libminiz_oxide-dabbb79c9815def4.rlib" "/opt/rustwide/rustup-home/toolchains/1.69.0-x86_64-unknown-linux-gnu/lib/rustlib/x86_64-unknown-linux-gnu/lib/libadler-305b01f34c9409f2.rlib" "/opt/rustwide/rustup-home/toolchains/1.69.0-x86_64-unknown-linux-gnu/lib/rustlib/x86_64-unknown-linux-gnu/lib/librustc_std_workspace_alloc-f833521df6074e73.rlib" "/opt/rustwide/rustup-home/toolchains/1.69.0-x86_64-unknown-linux-gnu/lib/rustlib/x86_64-unknown-linux-gnu/lib/libunwind-9ac333113350d171.rlib" "/opt/rustwide/rustup-home/toolchains/1.69.0-x86_64-unknown-linux-gnu/lib/rustlib/x86_64-unknown-linux-gnu/lib/libcfg_if-1c126114322d0eee.rlib" "/opt/rustwide/rustup-home/toolchains/1.69.0-x86_64-unknown-linux-gnu/lib/rustlib/x86_64-unknown-linux-gnu/lib/liblibc-bad9164fdeeecf92.rlib" "/opt/rustwide/rustup-home/toolchains/1.69.0-x86_64-unknown-linux-gnu/lib/rustlib/x86_64-unknown-linux-gnu/lib/liballoc-f9374b1e480fa681.rlib" "/opt/rustwide/rustup-home/toolchains/1.69.0-x86_64-unknown-linux-gnu/lib/rustlib/x86_64-unknown-linux-gnu/lib/librustc_std_workspace_core-207f06e41d9603af.rlib" "/opt/rustwide/rustup-home/toolchains/1.69.0-x86_64-unknown-linux-gnu/lib/rustlib/x86_64-unknown-linux-gnu/lib/libcore-7e2768e66e984e85.rlib" "/opt/rustwide/rustup-home/toolchains/1.69.0-x86_64-unknown-linux-gnu/lib/rustlib/x86_64-unknown-linux-gnu/lib/libcompiler_builtins-957b4aff41f8cd46.rlib" "-Wl,-Bdynamic" "-lgcc_s" "-lutil" "-lrt" "-lpthread" "-lm" "-ldl" "-lc" "-Wl,--eh-frame-hdr" "-Wl,-z,noexecstack" "-L" "/opt/rustwide/rustup-home/toolchains/1.69.0-x86_64-unknown-linux-gnu/lib/rustlib/x86_64-unknown-linux-gnu/lib" "-o" "/opt/rustwide/target/debug/build/futures-core-6eb17c35e0d2515f/build_script_build-6eb17c35e0d2515f" "-Wl,--gc-sections" "-pie" "-Wl,-z,relro,-z,now" "-nodefaultlibs"
[INFO] [stdout]   = note: /usr/bin/ld: final link failed: No space left on device
[INFO] [stdout]           collect2: error: ld returned 1 exit status
[INFO] [stdout]           
[INFO] [stdout] 
[INFO] [stdout] 
[INFO] [stdout] error: aborting due to previous error
[INFO] [stdout] 
[INFO] [stdout] 
[INFO] [stdout] error: aborting due to previous error
[INFO] [stdout] 
[INFO] [stdout] 
[INFO] [stderr] error: could not compile `parking_lot_core` due to 2 previous errors
[INFO] [stdout] error: linking with `cc` failed: exit status: 1
[INFO] [stdout]   |
[INFO] [stdout]   = note: LC_ALL="C" PATH="/opt/rustwide/rustup-home/toolchains/1.69.0-x86_64-unknown-linux-gnu/lib/rustlib/x86_64-unknown-linux-gnu/bin:/opt/rustwide/cargo-home/bin:/usr/local/sbin:/usr/local/bin:/usr/sbin:/usr/bin:/sbin:/bin" VSLANG="1033" "cc" "-m64" "/tmp/rustcKEJxKK/symbols.o" "/opt/rustwide/target/debug/build/futures-task-f03a18b3fef7a253/build_script_build-f03a18b3fef7a253.build_script_build.4f99daad-cgu.0.rcgu.o" "/opt/rustwide/target/debug/build/futures-task-f03a18b3fef7a253/build_script_build-f03a18b3fef7a253.build_script_build.4f99daad-cgu.1.rcgu.o" "/opt/rustwide/target/debug/build/futures-task-f03a18b3fef7a253/build_script_build-f03a18b3fef7a253.build_script_build.4f99daad-cgu.10.rcgu.o" "/opt/rustwide/target/debug/build/futures-task-f03a18b3fef7a253/build_script_build-f03a18b3fef7a253.build_script_build.4f99daad-cgu.11.rcgu.o" "/opt/rustwide/target/debug/build/futures-task-f03a18b3fef7a253/build_script_build-f03a18b3fef7a253.build_script_build.4f99daad-cgu.12.rcgu.o" "/opt/rustwide/target/debug/build/futures-task-f03a18b3fef7a253/build_script_build-f03a18b3fef7a253.build_script_build.4f99daad-cgu.13.rcgu.o" "/opt/rustwide/target/debug/build/futures-task-f03a18b3fef7a253/build_script_build-f03a18b3fef7a253.build_script_build.4f99daad-cgu.14.rcgu.o" "/opt/rustwide/target/debug/build/futures-task-f03a18b3fef7a253/build_script_build-f03a18b3fef7a253.build_script_build.4f99daad-cgu.15.rcgu.o" "/opt/rustwide/target/debug/build/futures-task-f03a18b3fef7a253/build_script_build-f03a18b3fef7a253.build_script_build.4f99daad-cgu.2.rcgu.o" "/opt/rustwide/target/debug/build/futures-task-f03a18b3fef7a253/build_script_build-f03a18b3fef7a253.build_script_build.4f99daad-cgu.3.rcgu.o" "/opt/rustwide/target/debug/build/futures-task-f03a18b3fef7a253/build_script_build-f03a18b3fef7a253.build_script_build.4f99daad-cgu.4.rcgu.o" "/opt/rustwide/target/debug/build/futures-task-f03a18b3fef7a253/build_script_build-f03a18b3fef7a253.build_script_build.4f99daad-cgu.5.rcgu.o" "/opt/rustwide/target/debug/build/futures-task-f03a18b3fef7a253/build_script_build-f03a18b3fef7a253.build_script_build.4f99daad-cgu.6.rcgu.o" "/opt/rustwide/target/debug/build/futures-task-f03a18b3fef7a253/build_script_build-f03a18b3fef7a253.build_script_build.4f99daad-cgu.7.rcgu.o" "/opt/rustwide/target/debug/build/futures-task-f03a18b3fef7a253/build_script_build-f03a18b3fef7a253.build_script_build.4f99daad-cgu.8.rcgu.o" "/opt/rustwide/target/debug/build/futures-task-f03a18b3fef7a253/build_script_build-f03a18b3fef7a253.build_script_build.4f99daad-cgu.9.rcgu.o" "/opt/rustwide/target/debug/build/futures-task-f03a18b3fef7a253/build_script_build-f03a18b3fef7a253.3cltwtsbu7ze4221.rcgu.o" "-Wl,--as-needed" "-L" "/opt/rustwide/target/debug/deps" "-L" "/opt/rustwide/rustup-home/toolchains/1.69.0-x86_64-unknown-linux-gnu/lib/rustlib/x86_64-unknown-linux-gnu/lib" "-Wl,-Bstatic" "/opt/rustwide/rustup-home/toolchains/1.69.0-x86_64-unknown-linux-gnu/lib/rustlib/x86_64-unknown-linux-gnu/lib/libstd-89bc084783fdc439.rlib" "/opt/rustwide/rustup-home/toolchains/1.69.0-x86_64-unknown-linux-gnu/lib/rustlib/x86_64-unknown-linux-gnu/lib/libpanic_unwind-8bee4b287d4367c1.rlib" "/opt/rustwide/rustup-home/toolchains/1.69.0-x86_64-unknown-linux-gnu/lib/rustlib/x86_64-unknown-linux-gnu/lib/libobject-d61707aed80694c0.rlib" "/opt/rustwide/rustup-home/toolchains/1.69.0-x86_64-unknown-linux-gnu/lib/rustlib/x86_64-unknown-linux-gnu/lib/libmemchr-d85366256f22345b.rlib" "/opt/rustwide/rustup-home/toolchains/1.69.0-x86_64-unknown-linux-gnu/lib/rustlib/x86_64-unknown-linux-gnu/lib/libaddr2line-96069b86b8a8cae9.rlib" "/opt/rustwide/rustup-home/toolchains/1.69.0-x86_64-unknown-linux-gnu/lib/rustlib/x86_64-unknown-linux-gnu/lib/libgimli-d19d53abf68dfa6c.rlib" "/opt/rustwide/rustup-home/toolchains/1.69.0-x86_64-unknown-linux-gnu/lib/rustlib/x86_64-unknown-linux-gnu/lib/librustc_demangle-787cbccd19d64ac6.rlib" "/opt/rustwide/rustup-home/toolchains/1.69.0-x86_64-unknown-linux-gnu/lib/rustlib/x86_64-unknown-linux-gnu/lib/libstd_detect-b3837a36b830e0d0.rlib" "/opt/rustwide/rustup-home/toolchains/1.69.0-x86_64-unknown-linux-gnu/lib/rustlib/x86_64-unknown-linux-gnu/lib/libhashbrown-e3deb0e7e3f04966.rlib" "/opt/rustwide/rustup-home/toolchains/1.69.0-x86_64-unknown-linux-gnu/lib/rustlib/x86_64-unknown-linux-gnu/lib/libminiz_oxide-dabbb79c9815def4.rlib" "/opt/rustwide/rustup-home/toolchains/1.69.0-x86_64-unknown-linux-gnu/lib/rustlib/x86_64-unknown-linux-gnu/lib/libadler-305b01f34c9409f2.rlib" "/opt/rustwide/rustup-home/toolchains/1.69.0-x86_64-unknown-linux-gnu/lib/rustlib/x86_64-unknown-linux-gnu/lib/librustc_std_workspace_alloc-f833521df6074e73.rlib" "/opt/rustwide/rustup-home/toolchains/1.69.0-x86_64-unknown-linux-gnu/lib/rustlib/x86_64-unknown-linux-gnu/lib/libunwind-9ac333113350d171.rlib" "/opt/rustwide/rustup-home/toolchains/1.69.0-x86_64-unknown-linux-gnu/lib/rustlib/x86_64-unknown-linux-gnu/lib/libcfg_if-1c126114322d0eee.rlib" "/opt/rustwide/rustup-home/toolchains/1.69.0-x86_64-unknown-linux-gnu/lib/rustlib/x86_64-unknown-linux-gnu/lib/liblibc-bad9164fdeeecf92.rlib" "/opt/rustwide/rustup-home/toolchains/1.69.0-x86_64-unknown-linux-gnu/lib/rustlib/x86_64-unknown-linux-gnu/lib/liballoc-f9374b1e480fa681.rlib" "/opt/rustwide/rustup-home/toolchains/1.69.0-x86_64-unknown-linux-gnu/lib/rustlib/x86_64-unknown-linux-gnu/lib/librustc_std_workspace_core-207f06e41d9603af.rlib" "/opt/rustwide/rustup-home/toolchains/1.69.0-x86_64-unknown-linux-gnu/lib/rustlib/x86_64-unknown-linux-gnu/lib/libcore-7e2768e66e984e85.rlib" "/opt/rustwide/rustup-home/toolchains/1.69.0-x86_64-unknown-linux-gnu/lib/rustlib/x86_64-unknown-linux-gnu/lib/libcompiler_builtins-957b4aff41f8cd46.rlib" "-Wl,-Bdynamic" "-lgcc_s" "-lutil" "-lrt" "-lpthread" "-lm" "-ldl" "-lc" "-Wl,--eh-frame-hdr" "-Wl,-z,noexecstack" "-L" "/opt/rustwide/rustup-home/toolchains/1.69.0-x86_64-unknown-linux-gnu/lib/rustlib/x86_64-unknown-linux-gnu/lib" "-o" "/opt/rustwide/target/debug/build/futures-task-f03a18b3fef7a253/build_script_build-f03a18b3fef7a253" "-Wl,--gc-sections" "-pie" "-Wl,-z,relro,-z,now" "-nodefaultlibs"
[INFO] [stdout]   = note: /usr/bin/ld: final link failed: No space left on device
[INFO] [stdout]           collect2: error: ld returned 1 exit status
[INFO] [stdout]           
[INFO] [stdout] 
[INFO] [stdout] 
[INFO] [stderr] error: could not compile `futures-core` due to 2 previous errors
[INFO] [stderr] error: could not compile `memchr` due to 2 previous errors
[INFO] [stdout] error: aborting due to previous error
[INFO] [stdout] 
[INFO] [stdout] 
[INFO] [stderr] error: could not compile `futures-util` due to 2 previous errors
[INFO] [stderr] error: could not compile `futures-task` due to 2 previous errors
[INFO] [stdout] error: linking with `cc` failed: exit status: 1
[INFO] [stdout]   |
[INFO] [stdout]   = note: LC_ALL="C" PATH="/opt/rustwide/rustup-home/toolchains/1.69.0-x86_64-unknown-linux-gnu/lib/rustlib/x86_64-unknown-linux-gnu/bin:/opt/rustwide/cargo-home/bin:/usr/local/sbin:/usr/local/bin:/usr/sbin:/usr/bin:/sbin:/bin" VSLANG="1033" "cc" "-m64" "/tmp/rustcC9DqwZ/symbols.o" "/opt/rustwide/target/debug/build/syn-7a39b641f2b71fa1/build_script_build-7a39b641f2b71fa1.build_script_build.26784fc5-cgu.0.rcgu.o" "/opt/rustwide/target/debug/build/syn-7a39b641f2b71fa1/build_script_build-7a39b641f2b71fa1.build_script_build.26784fc5-cgu.1.rcgu.o" "/opt/rustwide/target/debug/build/syn-7a39b641f2b71fa1/build_script_build-7a39b641f2b71fa1.build_script_build.26784fc5-cgu.10.rcgu.o" "/opt/rustwide/target/debug/build/syn-7a39b641f2b71fa1/build_script_build-7a39b641f2b71fa1.build_script_build.26784fc5-cgu.11.rcgu.o" "/opt/rustwide/target/debug/build/syn-7a39b641f2b71fa1/build_script_build-7a39b641f2b71fa1.build_script_build.26784fc5-cgu.12.rcgu.o" "/opt/rustwide/target/debug/build/syn-7a39b641f2b71fa1/build_script_build-7a39b641f2b71fa1.build_script_build.26784fc5-cgu.13.rcgu.o" "/opt/rustwide/target/debug/build/syn-7a39b641f2b71fa1/build_script_build-7a39b641f2b71fa1.build_script_build.26784fc5-cgu.14.rcgu.o" "/opt/rustwide/target/debug/build/syn-7a39b641f2b71fa1/build_script_build-7a39b641f2b71fa1.build_script_build.26784fc5-cgu.15.rcgu.o" "/opt/rustwide/target/debug/build/syn-7a39b641f2b71fa1/build_script_build-7a39b641f2b71fa1.build_script_build.26784fc5-cgu.2.rcgu.o" "/opt/rustwide/target/debug/build/syn-7a39b641f2b71fa1/build_script_build-7a39b641f2b71fa1.build_script_build.26784fc5-cgu.3.rcgu.o" "/opt/rustwide/target/debug/build/syn-7a39b641f2b71fa1/build_script_build-7a39b641f2b71fa1.build_script_build.26784fc5-cgu.4.rcgu.o" "/opt/rustwide/target/debug/build/syn-7a39b641f2b71fa1/build_script_build-7a39b641f2b71fa1.build_script_build.26784fc5-cgu.5.rcgu.o" "/opt/rustwide/target/debug/build/syn-7a39b641f2b71fa1/build_script_build-7a39b641f2b71fa1.build_script_build.26784fc5-cgu.6.rcgu.o" "/opt/rustwide/target/debug/build/syn-7a39b641f2b71fa1/build_script_build-7a39b641f2b71fa1.build_script_build.26784fc5-cgu.7.rcgu.o" "/opt/rustwide/target/debug/build/syn-7a39b641f2b71fa1/build_script_build-7a39b641f2b71fa1.build_script_build.26784fc5-cgu.8.rcgu.o" "/opt/rustwide/target/debug/build/syn-7a39b641f2b71fa1/build_script_build-7a39b641f2b71fa1.build_script_build.26784fc5-cgu.9.rcgu.o" "/opt/rustwide/target/debug/build/syn-7a39b641f2b71fa1/build_script_build-7a39b641f2b71fa1.3nitr2ew1cvmm3zh.rcgu.o" "-Wl,--as-needed" "-L" "/opt/rustwide/target/debug/deps" "-L" "/opt/rustwide/rustup-home/toolchains/1.69.0-x86_64-unknown-linux-gnu/lib/rustlib/x86_64-unknown-linux-gnu/lib" "-Wl,-Bstatic" "/opt/rustwide/rustup-home/toolchains/1.69.0-x86_64-unknown-linux-gnu/lib/rustlib/x86_64-unknown-linux-gnu/lib/libstd-89bc084783fdc439.rlib" "/opt/rustwide/rustup-home/toolchains/1.69.0-x86_64-unknown-linux-gnu/lib/rustlib/x86_64-unknown-linux-gnu/lib/libpanic_unwind-8bee4b287d4367c1.rlib" "/opt/rustwide/rustup-home/toolchains/1.69.0-x86_64-unknown-linux-gnu/lib/rustlib/x86_64-unknown-linux-gnu/lib/libobject-d61707aed80694c0.rlib" "/opt/rustwide/rustup-home/toolchains/1.69.0-x86_64-unknown-linux-gnu/lib/rustlib/x86_64-unknown-linux-gnu/lib/libmemchr-d85366256f22345b.rlib" "/opt/rustwide/rustup-home/toolchains/1.69.0-x86_64-unknown-linux-gnu/lib/rustlib/x86_64-unknown-linux-gnu/lib/libaddr2line-96069b86b8a8cae9.rlib" "/opt/rustwide/rustup-home/toolchains/1.69.0-x86_64-unknown-linux-gnu/lib/rustlib/x86_64-unknown-linux-gnu/lib/libgimli-d19d53abf68dfa6c.rlib" "/opt/rustwide/rustup-home/toolchains/1.69.0-x86_64-unknown-linux-gnu/lib/rustlib/x86_64-unknown-linux-gnu/lib/librustc_demangle-787cbccd19d64ac6.rlib" "/opt/rustwide/rustup-home/toolchains/1.69.0-x86_64-unknown-linux-gnu/lib/rustlib/x86_64-unknown-linux-gnu/lib/libstd_detect-b3837a36b830e0d0.rlib" "/opt/rustwide/rustup-home/toolchains/1.69.0-x86_64-unknown-linux-gnu/lib/rustlib/x86_64-unknown-linux-gnu/lib/libhashbrown-e3deb0e7e3f04966.rlib" "/opt/rustwide/rustup-home/toolchains/1.69.0-x86_64-unknown-linux-gnu/lib/rustlib/x86_64-unknown-linux-gnu/lib/libminiz_oxide-dabbb79c9815def4.rlib" "/opt/rustwide/rustup-home/toolchains/1.69.0-x86_64-unknown-linux-gnu/lib/rustlib/x86_64-unknown-linux-gnu/lib/libadler-305b01f34c9409f2.rlib" "/opt/rustwide/rustup-home/toolchains/1.69.0-x86_64-unknown-linux-gnu/lib/rustlib/x86_64-unknown-linux-gnu/lib/librustc_std_workspace_alloc-f833521df6074e73.rlib" "/opt/rustwide/rustup-home/toolchains/1.69.0-x86_64-unknown-linux-gnu/lib/rustlib/x86_64-unknown-linux-gnu/lib/libunwind-9ac333113350d171.rlib" "/opt/rustwide/rustup-home/toolchains/1.69.0-x86_64-unknown-linux-gnu/lib/rustlib/x86_64-unknown-linux-gnu/lib/libcfg_if-1c126114322d0eee.rlib" "/opt/rustwide/rustup-home/toolchains/1.69.0-x86_64-unknown-linux-gnu/lib/rustlib/x86_64-unknown-linux-gnu/lib/liblibc-bad9164fdeeecf92.rlib" "/opt/rustwide/rustup-home/toolchains/1.69.0-x86_64-unknown-linux-gnu/lib/rustlib/x86_64-unknown-linux-gnu/lib/liballoc-f9374b1e480fa681.rlib" "/opt/rustwide/rustup-home/toolchains/1.69.0-x86_64-unknown-linux-gnu/lib/rustlib/x86_64-unknown-linux-gnu/lib/librustc_std_workspace_core-207f06e41d9603af.rlib" "/opt/rustwide/rustup-home/toolchains/1.69.0-x86_64-unknown-linux-gnu/lib/rustlib/x86_64-unknown-linux-gnu/lib/libcore-7e2768e66e984e85.rlib" "/opt/rustwide/rustup-home/toolchains/1.69.0-x86_64-unknown-linux-gnu/lib/rustlib/x86_64-unknown-linux-gnu/lib/libcompiler_builtins-957b4aff41f8cd46.rlib" "-Wl,-Bdynamic" "-lgcc_s" "-lutil" "-lrt" "-lpthread" "-lm" "-ldl" "-lc" "-Wl,--eh-frame-hdr" "-Wl,-z,noexecstack" "-L" "/opt/rustwide/rustup-home/toolchains/1.69.0-x86_64-unknown-linux-gnu/lib/rustlib/x86_64-unknown-linux-gnu/lib" "-o" "/opt/rustwide/target/debug/build/syn-7a39b641f2b71fa1/build_script_build-7a39b641f2b71fa1" "-Wl,--gc-sections" "-pie" "-Wl,-z,relro,-z,now" "-nodefaultlibs"
[INFO] [stdout]   = note: /usr/bin/ld: final link failed: No space left on device
[INFO] [stdout]           collect2: error: ld returned 1 exit status
[INFO] [stdout]           
[INFO] [stdout] 
[INFO] [stdout] 
[INFO] [stdout] error: aborting due to previous error
[INFO] [stdout] 
[INFO] [stdout] 
[INFO] [stdout] error: linking with `cc` failed: exit status: 1
[INFO] [stdout]   |
[INFO] [stdout]   = note: LC_ALL="C" PATH="/opt/rustwide/rustup-home/toolchains/1.69.0-x86_64-unknown-linux-gnu/lib/rustlib/x86_64-unknown-linux-gnu/bin:/opt/rustwide/cargo-home/bin:/usr/local/sbin:/usr/local/bin:/usr/sbin:/usr/bin:/sbin:/bin" VSLANG="1033" "cc" "-m64" "/tmp/rustcq1msEK/symbols.o" "/opt/rustwide/target/debug/build/proc-macro2-d9a2a1a970edab89/build_script_build-d9a2a1a970edab89.build_script_build.564c9737-cgu.0.rcgu.o" "/opt/rustwide/target/debug/build/proc-macro2-d9a2a1a970edab89/build_script_build-d9a2a1a970edab89.build_script_build.564c9737-cgu.1.rcgu.o" "/opt/rustwide/target/debug/build/proc-macro2-d9a2a1a970edab89/build_script_build-d9a2a1a970edab89.build_script_build.564c9737-cgu.10.rcgu.o" "/opt/rustwide/target/debug/build/proc-macro2-d9a2a1a970edab89/build_script_build-d9a2a1a970edab89.build_script_build.564c9737-cgu.11.rcgu.o" "/opt/rustwide/target/debug/build/proc-macro2-d9a2a1a970edab89/build_script_build-d9a2a1a970edab89.build_script_build.564c9737-cgu.12.rcgu.o" "/opt/rustwide/target/debug/build/proc-macro2-d9a2a1a970edab89/build_script_build-d9a2a1a970edab89.build_script_build.564c9737-cgu.13.rcgu.o" "/opt/rustwide/target/debug/build/proc-macro2-d9a2a1a970edab89/build_script_build-d9a2a1a970edab89.build_script_build.564c9737-cgu.14.rcgu.o" "/opt/rustwide/target/debug/build/proc-macro2-d9a2a1a970edab89/build_script_build-d9a2a1a970edab89.build_script_build.564c9737-cgu.15.rcgu.o" "/opt/rustwide/target/debug/build/proc-macro2-d9a2a1a970edab89/build_script_build-d9a2a1a970edab89.build_script_build.564c9737-cgu.2.rcgu.o" "/opt/rustwide/target/debug/build/proc-macro2-d9a2a1a970edab89/build_script_build-d9a2a1a970edab89.build_script_build.564c9737-cgu.3.rcgu.o" "/opt/rustwide/target/debug/build/proc-macro2-d9a2a1a970edab89/build_script_build-d9a2a1a970edab89.build_script_build.564c9737-cgu.4.rcgu.o" "/opt/rustwide/target/debug/build/proc-macro2-d9a2a1a970edab89/build_script_build-d9a2a1a970edab89.build_script_build.564c9737-cgu.5.rcgu.o" "/opt/rustwide/target/debug/build/proc-macro2-d9a2a1a970edab89/build_script_build-d9a2a1a970edab89.build_script_build.564c9737-cgu.6.rcgu.o" "/opt/rustwide/target/debug/build/proc-macro2-d9a2a1a970edab89/build_script_build-d9a2a1a970edab89.build_script_build.564c9737-cgu.7.rcgu.o" "/opt/rustwide/target/debug/build/proc-macro2-d9a2a1a970edab89/build_script_build-d9a2a1a970edab89.build_script_build.564c9737-cgu.8.rcgu.o" "/opt/rustwide/target/debug/build/proc-macro2-d9a2a1a970edab89/build_script_build-d9a2a1a970edab89.build_script_build.564c9737-cgu.9.rcgu.o" "/opt/rustwide/target/debug/build/proc-macro2-d9a2a1a970edab89/build_script_build-d9a2a1a970edab89.4zrrcld5p4d2bzyz.rcgu.o" "-Wl,--as-needed" "-L" "/opt/rustwide/target/debug/deps" "-L" "/opt/rustwide/rustup-home/toolchains/1.69.0-x86_64-unknown-linux-gnu/lib/rustlib/x86_64-unknown-linux-gnu/lib" "-Wl,-Bstatic" "/opt/rustwide/rustup-home/toolchains/1.69.0-x86_64-unknown-linux-gnu/lib/rustlib/x86_64-unknown-linux-gnu/lib/libstd-89bc084783fdc439.rlib" "/opt/rustwide/rustup-home/toolchains/1.69.0-x86_64-unknown-linux-gnu/lib/rustlib/x86_64-unknown-linux-gnu/lib/libpanic_unwind-8bee4b287d4367c1.rlib" "/opt/rustwide/rustup-home/toolchains/1.69.0-x86_64-unknown-linux-gnu/lib/rustlib/x86_64-unknown-linux-gnu/lib/libobject-d61707aed80694c0.rlib" "/opt/rustwide/rustup-home/toolchains/1.69.0-x86_64-unknown-linux-gnu/lib/rustlib/x86_64-unknown-linux-gnu/lib/libmemchr-d85366256f22345b.rlib" "/opt/rustwide/rustup-home/toolchains/1.69.0-x86_64-unknown-linux-gnu/lib/rustlib/x86_64-unknown-linux-gnu/lib/libaddr2line-96069b86b8a8cae9.rlib" "/opt/rustwide/rustup-home/toolchains/1.69.0-x86_64-unknown-linux-gnu/lib/rustlib/x86_64-unknown-linux-gnu/lib/libgimli-d19d53abf68dfa6c.rlib" "/opt/rustwide/rustup-home/toolchains/1.69.0-x86_64-unknown-linux-gnu/lib/rustlib/x86_64-unknown-linux-gnu/lib/librustc_demangle-787cbccd19d64ac6.rlib" "/opt/rustwide/rustup-home/toolchains/1.69.0-x86_64-unknown-linux-gnu/lib/rustlib/x86_64-unknown-linux-gnu/lib/libstd_detect-b3837a36b830e0d0.rlib" "/opt/rustwide/rustup-home/toolchains/1.69.0-x86_64-unknown-linux-gnu/lib/rustlib/x86_64-unknown-linux-gnu/lib/libhashbrown-e3deb0e7e3f04966.rlib" "/opt/rustwide/rustup-home/toolchains/1.69.0-x86_64-unknown-linux-gnu/lib/rustlib/x86_64-unknown-linux-gnu/lib/libminiz_oxide-dabbb79c9815def4.rlib" "/opt/rustwide/rustup-home/toolchains/1.69.0-x86_64-unknown-linux-gnu/lib/rustlib/x86_64-unknown-linux-gnu/lib/libadler-305b01f34c9409f2.rlib" "/opt/rustwide/rustup-home/toolchains/1.69.0-x86_64-unknown-linux-gnu/lib/rustlib/x86_64-unknown-linux-gnu/lib/librustc_std_workspace_alloc-f833521df6074e73.rlib" "/opt/rustwide/rustup-home/toolchains/1.69.0-x86_64-unknown-linux-gnu/lib/rustlib/x86_64-unknown-linux-gnu/lib/libunwind-9ac333113350d171.rlib" "/opt/rustwide/rustup-home/toolchains/1.69.0-x86_64-unknown-linux-gnu/lib/rustlib/x86_64-unknown-linux-gnu/lib/libcfg_if-1c126114322d0eee.rlib" "/opt/rustwide/rustup-home/toolchains/1.69.0-x86_64-unknown-linux-gnu/lib/rustlib/x86_64-unknown-linux-gnu/lib/liblibc-bad9164fdeeecf92.rlib" "/opt/rustwide/rustup-home/toolchains/1.69.0-x86_64-unknown-linux-gnu/lib/rustlib/x86_64-unknown-linux-gnu/lib/liballoc-f9374b1e480fa681.rlib" "/opt/rustwide/rustup-home/toolchains/1.69.0-x86_64-unknown-linux-gnu/lib/rustlib/x86_64-unknown-linux-gnu/lib/librustc_std_workspace_core-207f06e41d9603af.rlib" "/opt/rustwide/rustup-home/toolchains/1.69.0-x86_64-unknown-linux-gnu/lib/rustlib/x86_64-unknown-linux-gnu/lib/libcore-7e2768e66e984e85.rlib" "/opt/rustwide/rustup-home/toolchains/1.69.0-x86_64-unknown-linux-gnu/lib/rustlib/x86_64-unknown-linux-gnu/lib/libcompiler_builtins-957b4aff41f8cd46.rlib" "-Wl,-Bdynamic" "-lgcc_s" "-lutil" "-lrt" "-lpthread" "-lm" "-ldl" "-lc" "-Wl,--eh-frame-hdr" "-Wl,-z,noexecstack" "-L" "/opt/rustwide/rustup-home/toolchains/1.69.0-x86_64-unknown-linux-gnu/lib/rustlib/x86_64-unknown-linux-gnu/lib" "-o" "/opt/rustwide/target/debug/build/proc-macro2-d9a2a1a970edab89/build_script_build-d9a2a1a970edab89" "-Wl,--gc-sections" "-pie" "-Wl,-z,relro,-z,now" "-nodefaultlibs"
[INFO] [stdout]   = note: /usr/bin/ld: final link failed: No space left on device
[INFO] [stdout]           collect2: error: ld returned 1 exit status
[INFO] [stdout]           
[INFO] [stdout] 
[INFO] [stdout] 
[INFO] [stdout] error: aborting due to previous error
[INFO] [stdout] 
[INFO] [stdout] 
[INFO] [stderr] error: could not compile `syn` due to 2 previous errors
[INFO] [stderr] error: could not compile `proc-macro2` due to 2 previous errors
[INFO] [stderr] LLVM ERROR: IO failure on output stream: No space left on device
[INFO] [stderr] error: could not compile `bytes`
[INFO] [stdout] error: couldn't create a temp dir: No space left on device (os error 28) at path "/opt/rustwide/target/debug/deps/rmetaVOy8W8"
[INFO] [stdout] 
[INFO] [stdout] 
[INFO] [stderr] error: could not compile `capnp` due to previous error
[INFO] [stdout] error: couldn't create a temp dir: No space left on device (os error 28) at path "/opt/rustwide/target/debug/deps/rmetadI6QhT"
[INFO] [stdout] 
[INFO] [stdout] 
[INFO] [stderr] error: could not compile `capnp` due to previous error
[INFO] running `Command { std: "docker" "inspect" "3315123da9a0c384700a2e37be0c1144f807de7b7ea90efb52a31ddb7cd146ee", kill_on_drop: false }`
[INFO] running `Command { std: "docker" "rm" "-f" "3315123da9a0c384700a2e37be0c1144f807de7b7ea90efb52a31ddb7cd146ee", kill_on_drop: false }`
[INFO] [stdout] 3315123da9a0c384700a2e37be0c1144f807de7b7ea90efb52a31ddb7cd146ee
