[INFO] cloning repository https://github.com/craigfay/pure_webassembly_client
[INFO] running `Command { std: "git" "-c" "credential.helper=" "-c" "credential.helper=/workspace/cargo-home/bin/git-credential-null" "clone" "--bare" "https://github.com/craigfay/pure_webassembly_client" "/workspace/cache/git-repos/https%3A%2F%2Fgithub.com%2Fcraigfay%2Fpure_webassembly_client", kill_on_drop: false }`
[INFO] [stderr] Cloning into bare repository '/workspace/cache/git-repos/https%3A%2F%2Fgithub.com%2Fcraigfay%2Fpure_webassembly_client'...
[INFO] running `Command { std: "git" "rev-parse" "HEAD", kill_on_drop: false }`
[INFO] [stdout] f86e83d7a896f6219a16d9667d86380af91131a8
[INFO] testing craigfay/pure_webassembly_client against 1.69.0 for beta-1.70-1
[INFO] running `Command { std: "git" "clone" "/workspace/cache/git-repos/https%3A%2F%2Fgithub.com%2Fcraigfay%2Fpure_webassembly_client" "/workspace/builds/worker-2-tc1/source", kill_on_drop: false }`
[INFO] [stderr] Cloning into '/workspace/builds/worker-2-tc1/source'...
[INFO] [stderr] done.
[INFO] validating manifest of git repo https://github.com/craigfay/pure_webassembly_client on toolchain 1.69.0
[INFO] running `Command { std: CARGO_HOME="/workspace/cargo-home" RUSTUP_HOME="/workspace/rustup-home" "/workspace/cargo-home/bin/cargo" "+1.69.0" "metadata" "--manifest-path" "Cargo.toml" "--no-deps", kill_on_drop: false }`
[INFO] started tweaking git repo https://github.com/craigfay/pure_webassembly_client
[INFO] finished tweaking git repo https://github.com/craigfay/pure_webassembly_client
[INFO] tweaked toml for git repo https://github.com/craigfay/pure_webassembly_client written to /workspace/builds/worker-2-tc1/source/Cargo.toml
[INFO] crate git repo https://github.com/craigfay/pure_webassembly_client already has a lockfile, it will not be regenerated
[INFO] running `Command { std: CARGO_HOME="/workspace/cargo-home" RUSTUP_HOME="/workspace/rustup-home" "/workspace/cargo-home/bin/cargo" "+1.69.0" "fetch" "--manifest-path" "Cargo.toml", kill_on_drop: false }`
[INFO] [stderr]  Downloading crates ...
[INFO] [stderr]   Downloaded thiserror v1.0.15
[INFO] [stderr]   Downloaded dotenv_codegen_implementation v0.15.0
[INFO] [stderr]   Downloaded dotenv_codegen v0.15.0
[INFO] [stderr]   Downloaded thiserror-impl v1.0.15
[INFO] [stderr]   Downloaded yew v0.14.3
[INFO] [stderr]   Downloaded yew-macro v0.14.1
[INFO] running `Command { std: "docker" "create" "-v" "/var/lib/crater-agent-workspace/builds/worker-2-tc1/target:/opt/rustwide/target:rw,Z" "-v" "/var/lib/crater-agent-workspace/builds/worker-2-tc1/source:/opt/rustwide/workdir:ro,Z" "-v" "/var/lib/crater-agent-workspace/cargo-home:/opt/rustwide/cargo-home:ro,Z" "-v" "/var/lib/crater-agent-workspace/rustup-home:/opt/rustwide/rustup-home:ro,Z" "-e" "SOURCE_DIR=/opt/rustwide/workdir" "-e" "CARGO_TARGET_DIR=/opt/rustwide/target" "-e" "CARGO_HOME=/opt/rustwide/cargo-home" "-e" "RUSTUP_HOME=/opt/rustwide/rustup-home" "-w" "/opt/rustwide/workdir" "-m" "1610612736" "--user" "0:0" "--network" "none" "ghcr.io/rust-lang/crates-build-env/linux@sha256:5ff2268d62e97bff2cde7d5815dd6ed5b47097566f13b8d0ca110b04b60e07ed" "/opt/rustwide/cargo-home/bin/cargo" "+1.69.0" "metadata" "--no-deps" "--format-version=1", kill_on_drop: false }`
[INFO] [stdout] f17cd9de250a117d21a471cda2117630ca9fe741fa62042215500deb9c3b265a
[INFO] running `Command { std: "docker" "start" "-a" "f17cd9de250a117d21a471cda2117630ca9fe741fa62042215500deb9c3b265a", kill_on_drop: false }`
[INFO] running `Command { std: "docker" "inspect" "f17cd9de250a117d21a471cda2117630ca9fe741fa62042215500deb9c3b265a", kill_on_drop: false }`
[INFO] running `Command { std: "docker" "rm" "-f" "f17cd9de250a117d21a471cda2117630ca9fe741fa62042215500deb9c3b265a", kill_on_drop: false }`
[INFO] [stdout] f17cd9de250a117d21a471cda2117630ca9fe741fa62042215500deb9c3b265a
[INFO] running `Command { std: "docker" "create" "-v" "/var/lib/crater-agent-workspace/builds/worker-2-tc1/target:/opt/rustwide/target:rw,Z" "-v" "/var/lib/crater-agent-workspace/builds/worker-2-tc1/source:/opt/rustwide/workdir:ro,Z" "-v" "/var/lib/crater-agent-workspace/cargo-home:/opt/rustwide/cargo-home:ro,Z" "-v" "/var/lib/crater-agent-workspace/rustup-home:/opt/rustwide/rustup-home:ro,Z" "-e" "SOURCE_DIR=/opt/rustwide/workdir" "-e" "CARGO_TARGET_DIR=/opt/rustwide/target" "-e" "CARGO_INCREMENTAL=0" "-e" "RUST_BACKTRACE=full" "-e" "RUSTFLAGS=--cap-lints=warn" "-e" "RUSTDOCFLAGS=--cap-lints=warn" "-e" "CARGO_HOME=/opt/rustwide/cargo-home" "-e" "RUSTUP_HOME=/opt/rustwide/rustup-home" "-w" "/opt/rustwide/workdir" "-m" "1610612736" "--user" "0:0" "--network" "none" "ghcr.io/rust-lang/crates-build-env/linux@sha256:5ff2268d62e97bff2cde7d5815dd6ed5b47097566f13b8d0ca110b04b60e07ed" "/opt/rustwide/cargo-home/bin/cargo" "+1.69.0" "build" "--frozen" "--message-format=json", kill_on_drop: false }`
[INFO] [stdout] 6b3dd1bd500787e6283ad24afbe39aaedb2a0f9dcd2687746503337da9859234
[INFO] running `Command { std: "docker" "start" "-a" "6b3dd1bd500787e6283ad24afbe39aaedb2a0f9dcd2687746503337da9859234", kill_on_drop: false }`
[INFO] [stderr]     Blocking waiting for file lock on package cache
[INFO] [stderr]    Compiling proc-macro2 v1.0.10
[INFO] [stderr]    Compiling unicode-xid v0.2.0
[INFO] [stderr]    Compiling syn v1.0.17
[INFO] [stderr]    Compiling log v0.4.8
[INFO] [stderr]    Compiling cfg-if v0.1.10
[INFO] [stderr]    Compiling wasm-bindgen-shared v0.2.60
[INFO] [stderr]    Compiling lazy_static v1.4.0
[INFO] [stderr]    Compiling bumpalo v3.2.1
[INFO] [stderr]    Compiling wasm-bindgen v0.2.60
[INFO] [stderr]    Compiling serde v1.0.106
[INFO] [stderr]    Compiling proc-macro-hack v0.5.15
[INFO] [stderr]    Compiling ryu v1.0.3
[INFO] [stderr]    Compiling semver-parser v0.7.0
[INFO] [stderr]    Compiling proc-macro-nested v0.1.4
[INFO] [stderr]    Compiling memchr v2.3.3
[INFO] [stderr]    Compiling itoa v0.4.5
[INFO] [stderr]    Compiling futures-core v0.3.4
[INFO] [stderr]    Compiling proc-macro2 v0.4.30
[INFO] [stderr]    Compiling futures-sink v0.3.4
[INFO] [stderr]    Compiling pin-utils v0.1.0
[INFO] [stderr]    Compiling semver v0.9.0
[INFO] [stderr]    Compiling futures-channel v0.3.4
[INFO] [stderr]    Compiling slab v0.4.2
[INFO] [stderr]    Compiling futures-task v0.3.4
[INFO] [stderr]    Compiling futures-io v0.3.4
[INFO] [stderr]    Compiling unicode-xid v0.1.0
[INFO] [stderr]    Compiling byteorder v1.3.4
[INFO] [stderr]    Compiling rustc_version v0.2.3
[INFO] [stderr]    Compiling autocfg v1.0.0
[INFO] [stderr]    Compiling stdweb-internal-runtime v0.1.5
[INFO] [stderr]    Compiling base-x v0.2.6
[INFO] [stderr]    Compiling sha1 v0.6.0
[INFO] [stderr]    Compiling anyhow v1.0.28
[INFO] [stderr]    Compiling libc v0.2.69
[INFO] [stderr]    Compiling bytes v0.5.4
[INFO] [stderr]    Compiling dotenv v0.15.0
[INFO] [stderr]    Compiling futures v0.1.29
[INFO] [stderr]    Compiling boolinator v2.4.0
[INFO] [stderr]    Compiling discard v1.0.4
[INFO] [stderr]    Compiling fnv v1.0.6
[INFO] [stderr]    Compiling stdweb v0.4.20
[INFO] [stderr]    Compiling wee_alloc v0.4.5
[INFO] [stderr] LLVM ERROR: IO failure on output stream: No space left on device
[INFO] [stderr] LLVM ERROR: IO failure on output stream: No space left on device
[INFO] [stderr] error: could not compile `memchr`
[INFO] [stderr] warning: build failed, waiting for other jobs to finish...
[INFO] [stderr] LLVM ERROR: IO failure on output stream: No space left on device
[INFO] [stderr] LLVM ERROR: IO failure on output stream: No space left on device
[INFO] [stderr] error: could not compile `proc-macro-hack`
[INFO] [stderr] error: could not compile `libc`
[INFO] [stderr] error: could not compile `autocfg`
[INFO] [stdout] error: linking with `cc` failed: exit status: 1
[INFO] [stdout]   |
[INFO] [stdout]   = note: LC_ALL="C" PATH="/opt/rustwide/rustup-home/toolchains/1.69.0-x86_64-unknown-linux-gnu/lib/rustlib/x86_64-unknown-linux-gnu/bin:/opt/rustwide/cargo-home/bin:/usr/local/sbin:/usr/local/bin:/usr/sbin:/usr/bin:/sbin:/bin" VSLANG="1033" "cc" "-m64" "/tmp/rustcTP2gS8/symbols.o" "/opt/rustwide/target/debug/build/anyhow-40e601ca235f0c63/build_script_build-40e601ca235f0c63.build_script_build.145662b0-cgu.0.rcgu.o" "/opt/rustwide/target/debug/build/anyhow-40e601ca235f0c63/build_script_build-40e601ca235f0c63.build_script_build.145662b0-cgu.1.rcgu.o" "/opt/rustwide/target/debug/build/anyhow-40e601ca235f0c63/build_script_build-40e601ca235f0c63.build_script_build.145662b0-cgu.10.rcgu.o" "/opt/rustwide/target/debug/build/anyhow-40e601ca235f0c63/build_script_build-40e601ca235f0c63.build_script_build.145662b0-cgu.11.rcgu.o" "/opt/rustwide/target/debug/build/anyhow-40e601ca235f0c63/build_script_build-40e601ca235f0c63.build_script_build.145662b0-cgu.12.rcgu.o" "/opt/rustwide/target/debug/build/anyhow-40e601ca235f0c63/build_script_build-40e601ca235f0c63.build_script_build.145662b0-cgu.13.rcgu.o" "/opt/rustwide/target/debug/build/anyhow-40e601ca235f0c63/build_script_build-40e601ca235f0c63.build_script_build.145662b0-cgu.14.rcgu.o" "/opt/rustwide/target/debug/build/anyhow-40e601ca235f0c63/build_script_build-40e601ca235f0c63.build_script_build.145662b0-cgu.15.rcgu.o" "/opt/rustwide/target/debug/build/anyhow-40e601ca235f0c63/build_script_build-40e601ca235f0c63.build_script_build.145662b0-cgu.2.rcgu.o" "/opt/rustwide/target/debug/build/anyhow-40e601ca235f0c63/build_script_build-40e601ca235f0c63.build_script_build.145662b0-cgu.3.rcgu.o" "/opt/rustwide/target/debug/build/anyhow-40e601ca235f0c63/build_script_build-40e601ca235f0c63.build_script_build.145662b0-cgu.4.rcgu.o" "/opt/rustwide/target/debug/build/anyhow-40e601ca235f0c63/build_script_build-40e601ca235f0c63.build_script_build.145662b0-cgu.5.rcgu.o" "/opt/rustwide/target/debug/build/anyhow-40e601ca235f0c63/build_script_build-40e601ca235f0c63.build_script_build.145662b0-cgu.6.rcgu.o" "/opt/rustwide/target/debug/build/anyhow-40e601ca235f0c63/build_script_build-40e601ca235f0c63.build_script_build.145662b0-cgu.7.rcgu.o" "/opt/rustwide/target/debug/build/anyhow-40e601ca235f0c63/build_script_build-40e601ca235f0c63.build_script_build.145662b0-cgu.8.rcgu.o" "/opt/rustwide/target/debug/build/anyhow-40e601ca235f0c63/build_script_build-40e601ca235f0c63.build_script_build.145662b0-cgu.9.rcgu.o" "/opt/rustwide/target/debug/build/anyhow-40e601ca235f0c63/build_script_build-40e601ca235f0c63.2g3oofs3s9fj32j6.rcgu.o" "-Wl,--as-needed" "-L" "/opt/rustwide/target/debug/deps" "-L" "/opt/rustwide/rustup-home/toolchains/1.69.0-x86_64-unknown-linux-gnu/lib/rustlib/x86_64-unknown-linux-gnu/lib" "-Wl,-Bstatic" "/opt/rustwide/rustup-home/toolchains/1.69.0-x86_64-unknown-linux-gnu/lib/rustlib/x86_64-unknown-linux-gnu/lib/libstd-89bc084783fdc439.rlib" "/opt/rustwide/rustup-home/toolchains/1.69.0-x86_64-unknown-linux-gnu/lib/rustlib/x86_64-unknown-linux-gnu/lib/libpanic_unwind-8bee4b287d4367c1.rlib" "/opt/rustwide/rustup-home/toolchains/1.69.0-x86_64-unknown-linux-gnu/lib/rustlib/x86_64-unknown-linux-gnu/lib/libobject-d61707aed80694c0.rlib" "/opt/rustwide/rustup-home/toolchains/1.69.0-x86_64-unknown-linux-gnu/lib/rustlib/x86_64-unknown-linux-gnu/lib/libmemchr-d85366256f22345b.rlib" "/opt/rustwide/rustup-home/toolchains/1.69.0-x86_64-unknown-linux-gnu/lib/rustlib/x86_64-unknown-linux-gnu/lib/libaddr2line-96069b86b8a8cae9.rlib" "/opt/rustwide/rustup-home/toolchains/1.69.0-x86_64-unknown-linux-gnu/lib/rustlib/x86_64-unknown-linux-gnu/lib/libgimli-d19d53abf68dfa6c.rlib" "/opt/rustwide/rustup-home/toolchains/1.69.0-x86_64-unknown-linux-gnu/lib/rustlib/x86_64-unknown-linux-gnu/lib/librustc_demangle-787cbccd19d64ac6.rlib" "/opt/rustwide/rustup-home/toolchains/1.69.0-x86_64-unknown-linux-gnu/lib/rustlib/x86_64-unknown-linux-gnu/lib/libstd_detect-b3837a36b830e0d0.rlib" "/opt/rustwide/rustup-home/toolchains/1.69.0-x86_64-unknown-linux-gnu/lib/rustlib/x86_64-unknown-linux-gnu/lib/libhashbrown-e3deb0e7e3f04966.rlib" "/opt/rustwide/rustup-home/toolchains/1.69.0-x86_64-unknown-linux-gnu/lib/rustlib/x86_64-unknown-linux-gnu/lib/libminiz_oxide-dabbb79c9815def4.rlib" "/opt/rustwide/rustup-home/toolchains/1.69.0-x86_64-unknown-linux-gnu/lib/rustlib/x86_64-unknown-linux-gnu/lib/libadler-305b01f34c9409f2.rlib" "/opt/rustwide/rustup-home/toolchains/1.69.0-x86_64-unknown-linux-gnu/lib/rustlib/x86_64-unknown-linux-gnu/lib/librustc_std_workspace_alloc-f833521df6074e73.rlib" "/opt/rustwide/rustup-home/toolchains/1.69.0-x86_64-unknown-linux-gnu/lib/rustlib/x86_64-unknown-linux-gnu/lib/libunwind-9ac333113350d171.rlib" "/opt/rustwide/rustup-home/toolchains/1.69.0-x86_64-unknown-linux-gnu/lib/rustlib/x86_64-unknown-linux-gnu/lib/libcfg_if-1c126114322d0eee.rlib" "/opt/rustwide/rustup-home/toolchains/1.69.0-x86_64-unknown-linux-gnu/lib/rustlib/x86_64-unknown-linux-gnu/lib/liblibc-bad9164fdeeecf92.rlib" "/opt/rustwide/rustup-home/toolchains/1.69.0-x86_64-unknown-linux-gnu/lib/rustlib/x86_64-unknown-linux-gnu/lib/liballoc-f9374b1e480fa681.rlib" "/opt/rustwide/rustup-home/toolchains/1.69.0-x86_64-unknown-linux-gnu/lib/rustlib/x86_64-unknown-linux-gnu/lib/librustc_std_workspace_core-207f06e41d9603af.rlib" "/opt/rustwide/rustup-home/toolchains/1.69.0-x86_64-unknown-linux-gnu/lib/rustlib/x86_64-unknown-linux-gnu/lib/libcore-7e2768e66e984e85.rlib" "/opt/rustwide/rustup-home/toolchains/1.69.0-x86_64-unknown-linux-gnu/lib/rustlib/x86_64-unknown-linux-gnu/lib/libcompiler_builtins-957b4aff41f8cd46.rlib" "-Wl,-Bdynamic" "-lgcc_s" "-lutil" "-lrt" "-lpthread" "-lm" "-ldl" "-lc" "-Wl,--eh-frame-hdr" "-Wl,-z,noexecstack" "-L" "/opt/rustwide/rustup-home/toolchains/1.69.0-x86_64-unknown-linux-gnu/lib/rustlib/x86_64-unknown-linux-gnu/lib" "-o" "/opt/rustwide/target/debug/build/anyhow-40e601ca235f0c63/build_script_build-40e601ca235f0c63" "-Wl,--gc-sections" "-pie" "-Wl,-z,relro,-z,now" "-nodefaultlibs"
[INFO] [stdout]   = note: /usr/bin/ld: final link failed: No space left on device
[INFO] [stdout]           collect2: error: ld returned 1 exit status
[INFO] [stdout]           
[INFO] [stdout] 
[INFO] [stdout] 
[INFO] [stdout] error: aborting due to previous error
[INFO] [stdout] 
[INFO] [stdout] 
[INFO] [stderr] error: could not compile `anyhow` due to 2 previous errors
[INFO] [stderr] LLVM ERROR: IO failure on output stream: No space left on device
[INFO] [stderr] LLVM ERROR: IO failure on output stream: No space left on device
[INFO] [stdout] error: linking with `cc` failed: exit status: 1
[INFO] [stdout]   |
[INFO] [stdout]   = note: LC_ALL="C" PATH="/opt/rustwide/rustup-home/toolchains/1.69.0-x86_64-unknown-linux-gnu/lib/rustlib/x86_64-unknown-linux-gnu/bin:/opt/rustwide/cargo-home/bin:/usr/local/sbin:/usr/local/bin:/usr/sbin:/usr/bin:/sbin:/bin" VSLANG="1033" "cc" "-m64" "/tmp/rustcG8BCLW/symbols.o" "/opt/rustwide/target/debug/build/stdweb-internal-runtime-b522ccd9eff48ed5/build_script_build-b522ccd9eff48ed5.build_script_build.f1e307bb-cgu.0.rcgu.o" "/opt/rustwide/target/debug/build/stdweb-internal-runtime-b522ccd9eff48ed5/build_script_build-b522ccd9eff48ed5.build_script_build.f1e307bb-cgu.1.rcgu.o" "/opt/rustwide/target/debug/build/stdweb-internal-runtime-b522ccd9eff48ed5/build_script_build-b522ccd9eff48ed5.build_script_build.f1e307bb-cgu.10.rcgu.o" "/opt/rustwide/target/debug/build/stdweb-internal-runtime-b522ccd9eff48ed5/build_script_build-b522ccd9eff48ed5.build_script_build.f1e307bb-cgu.11.rcgu.o" "/opt/rustwide/target/debug/build/stdweb-internal-runtime-b522ccd9eff48ed5/build_script_build-b522ccd9eff48ed5.build_script_build.f1e307bb-cgu.12.rcgu.o" "/opt/rustwide/target/debug/build/stdweb-internal-runtime-b522ccd9eff48ed5/build_script_build-b522ccd9eff48ed5.build_script_build.f1e307bb-cgu.13.rcgu.o" "/opt/rustwide/target/debug/build/stdweb-internal-runtime-b522ccd9eff48ed5/build_script_build-b522ccd9eff48ed5.build_script_build.f1e307bb-cgu.14.rcgu.o" "/opt/rustwide/target/debug/build/stdweb-internal-runtime-b522ccd9eff48ed5/build_script_build-b522ccd9eff48ed5.build_script_build.f1e307bb-cgu.15.rcgu.o" "/opt/rustwide/target/debug/build/stdweb-internal-runtime-b522ccd9eff48ed5/build_script_build-b522ccd9eff48ed5.build_script_build.f1e307bb-cgu.2.rcgu.o" "/opt/rustwide/target/debug/build/stdweb-internal-runtime-b522ccd9eff48ed5/build_script_build-b522ccd9eff48ed5.build_script_build.f1e307bb-cgu.3.rcgu.o" "/opt/rustwide/target/debug/build/stdweb-internal-runtime-b522ccd9eff48ed5/build_script_build-b522ccd9eff48ed5.build_script_build.f1e307bb-cgu.4.rcgu.o" "/opt/rustwide/target/debug/build/stdweb-internal-runtime-b522ccd9eff48ed5/build_script_build-b522ccd9eff48ed5.build_script_build.f1e307bb-cgu.5.rcgu.o" "/opt/rustwide/target/debug/build/stdweb-internal-runtime-b522ccd9eff48ed5/build_script_build-b522ccd9eff48ed5.build_script_build.f1e307bb-cgu.6.rcgu.o" "/opt/rustwide/target/debug/build/stdweb-internal-runtime-b522ccd9eff48ed5/build_script_build-b522ccd9eff48ed5.build_script_build.f1e307bb-cgu.7.rcgu.o" "/opt/rustwide/target/debug/build/stdweb-internal-runtime-b522ccd9eff48ed5/build_script_build-b522ccd9eff48ed5.build_script_build.f1e307bb-cgu.8.rcgu.o" "/opt/rustwide/target/debug/build/stdweb-internal-runtime-b522ccd9eff48ed5/build_script_build-b522ccd9eff48ed5.build_script_build.f1e307bb-cgu.9.rcgu.o" "/opt/rustwide/target/debug/build/stdweb-internal-runtime-b522ccd9eff48ed5/build_script_build-b522ccd9eff48ed5.5d2o5wzqmymaa7jj.rcgu.o" "-Wl,--as-needed" "-L" "/opt/rustwide/target/debug/deps" "-L" "/opt/rustwide/rustup-home/toolchains/1.69.0-x86_64-unknown-linux-gnu/lib/rustlib/x86_64-unknown-linux-gnu/lib" "-Wl,-Bstatic" "/opt/rustwide/rustup-home/toolchains/1.69.0-x86_64-unknown-linux-gnu/lib/rustlib/x86_64-unknown-linux-gnu/lib/libstd-89bc084783fdc439.rlib" "/opt/rustwide/rustup-home/toolchains/1.69.0-x86_64-unknown-linux-gnu/lib/rustlib/x86_64-unknown-linux-gnu/lib/libpanic_unwind-8bee4b287d4367c1.rlib" "/opt/rustwide/rustup-home/toolchains/1.69.0-x86_64-unknown-linux-gnu/lib/rustlib/x86_64-unknown-linux-gnu/lib/libobject-d61707aed80694c0.rlib" "/opt/rustwide/rustup-home/toolchains/1.69.0-x86_64-unknown-linux-gnu/lib/rustlib/x86_64-unknown-linux-gnu/lib/libmemchr-d85366256f22345b.rlib" "/opt/rustwide/rustup-home/toolchains/1.69.0-x86_64-unknown-linux-gnu/lib/rustlib/x86_64-unknown-linux-gnu/lib/libaddr2line-96069b86b8a8cae9.rlib" "/opt/rustwide/rustup-home/toolchains/1.69.0-x86_64-unknown-linux-gnu/lib/rustlib/x86_64-unknown-linux-gnu/lib/libgimli-d19d53abf68dfa6c.rlib" "/opt/rustwide/rustup-home/toolchains/1.69.0-x86_64-unknown-linux-gnu/lib/rustlib/x86_64-unknown-linux-gnu/lib/librustc_demangle-787cbccd19d64ac6.rlib" "/opt/rustwide/rustup-home/toolchains/1.69.0-x86_64-unknown-linux-gnu/lib/rustlib/x86_64-unknown-linux-gnu/lib/libstd_detect-b3837a36b830e0d0.rlib" "/opt/rustwide/rustup-home/toolchains/1.69.0-x86_64-unknown-linux-gnu/lib/rustlib/x86_64-unknown-linux-gnu/lib/libhashbrown-e3deb0e7e3f04966.rlib" "/opt/rustwide/rustup-home/toolchains/1.69.0-x86_64-unknown-linux-gnu/lib/rustlib/x86_64-unknown-linux-gnu/lib/libminiz_oxide-dabbb79c9815def4.rlib" "/opt/rustwide/rustup-home/toolchains/1.69.0-x86_64-unknown-linux-gnu/lib/rustlib/x86_64-unknown-linux-gnu/lib/libadler-305b01f34c9409f2.rlib" "/opt/rustwide/rustup-home/toolchains/1.69.0-x86_64-unknown-linux-gnu/lib/rustlib/x86_64-unknown-linux-gnu/lib/librustc_std_workspace_alloc-f833521df6074e73.rlib" "/opt/rustwide/rustup-home/toolchains/1.69.0-x86_64-unknown-linux-gnu/lib/rustlib/x86_64-unknown-linux-gnu/lib/libunwind-9ac333113350d171.rlib" "/opt/rustwide/rustup-home/toolchains/1.69.0-x86_64-unknown-linux-gnu/lib/rustlib/x86_64-unknown-linux-gnu/lib/libcfg_if-1c126114322d0eee.rlib" "/opt/rustwide/rustup-home/toolchains/1.69.0-x86_64-unknown-linux-gnu/lib/rustlib/x86_64-unknown-linux-gnu/lib/liblibc-bad9164fdeeecf92.rlib" "/opt/rustwide/rustup-home/toolchains/1.69.0-x86_64-unknown-linux-gnu/lib/rustlib/x86_64-unknown-linux-gnu/lib/liballoc-f9374b1e480fa681.rlib" "/opt/rustwide/rustup-home/toolchains/1.69.0-x86_64-unknown-linux-gnu/lib/rustlib/x86_64-unknown-linux-gnu/lib/librustc_std_workspace_core-207f06e41d9603af.rlib" "/opt/rustwide/rustup-home/toolchains/1.69.0-x86_64-unknown-linux-gnu/lib/rustlib/x86_64-unknown-linux-gnu/lib/libcore-7e2768e66e984e85.rlib" "/opt/rustwide/rustup-home/toolchains/1.69.0-x86_64-unknown-linux-gnu/lib/rustlib/x86_64-unknown-linux-gnu/lib/libcompiler_builtins-957b4aff41f8cd46.rlib" "-Wl,-Bdynamic" "-lgcc_s" "-lutil" "-lrt" "-lpthread" "-lm" "-ldl" "-lc" "-Wl,--eh-frame-hdr" "-Wl,-z,noexecstack" "-L" "/opt/rustwide/rustup-home/toolchains/1.69.0-x86_64-unknown-linux-gnu/lib/rustlib/x86_64-unknown-linux-gnu/lib" "-o" "/opt/rustwide/target/debug/build/stdweb-internal-runtime-b522ccd9eff48ed5/build_script_build-b522ccd9eff48ed5" "-Wl,--gc-sections" "-pie" "-Wl,-z,relro,-z,now" "-nodefaultlibs"
[INFO] [stdout]   = note: /usr/bin/ld: final link failed: No space left on device
[INFO] [stdout]           collect2: error: ld returned 1 exit status
[INFO] [stdout]           
[INFO] [stdout] 
[INFO] [stdout] 
[INFO] [stdout] error: linking with `cc` failed: exit status: 1
[INFO] [stdout]   |
[INFO] [stdout]   = note: LC_ALL="C" PATH="/opt/rustwide/rustup-home/toolchains/1.69.0-x86_64-unknown-linux-gnu/lib/rustlib/x86_64-unknown-linux-gnu/bin:/opt/rustwide/cargo-home/bin:/usr/local/sbin:/usr/local/bin:/usr/sbin:/usr/bin:/sbin:/bin" VSLANG="1033" "cc" "-m64" "/tmp/rustcSVerZk/symbols.o" "/opt/rustwide/target/debug/build/byteorder-24f18b280da87765/build_script_build-24f18b280da87765.build_script_build.b400002c-cgu.0.rcgu.o" "/opt/rustwide/target/debug/build/byteorder-24f18b280da87765/build_script_build-24f18b280da87765.build_script_build.b400002c-cgu.1.rcgu.o" "/opt/rustwide/target/debug/build/byteorder-24f18b280da87765/build_script_build-24f18b280da87765.build_script_build.b400002c-cgu.10.rcgu.o" "/opt/rustwide/target/debug/build/byteorder-24f18b280da87765/build_script_build-24f18b280da87765.build_script_build.b400002c-cgu.11.rcgu.o" "/opt/rustwide/target/debug/build/byteorder-24f18b280da87765/build_script_build-24f18b280da87765.build_script_build.b400002c-cgu.12.rcgu.o" "/opt/rustwide/target/debug/build/byteorder-24f18b280da87765/build_script_build-24f18b280da87765.build_script_build.b400002c-cgu.13.rcgu.o" "/opt/rustwide/target/debug/build/byteorder-24f18b280da87765/build_script_build-24f18b280da87765.build_script_build.b400002c-cgu.14.rcgu.o" "/opt/rustwide/target/debug/build/byteorder-24f18b280da87765/build_script_build-24f18b280da87765.build_script_build.b400002c-cgu.15.rcgu.o" "/opt/rustwide/target/debug/build/byteorder-24f18b280da87765/build_script_build-24f18b280da87765.build_script_build.b400002c-cgu.2.rcgu.o" "/opt/rustwide/target/debug/build/byteorder-24f18b280da87765/build_script_build-24f18b280da87765.build_script_build.b400002c-cgu.3.rcgu.o" "/opt/rustwide/target/debug/build/byteorder-24f18b280da87765/build_script_build-24f18b280da87765.build_script_build.b400002c-cgu.4.rcgu.o" "/opt/rustwide/target/debug/build/byteorder-24f18b280da87765/build_script_build-24f18b280da87765.build_script_build.b400002c-cgu.5.rcgu.o" "/opt/rustwide/target/debug/build/byteorder-24f18b280da87765/build_script_build-24f18b280da87765.build_script_build.b400002c-cgu.6.rcgu.o" "/opt/rustwide/target/debug/build/byteorder-24f18b280da87765/build_script_build-24f18b280da87765.build_script_build.b400002c-cgu.7.rcgu.o" "/opt/rustwide/target/debug/build/byteorder-24f18b280da87765/build_script_build-24f18b280da87765.build_script_build.b400002c-cgu.8.rcgu.o" "/opt/rustwide/target/debug/build/byteorder-24f18b280da87765/build_script_build-24f18b280da87765.build_script_build.b400002c-cgu.9.rcgu.o" "/opt/rustwide/target/debug/build/byteorder-24f18b280da87765/build_script_build-24f18b280da87765.1o1g35fn6z387swv.rcgu.o" "-Wl,--as-needed" "-L" "/opt/rustwide/target/debug/deps" "-L" "/opt/rustwide/rustup-home/toolchains/1.69.0-x86_64-unknown-linux-gnu/lib/rustlib/x86_64-unknown-linux-gnu/lib" "-Wl,-Bstatic" "/opt/rustwide/rustup-home/toolchains/1.69.0-x86_64-unknown-linux-gnu/lib/rustlib/x86_64-unknown-linux-gnu/lib/libstd-89bc084783fdc439.rlib" "/opt/rustwide/rustup-home/toolchains/1.69.0-x86_64-unknown-linux-gnu/lib/rustlib/x86_64-unknown-linux-gnu/lib/libpanic_unwind-8bee4b287d4367c1.rlib" "/opt/rustwide/rustup-home/toolchains/1.69.0-x86_64-unknown-linux-gnu/lib/rustlib/x86_64-unknown-linux-gnu/lib/libobject-d61707aed80694c0.rlib" "/opt/rustwide/rustup-home/toolchains/1.69.0-x86_64-unknown-linux-gnu/lib/rustlib/x86_64-unknown-linux-gnu/lib/libmemchr-d85366256f22345b.rlib" "/opt/rustwide/rustup-home/toolchains/1.69.0-x86_64-unknown-linux-gnu/lib/rustlib/x86_64-unknown-linux-gnu/lib/libaddr2line-96069b86b8a8cae9.rlib" "/opt/rustwide/rustup-home/toolchains/1.69.0-x86_64-unknown-linux-gnu/lib/rustlib/x86_64-unknown-linux-gnu/lib/libgimli-d19d53abf68dfa6c.rlib" "/opt/rustwide/rustup-home/toolchains/1.69.0-x86_64-unknown-linux-gnu/lib/rustlib/x86_64-unknown-linux-gnu/lib/librustc_demangle-787cbccd19d64ac6.rlib" "/opt/rustwide/rustup-home/toolchains/1.69.0-x86_64-unknown-linux-gnu/lib/rustlib/x86_64-unknown-linux-gnu/lib/libstd_detect-b3837a36b830e0d0.rlib" "/opt/rustwide/rustup-home/toolchains/1.69.0-x86_64-unknown-linux-gnu/lib/rustlib/x86_64-unknown-linux-gnu/lib/libhashbrown-e3deb0e7e3f04966.rlib" "/opt/rustwide/rustup-home/toolchains/1.69.0-x86_64-unknown-linux-gnu/lib/rustlib/x86_64-unknown-linux-gnu/lib/libminiz_oxide-dabbb79c9815def4.rlib" "/opt/rustwide/rustup-home/toolchains/1.69.0-x86_64-unknown-linux-gnu/lib/rustlib/x86_64-unknown-linux-gnu/lib/libadler-305b01f34c9409f2.rlib" "/opt/rustwide/rustup-home/toolchains/1.69.0-x86_64-unknown-linux-gnu/lib/rustlib/x86_64-unknown-linux-gnu/lib/librustc_std_workspace_alloc-f833521df6074e73.rlib" "/opt/rustwide/rustup-home/toolchains/1.69.0-x86_64-unknown-linux-gnu/lib/rustlib/x86_64-unknown-linux-gnu/lib/libunwind-9ac333113350d171.rlib" "/opt/rustwide/rustup-home/toolchains/1.69.0-x86_64-unknown-linux-gnu/lib/rustlib/x86_64-unknown-linux-gnu/lib/libcfg_if-1c126114322d0eee.rlib" "/opt/rustwide/rustup-home/toolchains/1.69.0-x86_64-unknown-linux-gnu/lib/rustlib/x86_64-unknown-linux-gnu/lib/liblibc-bad9164fdeeecf92.rlib" "/opt/rustwide/rustup-home/toolchains/1.69.0-x86_64-unknown-linux-gnu/lib/rustlib/x86_64-unknown-linux-gnu/lib/liballoc-f9374b1e480fa681.rlib" "/opt/rustwide/rustup-home/toolchains/1.69.0-x86_64-unknown-linux-gnu/lib/rustlib/x86_64-unknown-linux-gnu/lib/librustc_std_workspace_core-207f06e41d9603af.rlib" "/opt/rustwide/rustup-home/toolchains/1.69.0-x86_64-unknown-linux-gnu/lib/rustlib/x86_64-unknown-linux-gnu/lib/libcore-7e2768e66e984e85.rlib" "/opt/rustwide/rustup-home/toolchains/1.69.0-x86_64-unknown-linux-gnu/lib/rustlib/x86_64-unknown-linux-gnu/lib/libcompiler_builtins-957b4aff41f8cd46.rlib" "-Wl,-Bdynamic" "-lgcc_s" "-lutil" "-lrt" "-lpthread" "-lm" "-ldl" "-lc" "-Wl,--eh-frame-hdr" "-Wl,-z,noexecstack" "-L" "/opt/rustwide/rustup-home/toolchains/1.69.0-x86_64-unknown-linux-gnu/lib/rustlib/x86_64-unknown-linux-gnu/lib" "-o" "/opt/rustwide/target/debug/build/byteorder-24f18b280da87765/build_script_build-24f18b280da87765" "-Wl,--gc-sections" "-pie" "-Wl,-z,relro,-z,now" "-nodefaultlibs"
[INFO] [stdout]   = note: /usr/bin/ld: final link failed: No space left on device
[INFO] [stdout]           collect2: error: ld returned 1 exit status
[INFO] [stdout]           
[INFO] [stdout] 
[INFO] [stdout] 
[INFO] [stdout] error: aborting due to previous error
[INFO] [stdout] 
[INFO] [stdout] 
[INFO] [stdout] error: aborting due to previous error
[INFO] [stdout] 
[INFO] [stdout] 
[INFO] [stderr] error: could not compile `dotenv`
[INFO] [stderr] error: could not compile `byteorder` due to 2 previous errors
[INFO] [stderr] error: could not compile `stdweb-internal-runtime` due to 2 previous errors
[INFO] [stderr] thread 'rustc' panicked at 'assertion failed: pos.get() <= self.position()', compiler/rustc_metadata/src/rmeta/encoder.rs:435:9
[INFO] [stderr] LLVM ERROR: IO failure on output stream: No space left on device
[INFO] [stderr] error: could not compile `wee_alloc`
[INFO] [stderr] error: could not compile `proc-macro2`
[INFO] [stderr] thread 'rustc' panicked at 'assertion failed: pos.get() <= self.position()', compiler/rustc_metadata/src/rmeta/encoder.rs:435:9
[INFO] [stderr] thread 'rustc' panicked at 'assertion failed: pos.get() <= self.position()', compiler/rustc_metadata/src/rmeta/encoder.rs:435:9
[INFO] [stdout] error: linking with `cc` failed: exit status: 1
[INFO] [stdout]   |
[INFO] [stdout]   = note: LC_ALL="C" PATH="/opt/rustwide/rustup-home/toolchains/1.69.0-x86_64-unknown-linux-gnu/lib/rustlib/x86_64-unknown-linux-gnu/bin:/opt/rustwide/cargo-home/bin:/usr/local/sbin:/usr/local/bin:/usr/sbin:/usr/bin:/sbin:/bin" VSLANG="1033" "cc" "-m64" "/tmp/rustcLTeJrr/symbols.o" "/opt/rustwide/target/debug/build/stdweb-207ed619b504dd8a/build_script_build-207ed619b504dd8a.build_script_build.e6d8d2ce-cgu.0.rcgu.o" "/opt/rustwide/target/debug/build/stdweb-207ed619b504dd8a/build_script_build-207ed619b504dd8a.build_script_build.e6d8d2ce-cgu.1.rcgu.o" "/opt/rustwide/target/debug/build/stdweb-207ed619b504dd8a/build_script_build-207ed619b504dd8a.build_script_build.e6d8d2ce-cgu.2.rcgu.o" "/opt/rustwide/target/debug/build/stdweb-207ed619b504dd8a/build_script_build-207ed619b504dd8a.build_script_build.e6d8d2ce-cgu.3.rcgu.o" "/opt/rustwide/target/debug/build/stdweb-207ed619b504dd8a/build_script_build-207ed619b504dd8a.build_script_build.e6d8d2ce-cgu.4.rcgu.o" "/opt/rustwide/target/debug/build/stdweb-207ed619b504dd8a/build_script_build-207ed619b504dd8a.build_script_build.e6d8d2ce-cgu.5.rcgu.o" "/opt/rustwide/target/debug/build/stdweb-207ed619b504dd8a/build_script_build-207ed619b504dd8a.build_script_build.e6d8d2ce-cgu.6.rcgu.o" "/opt/rustwide/target/debug/build/stdweb-207ed619b504dd8a/build_script_build-207ed619b504dd8a.build_script_build.e6d8d2ce-cgu.7.rcgu.o" "/opt/rustwide/target/debug/build/stdweb-207ed619b504dd8a/build_script_build-207ed619b504dd8a.usxr0wbmjdykj2y.rcgu.o" "-Wl,--as-needed" "-L" "/opt/rustwide/target/debug/deps" "-L" "/opt/rustwide/rustup-home/toolchains/1.69.0-x86_64-unknown-linux-gnu/lib/rustlib/x86_64-unknown-linux-gnu/lib" "-Wl,-Bstatic" "/opt/rustwide/target/debug/deps/librustc_version-32573b1d8dbb2074.rlib" "/opt/rustwide/target/debug/deps/libsemver-db73a6812aca8063.rlib" "/opt/rustwide/target/debug/deps/libsemver_parser-1e42fb66cba1efa6.rlib" "/opt/rustwide/rustup-home/toolchains/1.69.0-x86_64-unknown-linux-gnu/lib/rustlib/x86_64-unknown-linux-gnu/lib/libstd-89bc084783fdc439.rlib" "/opt/rustwide/rustup-home/toolchains/1.69.0-x86_64-unknown-linux-gnu/lib/rustlib/x86_64-unknown-linux-gnu/lib/libpanic_unwind-8bee4b287d4367c1.rlib" "/opt/rustwide/rustup-home/toolchains/1.69.0-x86_64-unknown-linux-gnu/lib/rustlib/x86_64-unknown-linux-gnu/lib/libobject-d61707aed80694c0.rlib" "/opt/rustwide/rustup-home/toolchains/1.69.0-x86_64-unknown-linux-gnu/lib/rustlib/x86_64-unknown-linux-gnu/lib/libmemchr-d85366256f22345b.rlib" "/opt/rustwide/rustup-home/toolchains/1.69.0-x86_64-unknown-linux-gnu/lib/rustlib/x86_64-unknown-linux-gnu/lib/libaddr2line-96069b86b8a8cae9.rlib" "/opt/rustwide/rustup-home/toolchains/1.69.0-x86_64-unknown-linux-gnu/lib/rustlib/x86_64-unknown-linux-gnu/lib/libgimli-d19d53abf68dfa6c.rlib" "/opt/rustwide/rustup-home/toolchains/1.69.0-x86_64-unknown-linux-gnu/lib/rustlib/x86_64-unknown-linux-gnu/lib/librustc_demangle-787cbccd19d64ac6.rlib" "/opt/rustwide/rustup-home/toolchains/1.69.0-x86_64-unknown-linux-gnu/lib/rustlib/x86_64-unknown-linux-gnu/lib/libstd_detect-b3837a36b830e0d0.rlib" "/opt/rustwide/rustup-home/toolchains/1.69.0-x86_64-unknown-linux-gnu/lib/rustlib/x86_64-unknown-linux-gnu/lib/libhashbrown-e3deb0e7e3f04966.rlib" "/opt/rustwide/rustup-home/toolchains/1.69.0-x86_64-unknown-linux-gnu/lib/rustlib/x86_64-unknown-linux-gnu/lib/libminiz_oxide-dabbb79c9815def4.rlib" "/opt/rustwide/rustup-home/toolchains/1.69.0-x86_64-unknown-linux-gnu/lib/rustlib/x86_64-unknown-linux-gnu/lib/libadler-305b01f34c9409f2.rlib" "/opt/rustwide/rustup-home/toolchains/1.69.0-x86_64-unknown-linux-gnu/lib/rustlib/x86_64-unknown-linux-gnu/lib/librustc_std_workspace_alloc-f833521df6074e73.rlib" "/opt/rustwide/rustup-home/toolchains/1.69.0-x86_64-unknown-linux-gnu/lib/rustlib/x86_64-unknown-linux-gnu/lib/libunwind-9ac333113350d171.rlib" "/opt/rustwide/rustup-home/toolchains/1.69.0-x86_64-unknown-linux-gnu/lib/rustlib/x86_64-unknown-linux-gnu/lib/libcfg_if-1c126114322d0eee.rlib" "/opt/rustwide/rustup-home/toolchains/1.69.0-x86_64-unknown-linux-gnu/lib/rustlib/x86_64-unknown-linux-gnu/lib/liblibc-bad9164fdeeecf92.rlib" "/opt/rustwide/rustup-home/toolchains/1.69.0-x86_64-unknown-linux-gnu/lib/rustlib/x86_64-unknown-linux-gnu/lib/liballoc-f9374b1e480fa681.rlib" "/opt/rustwide/rustup-home/toolchains/1.69.0-x86_64-unknown-linux-gnu/lib/rustlib/x86_64-unknown-linux-gnu/lib/librustc_std_workspace_core-207f06e41d9603af.rlib" "/opt/rustwide/rustup-home/toolchains/1.69.0-x86_64-unknown-linux-gnu/lib/rustlib/x86_64-unknown-linux-gnu/lib/libcore-7e2768e66e984e85.rlib" "/opt/rustwide/rustup-home/toolchains/1.69.0-x86_64-unknown-linux-gnu/lib/rustlib/x86_64-unknown-linux-gnu/lib/libcompiler_builtins-957b4aff41f8cd46.rlib" "-Wl,-Bdynamic" "-lgcc_s" "-lutil" "-lrt" "-lpthread" "-lm" "-ldl" "-lc" "-Wl,--eh-frame-hdr" "-Wl,-z,noexecstack" "-L" "/opt/rustwide/rustup-home/toolchains/1.69.0-x86_64-unknown-linux-gnu/lib/rustlib/x86_64-unknown-linux-gnu/lib" "-o" "/opt/rustwide/target/debug/build/stdweb-207ed619b504dd8a/build_script_build-207ed619b504dd8a" "-Wl,--gc-sections" "-pie" "-Wl,-z,relro,-z,now" "-nodefaultlibs"
[INFO] [stdout]   = note: /usr/bin/ld: final link failed: No space left on device
[INFO] [stdout]           collect2: error: ld returned 1 exit status
[INFO] [stdout]           
[INFO] [stdout] 
[INFO] [stdout] 
[INFO] [stderr] error: could not compile `stdweb` due to previous error
[INFO] [stderr] error: could not compile `proc-macro2`
[INFO] [stderr] error: could not compile `bytes`
[INFO] [stderr] LLVM ERROR: IO failure on output stream: No space left on device
[INFO] [stderr] error: could not compile `futures`
[INFO] running `Command { std: "docker" "inspect" "6b3dd1bd500787e6283ad24afbe39aaedb2a0f9dcd2687746503337da9859234", kill_on_drop: false }`
[INFO] running `Command { std: "docker" "rm" "-f" "6b3dd1bd500787e6283ad24afbe39aaedb2a0f9dcd2687746503337da9859234", kill_on_drop: false }`
[INFO] [stdout] 6b3dd1bd500787e6283ad24afbe39aaedb2a0f9dcd2687746503337da9859234
