[INFO] cloning repository https://github.com/compository/cli
[INFO] running `Command { std: "git" "-c" "credential.helper=" "-c" "credential.helper=/workspace/cargo-home/bin/git-credential-null" "clone" "--bare" "https://github.com/compository/cli" "/workspace/cache/git-repos/https%3A%2F%2Fgithub.com%2Fcompository%2Fcli", kill_on_drop: false }`
[INFO] [stderr] Cloning into bare repository '/workspace/cache/git-repos/https%3A%2F%2Fgithub.com%2Fcompository%2Fcli'...
[INFO] running `Command { std: "git" "rev-parse" "HEAD", kill_on_drop: false }`
[INFO] [stdout] 3617aacfe15314f375609bae7b70b03ceef78bd4
[INFO] testing compository/cli against 1.69.0 for beta-1.70-1
[INFO] running `Command { std: "git" "clone" "/workspace/cache/git-repos/https%3A%2F%2Fgithub.com%2Fcompository%2Fcli" "/workspace/builds/worker-7-tc1/source", kill_on_drop: false }`
[INFO] [stderr] Cloning into '/workspace/builds/worker-7-tc1/source'...
[INFO] [stderr] done.
[INFO] validating manifest of git repo https://github.com/compository/cli on toolchain 1.69.0
[INFO] running `Command { std: CARGO_HOME="/workspace/cargo-home" RUSTUP_HOME="/workspace/rustup-home" "/workspace/cargo-home/bin/cargo" "+1.69.0" "metadata" "--manifest-path" "Cargo.toml" "--no-deps", kill_on_drop: false }`
[INFO] started tweaking git repo https://github.com/compository/cli
[INFO] finished tweaking git repo https://github.com/compository/cli
[INFO] tweaked toml for git repo https://github.com/compository/cli written to /workspace/builds/worker-7-tc1/source/Cargo.toml
[INFO] crate git repo https://github.com/compository/cli already has a lockfile, it will not be regenerated
[INFO] running `Command { std: CARGO_HOME="/workspace/cargo-home" RUSTUP_HOME="/workspace/rustup-home" "/workspace/cargo-home/bin/cargo" "+1.69.0" "fetch" "--manifest-path" "Cargo.toml", kill_on_drop: false }`
[INFO] [stderr]     Updating git repository `https://github.com/holochain/holochain`
[INFO] [stderr]     Updating git repository `https://github.com/holochain/lmdb-rs.git`
[INFO] [stderr]     Updating git submodule `https://github.com/mozilla/lmdb`
[INFO] [stderr]     Updating git repository `https://github.com/holochain/rkv.git`
[INFO] [stderr]     Updating git repository `https://github.com/neonphog/tokio_safe_block_on.git`
[INFO] [stderr]     Updating git repository `https://github.com/guillemcordoba/hc-utils`
[INFO] [stderr]     Blocking waiting for file lock on package cache
[INFO] [stderr]  Downloading crates ...
[INFO] [stderr]   Downloaded url2 v0.0.6
[INFO] [stderr]   Downloaded unwrap_to v0.1.0
[INFO] [stderr]   Downloaded rcgen v0.8.5
[INFO] [stderr]   Downloaded crypto_box v0.5.0
[INFO] [stderr]   Downloaded must_future v0.1.2
[INFO] [stderr]   Downloaded mockall v0.8.3
[INFO] [stderr]   Downloaded wasmer-runtime v0.16.2
[INFO] [stderr]   Downloaded wasmer-win-exception-handler v0.16.2
[INFO] [stderr]   Downloaded blake3 v0.1.5
[INFO] [stderr]   Downloaded wasmer-runtime-core v0.16.2
[INFO] [stderr]   Downloaded wasmer-clif-backend v0.16.2
[INFO] [stderr]   Downloaded pem v0.8.2
[INFO] [stderr]   Downloaded observability v0.1.3
[INFO] [stderr]   Downloaded rgb v0.8.25
[INFO] [stderr]   Downloaded inferno v0.10.2
[INFO] [stderr]   Downloaded quinn v0.6.1
[INFO] [stderr]   Downloaded target-lexicon v0.9.0
[INFO] [stderr]   Downloaded ghost_actor v0.3.0-alpha.1
[INFO] [stderr]   Downloaded opentelemetry v0.8.0
[INFO] [stderr]   Downloaded nanoid v0.3.0
[INFO] [stderr]   Downloaded serde-transcode v1.1.0
[INFO] [stderr]   Downloaded mockall_derive v0.8.3
[INFO] [stderr]   Downloaded tracing-opentelemetry v0.8.0
[INFO] [stderr]   Downloaded rmp-serde v0.14.4
[INFO] [stderr]   Downloaded holochain_serialized_bytes v0.0.47
[INFO] [stderr]   Downloaded lair_keystore_client v0.0.1-alpha.10
[INFO] [stderr]   Downloaded holochain_serialized_bytes v0.0.48
[INFO] [stderr]   Downloaded holochain_wasmer_common v0.0.65
[INFO] [stderr]   Downloaded holochain_serialized_bytes_derive v0.0.47
[INFO] [stderr]   Downloaded holochain_wasmer_host v0.0.65
[INFO] [stderr]   Downloaded holochain_wasmer_guest v0.0.65
[INFO] [stderr]   Downloaded holochain_serialized_bytes_derive v0.0.48
[INFO] [stderr]   Downloaded lair_keystore_api v0.0.1-alpha.10
[INFO] running `Command { std: "docker" "create" "-v" "/var/lib/crater-agent-workspace/builds/worker-7-tc1/target:/opt/rustwide/target:rw,Z" "-v" "/var/lib/crater-agent-workspace/builds/worker-7-tc1/source:/opt/rustwide/workdir:ro,Z" "-v" "/var/lib/crater-agent-workspace/cargo-home:/opt/rustwide/cargo-home:ro,Z" "-v" "/var/lib/crater-agent-workspace/rustup-home:/opt/rustwide/rustup-home:ro,Z" "-e" "SOURCE_DIR=/opt/rustwide/workdir" "-e" "CARGO_TARGET_DIR=/opt/rustwide/target" "-e" "CARGO_HOME=/opt/rustwide/cargo-home" "-e" "RUSTUP_HOME=/opt/rustwide/rustup-home" "-w" "/opt/rustwide/workdir" "-m" "1610612736" "--user" "0:0" "--network" "none" "ghcr.io/rust-lang/crates-build-env/linux@sha256:5ff2268d62e97bff2cde7d5815dd6ed5b47097566f13b8d0ca110b04b60e07ed" "/opt/rustwide/cargo-home/bin/cargo" "+1.69.0" "metadata" "--no-deps" "--format-version=1", kill_on_drop: false }`
[INFO] [stdout] 0fccae11e6e1fd2cb8096e22c393e5dc25472b830c71b87e54f8af88b39ba121
[INFO] running `Command { std: "docker" "start" "-a" "0fccae11e6e1fd2cb8096e22c393e5dc25472b830c71b87e54f8af88b39ba121", kill_on_drop: false }`
[INFO] running `Command { std: "docker" "inspect" "0fccae11e6e1fd2cb8096e22c393e5dc25472b830c71b87e54f8af88b39ba121", kill_on_drop: false }`
[INFO] running `Command { std: "docker" "rm" "-f" "0fccae11e6e1fd2cb8096e22c393e5dc25472b830c71b87e54f8af88b39ba121", kill_on_drop: false }`
[INFO] [stdout] 0fccae11e6e1fd2cb8096e22c393e5dc25472b830c71b87e54f8af88b39ba121
[INFO] running `Command { std: "docker" "create" "-v" "/var/lib/crater-agent-workspace/builds/worker-7-tc1/target:/opt/rustwide/target:rw,Z" "-v" "/var/lib/crater-agent-workspace/builds/worker-7-tc1/source:/opt/rustwide/workdir:ro,Z" "-v" "/var/lib/crater-agent-workspace/cargo-home:/opt/rustwide/cargo-home:ro,Z" "-v" "/var/lib/crater-agent-workspace/rustup-home:/opt/rustwide/rustup-home:ro,Z" "-e" "SOURCE_DIR=/opt/rustwide/workdir" "-e" "CARGO_TARGET_DIR=/opt/rustwide/target" "-e" "CARGO_INCREMENTAL=0" "-e" "RUST_BACKTRACE=full" "-e" "RUSTFLAGS=--cap-lints=warn" "-e" "RUSTDOCFLAGS=--cap-lints=warn" "-e" "CARGO_HOME=/opt/rustwide/cargo-home" "-e" "RUSTUP_HOME=/opt/rustwide/rustup-home" "-w" "/opt/rustwide/workdir" "-m" "1610612736" "--user" "0:0" "--network" "none" "ghcr.io/rust-lang/crates-build-env/linux@sha256:5ff2268d62e97bff2cde7d5815dd6ed5b47097566f13b8d0ca110b04b60e07ed" "/opt/rustwide/cargo-home/bin/cargo" "+1.69.0" "build" "--frozen" "--message-format=json", kill_on_drop: false }`
[INFO] [stdout] 575bc3d82bce9f3afecc7060fe404ca9c8258a6a7a0c4861f8421691c4bbc9bc
[INFO] running `Command { std: "docker" "start" "-a" "575bc3d82bce9f3afecc7060fe404ca9c8258a6a7a0c4861f8421691c4bbc9bc", kill_on_drop: false }`
[INFO] [stderr]     Blocking waiting for file lock on package cache
[INFO] [stderr]    Compiling proc-macro2 v1.0.24
[INFO] [stderr]    Compiling unicode-xid v0.2.1
[INFO] [stderr]    Compiling syn v1.0.54
[INFO] [stderr]    Compiling libc v0.2.81
[INFO] [stderr]    Compiling autocfg v1.0.1
[INFO] [stderr]    Compiling cfg-if v0.1.10
[INFO] [stderr]    Compiling lazy_static v1.4.0
[INFO] [stderr]    Compiling serde v1.0.104
[INFO] [stderr]    Compiling cc v1.0.66
[INFO] [stderr]    Compiling byteorder v1.3.4
[INFO] [stderr]    Compiling log v0.4.11
[INFO] [stderr]    Compiling version_check v0.9.2
[INFO] [stderr]    Compiling memchr v2.3.4
[INFO] [stderr]    Compiling hashbrown v0.9.1
[INFO] [stderr]    Compiling cfg-if v1.0.0
[INFO] [stderr]    Compiling getrandom v0.1.15
[INFO] [stderr]    Compiling typenum v1.12.0
[INFO] [stderr]    Compiling itoa v0.4.6
[INFO] [stderr]    Compiling once_cell v1.5.2
[INFO] [stderr]    Compiling proc-macro-hack v0.5.19
[INFO] [stderr]    Compiling bitflags v1.2.1
[INFO] [stderr]    Compiling pin-project-lite v0.1.11
[INFO] [stderr]    Compiling slab v0.4.2
[INFO] [stderr]    Compiling ryu v1.0.5
[INFO] [stderr]    Compiling indexmap v1.6.0
[INFO] [stderr]    Compiling num-traits v0.2.14
[INFO] [stderr]    Compiling ppv-lite86 v0.2.10
[INFO] [stderr]    Compiling smallvec v1.5.1
[INFO] [stderr]    Compiling tracing-core v0.1.17
[INFO] [stderr]    Compiling futures-core v0.3.8
[INFO] [stderr]    Compiling fnv v1.0.7
[INFO] [stderr]    Compiling serde_json v1.0.60
[INFO] [stderr]    Compiling proc-macro-nested v0.1.6
[INFO] [stderr]    Compiling futures-sink v0.3.8
[INFO] [stderr]    Compiling scopeguard v1.1.0
[INFO] [stderr]    Compiling quote v1.0.7
[INFO] [stderr]    Compiling futures-channel v0.3.8
[INFO] [stderr]    Compiling futures-task v0.3.8
[INFO] [stderr]    Compiling pin-utils v0.1.0
[INFO] [stderr]    Compiling regex-syntax v0.6.21
[INFO] [stderr]    Compiling futures-io v0.3.8
[INFO] [stderr]    Compiling bytes v0.5.6
[INFO] [stderr]    Compiling aho-corasick v0.7.15
[INFO] [stderr]    Compiling crossbeam-utils v0.8.1
[INFO] [stderr]    Compiling thread_local v1.0.1
[INFO] [stderr]    Compiling unicode-segmentation v1.7.1
[INFO] [stderr]    Compiling pin-project-internal v0.4.27
[INFO] [stderr]    Compiling arrayref v0.3.6
[INFO] [stderr]    Compiling generic-array v0.14.4
[INFO] [stderr]    Compiling percent-encoding v2.1.0
[INFO] [stderr]    Compiling constant_time_eq v0.1.5
[INFO] [stderr]    Compiling arrayvec v0.5.2
[INFO] [stderr]    Compiling num-integer v0.1.44
[INFO] [stderr]    Compiling autocfg v0.1.7
[INFO] [stderr]    Compiling rand_core v0.4.2
[INFO] [stderr]    Compiling num_cpus v1.13.0
[INFO] [stderr]    Compiling heck v0.3.1
[INFO] [stderr]    Compiling iovec v0.1.4
[INFO] [stderr]    Compiling net2 v0.2.37
[INFO] [stderr]    Compiling rand_core v0.5.1
[INFO] [stderr]    Compiling signal-hook-registry v1.2.2
[INFO] [stderr]    Compiling ring v0.16.19
[INFO] [stderr]    Compiling proc-macro-error-attr v1.0.4
[INFO] [stderr]    Compiling rmp v0.8.9
[INFO] [stderr]    Compiling subtle v2.3.0
[INFO] [stderr]    Compiling time v0.1.44
[INFO] [stderr]    Compiling rand_chacha v0.2.2
[INFO] [stderr]    Compiling mio v0.6.23
[INFO] [stderr]    Compiling memoffset v0.6.1
[INFO] [stderr]    Compiling proc-macro-error v1.0.4
[INFO] [stderr]    Compiling crunchy v0.2.2
[INFO] [stderr]    Compiling rand v0.7.3
[INFO] [stderr]    Compiling const_fn v0.4.4
[INFO] [stderr]    Compiling getrandom v0.2.0
[INFO] [stderr]    Compiling chrono v0.4.19
[INFO] [stderr]    Compiling crossbeam-channel v0.5.0
[INFO] [stderr]    Compiling spin v0.5.2
[INFO] [stderr]    Compiling untrusted v0.7.1
[INFO] [stderr]    Compiling tiny-keccak v2.0.2
[INFO] [stderr]    Compiling mio-uds v0.6.8
[INFO] [stderr]    Compiling rand_core v0.3.1
[INFO] [stderr]    Compiling either v1.6.1
[INFO] [stderr]    Compiling regex v1.4.2
[INFO] [stderr]    Compiling regex-automata v0.1.9
[INFO] [stderr]    Compiling pkg-config v0.3.19
[INFO] [stderr]    Compiling rayon-core v1.9.0
[INFO] [stderr]    Compiling tracing-log v0.1.1
[INFO] [stderr]    Compiling sharded-slab v0.1.0
[INFO] [stderr]    Compiling matches v0.1.8
[INFO] [stderr]    Compiling ansi_term v0.12.1
[INFO] [stderr]    Compiling const-random-macro v0.1.13
[INFO] [stderr]    Compiling rand_chacha v0.1.1
[INFO] [stderr]    Compiling crossbeam-epoch v0.9.1
[INFO] [stderr]    Compiling rand_pcg v0.1.2
[INFO] [stderr]    Compiling rayon v1.5.0
[INFO] [stderr]    Compiling unicode-width v0.1.8
[INFO] [stderr]    Compiling arrayvec v0.4.12
[INFO] [stderr]    Compiling tinyvec_macros v0.1.0
[INFO] [stderr]    Compiling textwrap v0.11.0
[INFO] [stderr]    Compiling matchers v0.0.1
[INFO] [stderr]    Compiling crossbeam-deque v0.8.0
[INFO] [stderr] LLVM ERROR: IO failure on output stream: No space left on device
[INFO] [stderr] LLVM ERROR: IO failure on output stream: No space left on device
[INFO] [stderr] thread 'rustc' panicked at 'assertion failed: pos.get() <= self.position()', compiler/rustc_metadata/src/rmeta/encoder.rs:435:9
[INFO] [stderr] LLVM ERROR: IO failure on output stream: No space left on device
[INFO] [stderr] LLVM ERROR: IO failure on output stream: No space left on device
[INFO] [stderr] error: could not compile `arrayvec`
[INFO] [stderr] warning: build failed, waiting for other jobs to finish...
[INFO] [stderr] error: could not compile `const-random-macro`
[INFO] [stderr] error: could not compile `chrono`
[INFO] [stderr] error: could not compile `crossbeam-epoch`
[INFO] [stderr] LLVM ERROR: IO failure on output stream: No space left on device
[INFO] [stderr] LLVM ERROR: IO failure on output stream: No space left on device
[INFO] [stderr] error: could not compile `sharded-slab`
[INFO] [stdout] error: linking with `cc` failed: exit status: 1
[INFO] [stdout]   |
[INFO] [stdout]   = note: LC_ALL="C" PATH="/opt/rustwide/rustup-home/toolchains/1.69.0-x86_64-unknown-linux-gnu/lib/rustlib/x86_64-unknown-linux-gnu/bin:/opt/rustwide/cargo-home/bin:/usr/local/sbin:/usr/local/bin:/usr/sbin:/usr/bin:/sbin:/bin" VSLANG="1033" "cc" "-m64" "/tmp/rustcibMvfj/symbols.o" "/opt/rustwide/target/debug/build/rayon-cd3aa51f1fd2ecf1/build_script_build-cd3aa51f1fd2ecf1.build_script_build.a0533b74-cgu.0.rcgu.o" "/opt/rustwide/target/debug/build/rayon-cd3aa51f1fd2ecf1/build_script_build-cd3aa51f1fd2ecf1.build_script_build.a0533b74-cgu.1.rcgu.o" "/opt/rustwide/target/debug/build/rayon-cd3aa51f1fd2ecf1/build_script_build-cd3aa51f1fd2ecf1.build_script_build.a0533b74-cgu.2.rcgu.o" "/opt/rustwide/target/debug/build/rayon-cd3aa51f1fd2ecf1/build_script_build-cd3aa51f1fd2ecf1.build_script_build.a0533b74-cgu.3.rcgu.o" "/opt/rustwide/target/debug/build/rayon-cd3aa51f1fd2ecf1/build_script_build-cd3aa51f1fd2ecf1.build_script_build.a0533b74-cgu.4.rcgu.o" "/opt/rustwide/target/debug/build/rayon-cd3aa51f1fd2ecf1/build_script_build-cd3aa51f1fd2ecf1.2fw5jfclxv3wsxam.rcgu.o" "-Wl,--as-needed" "-L" "/opt/rustwide/target/debug/deps" "-L" "/opt/rustwide/rustup-home/toolchains/1.69.0-x86_64-unknown-linux-gnu/lib/rustlib/x86_64-unknown-linux-gnu/lib" "-Wl,-Bstatic" "/opt/rustwide/target/debug/deps/libautocfg-f69eab92bd40406d.rlib" "/opt/rustwide/rustup-home/toolchains/1.69.0-x86_64-unknown-linux-gnu/lib/rustlib/x86_64-unknown-linux-gnu/lib/libstd-89bc084783fdc439.rlib" "/opt/rustwide/rustup-home/toolchains/1.69.0-x86_64-unknown-linux-gnu/lib/rustlib/x86_64-unknown-linux-gnu/lib/libpanic_unwind-8bee4b287d4367c1.rlib" "/opt/rustwide/rustup-home/toolchains/1.69.0-x86_64-unknown-linux-gnu/lib/rustlib/x86_64-unknown-linux-gnu/lib/libobject-d61707aed80694c0.rlib" "/opt/rustwide/rustup-home/toolchains/1.69.0-x86_64-unknown-linux-gnu/lib/rustlib/x86_64-unknown-linux-gnu/lib/libmemchr-d85366256f22345b.rlib" "/opt/rustwide/rustup-home/toolchains/1.69.0-x86_64-unknown-linux-gnu/lib/rustlib/x86_64-unknown-linux-gnu/lib/libaddr2line-96069b86b8a8cae9.rlib" "/opt/rustwide/rustup-home/toolchains/1.69.0-x86_64-unknown-linux-gnu/lib/rustlib/x86_64-unknown-linux-gnu/lib/libgimli-d19d53abf68dfa6c.rlib" "/opt/rustwide/rustup-home/toolchains/1.69.0-x86_64-unknown-linux-gnu/lib/rustlib/x86_64-unknown-linux-gnu/lib/librustc_demangle-787cbccd19d64ac6.rlib" "/opt/rustwide/rustup-home/toolchains/1.69.0-x86_64-unknown-linux-gnu/lib/rustlib/x86_64-unknown-linux-gnu/lib/libstd_detect-b3837a36b830e0d0.rlib" "/opt/rustwide/rustup-home/toolchains/1.69.0-x86_64-unknown-linux-gnu/lib/rustlib/x86_64-unknown-linux-gnu/lib/libhashbrown-e3deb0e7e3f04966.rlib" "/opt/rustwide/rustup-home/toolchains/1.69.0-x86_64-unknown-linux-gnu/lib/rustlib/x86_64-unknown-linux-gnu/lib/libminiz_oxide-dabbb79c9815def4.rlib" "/opt/rustwide/rustup-home/toolchains/1.69.0-x86_64-unknown-linux-gnu/lib/rustlib/x86_64-unknown-linux-gnu/lib/libadler-305b01f34c9409f2.rlib" "/opt/rustwide/rustup-home/toolchains/1.69.0-x86_64-unknown-linux-gnu/lib/rustlib/x86_64-unknown-linux-gnu/lib/librustc_std_workspace_alloc-f833521df6074e73.rlib" "/opt/rustwide/rustup-home/toolchains/1.69.0-x86_64-unknown-linux-gnu/lib/rustlib/x86_64-unknown-linux-gnu/lib/libunwind-9ac333113350d171.rlib" "/opt/rustwide/rustup-home/toolchains/1.69.0-x86_64-unknown-linux-gnu/lib/rustlib/x86_64-unknown-linux-gnu/lib/libcfg_if-1c126114322d0eee.rlib" "/opt/rustwide/rustup-home/toolchains/1.69.0-x86_64-unknown-linux-gnu/lib/rustlib/x86_64-unknown-linux-gnu/lib/liblibc-bad9164fdeeecf92.rlib" "/opt/rustwide/rustup-home/toolchains/1.69.0-x86_64-unknown-linux-gnu/lib/rustlib/x86_64-unknown-linux-gnu/lib/liballoc-f9374b1e480fa681.rlib" "/opt/rustwide/rustup-home/toolchains/1.69.0-x86_64-unknown-linux-gnu/lib/rustlib/x86_64-unknown-linux-gnu/lib/librustc_std_workspace_core-207f06e41d9603af.rlib" "/opt/rustwide/rustup-home/toolchains/1.69.0-x86_64-unknown-linux-gnu/lib/rustlib/x86_64-unknown-linux-gnu/lib/libcore-7e2768e66e984e85.rlib" "/opt/rustwide/rustup-home/toolchains/1.69.0-x86_64-unknown-linux-gnu/lib/rustlib/x86_64-unknown-linux-gnu/lib/libcompiler_builtins-957b4aff41f8cd46.rlib" "-Wl,-Bdynamic" "-lgcc_s" "-lutil" "-lrt" "-lpthread" "-lm" "-ldl" "-lc" "-Wl,--eh-frame-hdr" "-Wl,-z,noexecstack" "-L" "/opt/rustwide/rustup-home/toolchains/1.69.0-x86_64-unknown-linux-gnu/lib/rustlib/x86_64-unknown-linux-gnu/lib" "-o" "/opt/rustwide/target/debug/build/rayon-cd3aa51f1fd2ecf1/build_script_build-cd3aa51f1fd2ecf1" "-Wl,--gc-sections" "-pie" "-Wl,-z,relro,-z,now" "-nodefaultlibs"
[INFO] [stdout]   = note: /usr/bin/ld: final link failed: No space left on device
[INFO] [stdout]           collect2: error: ld returned 1 exit status
[INFO] [stdout]           
[INFO] [stdout] 
[INFO] [stdout] 
[INFO] [stdout] error: aborting due to previous error
[INFO] [stdout] 
[INFO] [stdout] 
[INFO] [stderr] error: could not compile `rayon` due to 2 previous errors
[INFO] [stderr] error: could not compile `regex-syntax`
[INFO] [stderr] error: could not compile `regex`
[INFO] [stderr] LLVM ERROR: IO failure on output stream: No space left on device
[INFO] [stderr] error: could not compile `regex-automata`
[INFO] [stdout] error: couldn't create a temp dir: No space left on device (os error 28) at path "/opt/rustwide/target/debug/deps/rmetaPBQLoh"
[INFO] [stdout] 
[INFO] [stdout] 
[INFO] [stderr] error: could not compile `textwrap` due to previous error
[INFO] [stdout] error: couldn't create a temp dir: No space left on device (os error 28) at path "/opt/rustwide/target/debug/deps/rmeta0OxrXd"
[INFO] [stdout] 
[INFO] [stdout] 
[INFO] [stderr] error: could not compile `crossbeam-deque` due to previous error
[INFO] [stderr] error: failed to run custom build command for `ring v0.16.19`
[INFO] [stderr] note: To improve backtraces for build dependencies, set the CARGO_PROFILE_DEV_BUILD_OVERRIDE_DEBUG=true environment variable to enable debug information generation.
[INFO] [stderr] 
[INFO] [stderr] Caused by:
[INFO] [stderr]   process didn't exit successfully: `/opt/rustwide/target/debug/build/ring-85899be9de896342/build-script-build` (exit status: 101)
[INFO] [stderr]   --- stdout
[INFO] [stderr]   OPT_LEVEL = Some("0")
[INFO] [stderr]   TARGET = Some("x86_64-unknown-linux-gnu")
[INFO] [stderr]   HOST = Some("x86_64-unknown-linux-gnu")
[INFO] [stderr]   CC_x86_64-unknown-linux-gnu = None
[INFO] [stderr]   CC_x86_64_unknown_linux_gnu = None
[INFO] [stderr]   HOST_CC = None
[INFO] [stderr]   CC = None
[INFO] [stderr]   CFLAGS_x86_64-unknown-linux-gnu = None
[INFO] [stderr]   CFLAGS_x86_64_unknown_linux_gnu = None
[INFO] [stderr]   HOST_CFLAGS = None
[INFO] [stderr]   CFLAGS = None
[INFO] [stderr]   CRATE_CC_NO_DEFAULTS = None
[INFO] [stderr]   DEBUG = Some("true")
[INFO] [stderr]   CARGO_CFG_TARGET_FEATURE = Some("fxsr,sse,sse2")
[INFO] [stderr]   OPT_LEVEL = Some("0")
[INFO] [stderr]   TARGET = Some("x86_64-unknown-linux-gnu")
[INFO] [stderr]   HOST = Some("x86_64-unknown-linux-gnu")
[INFO] [stderr]   CC_x86_64-unknown-linux-gnu = None
[INFO] [stderr]   CC_x86_64_unknown_linux_gnu = None
[INFO] [stderr]   HOST_CC = None
[INFO] [stderr]   CC = None
[INFO] [stderr]   CFLAGS_x86_64-unknown-linux-gnu = None
[INFO] [stderr]   CFLAGS_x86_64_unknown_linux_gnu = None
[INFO] [stderr]   HOST_CFLAGS = None
[INFO] [stderr]   CFLAGS = None
[INFO] [stderr]   CRATE_CC_NO_DEFAULTS = None
[INFO] [stderr]   DEBUG = Some("true")
[INFO] [stderr]   CARGO_CFG_TARGET_FEATURE = Some("fxsr,sse,sse2")
[INFO] [stderr]   OPT_LEVEL = Some("0")
[INFO] [stderr]   TARGET = Some("x86_64-unknown-linux-gnu")
[INFO] [stderr]   HOST = Some("x86_64-unknown-linux-gnu")
[INFO] [stderr]   CC_x86_64-unknown-linux-gnu = None
[INFO] [stderr]   CC_x86_64_unknown_linux_gnu = None
[INFO] [stderr]   HOST_CC = None
[INFO] [stderr]   CC = None
[INFO] [stderr]   CFLAGS_x86_64-unknown-linux-gnu = None
[INFO] [stderr]   CFLAGS_x86_64_unknown_linux_gnu = None
[INFO] [stderr]   HOST_CFLAGS = None
[INFO] [stderr]   CFLAGS = None
[INFO] [stderr]   CRATE_CC_NO_DEFAULTS = None
[INFO] [stderr]   DEBUG = Some("true")
[INFO] [stderr]   CARGO_CFG_TARGET_FEATURE = Some("fxsr,sse,sse2")
[INFO] [stderr]   OPT_LEVEL = Some("0")
[INFO] [stderr]   TARGET = Some("x86_64-unknown-linux-gnu")
[INFO] [stderr]   HOST = Some("x86_64-unknown-linux-gnu")
[INFO] [stderr]   CC_x86_64-unknown-linux-gnu = None
[INFO] [stderr]   CC_x86_64_unknown_linux_gnu = None
[INFO] [stderr]   HOST_CC = None
[INFO] [stderr]   CC = None
[INFO] [stderr]   CFLAGS_x86_64-unknown-linux-gnu = None
[INFO] [stderr]   CFLAGS_x86_64_unknown_linux_gnu = None
[INFO] [stderr]   HOST_CFLAGS = None
[INFO] [stderr]   CFLAGS = None
[INFO] [stderr]   CRATE_CC_NO_DEFAULTS = None
[INFO] [stderr]   DEBUG = Some("true")
[INFO] [stderr]   CARGO_CFG_TARGET_FEATURE = Some("fxsr,sse,sse2")
[INFO] [stderr]   OPT_LEVEL = Some("0")
[INFO] [stderr]   TARGET = Some("x86_64-unknown-linux-gnu")
[INFO] [stderr]   HOST = Some("x86_64-unknown-linux-gnu")
[INFO] [stderr]   CC_x86_64-unknown-linux-gnu = None
[INFO] [stderr]   CC_x86_64_unknown_linux_gnu = None
[INFO] [stderr]   HOST_CC = None
[INFO] [stderr]   CC = None
[INFO] [stderr]   CFLAGS_x86_64-unknown-linux-gnu = None
[INFO] [stderr]   CFLAGS_x86_64_unknown_linux_gnu = None
[INFO] [stderr]   HOST_CFLAGS = None
[INFO] [stderr]   CFLAGS = None
[INFO] [stderr]   CRATE_CC_NO_DEFAULTS = None
[INFO] [stderr]   DEBUG = Some("true")
[INFO] [stderr]   CARGO_CFG_TARGET_FEATURE = Some("fxsr,sse,sse2")
[INFO] [stderr]   OPT_LEVEL = Some("0")
[INFO] [stderr]   TARGET = Some("x86_64-unknown-linux-gnu")
[INFO] [stderr]   HOST = Some("x86_64-unknown-linux-gnu")
[INFO] [stderr]   CC_x86_64-unknown-linux-gnu = None
[INFO] [stderr]   CC_x86_64_unknown_linux_gnu = None
[INFO] [stderr]   HOST_CC = None
[INFO] [stderr]   CC = None
[INFO] [stderr]   CFLAGS_x86_64-unknown-linux-gnu = None
[INFO] [stderr]   CFLAGS_x86_64_unknown_linux_gnu = None
[INFO] [stderr]   HOST_CFLAGS = None
[INFO] [stderr]   CFLAGS = None
[INFO] [stderr]   CRATE_CC_NO_DEFAULTS = None
[INFO] [stderr]   DEBUG = Some("true")
[INFO] [stderr]   CARGO_CFG_TARGET_FEATURE = Some("fxsr,sse,sse2")
[INFO] [stderr]   OPT_LEVEL = Some("0")
[INFO] [stderr]   TARGET = Some("x86_64-unknown-linux-gnu")
[INFO] [stderr]   HOST = Some("x86_64-unknown-linux-gnu")
[INFO] [stderr]   CC_x86_64-unknown-linux-gnu = None
[INFO] [stderr]   CC_x86_64_unknown_linux_gnu = None
[INFO] [stderr]   HOST_CC = None
[INFO] [stderr]   CC = None
[INFO] [stderr]   CFLAGS_x86_64-unknown-linux-gnu = None
[INFO] [stderr]   CFLAGS_x86_64_unknown_linux_gnu = None
[INFO] [stderr]   HOST_CFLAGS = None
[INFO] [stderr]   CFLAGS = None
[INFO] [stderr]   CRATE_CC_NO_DEFAULTS = None
[INFO] [stderr]   DEBUG = Some("true")
[INFO] [stderr]   CARGO_CFG_TARGET_FEATURE = Some("fxsr,sse,sse2")
[INFO] [stderr]   OPT_LEVEL = Some("0")
[INFO] [stderr]   TARGET = Some("x86_64-unknown-linux-gnu")
[INFO] [stderr]   HOST = Some("x86_64-unknown-linux-gnu")
[INFO] [stderr]   CC_x86_64-unknown-linux-gnu = None
[INFO] [stderr]   CC_x86_64_unknown_linux_gnu = None
[INFO] [stderr]   HOST_CC = None
[INFO] [stderr]   CC = None
[INFO] [stderr]   CFLAGS_x86_64-unknown-linux-gnu = None
[INFO] [stderr]   CFLAGS_x86_64_unknown_linux_gnu = None
[INFO] [stderr]   HOST_CFLAGS = None
[INFO] [stderr]   CFLAGS = None
[INFO] [stderr]   CRATE_CC_NO_DEFAULTS = None
[INFO] [stderr]   DEBUG = Some("true")
[INFO] [stderr]   CARGO_CFG_TARGET_FEATURE = Some("fxsr,sse,sse2")
[INFO] [stderr]   OPT_LEVEL = Some("0")
[INFO] [stderr]   TARGET = Some("x86_64-unknown-linux-gnu")
[INFO] [stderr]   HOST = Some("x86_64-unknown-linux-gnu")
[INFO] [stderr]   CC_x86_64-unknown-linux-gnu = None
[INFO] [stderr]   CC_x86_64_unknown_linux_gnu = None
[INFO] [stderr]   HOST_CC = None
[INFO] [stderr]   CC = None
[INFO] [stderr]   CFLAGS_x86_64-unknown-linux-gnu = None
[INFO] [stderr]   CFLAGS_x86_64_unknown_linux_gnu = None
[INFO] [stderr]   HOST_CFLAGS = None
[INFO] [stderr]   CFLAGS = None
[INFO] [stderr]   CRATE_CC_NO_DEFAULTS = None
[INFO] [stderr]   DEBUG = Some("true")
[INFO] [stderr]   CARGO_CFG_TARGET_FEATURE = Some("fxsr,sse,sse2")
[INFO] [stderr]   OPT_LEVEL = Some("0")
[INFO] [stderr]   TARGET = Some("x86_64-unknown-linux-gnu")
[INFO] [stderr]   HOST = Some("x86_64-unknown-linux-gnu")
[INFO] [stderr]   CC_x86_64-unknown-linux-gnu = None
[INFO] [stderr]   CC_x86_64_unknown_linux_gnu = None
[INFO] [stderr]   HOST_CC = None
[INFO] [stderr]   CC = None
[INFO] [stderr]   CFLAGS_x86_64-unknown-linux-gnu = None
[INFO] [stderr]   CFLAGS_x86_64_unknown_linux_gnu = None
[INFO] [stderr]   HOST_CFLAGS = None
[INFO] [stderr]   CFLAGS = None
[INFO] [stderr]   CRATE_CC_NO_DEFAULTS = None
[INFO] [stderr]   DEBUG = Some("true")
[INFO] [stderr]   CARGO_CFG_TARGET_FEATURE = Some("fxsr,sse,sse2")
[INFO] [stderr]   OPT_LEVEL = Some("0")
[INFO] [stderr]   TARGET = Some("x86_64-unknown-linux-gnu")
[INFO] [stderr]   HOST = Some("x86_64-unknown-linux-gnu")
[INFO] [stderr]   CC_x86_64-unknown-linux-gnu = None
[INFO] [stderr]   CC_x86_64_unknown_linux_gnu = None
[INFO] [stderr]   HOST_CC = None
[INFO] [stderr]   CC = None
[INFO] [stderr]   CFLAGS_x86_64-unknown-linux-gnu = None
[INFO] [stderr]   CFLAGS_x86_64_unknown_linux_gnu = None
[INFO] [stderr]   HOST_CFLAGS = None
[INFO] [stderr]   CFLAGS = None
[INFO] [stderr]   CRATE_CC_NO_DEFAULTS = None
[INFO] [stderr]   DEBUG = Some("true")
[INFO] [stderr]   CARGO_CFG_TARGET_FEATURE = Some("fxsr,sse,sse2")
[INFO] [stderr]   OPT_LEVEL = Some("0")
[INFO] [stderr]   TARGET = Some("x86_64-unknown-linux-gnu")
[INFO] [stderr]   HOST = Some("x86_64-unknown-linux-gnu")
[INFO] [stderr]   CC_x86_64-unknown-linux-gnu = None
[INFO] [stderr]   CC_x86_64_unknown_linux_gnu = None
[INFO] [stderr]   HOST_CC = None
[INFO] [stderr]   CC = None
[INFO] [stderr]   CFLAGS_x86_64-unknown-linux-gnu = None
[INFO] [stderr]   CFLAGS_x86_64_unknown_linux_gnu = None
[INFO] [stderr]   HOST_CFLAGS = None
[INFO] [stderr]   CFLAGS = None
[INFO] [stderr]   CRATE_CC_NO_DEFAULTS = None
[INFO] [stderr]   DEBUG = Some("true")
[INFO] [stderr]   CARGO_CFG_TARGET_FEATURE = Some("fxsr,sse,sse2")
[INFO] [stderr]   OPT_LEVEL = Some("0")
[INFO] [stderr]   TARGET = Some("x86_64-unknown-linux-gnu")
[INFO] [stderr]   HOST = Some("x86_64-unknown-linux-gnu")
[INFO] [stderr]   CC_x86_64-unknown-linux-gnu = None
[INFO] [stderr]   CC_x86_64_unknown_linux_gnu = None
[INFO] [stderr]   HOST_CC = None
[INFO] [stderr]   CC = None
[INFO] [stderr]   CFLAGS_x86_64-unknown-linux-gnu = None
[INFO] [stderr]   CFLAGS_x86_64_unknown_linux_gnu = None
[INFO] [stderr]   HOST_CFLAGS = None
[INFO] [stderr]   CFLAGS = None
[INFO] [stderr]   CRATE_CC_NO_DEFAULTS = None
[INFO] [stderr]   DEBUG = Some("true")
[INFO] [stderr]   CARGO_CFG_TARGET_FEATURE = Some("fxsr,sse,sse2")
[INFO] [stderr]   OPT_LEVEL = Some("0")
[INFO] [stderr]   TARGET = Some("x86_64-unknown-linux-gnu")
[INFO] [stderr]   HOST = Some("x86_64-unknown-linux-gnu")
[INFO] [stderr]   CC_x86_64-unknown-linux-gnu = None
[INFO] [stderr]   CC_x86_64_unknown_linux_gnu = None
[INFO] [stderr]   HOST_CC = None
[INFO] [stderr]   CC = None
[INFO] [stderr]   CFLAGS_x86_64-unknown-linux-gnu = None
[INFO] [stderr]   CFLAGS_x86_64_unknown_linux_gnu = None
[INFO] [stderr]   HOST_CFLAGS = None
[INFO] [stderr]   CFLAGS = None
[INFO] [stderr]   CRATE_CC_NO_DEFAULTS = None
[INFO] [stderr]   DEBUG = Some("true")
[INFO] [stderr]   CARGO_CFG_TARGET_FEATURE = Some("fxsr,sse,sse2")
[INFO] [stderr]   OPT_LEVEL = Some("0")
[INFO] [stderr]   TARGET = Some("x86_64-unknown-linux-gnu")
[INFO] [stderr]   HOST = Some("x86_64-unknown-linux-gnu")
[INFO] [stderr]   CC_x86_64-unknown-linux-gnu = None
[INFO] [stderr]   CC_x86_64_unknown_linux_gnu = None
[INFO] [stderr]   HOST_CC = None
[INFO] [stderr]   CC = None
[INFO] [stderr]   CFLAGS_x86_64-unknown-linux-gnu = None
[INFO] [stderr]   CFLAGS_x86_64_unknown_linux_gnu = None
[INFO] [stderr]   HOST_CFLAGS = None
[INFO] [stderr]   CFLAGS = None
[INFO] [stderr]   CRATE_CC_NO_DEFAULTS = None
[INFO] [stderr]   DEBUG = Some("true")
[INFO] [stderr]   CARGO_CFG_TARGET_FEATURE = Some("fxsr,sse,sse2")
[INFO] [stderr]   OPT_LEVEL = Some("0")
[INFO] [stderr]   TARGET = Some("x86_64-unknown-linux-gnu")
[INFO] [stderr]   HOST = Some("x86_64-unknown-linux-gnu")
[INFO] [stderr]   CC_x86_64-unknown-linux-gnu = None
[INFO] [stderr]   CC_x86_64_unknown_linux_gnu = None
[INFO] [stderr]   HOST_CC = None
[INFO] [stderr]   CC = None
[INFO] [stderr]   CFLAGS_x86_64-unknown-linux-gnu = None
[INFO] [stderr]   CFLAGS_x86_64_unknown_linux_gnu = None
[INFO] [stderr]   HOST_CFLAGS = None
[INFO] [stderr]   CFLAGS = None
[INFO] [stderr]   CRATE_CC_NO_DEFAULTS = None
[INFO] [stderr]   DEBUG = Some("true")
[INFO] [stderr]   CARGO_CFG_TARGET_FEATURE = Some("fxsr,sse,sse2")
[INFO] [stderr]   OPT_LEVEL = Some("0")
[INFO] [stderr]   TARGET = Some("x86_64-unknown-linux-gnu")
[INFO] [stderr]   HOST = Some("x86_64-unknown-linux-gnu")
[INFO] [stderr]   CC_x86_64-unknown-linux-gnu = None
[INFO] [stderr]   CC_x86_64_unknown_linux_gnu = None
[INFO] [stderr]   HOST_CC = None
[INFO] [stderr]   CC = None
[INFO] [stderr]   CFLAGS_x86_64-unknown-linux-gnu = None
[INFO] [stderr]   CFLAGS_x86_64_unknown_linux_gnu = None
[INFO] [stderr]   HOST_CFLAGS = None
[INFO] [stderr]   CFLAGS = None
[INFO] [stderr]   CRATE_CC_NO_DEFAULTS = None
[INFO] [stderr]   DEBUG = Some("true")
[INFO] [stderr]   CARGO_CFG_TARGET_FEATURE = Some("fxsr,sse,sse2")
[INFO] [stderr]   OPT_LEVEL = Some("0")
[INFO] [stderr]   TARGET = Some("x86_64-unknown-linux-gnu")
[INFO] [stderr]   HOST = Some("x86_64-unknown-linux-gnu")
[INFO] [stderr]   CC_x86_64-unknown-linux-gnu = None
[INFO] [stderr]   CC_x86_64_unknown_linux_gnu = None
[INFO] [stderr]   HOST_CC = None
[INFO] [stderr]   CC = None
[INFO] [stderr]   CFLAGS_x86_64-unknown-linux-gnu = None
[INFO] [stderr]   CFLAGS_x86_64_unknown_linux_gnu = None
[INFO] [stderr]   HOST_CFLAGS = None
[INFO] [stderr]   CFLAGS = None
[INFO] [stderr]   CRATE_CC_NO_DEFAULTS = None
[INFO] [stderr]   DEBUG = Some("true")
[INFO] [stderr]   CARGO_CFG_TARGET_FEATURE = Some("fxsr,sse,sse2")
[INFO] [stderr]   OPT_LEVEL = Some("0")
[INFO] [stderr]   TARGET = Some("x86_64-unknown-linux-gnu")
[INFO] [stderr]   HOST = Some("x86_64-unknown-linux-gnu")
[INFO] [stderr]   CC_x86_64-unknown-linux-gnu = None
[INFO] [stderr]   CC_x86_64_unknown_linux_gnu = None
[INFO] [stderr]   HOST_CC = None
[INFO] [stderr]   CC = None
[INFO] [stderr]   CFLAGS_x86_64-unknown-linux-gnu = None
[INFO] [stderr]   CFLAGS_x86_64_unknown_linux_gnu = None
[INFO] [stderr]   HOST_CFLAGS = None
[INFO] [stderr]   CFLAGS = None
[INFO] [stderr]   CRATE_CC_NO_DEFAULTS = None
[INFO] [stderr]   DEBUG = Some("true")
[INFO] [stderr]   CARGO_CFG_TARGET_FEATURE = Some("fxsr,sse,sse2")
[INFO] [stderr]   OPT_LEVEL = Some("0")
[INFO] [stderr]   TARGET = Some("x86_64-unknown-linux-gnu")
[INFO] [stderr]   HOST = Some("x86_64-unknown-linux-gnu")
[INFO] [stderr]   CC_x86_64-unknown-linux-gnu = None
[INFO] [stderr]   CC_x86_64_unknown_linux_gnu = None
[INFO] [stderr]   HOST_CC = None
[INFO] [stderr]   CC = None
[INFO] [stderr]   CFLAGS_x86_64-unknown-linux-gnu = None
[INFO] [stderr]   CFLAGS_x86_64_unknown_linux_gnu = None
[INFO] [stderr]   HOST_CFLAGS = None
[INFO] [stderr]   CFLAGS = None
[INFO] [stderr]   CRATE_CC_NO_DEFAULTS = None
[INFO] [stderr]   DEBUG = Some("true")
[INFO] [stderr]   CARGO_CFG_TARGET_FEATURE = Some("fxsr,sse,sse2")
[INFO] [stderr] 
[INFO] [stderr]   --- stderr
[INFO] [stderr]   running "cc" "-O0" "-ffunction-sections" "-fdata-sections" "-fPIC" "-g" "-fno-omit-frame-pointer" "-m64" "-I" "include" "-Wall" "-Wextra" "-pedantic" "-pedantic-errors" "-Wall" "-Wextra" "-Wcast-align" "-Wcast-qual" "-Wconversion" "-Wenum-compare" "-Wfloat-equal" "-Wformat=2" "-Winline" "-Winvalid-pch" "-Wmissing-field-initializers" "-Wmissing-include-dirs" "-Wredundant-decls" "-Wshadow" "-Wsign-compare" "-Wsign-conversion" "-Wundef" "-Wuninitialized" "-Wwrite-strings" "-fno-strict-aliasing" "-fvisibility=hidden" "-fstack-protector" "-g3" "-DNDEBUG" "-c" "-o/opt/rustwide/target/debug/build/ring-4ec1fd3ecd681e34/out/aesni-x86_64-elf.o" "/opt/rustwide/cargo-home/registry/src/github.com-1ecc6299db9ec823/ring-0.16.19/pregenerated/aesni-x86_64-elf.S"
[INFO] [stderr]   running "cc" "-O0" "-ffunction-sections" "-fdata-sections" "-fPIC" "-g" "-fno-omit-frame-pointer" "-m64" "-I" "include" "-Wall" "-Wextra" "-pedantic" "-pedantic-errors" "-Wall" "-Wextra" "-Wcast-align" "-Wcast-qual" "-Wconversion" "-Wenum-compare" "-Wfloat-equal" "-Wformat=2" "-Winline" "-Winvalid-pch" "-Wmissing-field-initializers" "-Wmissing-include-dirs" "-Wredundant-decls" "-Wshadow" "-Wsign-compare" "-Wsign-conversion" "-Wundef" "-Wuninitialized" "-Wwrite-strings" "-fno-strict-aliasing" "-fvisibility=hidden" "-fstack-protector" "-g3" "-DNDEBUG" "-c" "-o/opt/rustwide/target/debug/build/ring-4ec1fd3ecd681e34/out/vpaes-x86_64-elf.o" "/opt/rustwide/cargo-home/registry/src/github.com-1ecc6299db9ec823/ring-0.16.19/pregenerated/vpaes-x86_64-elf.S"
[INFO] [stderr]   running "cc" "-O0" "-ffunction-sections" "-fdata-sections" "-fPIC" "-g" "-fno-omit-frame-pointer" "-m64" "-I" "include" "-Wall" "-Wextra" "-pedantic" "-pedantic-errors" "-Wall" "-Wextra" "-Wcast-align" "-Wcast-qual" "-Wconversion" "-Wenum-compare" "-Wfloat-equal" "-Wformat=2" "-Winline" "-Winvalid-pch" "-Wmissing-field-initializers" "-Wmissing-include-dirs" "-Wredundant-decls" "-Wshadow" "-Wsign-compare" "-Wsign-conversion" "-Wundef" "-Wuninitialized" "-Wwrite-strings" "-fno-strict-aliasing" "-fvisibility=hidden" "-fstack-protector" "-g3" "-DNDEBUG" "-c" "-o/opt/rustwide/target/debug/build/ring-4ec1fd3ecd681e34/out/x86_64-mont-elf.o" "/opt/rustwide/cargo-home/registry/src/github.com-1ecc6299db9ec823/ring-0.16.19/pregenerated/x86_64-mont-elf.S"
[INFO] [stderr]   running "cc" "-O0" "-ffunction-sections" "-fdata-sections" "-fPIC" "-g" "-fno-omit-frame-pointer" "-m64" "-I" "include" "-Wall" "-Wextra" "-pedantic" "-pedantic-errors" "-Wall" "-Wextra" "-Wcast-align" "-Wcast-qual" "-Wconversion" "-Wenum-compare" "-Wfloat-equal" "-Wformat=2" "-Winline" "-Winvalid-pch" "-Wmissing-field-initializers" "-Wmissing-include-dirs" "-Wredundant-decls" "-Wshadow" "-Wsign-compare" "-Wsign-conversion" "-Wundef" "-Wuninitialized" "-Wwrite-strings" "-fno-strict-aliasing" "-fvisibility=hidden" "-fstack-protector" "-g3" "-DNDEBUG" "-c" "-o/opt/rustwide/target/debug/build/ring-4ec1fd3ecd681e34/out/x86_64-mont5-elf.o" "/opt/rustwide/cargo-home/registry/src/github.com-1ecc6299db9ec823/ring-0.16.19/pregenerated/x86_64-mont5-elf.S"
[INFO] [stderr]   running "cc" "-O0" "-ffunction-sections" "-fdata-sections" "-fPIC" "-g" "-fno-omit-frame-pointer" "-m64" "-I" "include" "-Wall" "-Wextra" "-pedantic" "-pedantic-errors" "-Wall" "-Wextra" "-Wcast-align" "-Wcast-qual" "-Wconversion" "-Wenum-compare" "-Wfloat-equal" "-Wformat=2" "-Winline" "-Winvalid-pch" "-Wmissing-field-initializers" "-Wmissing-include-dirs" "-Wredundant-decls" "-Wshadow" "-Wsign-compare" "-Wsign-conversion" "-Wundef" "-Wuninitialized" "-Wwrite-strings" "-fno-strict-aliasing" "-fvisibility=hidden" "-fstack-protector" "-g3" "-DNDEBUG" "-c" "-o/opt/rustwide/target/debug/build/ring-4ec1fd3ecd681e34/out/chacha-x86_64-elf.o" "/opt/rustwide/cargo-home/registry/src/github.com-1ecc6299db9ec823/ring-0.16.19/pregenerated/chacha-x86_64-elf.S"
[INFO] [stderr]   running "cc" "-O0" "-ffunction-sections" "-fdata-sections" "-fPIC" "-g" "-fno-omit-frame-pointer" "-m64" "-I" "include" "-Wall" "-Wextra" "-pedantic" "-pedantic-errors" "-Wall" "-Wextra" "-Wcast-align" "-Wcast-qual" "-Wconversion" "-Wenum-compare" "-Wfloat-equal" "-Wformat=2" "-Winline" "-Winvalid-pch" "-Wmissing-field-initializers" "-Wmissing-include-dirs" "-Wredundant-decls" "-Wshadow" "-Wsign-compare" "-Wsign-conversion" "-Wundef" "-Wuninitialized" "-Wwrite-strings" "-fno-strict-aliasing" "-fvisibility=hidden" "-fstack-protector" "-g3" "-DNDEBUG" "-c" "-o/opt/rustwide/target/debug/build/ring-4ec1fd3ecd681e34/out/p256-x86_64-asm-elf.o" "/opt/rustwide/cargo-home/registry/src/github.com-1ecc6299db9ec823/ring-0.16.19/pregenerated/p256-x86_64-asm-elf.S"
[INFO] [stderr]   running "cc" "-O0" "-ffunction-sections" "-fdata-sections" "-fPIC" "-g" "-fno-omit-frame-pointer" "-m64" "-I" "include" "-Wall" "-Wextra" "-pedantic" "-pedantic-errors" "-Wall" "-Wextra" "-Wcast-align" "-Wcast-qual" "-Wconversion" "-Wenum-compare" "-Wfloat-equal" "-Wformat=2" "-Winline" "-Winvalid-pch" "-Wmissing-field-initializers" "-Wmissing-include-dirs" "-Wredundant-decls" "-Wshadow" "-Wsign-compare" "-Wsign-conversion" "-Wundef" "-Wuninitialized" "-Wwrite-strings" "-fno-strict-aliasing" "-fvisibility=hidden" "-fstack-protector" "-g3" "-DNDEBUG" "-c" "-o/opt/rustwide/target/debug/build/ring-4ec1fd3ecd681e34/out/aesni-gcm-x86_64-elf.o" "/opt/rustwide/cargo-home/registry/src/github.com-1ecc6299db9ec823/ring-0.16.19/pregenerated/aesni-gcm-x86_64-elf.S"
[INFO] [stderr]   running "cc" "-O0" "-ffunction-sections" "-fdata-sections" "-fPIC" "-g" "-fno-omit-frame-pointer" "-m64" "-I" "include" "-Wall" "-Wextra" "-pedantic" "-pedantic-errors" "-Wall" "-Wextra" "-Wcast-align" "-Wcast-qual" "-Wconversion" "-Wenum-compare" "-Wfloat-equal" "-Wformat=2" "-Winline" "-Winvalid-pch" "-Wmissing-field-initializers" "-Wmissing-include-dirs" "-Wredundant-decls" "-Wshadow" "-Wsign-compare" "-Wsign-conversion" "-Wundef" "-Wuninitialized" "-Wwrite-strings" "-fno-strict-aliasing" "-fvisibility=hidden" "-fstack-protector" "-g3" "-DNDEBUG" "-c" "-o/opt/rustwide/target/debug/build/ring-4ec1fd3ecd681e34/out/ghash-x86_64-elf.o" "/opt/rustwide/cargo-home/registry/src/github.com-1ecc6299db9ec823/ring-0.16.19/pregenerated/ghash-x86_64-elf.S"
[INFO] [stderr]   running "cc" "-O0" "-ffunction-sections" "-fdata-sections" "-fPIC" "-g" "-fno-omit-frame-pointer" "-m64" "-I" "include" "-Wall" "-Wextra" "-pedantic" "-pedantic-errors" "-Wall" "-Wextra" "-Wcast-align" "-Wcast-qual" "-Wconversion" "-Wenum-compare" "-Wfloat-equal" "-Wformat=2" "-Winline" "-Winvalid-pch" "-Wmissing-field-initializers" "-Wmissing-include-dirs" "-Wredundant-decls" "-Wshadow" "-Wsign-compare" "-Wsign-conversion" "-Wundef" "-Wuninitialized" "-Wwrite-strings" "-fno-strict-aliasing" "-fvisibility=hidden" "-fstack-protector" "-g3" "-DNDEBUG" "-c" "-o/opt/rustwide/target/debug/build/ring-4ec1fd3ecd681e34/out/sha512-x86_64-elf.o" "/opt/rustwide/cargo-home/registry/src/github.com-1ecc6299db9ec823/ring-0.16.19/pregenerated/sha512-x86_64-elf.S"
[INFO] [stderr]   running "cc" "-O0" "-ffunction-sections" "-fdata-sections" "-fPIC" "-g" "-fno-omit-frame-pointer" "-m64" "-I" "include" "-Wall" "-Wextra" "-pedantic" "-pedantic-errors" "-Wall" "-Wextra" "-Wcast-align" "-Wcast-qual" "-Wconversion" "-Wenum-compare" "-Wfloat-equal" "-Wformat=2" "-Winline" "-Winvalid-pch" "-Wmissing-field-initializers" "-Wmissing-include-dirs" "-Wredundant-decls" "-Wshadow" "-Wsign-compare" "-Wsign-conversion" "-Wundef" "-Wuninitialized" "-Wwrite-strings" "-fno-strict-aliasing" "-fvisibility=hidden" "-fstack-protector" "-g3" "-DNDEBUG" "-c" "-o/opt/rustwide/target/debug/build/ring-4ec1fd3ecd681e34/out/sha256-x86_64-elf.o" "/opt/rustwide/cargo-home/registry/src/github.com-1ecc6299db9ec823/ring-0.16.19/pregenerated/sha256-x86_64-elf.S"
[INFO] [stderr]   running "cc" "-O0" "-ffunction-sections" "-fdata-sections" "-fPIC" "-g" "-fno-omit-frame-pointer" "-m64" "-I" "include" "-Wall" "-Wextra" "-std=c1x" "-Wbad-function-cast" "-Wnested-externs" "-Wstrict-prototypes" "-pedantic" "-pedantic-errors" "-Wall" "-Wextra" "-Wcast-align" "-Wcast-qual" "-Wconversion" "-Wenum-compare" "-Wfloat-equal" "-Wformat=2" "-Winline" "-Winvalid-pch" "-Wmissing-field-initializers" "-Wmissing-include-dirs" "-Wredundant-decls" "-Wshadow" "-Wsign-compare" "-Wsign-conversion" "-Wundef" "-Wuninitialized" "-Wwrite-strings" "-fno-strict-aliasing" "-fvisibility=hidden" "-fstack-protector" "-g3" "-DNDEBUG" "-c" "-o/opt/rustwide/target/debug/build/ring-4ec1fd3ecd681e34/out/aes_nohw.o" "crypto/fipsmodule/aes/aes_nohw.c"
[INFO] [stderr]   running "cc" "-O0" "-ffunction-sections" "-fdata-sections" "-fPIC" "-g" "-fno-omit-frame-pointer" "-m64" "-I" "include" "-Wall" "-Wextra" "-std=c1x" "-Wbad-function-cast" "-Wnested-externs" "-Wstrict-prototypes" "-pedantic" "-pedantic-errors" "-Wall" "-Wextra" "-Wcast-align" "-Wcast-qual" "-Wconversion" "-Wenum-compare" "-Wfloat-equal" "-Wformat=2" "-Winline" "-Winvalid-pch" "-Wmissing-field-initializers" "-Wmissing-include-dirs" "-Wredundant-decls" "-Wshadow" "-Wsign-compare" "-Wsign-conversion" "-Wundef" "-Wuninitialized" "-Wwrite-strings" "-fno-strict-aliasing" "-fvisibility=hidden" "-fstack-protector" "-g3" "-DNDEBUG" "-c" "-o/opt/rustwide/target/debug/build/ring-4ec1fd3ecd681e34/out/montgomery.o" "crypto/fipsmodule/bn/montgomery.c"
[INFO] [stderr]   running "cc" "-O0" "-ffunction-sections" "-fdata-sections" "-fPIC" "-g" "-fno-omit-frame-pointer" "-m64" "-I" "include" "-Wall" "-Wextra" "-std=c1x" "-Wbad-function-cast" "-Wnested-externs" "-Wstrict-prototypes" "-pedantic" "-pedantic-errors" "-Wall" "-Wextra" "-Wcast-align" "-Wcast-qual" "-Wconversion" "-Wenum-compare" "-Wfloat-equal" "-Wformat=2" "-Winline" "-Winvalid-pch" "-Wmissing-field-initializers" "-Wmissing-include-dirs" "-Wredundant-decls" "-Wshadow" "-Wsign-compare" "-Wsign-conversion" "-Wundef" "-Wuninitialized" "-Wwrite-strings" "-fno-strict-aliasing" "-fvisibility=hidden" "-fstack-protector" "-g3" "-DNDEBUG" "-c" "-o/opt/rustwide/target/debug/build/ring-4ec1fd3ecd681e34/out/montgomery_inv.o" "crypto/fipsmodule/bn/montgomery_inv.c"
[INFO] [stderr]   running "cc" "-O0" "-ffunction-sections" "-fdata-sections" "-fPIC" "-g" "-fno-omit-frame-pointer" "-m64" "-I" "include" "-Wall" "-Wextra" "-std=c1x" "-Wbad-function-cast" "-Wnested-externs" "-Wstrict-prototypes" "-pedantic" "-pedantic-errors" "-Wall" "-Wextra" "-Wcast-align" "-Wcast-qual" "-Wconversion" "-Wenum-compare" "-Wfloat-equal" "-Wformat=2" "-Winline" "-Winvalid-pch" "-Wmissing-field-initializers" "-Wmissing-include-dirs" "-Wredundant-decls" "-Wshadow" "-Wsign-compare" "-Wsign-conversion" "-Wundef" "-Wuninitialized" "-Wwrite-strings" "-fno-strict-aliasing" "-fvisibility=hidden" "-fstack-protector" "-g3" "-DNDEBUG" "-c" "-o/opt/rustwide/target/debug/build/ring-4ec1fd3ecd681e34/out/limbs.o" "crypto/limbs/limbs.c"
[INFO] [stderr]   running "cc" "-O0" "-ffunction-sections" "-fdata-sections" "-fPIC" "-g" "-fno-omit-frame-pointer" "-m64" "-I" "include" "-Wall" "-Wextra" "-std=c1x" "-Wbad-function-cast" "-Wnested-externs" "-Wstrict-prototypes" "-pedantic" "-pedantic-errors" "-Wall" "-Wextra" "-Wcast-align" "-Wcast-qual" "-Wconversion" "-Wenum-compare" "-Wfloat-equal" "-Wformat=2" "-Winline" "-Winvalid-pch" "-Wmissing-field-initializers" "-Wmissing-include-dirs" "-Wredundant-decls" "-Wshadow" "-Wsign-compare" "-Wsign-conversion" "-Wundef" "-Wuninitialized" "-Wwrite-strings" "-fno-strict-aliasing" "-fvisibility=hidden" "-fstack-protector" "-g3" "-DNDEBUG" "-c" "-o/opt/rustwide/target/debug/build/ring-4ec1fd3ecd681e34/out/mem.o" "crypto/mem.c"
[INFO] [stderr]   running "cc" "-O0" "-ffunction-sections" "-fdata-sections" "-fPIC" "-g" "-fno-omit-frame-pointer" "-m64" "-I" "include" "-Wall" "-Wextra" "-std=c1x" "-Wbad-function-cast" "-Wnested-externs" "-Wstrict-prototypes" "-pedantic" "-pedantic-errors" "-Wall" "-Wextra" "-Wcast-align" "-Wcast-qual" "-Wconversion" "-Wenum-compare" "-Wfloat-equal" "-Wformat=2" "-Winline" "-Winvalid-pch" "-Wmissing-field-initializers" "-Wmissing-include-dirs" "-Wredundant-decls" "-Wshadow" "-Wsign-compare" "-Wsign-conversion" "-Wundef" "-Wuninitialized" "-Wwrite-strings" "-fno-strict-aliasing" "-fvisibility=hidden" "-fstack-protector" "-g3" "-DNDEBUG" "-c" "-o/opt/rustwide/target/debug/build/ring-4ec1fd3ecd681e34/out/poly1305.o" "crypto/poly1305/poly1305.c"
[INFO] [stderr]   running "cc" "-O0" "-ffunction-sections" "-fdata-sections" "-fPIC" "-g" "-fno-omit-frame-pointer" "-m64" "-I" "include" "-Wall" "-Wextra" "-std=c1x" "-Wbad-function-cast" "-Wnested-externs" "-Wstrict-prototypes" "-pedantic" "-pedantic-errors" "-Wall" "-Wextra" "-Wcast-align" "-Wcast-qual" "-Wconversion" "-Wenum-compare" "-Wfloat-equal" "-Wformat=2" "-Winline" "-Winvalid-pch" "-Wmissing-field-initializers" "-Wmissing-include-dirs" "-Wredundant-decls" "-Wshadow" "-Wsign-compare" "-Wsign-conversion" "-Wundef" "-Wuninitialized" "-Wwrite-strings" "-fno-strict-aliasing" "-fvisibility=hidden" "-fstack-protector" "-g3" "-DNDEBUG" "-c" "-o/opt/rustwide/target/debug/build/ring-4ec1fd3ecd681e34/out/crypto.o" "crypto/crypto.c"
[INFO] [stderr]   running "cc" "-O0" "-ffunction-sections" "-fdata-sections" "-fPIC" "-g" "-fno-omit-frame-pointer" "-m64" "-I" "include" "-Wall" "-Wextra" "-std=c1x" "-Wbad-function-cast" "-Wnested-externs" "-Wstrict-prototypes" "-pedantic" "-pedantic-errors" "-Wall" "-Wextra" "-Wcast-align" "-Wcast-qual" "-Wconversion" "-Wenum-compare" "-Wfloat-equal" "-Wformat=2" "-Winline" "-Winvalid-pch" "-Wmissing-field-initializers" "-Wmissing-include-dirs" "-Wredundant-decls" "-Wshadow" "-Wsign-compare" "-Wsign-conversion" "-Wundef" "-Wuninitialized" "-Wwrite-strings" "-fno-strict-aliasing" "-fvisibility=hidden" "-fstack-protector" "-g3" "-DNDEBUG" "-c" "-o/opt/rustwide/target/debug/build/ring-4ec1fd3ecd681e34/out/curve25519.o" "crypto/curve25519/curve25519.c"
[INFO] [stderr]   running "cc" "-O0" "-ffunction-sections" "-fdata-sections" "-fPIC" "-g" "-fno-omit-frame-pointer" "-m64" "-I" "include" "-Wall" "-Wextra" "-std=c1x" "-Wbad-function-cast" "-Wnested-externs" "-Wstrict-prototypes" "-pedantic" "-pedantic-errors" "-Wall" "-Wextra" "-Wcast-align" "-Wcast-qual" "-Wconversion" "-Wenum-compare" "-Wfloat-equal" "-Wformat=2" "-Winline" "-Winvalid-pch" "-Wmissing-field-initializers" "-Wmissing-include-dirs" "-Wredundant-decls" "-Wshadow" "-Wsign-compare" "-Wsign-conversion" "-Wundef" "-Wuninitialized" "-Wwrite-strings" "-fno-strict-aliasing" "-fvisibility=hidden" "-fstack-protector" "-g3" "-DNDEBUG" "-c" "-o/opt/rustwide/target/debug/build/ring-4ec1fd3ecd681e34/out/ecp_nistz.o" "crypto/fipsmodule/ec/ecp_nistz.c"
[INFO] [stderr]   running "cc" "-O0" "-ffunction-sections" "-fdata-sections" "-fPIC" "-g" "-fno-omit-frame-pointer" "-m64" "-I" "include" "-Wall" "-Wextra" "-std=c1x" "-Wbad-function-cast" "-Wnested-externs" "-Wstrict-prototypes" "-pedantic" "-pedantic-errors" "-Wall" "-Wextra" "-Wcast-align" "-Wcast-qual" "-Wconversion" "-Wenum-compare" "-Wfloat-equal" "-Wformat=2" "-Winline" "-Winvalid-pch" "-Wmissing-field-initializers" "-Wmissing-include-dirs" "-Wredundant-decls" "-Wshadow" "-Wsign-compare" "-Wsign-conversion" "-Wundef" "-Wuninitialized" "-Wwrite-strings" "-fno-strict-aliasing" "-fvisibility=hidden" "-fstack-protector" "-g3" "-DNDEBUG" "-c" "-o/opt/rustwide/target/debug/build/ring-4ec1fd3ecd681e34/out/ecp_nistz256.o" "crypto/fipsmodule/ec/ecp_nistz256.c"
[INFO] [stderr]   crypto/fipsmodule/ec/ecp_nistz256.c:347:1: fatal error: error writing to /tmp/cclTYhMc.s: No space left on device
[INFO] [stderr]     347 | }
[INFO] [stderr]         | ^
[INFO] [stderr]   compilation terminated.
[INFO] [stderr]   thread 'main' panicked at 'execution failed', /opt/rustwide/cargo-home/registry/src/github.com-1ecc6299db9ec823/ring-0.16.19/build.rs:673:9
[INFO] [stderr]   stack backtrace:
[INFO] [stderr]      0:     0x56495dcaa2ca - std::backtrace_rs::backtrace::libunwind::trace::ha9053a9a07ca49cb
[INFO] [stderr]                                  at /rustc/84c898d65adf2f39a5a98507f1fe0ce10a2b8dbc/library/std/src/../../backtrace/src/backtrace/libunwind.rs:93:5
[INFO] [stderr]      1:     0x56495dcaa2ca - std::backtrace_rs::backtrace::trace_unsynchronized::h9c2852a457ad564e
[INFO] [stderr]                                  at /rustc/84c898d65adf2f39a5a98507f1fe0ce10a2b8dbc/library/std/src/../../backtrace/src/backtrace/mod.rs:66:5
[INFO] [stderr]      2:     0x56495dcaa2ca - std::sys_common::backtrace::_print_fmt::h457936fbfaa0070f
[INFO] [stderr]                                  at /rustc/84c898d65adf2f39a5a98507f1fe0ce10a2b8dbc/library/std/src/sys_common/backtrace.rs:65:5
[INFO] [stderr]      3:     0x56495dcaa2ca - <std::sys_common::backtrace::_print::DisplayBacktrace as core::fmt::Display>::fmt::h5779d7bf7f70cb0c
[INFO] [stderr]                                  at /rustc/84c898d65adf2f39a5a98507f1fe0ce10a2b8dbc/library/std/src/sys_common/backtrace.rs:44:22
[INFO] [stderr]      4:     0x56495dcca62e - core::fmt::write::h5a4baaff1bcd3eb5
[INFO] [stderr]                                  at /rustc/84c898d65adf2f39a5a98507f1fe0ce10a2b8dbc/library/core/src/fmt/mod.rs:1232:17
[INFO] [stderr]      5:     0x56495dca6df5 - std::io::Write::write_fmt::h4bc1f301cb9e9cce
[INFO] [stderr]                                  at /rustc/84c898d65adf2f39a5a98507f1fe0ce10a2b8dbc/library/std/src/io/mod.rs:1684:15
[INFO] [stderr]      6:     0x56495dcaa095 - std::sys_common::backtrace::_print::h5fcdc36060f177e8
[INFO] [stderr]                                  at /rustc/84c898d65adf2f39a5a98507f1fe0ce10a2b8dbc/library/std/src/sys_common/backtrace.rs:47:5
[INFO] [stderr]      7:     0x56495dcaa095 - std::sys_common::backtrace::print::h54ca9458b876c8bf
[INFO] [stderr]                                  at /rustc/84c898d65adf2f39a5a98507f1fe0ce10a2b8dbc/library/std/src/sys_common/backtrace.rs:34:9
[INFO] [stderr]      8:     0x56495dcaba6f - std::panicking::default_hook::{{closure}}::hbe471161c7664ed6
[INFO] [stderr]                                  at /rustc/84c898d65adf2f39a5a98507f1fe0ce10a2b8dbc/library/std/src/panicking.rs:271:22
[INFO] [stderr]      9:     0x56495dcab7ab - std::panicking::default_hook::ha3500da57aa4ac4f
[INFO] [stderr]                                  at /rustc/84c898d65adf2f39a5a98507f1fe0ce10a2b8dbc/library/std/src/panicking.rs:290:9
[INFO] [stderr]     10:     0x56495dcac018 - std::panicking::rust_panic_with_hook::h50c09d000dc561d2
[INFO] [stderr]                                  at /rustc/84c898d65adf2f39a5a98507f1fe0ce10a2b8dbc/library/std/src/panicking.rs:692:13
[INFO] [stderr]     11:     0x56495dc789ea - std::panicking::begin_panic::{{closure}}::hf952b7d1e7bf6b9e
[INFO] [stderr]     12:     0x56495dc819ea - std::sys_common::backtrace::__rust_end_short_backtrace::h4ed73efe42e0793c
[INFO] [stderr]     13:     0x56495dc78943 - std::panicking::begin_panic::h3c87f8bc7770ee64
[INFO] [stderr]     14:     0x56495dc372bc - build_script_build::run_command::hfea02f85ab127ff6
[INFO] [stderr]     15:     0x56495dc35db5 - build_script_build::compile::h3241ed8f8fe1798b
[INFO] [stderr]     16:     0x56495dc358fe - build_script_build::build_library::{{closure}}::h1eed4aad9affa16f
[INFO] [stderr]     17:     0x56495dc32dfb - core::ops::function::impls::<impl core::ops::function::FnOnce<A> for &mut F>::call_once::h9408e16fa2847bdc
[INFO] [stderr]     18:     0x56495dc30ff7 - core::option::Option<T>::map::h108d9a6f735b3edd
[INFO] [stderr]     19:     0x56495dc3cad4 - <core::iter::adapters::map::Map<I,F> as core::iter::traits::iterator::Iterator>::next::h82af7d1403907748
[INFO] [stderr]     20:     0x56495dc2d9e0 - alloc::vec::Vec<T,A>::extend_desugared::he0f3287675fcff9d
[INFO] [stderr]     21:     0x56495dc2e996 - <alloc::vec::Vec<T,A> as alloc::vec::spec_extend::SpecExtend<T,I>>::spec_extend::hd43d73253b1576f5
[INFO] [stderr]     22:     0x56495dc2c87f - <alloc::vec::Vec<T> as alloc::vec::spec_from_iter_nested::SpecFromIterNested<T,I>>::from_iter::hc840c89d791790d8
[INFO] [stderr]     23:     0x56495dc2e9ed - <alloc::vec::Vec<T> as alloc::vec::spec_from_iter::SpecFromIter<T,I>>::from_iter::h3d1f52625864aeb4
[INFO] [stderr]     24:     0x56495dc2e845 - <alloc::vec::Vec<T> as core::iter::traits::collect::FromIterator<T>>::from_iter::h5399b49cc5a529a9
[INFO] [stderr]     25:     0x56495dc3cf9d - core::iter::traits::iterator::Iterator::collect::h102a26abde085390
[INFO] [stderr]     26:     0x56495dc350a5 - build_script_build::build_library::hc389431742fd2b34
[INFO] [stderr]     27:     0x56495dc34ece - build_script_build::build_c_code::{{closure}}::h252ad42b38233fd9
[INFO] [stderr]     28:     0x56495dc2ff0d - <core::slice::iter::Iter<T> as core::iter::traits::iterator::Iterator>::for_each::h6548f38d5b1725cd
[INFO] [stderr]     29:     0x56495dc34ace - build_script_build::build_c_code::h3413b59a48a439ae
[INFO] [stderr]     30:     0x56495dc33715 - build_script_build::ring_build_rs_main::h3f44aaa1338195bb
[INFO] [stderr]     31:     0x56495dc32f8d - build_script_build::main::h0397b6321892edca
[INFO] [stderr]     32:     0x56495dc31ad3 - core::ops::function::FnOnce::call_once::h418cceffed1ca513
[INFO] [stderr]     33:     0x56495dc30219 - std::sys_common::backtrace::__rust_begin_short_backtrace::h4b337722849bfa8a
[INFO] [stderr]     34:     0x56495dc32699 - std::rt::lang_start::{{closure}}::h71681498d320b614
[INFO] [stderr]     35:     0x56495dca318c - core::ops::function::impls::<impl core::ops::function::FnOnce<A> for &F>::call_once::hd6efcd3bec896f2c
[INFO] [stderr]                                  at /rustc/84c898d65adf2f39a5a98507f1fe0ce10a2b8dbc/library/core/src/ops/function.rs:287:13
[INFO] [stderr]     36:     0x56495dca318c - std::panicking::try::do_call::hce04e543bb1f4cbb
[INFO] [stderr]                                  at /rustc/84c898d65adf2f39a5a98507f1fe0ce10a2b8dbc/library/std/src/panicking.rs:487:40
[INFO] [stderr]     37:     0x56495dca318c - std::panicking::try::h3342dd4e1f680968
[INFO] [stderr]                                  at /rustc/84c898d65adf2f39a5a98507f1fe0ce10a2b8dbc/library/std/src/panicking.rs:451:19
[INFO] [stderr]     38:     0x56495dca318c - std::panic::catch_unwind::h148ce1e59ac0cee7
[INFO] [stderr]                                  at /rustc/84c898d65adf2f39a5a98507f1fe0ce10a2b8dbc/library/std/src/panic.rs:140:14
[INFO] [stderr]     39:     0x56495dca318c - std::rt::lang_start_internal::{{closure}}::h25f9dda2057a67fe
[INFO] [stderr]                                  at /rustc/84c898d65adf2f39a5a98507f1fe0ce10a2b8dbc/library/std/src/rt.rs:148:48
[INFO] [stderr]     40:     0x56495dca318c - std::panicking::try::do_call::h7caaaeaf9401650b
[INFO] [stderr]                                  at /rustc/84c898d65adf2f39a5a98507f1fe0ce10a2b8dbc/library/std/src/panicking.rs:487:40
[INFO] [stderr]     41:     0x56495dca318c - std::panicking::try::he7d15285746cbbc2
[INFO] [stderr]                                  at /rustc/84c898d65adf2f39a5a98507f1fe0ce10a2b8dbc/library/std/src/panicking.rs:451:19
[INFO] [stderr]     42:     0x56495dca318c - std::panic::catch_unwind::h89fb4f50c0301fe0
[INFO] [stderr]                                  at /rustc/84c898d65adf2f39a5a98507f1fe0ce10a2b8dbc/library/std/src/panic.rs:140:14
[INFO] [stderr]     43:     0x56495dca318c - std::rt::lang_start_internal::h078acd489417d3c1
[INFO] [stderr]                                  at /rustc/84c898d65adf2f39a5a98507f1fe0ce10a2b8dbc/library/std/src/rt.rs:148:20
[INFO] [stderr]     44:     0x56495dc32677 - std::rt::lang_start::h313028f5d10b2f52
[INFO] [stderr]     45:     0x56495dc39105 - main
[INFO] [stderr]     46:     0x7f77f9527d90 - <unknown>
[INFO] [stderr]     47:     0x7f77f9527e40 - __libc_start_main
[INFO] [stderr]     48:     0x56495dc2bd35 - _start
[INFO] [stderr]     49:                0x0 - <unknown>
[INFO] [stderr] error: failed to write `/opt/rustwide/target/debug/build/rand_chacha-0de953440e4c5069/output`
[INFO] [stderr] 
[INFO] [stderr] Caused by:
[INFO] [stderr]   No space left on device (os error 28)
[INFO] [stdout] error: couldn't create a temp dir: No space left on device (os error 28) at path "/opt/rustwide/target/debug/deps/rmetaOk2c0j"
[INFO] [stdout] 
[INFO] [stdout] 
[INFO] [stderr] error: could not compile `syn` due to previous error
[INFO] running `Command { std: "docker" "inspect" "575bc3d82bce9f3afecc7060fe404ca9c8258a6a7a0c4861f8421691c4bbc9bc", kill_on_drop: false }`
[INFO] running `Command { std: "docker" "rm" "-f" "575bc3d82bce9f3afecc7060fe404ca9c8258a6a7a0c4861f8421691c4bbc9bc", kill_on_drop: false }`
[INFO] [stdout] 575bc3d82bce9f3afecc7060fe404ca9c8258a6a7a0c4861f8421691c4bbc9bc
