[INFO] cloning repository https://github.com/clux/version-rs
[INFO] running `Command { std: "git" "-c" "credential.helper=" "-c" "credential.helper=/workspace/cargo-home/bin/git-credential-null" "clone" "--bare" "https://github.com/clux/version-rs" "/workspace/cache/git-repos/https%3A%2F%2Fgithub.com%2Fclux%2Fversion-rs", kill_on_drop: false }`
[INFO] [stderr] Cloning into bare repository '/workspace/cache/git-repos/https%3A%2F%2Fgithub.com%2Fclux%2Fversion-rs'...
[INFO] running `Command { std: "git" "rev-parse" "HEAD", kill_on_drop: false }`
[INFO] [stdout] 1b8cc4a0deb4fd288d590967a5a5d4b0dbffdf5e
[INFO] testing clux/version-rs against 1.69.0 for beta-1.70-1
[INFO] running `Command { std: "git" "clone" "/workspace/cache/git-repos/https%3A%2F%2Fgithub.com%2Fclux%2Fversion-rs" "/workspace/builds/worker-3-tc1/source", kill_on_drop: false }`
[INFO] [stderr] Cloning into '/workspace/builds/worker-3-tc1/source'...
[INFO] [stderr] done.
[INFO] validating manifest of git repo https://github.com/clux/version-rs on toolchain 1.69.0
[INFO] running `Command { std: CARGO_HOME="/workspace/cargo-home" RUSTUP_HOME="/workspace/rustup-home" "/workspace/cargo-home/bin/cargo" "+1.69.0" "metadata" "--manifest-path" "Cargo.toml" "--no-deps", kill_on_drop: false }`
[INFO] started tweaking git repo https://github.com/clux/version-rs
[INFO] finished tweaking git repo https://github.com/clux/version-rs
[INFO] tweaked toml for git repo https://github.com/clux/version-rs written to /workspace/builds/worker-3-tc1/source/Cargo.toml
[INFO] crate git repo https://github.com/clux/version-rs already has a lockfile, it will not be regenerated
[INFO] running `Command { std: CARGO_HOME="/workspace/cargo-home" RUSTUP_HOME="/workspace/rustup-home" "/workspace/cargo-home/bin/cargo" "+1.69.0" "fetch" "--manifest-path" "Cargo.toml", kill_on_drop: false }`
[INFO] [stderr]  Downloading crates ...
[INFO] [stderr]   Downloaded json-patch v1.0.0
[INFO] [stderr]   Downloaded hyper-rustls v0.24.0
[INFO] [stderr]   Downloaded kube-client v0.82.0
[INFO] [stderr]   Downloaded kube-core v0.82.0
[INFO] [stderr]   Downloaded elegant-departure v0.2.1
[INFO] [stderr]   Downloaded kube v0.82.0
[INFO] [stderr]   Downloaded kube-runtime v0.82.0
[INFO] running `Command { std: "docker" "create" "-v" "/var/lib/crater-agent-workspace/builds/worker-3-tc1/target:/opt/rustwide/target:rw,Z" "-v" "/var/lib/crater-agent-workspace/builds/worker-3-tc1/source:/opt/rustwide/workdir:ro,Z" "-v" "/var/lib/crater-agent-workspace/cargo-home:/opt/rustwide/cargo-home:ro,Z" "-v" "/var/lib/crater-agent-workspace/rustup-home:/opt/rustwide/rustup-home:ro,Z" "-e" "SOURCE_DIR=/opt/rustwide/workdir" "-e" "CARGO_TARGET_DIR=/opt/rustwide/target" "-e" "CARGO_HOME=/opt/rustwide/cargo-home" "-e" "RUSTUP_HOME=/opt/rustwide/rustup-home" "-w" "/opt/rustwide/workdir" "-m" "1610612736" "--user" "0:0" "--network" "none" "ghcr.io/rust-lang/crates-build-env/linux@sha256:5ff2268d62e97bff2cde7d5815dd6ed5b47097566f13b8d0ca110b04b60e07ed" "/opt/rustwide/cargo-home/bin/cargo" "+1.69.0" "metadata" "--no-deps" "--format-version=1", kill_on_drop: false }`
[INFO] [stdout] 7bbcacde35a0dcf615ff7b6ae8360d4a56e0fa8777ca3cc91f2c35ecda7f0a8d
[INFO] running `Command { std: "docker" "start" "-a" "7bbcacde35a0dcf615ff7b6ae8360d4a56e0fa8777ca3cc91f2c35ecda7f0a8d", kill_on_drop: false }`
[INFO] running `Command { std: "docker" "inspect" "7bbcacde35a0dcf615ff7b6ae8360d4a56e0fa8777ca3cc91f2c35ecda7f0a8d", kill_on_drop: false }`
[INFO] running `Command { std: "docker" "rm" "-f" "7bbcacde35a0dcf615ff7b6ae8360d4a56e0fa8777ca3cc91f2c35ecda7f0a8d", kill_on_drop: false }`
[INFO] [stdout] 7bbcacde35a0dcf615ff7b6ae8360d4a56e0fa8777ca3cc91f2c35ecda7f0a8d
[INFO] running `Command { std: "docker" "create" "-v" "/var/lib/crater-agent-workspace/builds/worker-3-tc1/target:/opt/rustwide/target:rw,Z" "-v" "/var/lib/crater-agent-workspace/builds/worker-3-tc1/source:/opt/rustwide/workdir:ro,Z" "-v" "/var/lib/crater-agent-workspace/cargo-home:/opt/rustwide/cargo-home:ro,Z" "-v" "/var/lib/crater-agent-workspace/rustup-home:/opt/rustwide/rustup-home:ro,Z" "-e" "SOURCE_DIR=/opt/rustwide/workdir" "-e" "CARGO_TARGET_DIR=/opt/rustwide/target" "-e" "CARGO_INCREMENTAL=0" "-e" "RUST_BACKTRACE=full" "-e" "RUSTFLAGS=--cap-lints=warn" "-e" "RUSTDOCFLAGS=--cap-lints=warn" "-e" "CARGO_HOME=/opt/rustwide/cargo-home" "-e" "RUSTUP_HOME=/opt/rustwide/rustup-home" "-w" "/opt/rustwide/workdir" "-m" "1610612736" "--user" "0:0" "--network" "none" "ghcr.io/rust-lang/crates-build-env/linux@sha256:5ff2268d62e97bff2cde7d5815dd6ed5b47097566f13b8d0ca110b04b60e07ed" "/opt/rustwide/cargo-home/bin/cargo" "+1.69.0" "build" "--frozen" "--message-format=json", kill_on_drop: false }`
[INFO] [stdout] 4016d6e480649b264181c67419e56b740e8f8d10935a98b7f28a747437fca965
[INFO] running `Command { std: "docker" "start" "-a" "4016d6e480649b264181c67419e56b740e8f8d10935a98b7f28a747437fca965", kill_on_drop: false }`
[INFO] [stderr]    Compiling proc-macro2 v1.0.56
[INFO] [stderr]    Compiling quote v1.0.26
[INFO] [stderr]    Compiling unicode-ident v1.0.8
[INFO] [stderr]    Compiling autocfg v1.1.0
[INFO] [stderr]    Compiling cfg-if v1.0.0
[INFO] [stderr]    Compiling libc v0.2.141
[INFO] [stderr]    Compiling log v0.4.17
[INFO] [stderr]    Compiling once_cell v1.17.1
[INFO] [stderr]    Compiling itoa v1.0.6
[INFO] [stderr]    Compiling serde_derive v1.0.159
[INFO] [stderr]    Compiling pin-project-lite v0.2.9
[INFO] [stderr]    Compiling serde v1.0.159
[INFO] [stderr]    Compiling syn v1.0.109
[INFO] [stderr]    Compiling futures-core v0.3.28
[INFO] [stderr]    Compiling bytes v1.4.0
[INFO] [stderr]    Compiling futures-task v0.3.28
[INFO] [stderr]    Compiling futures-sink v0.3.28
[INFO] [stderr]    Compiling futures-channel v0.3.28
[INFO] [stderr]    Compiling memchr v2.5.0
[INFO] [stderr]    Compiling futures-util v0.3.28
[INFO] [stderr]    Compiling futures-io v0.3.28
[INFO] [stderr]    Compiling tracing-core v0.1.30
[INFO] [stdout] error: linking with `cc` failed: exit status: 1
[INFO] [stdout]   |
[INFO] [stdout]   = note: LC_ALL="C" PATH="/opt/rustwide/rustup-home/toolchains/1.69.0-x86_64-unknown-linux-gnu/lib/rustlib/x86_64-unknown-linux-gnu/bin:/opt/rustwide/cargo-home/bin:/usr/local/sbin:/usr/local/bin:/usr/sbin:/usr/bin:/sbin:/bin" VSLANG="1033" "cc" "-m64" "/tmp/rustcZpLac8/symbols.o" "/opt/rustwide/target/debug/build/quote-d12b327ff9eae41d/build_script_build-d12b327ff9eae41d.build_script_build.3674dba0-cgu.0.rcgu.o" "/opt/rustwide/target/debug/build/quote-d12b327ff9eae41d/build_script_build-d12b327ff9eae41d.build_script_build.3674dba0-cgu.1.rcgu.o" "/opt/rustwide/target/debug/build/quote-d12b327ff9eae41d/build_script_build-d12b327ff9eae41d.build_script_build.3674dba0-cgu.10.rcgu.o" "/opt/rustwide/target/debug/build/quote-d12b327ff9eae41d/build_script_build-d12b327ff9eae41d.build_script_build.3674dba0-cgu.11.rcgu.o" "/opt/rustwide/target/debug/build/quote-d12b327ff9eae41d/build_script_build-d12b327ff9eae41d.build_script_build.3674dba0-cgu.12.rcgu.o" "/opt/rustwide/target/debug/build/quote-d12b327ff9eae41d/build_script_build-d12b327ff9eae41d.build_script_build.3674dba0-cgu.13.rcgu.o" "/opt/rustwide/target/debug/build/quote-d12b327ff9eae41d/build_script_build-d12b327ff9eae41d.build_script_build.3674dba0-cgu.14.rcgu.o" "/opt/rustwide/target/debug/build/quote-d12b327ff9eae41d/build_script_build-d12b327ff9eae41d.build_script_build.3674dba0-cgu.15.rcgu.o" "/opt/rustwide/target/debug/build/quote-d12b327ff9eae41d/build_script_build-d12b327ff9eae41d.build_script_build.3674dba0-cgu.2.rcgu.o" "/opt/rustwide/target/debug/build/quote-d12b327ff9eae41d/build_script_build-d12b327ff9eae41d.build_script_build.3674dba0-cgu.3.rcgu.o" "/opt/rustwide/target/debug/build/quote-d12b327ff9eae41d/build_script_build-d12b327ff9eae41d.build_script_build.3674dba0-cgu.4.rcgu.o" "/opt/rustwide/target/debug/build/quote-d12b327ff9eae41d/build_script_build-d12b327ff9eae41d.build_script_build.3674dba0-cgu.5.rcgu.o" "/opt/rustwide/target/debug/build/quote-d12b327ff9eae41d/build_script_build-d12b327ff9eae41d.build_script_build.3674dba0-cgu.6.rcgu.o" "/opt/rustwide/target/debug/build/quote-d12b327ff9eae41d/build_script_build-d12b327ff9eae41d.build_script_build.3674dba0-cgu.7.rcgu.o" "/opt/rustwide/target/debug/build/quote-d12b327ff9eae41d/build_script_build-d12b327ff9eae41d.build_script_build.3674dba0-cgu.8.rcgu.o" "/opt/rustwide/target/debug/build/quote-d12b327ff9eae41d/build_script_build-d12b327ff9eae41d.build_script_build.3674dba0-cgu.9.rcgu.o" "/opt/rustwide/target/debug/build/quote-d12b327ff9eae41d/build_script_build-d12b327ff9eae41d.n2tp9og6qeg4a2r.rcgu.o" "-Wl,--as-needed" "-L" "/opt/rustwide/target/debug/deps" "-L" "/opt/rustwide/rustup-home/toolchains/1.69.0-x86_64-unknown-linux-gnu/lib/rustlib/x86_64-unknown-linux-gnu/lib" "-Wl,-Bstatic" "/opt/rustwide/rustup-home/toolchains/1.69.0-x86_64-unknown-linux-gnu/lib/rustlib/x86_64-unknown-linux-gnu/lib/libstd-89bc084783fdc439.rlib" "/opt/rustwide/rustup-home/toolchains/1.69.0-x86_64-unknown-linux-gnu/lib/rustlib/x86_64-unknown-linux-gnu/lib/libpanic_unwind-8bee4b287d4367c1.rlib" "/opt/rustwide/rustup-home/toolchains/1.69.0-x86_64-unknown-linux-gnu/lib/rustlib/x86_64-unknown-linux-gnu/lib/libobject-d61707aed80694c0.rlib" "/opt/rustwide/rustup-home/toolchains/1.69.0-x86_64-unknown-linux-gnu/lib/rustlib/x86_64-unknown-linux-gnu/lib/libmemchr-d85366256f22345b.rlib" "/opt/rustwide/rustup-home/toolchains/1.69.0-x86_64-unknown-linux-gnu/lib/rustlib/x86_64-unknown-linux-gnu/lib/libaddr2line-96069b86b8a8cae9.rlib" "/opt/rustwide/rustup-home/toolchains/1.69.0-x86_64-unknown-linux-gnu/lib/rustlib/x86_64-unknown-linux-gnu/lib/libgimli-d19d53abf68dfa6c.rlib" "/opt/rustwide/rustup-home/toolchains/1.69.0-x86_64-unknown-linux-gnu/lib/rustlib/x86_64-unknown-linux-gnu/lib/librustc_demangle-787cbccd19d64ac6.rlib" "/opt/rustwide/rustup-home/toolchains/1.69.0-x86_64-unknown-linux-gnu/lib/rustlib/x86_64-unknown-linux-gnu/lib/libstd_detect-b3837a36b830e0d0.rlib" "/opt/rustwide/rustup-home/toolchains/1.69.0-x86_64-unknown-linux-gnu/lib/rustlib/x86_64-unknown-linux-gnu/lib/libhashbrown-e3deb0e7e3f04966.rlib" "/opt/rustwide/rustup-home/toolchains/1.69.0-x86_64-unknown-linux-gnu/lib/rustlib/x86_64-unknown-linux-gnu/lib/libminiz_oxide-dabbb79c9815def4.rlib" "/opt/rustwide/rustup-home/toolchains/1.69.0-x86_64-unknown-linux-gnu/lib/rustlib/x86_64-unknown-linux-gnu/lib/libadler-305b01f34c9409f2.rlib" "/opt/rustwide/rustup-home/toolchains/1.69.0-x86_64-unknown-linux-gnu/lib/rustlib/x86_64-unknown-linux-gnu/lib/librustc_std_workspace_alloc-f833521df6074e73.rlib" "/opt/rustwide/rustup-home/toolchains/1.69.0-x86_64-unknown-linux-gnu/lib/rustlib/x86_64-unknown-linux-gnu/lib/libunwind-9ac333113350d171.rlib" "/opt/rustwide/rustup-home/toolchains/1.69.0-x86_64-unknown-linux-gnu/lib/rustlib/x86_64-unknown-linux-gnu/lib/libcfg_if-1c126114322d0eee.rlib" "/opt/rustwide/rustup-home/toolchains/1.69.0-x86_64-unknown-linux-gnu/lib/rustlib/x86_64-unknown-linux-gnu/lib/liblibc-bad9164fdeeecf92.rlib" "/opt/rustwide/rustup-home/toolchains/1.69.0-x86_64-unknown-linux-gnu/lib/rustlib/x86_64-unknown-linux-gnu/lib/liballoc-f9374b1e480fa681.rlib" "/opt/rustwide/rustup-home/toolchains/1.69.0-x86_64-unknown-linux-gnu/lib/rustlib/x86_64-unknown-linux-gnu/lib/librustc_std_workspace_core-207f06e41d9603af.rlib" "/opt/rustwide/rustup-home/toolchains/1.69.0-x86_64-unknown-linux-gnu/lib/rustlib/x86_64-unknown-linux-gnu/lib/libcore-7e2768e66e984e85.rlib" "/opt/rustwide/rustup-home/toolchains/1.69.0-x86_64-unknown-linux-gnu/lib/rustlib/x86_64-unknown-linux-gnu/lib/libcompiler_builtins-957b4aff41f8cd46.rlib" "-Wl,-Bdynamic" "-lgcc_s" "-lutil" "-lrt" "-lpthread" "-lm" "-ldl" "-lc" "-Wl,--eh-frame-hdr" "-Wl,-z,noexecstack" "-L" "/opt/rustwide/rustup-home/toolchains/1.69.0-x86_64-unknown-linux-gnu/lib/rustlib/x86_64-unknown-linux-gnu/lib" "-o" "/opt/rustwide/target/debug/build/quote-d12b327ff9eae41d/build_script_build-d12b327ff9eae41d" "-Wl,--gc-sections" "-pie" "-Wl,-z,relro,-z,now" "-nodefaultlibs"
[INFO] [stdout]   = note: /usr/bin/ld: final link failed: No space left on device
[INFO] [stdout]           collect2: error: ld returned 1 exit status
[INFO] [stdout]           
[INFO] [stdout] 
[INFO] [stdout] 
[INFO] [stdout] error: aborting due to previous error
[INFO] [stdout] 
[INFO] [stdout] 
[INFO] [stdout] error: linking with `cc` failed: exit status: 1
[INFO] [stdout]   |
[INFO] [stdout]   = note: LC_ALL="C" PATH="/opt/rustwide/rustup-home/toolchains/1.69.0-x86_64-unknown-linux-gnu/lib/rustlib/x86_64-unknown-linux-gnu/bin:/opt/rustwide/cargo-home/bin:/usr/local/sbin:/usr/local/bin:/usr/sbin:/usr/bin:/sbin:/bin" VSLANG="1033" "cc" "-m64" "/tmp/rustczf87Nn/symbols.o" "/opt/rustwide/target/debug/build/futures-channel-5acd7011dc36107b/build_script_build-5acd7011dc36107b.build_script_build.6e15f80d-cgu.0.rcgu.o" "/opt/rustwide/target/debug/build/futures-channel-5acd7011dc36107b/build_script_build-5acd7011dc36107b.build_script_build.6e15f80d-cgu.1.rcgu.o" "/opt/rustwide/target/debug/build/futures-channel-5acd7011dc36107b/build_script_build-5acd7011dc36107b.build_script_build.6e15f80d-cgu.10.rcgu.o" "/opt/rustwide/target/debug/build/futures-channel-5acd7011dc36107b/build_script_build-5acd7011dc36107b.build_script_build.6e15f80d-cgu.11.rcgu.o" "/opt/rustwide/target/debug/build/futures-channel-5acd7011dc36107b/build_script_build-5acd7011dc36107b.build_script_build.6e15f80d-cgu.12.rcgu.o" "/opt/rustwide/target/debug/build/futures-channel-5acd7011dc36107b/build_script_build-5acd7011dc36107b.build_script_build.6e15f80d-cgu.13.rcgu.o" "/opt/rustwide/target/debug/build/futures-channel-5acd7011dc36107b/build_script_build-5acd7011dc36107b.build_script_build.6e15f80d-cgu.14.rcgu.o" "/opt/rustwide/target/debug/build/futures-channel-5acd7011dc36107b/build_script_build-5acd7011dc36107b.build_script_build.6e15f80d-cgu.15.rcgu.o" "/opt/rustwide/target/debug/build/futures-channel-5acd7011dc36107b/build_script_build-5acd7011dc36107b.build_script_build.6e15f80d-cgu.2.rcgu.o" "/opt/rustwide/target/debug/build/futures-channel-5acd7011dc36107b/build_script_build-5acd7011dc36107b.build_script_build.6e15f80d-cgu.3.rcgu.o" "/opt/rustwide/target/debug/build/futures-channel-5acd7011dc36107b/build_script_build-5acd7011dc36107b.build_script_build.6e15f80d-cgu.4.rcgu.o" "/opt/rustwide/target/debug/build/futures-channel-5acd7011dc36107b/build_script_build-5acd7011dc36107b.build_script_build.6e15f80d-cgu.5.rcgu.o" "/opt/rustwide/target/debug/build/futures-channel-5acd7011dc36107b/build_script_build-5acd7011dc36107b.build_script_build.6e15f80d-cgu.6.rcgu.o" "/opt/rustwide/target/debug/build/futures-channel-5acd7011dc36107b/build_script_build-5acd7011dc36107b.build_script_build.6e15f80d-cgu.7.rcgu.o" "/opt/rustwide/target/debug/build/futures-channel-5acd7011dc36107b/build_script_build-5acd7011dc36107b.build_script_build.6e15f80d-cgu.8.rcgu.o" "/opt/rustwide/target/debug/build/futures-channel-5acd7011dc36107b/build_script_build-5acd7011dc36107b.build_script_build.6e15f80d-cgu.9.rcgu.o" "/opt/rustwide/target/debug/build/futures-channel-5acd7011dc36107b/build_script_build-5acd7011dc36107b.4addf0q9vd51upca.rcgu.o" "-Wl,--as-needed" "-L" "/opt/rustwide/target/debug/deps" "-L" "/opt/rustwide/rustup-home/toolchains/1.69.0-x86_64-unknown-linux-gnu/lib/rustlib/x86_64-unknown-linux-gnu/lib" "-Wl,-Bstatic" "/opt/rustwide/rustup-home/toolchains/1.69.0-x86_64-unknown-linux-gnu/lib/rustlib/x86_64-unknown-linux-gnu/lib/libstd-89bc084783fdc439.rlib" "/opt/rustwide/rustup-home/toolchains/1.69.0-x86_64-unknown-linux-gnu/lib/rustlib/x86_64-unknown-linux-gnu/lib/libpanic_unwind-8bee4b287d4367c1.rlib" "/opt/rustwide/rustup-home/toolchains/1.69.0-x86_64-unknown-linux-gnu/lib/rustlib/x86_64-unknown-linux-gnu/lib/libobject-d61707aed80694c0.rlib" "/opt/rustwide/rustup-home/toolchains/1.69.0-x86_64-unknown-linux-gnu/lib/rustlib/x86_64-unknown-linux-gnu/lib/libmemchr-d85366256f22345b.rlib" "/opt/rustwide/rustup-home/toolchains/1.69.0-x86_64-unknown-linux-gnu/lib/rustlib/x86_64-unknown-linux-gnu/lib/libaddr2line-96069b86b8a8cae9.rlib" "/opt/rustwide/rustup-home/toolchains/1.69.0-x86_64-unknown-linux-gnu/lib/rustlib/x86_64-unknown-linux-gnu/lib/libgimli-d19d53abf68dfa6c.rlib" "/opt/rustwide/rustup-home/toolchains/1.69.0-x86_64-unknown-linux-gnu/lib/rustlib/x86_64-unknown-linux-gnu/lib/librustc_demangle-787cbccd19d64ac6.rlib" "/opt/rustwide/rustup-home/toolchains/1.69.0-x86_64-unknown-linux-gnu/lib/rustlib/x86_64-unknown-linux-gnu/lib/libstd_detect-b3837a36b830e0d0.rlib" "/opt/rustwide/rustup-home/toolchains/1.69.0-x86_64-unknown-linux-gnu/lib/rustlib/x86_64-unknown-linux-gnu/lib/libhashbrown-e3deb0e7e3f04966.rlib" "/opt/rustwide/rustup-home/toolchains/1.69.0-x86_64-unknown-linux-gnu/lib/rustlib/x86_64-unknown-linux-gnu/lib/libminiz_oxide-dabbb79c9815def4.rlib" "/opt/rustwide/rustup-home/toolchains/1.69.0-x86_64-unknown-linux-gnu/lib/rustlib/x86_64-unknown-linux-gnu/lib/libadler-305b01f34c9409f2.rlib" "/opt/rustwide/rustup-home/toolchains/1.69.0-x86_64-unknown-linux-gnu/lib/rustlib/x86_64-unknown-linux-gnu/lib/librustc_std_workspace_alloc-f833521df6074e73.rlib" "/opt/rustwide/rustup-home/toolchains/1.69.0-x86_64-unknown-linux-gnu/lib/rustlib/x86_64-unknown-linux-gnu/lib/libunwind-9ac333113350d171.rlib" "/opt/rustwide/rustup-home/toolchains/1.69.0-x86_64-unknown-linux-gnu/lib/rustlib/x86_64-unknown-linux-gnu/lib/libcfg_if-1c126114322d0eee.rlib" "/opt/rustwide/rustup-home/toolchains/1.69.0-x86_64-unknown-linux-gnu/lib/rustlib/x86_64-unknown-linux-gnu/lib/liblibc-bad9164fdeeecf92.rlib" "/opt/rustwide/rustup-home/toolchains/1.69.0-x86_64-unknown-linux-gnu/lib/rustlib/x86_64-unknown-linux-gnu/lib/liballoc-f9374b1e480fa681.rlib" "/opt/rustwide/rustup-home/toolchains/1.69.0-x86_64-unknown-linux-gnu/lib/rustlib/x86_64-unknown-linux-gnu/lib/librustc_std_workspace_core-207f06e41d9603af.rlib" "/opt/rustwide/rustup-home/toolchains/1.69.0-x86_64-unknown-linux-gnu/lib/rustlib/x86_64-unknown-linux-gnu/lib/libcore-7e2768e66e984e85.rlib" "/opt/rustwide/rustup-home/toolchains/1.69.0-x86_64-unknown-linux-gnu/lib/rustlib/x86_64-unknown-linux-gnu/lib/libcompiler_builtins-957b4aff41f8cd46.rlib" "-Wl,-Bdynamic" "-lgcc_s" "-lutil" "-lrt" "-lpthread" "-lm" "-ldl" "-lc" "-Wl,--eh-frame-hdr" "-Wl,-z,noexecstack" "-L" "/opt/rustwide/rustup-home/toolchains/1.69.0-x86_64-unknown-linux-gnu/lib/rustlib/x86_64-unknown-linux-gnu/lib" "-o" "/opt/rustwide/target/debug/build/futures-channel-5acd7011dc36107b/build_script_build-5acd7011dc36107b" "-Wl,--gc-sections" "-pie" "-Wl,-z,relro,-z,now" "-nodefaultlibs"
[INFO] [stdout]   = note: /usr/bin/ld: final link failed: No space left on device
[INFO] [stdout]           collect2: error: ld returned 1 exit status
[INFO] [stdout]           
[INFO] [stdout] 
[INFO] [stdout] 
[INFO] [stdout] error: aborting due to previous error
[INFO] [stdout] 
[INFO] [stdout] 
[INFO] [stdout] error: linking with `cc` failed: exit status: 1
[INFO] [stdout]   |
[INFO] [stdout]   = note: LC_ALL="C" PATH="/opt/rustwide/rustup-home/toolchains/1.69.0-x86_64-unknown-linux-gnu/lib/rustlib/x86_64-unknown-linux-gnu/bin:/opt/rustwide/cargo-home/bin:/usr/local/sbin:/usr/local/bin:/usr/sbin:/usr/bin:/sbin:/bin" VSLANG="1033" "cc" "-m64" "/tmp/rustckRZIal/symbols.o" "/opt/rustwide/target/debug/build/serde-f05da6cf242447bd/build_script_build-f05da6cf242447bd.build_script_build.37d75b02-cgu.0.rcgu.o" "/opt/rustwide/target/debug/build/serde-f05da6cf242447bd/build_script_build-f05da6cf242447bd.build_script_build.37d75b02-cgu.1.rcgu.o" "/opt/rustwide/target/debug/build/serde-f05da6cf242447bd/build_script_build-f05da6cf242447bd.build_script_build.37d75b02-cgu.10.rcgu.o" "/opt/rustwide/target/debug/build/serde-f05da6cf242447bd/build_script_build-f05da6cf242447bd.build_script_build.37d75b02-cgu.11.rcgu.o" "/opt/rustwide/target/debug/build/serde-f05da6cf242447bd/build_script_build-f05da6cf242447bd.build_script_build.37d75b02-cgu.12.rcgu.o" "/opt/rustwide/target/debug/build/serde-f05da6cf242447bd/build_script_build-f05da6cf242447bd.build_script_build.37d75b02-cgu.13.rcgu.o" "/opt/rustwide/target/debug/build/serde-f05da6cf242447bd/build_script_build-f05da6cf242447bd.build_script_build.37d75b02-cgu.14.rcgu.o" "/opt/rustwide/target/debug/build/serde-f05da6cf242447bd/build_script_build-f05da6cf242447bd.build_script_build.37d75b02-cgu.15.rcgu.o" "/opt/rustwide/target/debug/build/serde-f05da6cf242447bd/build_script_build-f05da6cf242447bd.build_script_build.37d75b02-cgu.2.rcgu.o" "/opt/rustwide/target/debug/build/serde-f05da6cf242447bd/build_script_build-f05da6cf242447bd.build_script_build.37d75b02-cgu.3.rcgu.o" "/opt/rustwide/target/debug/build/serde-f05da6cf242447bd/build_script_build-f05da6cf242447bd.build_script_build.37d75b02-cgu.4.rcgu.o" "/opt/rustwide/target/debug/build/serde-f05da6cf242447bd/build_script_build-f05da6cf242447bd.build_script_build.37d75b02-cgu.5.rcgu.o" "/opt/rustwide/target/debug/build/serde-f05da6cf242447bd/build_script_build-f05da6cf242447bd.build_script_build.37d75b02-cgu.6.rcgu.o" "/opt/rustwide/target/debug/build/serde-f05da6cf242447bd/build_script_build-f05da6cf242447bd.build_script_build.37d75b02-cgu.7.rcgu.o" "/opt/rustwide/target/debug/build/serde-f05da6cf242447bd/build_script_build-f05da6cf242447bd.build_script_build.37d75b02-cgu.8.rcgu.o" "/opt/rustwide/target/debug/build/serde-f05da6cf242447bd/build_script_build-f05da6cf242447bd.build_script_build.37d75b02-cgu.9.rcgu.o" "/opt/rustwide/target/debug/build/serde-f05da6cf242447bd/build_script_build-f05da6cf242447bd.2wbpg5b46lvs6ac9.rcgu.o" "-Wl,--as-needed" "-L" "/opt/rustwide/target/debug/deps" "-L" "/opt/rustwide/rustup-home/toolchains/1.69.0-x86_64-unknown-linux-gnu/lib/rustlib/x86_64-unknown-linux-gnu/lib" "-Wl,-Bstatic" "/opt/rustwide/rustup-home/toolchains/1.69.0-x86_64-unknown-linux-gnu/lib/rustlib/x86_64-unknown-linux-gnu/lib/libstd-89bc084783fdc439.rlib" "/opt/rustwide/rustup-home/toolchains/1.69.0-x86_64-unknown-linux-gnu/lib/rustlib/x86_64-unknown-linux-gnu/lib/libpanic_unwind-8bee4b287d4367c1.rlib" "/opt/rustwide/rustup-home/toolchains/1.69.0-x86_64-unknown-linux-gnu/lib/rustlib/x86_64-unknown-linux-gnu/lib/libobject-d61707aed80694c0.rlib" "/opt/rustwide/rustup-home/toolchains/1.69.0-x86_64-unknown-linux-gnu/lib/rustlib/x86_64-unknown-linux-gnu/lib/libmemchr-d85366256f22345b.rlib" "/opt/rustwide/rustup-home/toolchains/1.69.0-x86_64-unknown-linux-gnu/lib/rustlib/x86_64-unknown-linux-gnu/lib/libaddr2line-96069b86b8a8cae9.rlib" "/opt/rustwide/rustup-home/toolchains/1.69.0-x86_64-unknown-linux-gnu/lib/rustlib/x86_64-unknown-linux-gnu/lib/libgimli-d19d53abf68dfa6c.rlib" "/opt/rustwide/rustup-home/toolchains/1.69.0-x86_64-unknown-linux-gnu/lib/rustlib/x86_64-unknown-linux-gnu/lib/librustc_demangle-787cbccd19d64ac6.rlib" "/opt/rustwide/rustup-home/toolchains/1.69.0-x86_64-unknown-linux-gnu/lib/rustlib/x86_64-unknown-linux-gnu/lib/libstd_detect-b3837a36b830e0d0.rlib" "/opt/rustwide/rustup-home/toolchains/1.69.0-x86_64-unknown-linux-gnu/lib/rustlib/x86_64-unknown-linux-gnu/lib/libhashbrown-e3deb0e7e3f04966.rlib" "/opt/rustwide/rustup-home/toolchains/1.69.0-x86_64-unknown-linux-gnu/lib/rustlib/x86_64-unknown-linux-gnu/lib/libminiz_oxide-dabbb79c9815def4.rlib" "/opt/rustwide/rustup-home/toolchains/1.69.0-x86_64-unknown-linux-gnu/lib/rustlib/x86_64-unknown-linux-gnu/lib/libadler-305b01f34c9409f2.rlib" "/opt/rustwide/rustup-home/toolchains/1.69.0-x86_64-unknown-linux-gnu/lib/rustlib/x86_64-unknown-linux-gnu/lib/librustc_std_workspace_alloc-f833521df6074e73.rlib" "/opt/rustwide/rustup-home/toolchains/1.69.0-x86_64-unknown-linux-gnu/lib/rustlib/x86_64-unknown-linux-gnu/lib/libunwind-9ac333113350d171.rlib" "/opt/rustwide/rustup-home/toolchains/1.69.0-x86_64-unknown-linux-gnu/lib/rustlib/x86_64-unknown-linux-gnu/lib/libcfg_if-1c126114322d0eee.rlib" "/opt/rustwide/rustup-home/toolchains/1.69.0-x86_64-unknown-linux-gnu/lib/rustlib/x86_64-unknown-linux-gnu/lib/liblibc-bad9164fdeeecf92.rlib" "/opt/rustwide/rustup-home/toolchains/1.69.0-x86_64-unknown-linux-gnu/lib/rustlib/x86_64-unknown-linux-gnu/lib/liballoc-f9374b1e480fa681.rlib" "/opt/rustwide/rustup-home/toolchains/1.69.0-x86_64-unknown-linux-gnu/lib/rustlib/x86_64-unknown-linux-gnu/lib/librustc_std_workspace_core-207f06e41d9603af.rlib" "/opt/rustwide/rustup-home/toolchains/1.69.0-x86_64-unknown-linux-gnu/lib/rustlib/x86_64-unknown-linux-gnu/lib/libcore-7e2768e66e984e85.rlib" "/opt/rustwide/rustup-home/toolchains/1.69.0-x86_64-unknown-linux-gnu/lib/rustlib/x86_64-unknown-linux-gnu/lib/libcompiler_builtins-957b4aff41f8cd46.rlib" "-Wl,-Bdynamic" "-lgcc_s" "-lutil" "-lrt" "-lpthread" "-lm" "-ldl" "-lc" "-Wl,--eh-frame-hdr" "-Wl,-z,noexecstack" "-L" "/opt/rustwide/rustup-home/toolchains/1.69.0-x86_64-unknown-linux-gnu/lib/rustlib/x86_64-unknown-linux-gnu/lib" "-o" "/opt/rustwide/target/debug/build/serde-f05da6cf242447bd/build_script_build-f05da6cf242447bd" "-Wl,--gc-sections" "-pie" "-Wl,-z,relro,-z,now" "-nodefaultlibs"
[INFO] [stdout]   = note: /usr/bin/ld: final link failed: No space left on device
[INFO] [stdout]           collect2: error: ld returned 1 exit status
[INFO] [stdout]           
[INFO] [stdout] 
[INFO] [stdout] 
[INFO] [stdout] error: aborting due to previous error
[INFO] [stdout] 
[INFO] [stdout] 
[INFO] [stderr] error: could not compile `quote` due to 2 previous errors
[INFO] [stderr] warning: build failed, waiting for other jobs to finish...
[INFO] [stderr] error: could not compile `futures-channel` due to 2 previous errors
[INFO] [stderr] error: could not compile `serde` due to 2 previous errors
[INFO] [stdout] error: linking with `cc` failed: exit status: 1
[INFO] [stdout]   |
[INFO] [stdout]   = note: LC_ALL="C" PATH="/opt/rustwide/rustup-home/toolchains/1.69.0-x86_64-unknown-linux-gnu/lib/rustlib/x86_64-unknown-linux-gnu/bin:/opt/rustwide/cargo-home/bin:/usr/local/sbin:/usr/local/bin:/usr/sbin:/usr/bin:/sbin:/bin" VSLANG="1033" "cc" "-m64" "/tmp/rustcos8ywd/symbols.o" "/opt/rustwide/target/debug/build/serde_derive-c6b1c303ee0f2816/build_script_build-c6b1c303ee0f2816.build_script_build.b8da78c8-cgu.0.rcgu.o" "/opt/rustwide/target/debug/build/serde_derive-c6b1c303ee0f2816/build_script_build-c6b1c303ee0f2816.build_script_build.b8da78c8-cgu.1.rcgu.o" "/opt/rustwide/target/debug/build/serde_derive-c6b1c303ee0f2816/build_script_build-c6b1c303ee0f2816.build_script_build.b8da78c8-cgu.10.rcgu.o" "/opt/rustwide/target/debug/build/serde_derive-c6b1c303ee0f2816/build_script_build-c6b1c303ee0f2816.build_script_build.b8da78c8-cgu.11.rcgu.o" "/opt/rustwide/target/debug/build/serde_derive-c6b1c303ee0f2816/build_script_build-c6b1c303ee0f2816.build_script_build.b8da78c8-cgu.12.rcgu.o" "/opt/rustwide/target/debug/build/serde_derive-c6b1c303ee0f2816/build_script_build-c6b1c303ee0f2816.build_script_build.b8da78c8-cgu.13.rcgu.o" "/opt/rustwide/target/debug/build/serde_derive-c6b1c303ee0f2816/build_script_build-c6b1c303ee0f2816.build_script_build.b8da78c8-cgu.14.rcgu.o" "/opt/rustwide/target/debug/build/serde_derive-c6b1c303ee0f2816/build_script_build-c6b1c303ee0f2816.build_script_build.b8da78c8-cgu.15.rcgu.o" "/opt/rustwide/target/debug/build/serde_derive-c6b1c303ee0f2816/build_script_build-c6b1c303ee0f2816.build_script_build.b8da78c8-cgu.2.rcgu.o" "/opt/rustwide/target/debug/build/serde_derive-c6b1c303ee0f2816/build_script_build-c6b1c303ee0f2816.build_script_build.b8da78c8-cgu.3.rcgu.o" "/opt/rustwide/target/debug/build/serde_derive-c6b1c303ee0f2816/build_script_build-c6b1c303ee0f2816.build_script_build.b8da78c8-cgu.4.rcgu.o" "/opt/rustwide/target/debug/build/serde_derive-c6b1c303ee0f2816/build_script_build-c6b1c303ee0f2816.build_script_build.b8da78c8-cgu.5.rcgu.o" "/opt/rustwide/target/debug/build/serde_derive-c6b1c303ee0f2816/build_script_build-c6b1c303ee0f2816.build_script_build.b8da78c8-cgu.6.rcgu.o" "/opt/rustwide/target/debug/build/serde_derive-c6b1c303ee0f2816/build_script_build-c6b1c303ee0f2816.build_script_build.b8da78c8-cgu.7.rcgu.o" "/opt/rustwide/target/debug/build/serde_derive-c6b1c303ee0f2816/build_script_build-c6b1c303ee0f2816.build_script_build.b8da78c8-cgu.8.rcgu.o" "/opt/rustwide/target/debug/build/serde_derive-c6b1c303ee0f2816/build_script_build-c6b1c303ee0f2816.build_script_build.b8da78c8-cgu.9.rcgu.o" "/opt/rustwide/target/debug/build/serde_derive-c6b1c303ee0f2816/build_script_build-c6b1c303ee0f2816.2wc64p3jh410qvzg.rcgu.o" "-Wl,--as-needed" "-L" "/opt/rustwide/target/debug/deps" "-L" "/opt/rustwide/rustup-home/toolchains/1.69.0-x86_64-unknown-linux-gnu/lib/rustlib/x86_64-unknown-linux-gnu/lib" "-Wl,-Bstatic" "/opt/rustwide/rustup-home/toolchains/1.69.0-x86_64-unknown-linux-gnu/lib/rustlib/x86_64-unknown-linux-gnu/lib/libstd-89bc084783fdc439.rlib" "/opt/rustwide/rustup-home/toolchains/1.69.0-x86_64-unknown-linux-gnu/lib/rustlib/x86_64-unknown-linux-gnu/lib/libpanic_unwind-8bee4b287d4367c1.rlib" "/opt/rustwide/rustup-home/toolchains/1.69.0-x86_64-unknown-linux-gnu/lib/rustlib/x86_64-unknown-linux-gnu/lib/libobject-d61707aed80694c0.rlib" "/opt/rustwide/rustup-home/toolchains/1.69.0-x86_64-unknown-linux-gnu/lib/rustlib/x86_64-unknown-linux-gnu/lib/libmemchr-d85366256f22345b.rlib" "/opt/rustwide/rustup-home/toolchains/1.69.0-x86_64-unknown-linux-gnu/lib/rustlib/x86_64-unknown-linux-gnu/lib/libaddr2line-96069b86b8a8cae9.rlib" "/opt/rustwide/rustup-home/toolchains/1.69.0-x86_64-unknown-linux-gnu/lib/rustlib/x86_64-unknown-linux-gnu/lib/libgimli-d19d53abf68dfa6c.rlib" "/opt/rustwide/rustup-home/toolchains/1.69.0-x86_64-unknown-linux-gnu/lib/rustlib/x86_64-unknown-linux-gnu/lib/librustc_demangle-787cbccd19d64ac6.rlib" "/opt/rustwide/rustup-home/toolchains/1.69.0-x86_64-unknown-linux-gnu/lib/rustlib/x86_64-unknown-linux-gnu/lib/libstd_detect-b3837a36b830e0d0.rlib" "/opt/rustwide/rustup-home/toolchains/1.69.0-x86_64-unknown-linux-gnu/lib/rustlib/x86_64-unknown-linux-gnu/lib/libhashbrown-e3deb0e7e3f04966.rlib" "/opt/rustwide/rustup-home/toolchains/1.69.0-x86_64-unknown-linux-gnu/lib/rustlib/x86_64-unknown-linux-gnu/lib/libminiz_oxide-dabbb79c9815def4.rlib" "/opt/rustwide/rustup-home/toolchains/1.69.0-x86_64-unknown-linux-gnu/lib/rustlib/x86_64-unknown-linux-gnu/lib/libadler-305b01f34c9409f2.rlib" "/opt/rustwide/rustup-home/toolchains/1.69.0-x86_64-unknown-linux-gnu/lib/rustlib/x86_64-unknown-linux-gnu/lib/librustc_std_workspace_alloc-f833521df6074e73.rlib" "/opt/rustwide/rustup-home/toolchains/1.69.0-x86_64-unknown-linux-gnu/lib/rustlib/x86_64-unknown-linux-gnu/lib/libunwind-9ac333113350d171.rlib" "/opt/rustwide/rustup-home/toolchains/1.69.0-x86_64-unknown-linux-gnu/lib/rustlib/x86_64-unknown-linux-gnu/lib/libcfg_if-1c126114322d0eee.rlib" "/opt/rustwide/rustup-home/toolchains/1.69.0-x86_64-unknown-linux-gnu/lib/rustlib/x86_64-unknown-linux-gnu/lib/liblibc-bad9164fdeeecf92.rlib" "/opt/rustwide/rustup-home/toolchains/1.69.0-x86_64-unknown-linux-gnu/lib/rustlib/x86_64-unknown-linux-gnu/lib/liballoc-f9374b1e480fa681.rlib" "/opt/rustwide/rustup-home/toolchains/1.69.0-x86_64-unknown-linux-gnu/lib/rustlib/x86_64-unknown-linux-gnu/lib/librustc_std_workspace_core-207f06e41d9603af.rlib" "/opt/rustwide/rustup-home/toolchains/1.69.0-x86_64-unknown-linux-gnu/lib/rustlib/x86_64-unknown-linux-gnu/lib/libcore-7e2768e66e984e85.rlib" "/opt/rustwide/rustup-home/toolchains/1.69.0-x86_64-unknown-linux-gnu/lib/rustlib/x86_64-unknown-linux-gnu/lib/libcompiler_builtins-957b4aff41f8cd46.rlib" "-Wl,-Bdynamic" "-lgcc_s" "-lutil" "-lrt" "-lpthread" "-lm" "-ldl" "-lc" "-Wl,--eh-frame-hdr" "-Wl,-z,noexecstack" "-L" "/opt/rustwide/rustup-home/toolchains/1.69.0-x86_64-unknown-linux-gnu/lib/rustlib/x86_64-unknown-linux-gnu/lib" "-o" "/opt/rustwide/target/debug/build/serde_derive-c6b1c303ee0f2816/build_script_build-c6b1c303ee0f2816" "-Wl,--gc-sections" "-pie" "-Wl,-z,relro,-z,now" "-nodefaultlibs"
[INFO] [stdout]   = note: /usr/bin/ld: final link failed: No space left on device
[INFO] [stdout]           collect2: error: ld returned 1 exit status
[INFO] [stdout]           
[INFO] [stdout] 
[INFO] [stdout] 
[INFO] [stdout] error: aborting due to previous error
[INFO] [stdout] 
[INFO] [stdout] 
[INFO] [stderr] error: could not compile `serde_derive` due to 2 previous errors
[INFO] [stdout] error: linking with `cc` failed: exit status: 1
[INFO] [stdout]   |
[INFO] [stdout]   = note: LC_ALL="C" PATH="/opt/rustwide/rustup-home/toolchains/1.69.0-x86_64-unknown-linux-gnu/lib/rustlib/x86_64-unknown-linux-gnu/bin:/opt/rustwide/cargo-home/bin:/usr/local/sbin:/usr/local/bin:/usr/sbin:/usr/bin:/sbin:/bin" VSLANG="1033" "cc" "-m64" "/tmp/rustcUf7blN/symbols.o" "/opt/rustwide/target/debug/build/libc-b73a36a2218aea70/build_script_build-b73a36a2218aea70.build_script_build.7c3de1f2-cgu.0.rcgu.o" "/opt/rustwide/target/debug/build/libc-b73a36a2218aea70/build_script_build-b73a36a2218aea70.build_script_build.7c3de1f2-cgu.1.rcgu.o" "/opt/rustwide/target/debug/build/libc-b73a36a2218aea70/build_script_build-b73a36a2218aea70.build_script_build.7c3de1f2-cgu.10.rcgu.o" "/opt/rustwide/target/debug/build/libc-b73a36a2218aea70/build_script_build-b73a36a2218aea70.build_script_build.7c3de1f2-cgu.11.rcgu.o" "/opt/rustwide/target/debug/build/libc-b73a36a2218aea70/build_script_build-b73a36a2218aea70.build_script_build.7c3de1f2-cgu.12.rcgu.o" "/opt/rustwide/target/debug/build/libc-b73a36a2218aea70/build_script_build-b73a36a2218aea70.build_script_build.7c3de1f2-cgu.13.rcgu.o" "/opt/rustwide/target/debug/build/libc-b73a36a2218aea70/build_script_build-b73a36a2218aea70.build_script_build.7c3de1f2-cgu.14.rcgu.o" "/opt/rustwide/target/debug/build/libc-b73a36a2218aea70/build_script_build-b73a36a2218aea70.build_script_build.7c3de1f2-cgu.15.rcgu.o" "/opt/rustwide/target/debug/build/libc-b73a36a2218aea70/build_script_build-b73a36a2218aea70.build_script_build.7c3de1f2-cgu.2.rcgu.o" "/opt/rustwide/target/debug/build/libc-b73a36a2218aea70/build_script_build-b73a36a2218aea70.build_script_build.7c3de1f2-cgu.3.rcgu.o" "/opt/rustwide/target/debug/build/libc-b73a36a2218aea70/build_script_build-b73a36a2218aea70.build_script_build.7c3de1f2-cgu.4.rcgu.o" "/opt/rustwide/target/debug/build/libc-b73a36a2218aea70/build_script_build-b73a36a2218aea70.build_script_build.7c3de1f2-cgu.5.rcgu.o" "/opt/rustwide/target/debug/build/libc-b73a36a2218aea70/build_script_build-b73a36a2218aea70.build_script_build.7c3de1f2-cgu.6.rcgu.o" "/opt/rustwide/target/debug/build/libc-b73a36a2218aea70/build_script_build-b73a36a2218aea70.build_script_build.7c3de1f2-cgu.7.rcgu.o" "/opt/rustwide/target/debug/build/libc-b73a36a2218aea70/build_script_build-b73a36a2218aea70.build_script_build.7c3de1f2-cgu.8.rcgu.o" "/opt/rustwide/target/debug/build/libc-b73a36a2218aea70/build_script_build-b73a36a2218aea70.build_script_build.7c3de1f2-cgu.9.rcgu.o" "/opt/rustwide/target/debug/build/libc-b73a36a2218aea70/build_script_build-b73a36a2218aea70.5donxvf6w5j78djj.rcgu.o" "-Wl,--as-needed" "-L" "/opt/rustwide/target/debug/deps" "-L" "/opt/rustwide/rustup-home/toolchains/1.69.0-x86_64-unknown-linux-gnu/lib/rustlib/x86_64-unknown-linux-gnu/lib" "-Wl,-Bstatic" "/opt/rustwide/rustup-home/toolchains/1.69.0-x86_64-unknown-linux-gnu/lib/rustlib/x86_64-unknown-linux-gnu/lib/libstd-89bc084783fdc439.rlib" "/opt/rustwide/rustup-home/toolchains/1.69.0-x86_64-unknown-linux-gnu/lib/rustlib/x86_64-unknown-linux-gnu/lib/libpanic_unwind-8bee4b287d4367c1.rlib" "/opt/rustwide/rustup-home/toolchains/1.69.0-x86_64-unknown-linux-gnu/lib/rustlib/x86_64-unknown-linux-gnu/lib/libobject-d61707aed80694c0.rlib" "/opt/rustwide/rustup-home/toolchains/1.69.0-x86_64-unknown-linux-gnu/lib/rustlib/x86_64-unknown-linux-gnu/lib/libmemchr-d85366256f22345b.rlib" "/opt/rustwide/rustup-home/toolchains/1.69.0-x86_64-unknown-linux-gnu/lib/rustlib/x86_64-unknown-linux-gnu/lib/libaddr2line-96069b86b8a8cae9.rlib" "/opt/rustwide/rustup-home/toolchains/1.69.0-x86_64-unknown-linux-gnu/lib/rustlib/x86_64-unknown-linux-gnu/lib/libgimli-d19d53abf68dfa6c.rlib" "/opt/rustwide/rustup-home/toolchains/1.69.0-x86_64-unknown-linux-gnu/lib/rustlib/x86_64-unknown-linux-gnu/lib/librustc_demangle-787cbccd19d64ac6.rlib" "/opt/rustwide/rustup-home/toolchains/1.69.0-x86_64-unknown-linux-gnu/lib/rustlib/x86_64-unknown-linux-gnu/lib/libstd_detect-b3837a36b830e0d0.rlib" "/opt/rustwide/rustup-home/toolchains/1.69.0-x86_64-unknown-linux-gnu/lib/rustlib/x86_64-unknown-linux-gnu/lib/libhashbrown-e3deb0e7e3f04966.rlib" "/opt/rustwide/rustup-home/toolchains/1.69.0-x86_64-unknown-linux-gnu/lib/rustlib/x86_64-unknown-linux-gnu/lib/libminiz_oxide-dabbb79c9815def4.rlib" "/opt/rustwide/rustup-home/toolchains/1.69.0-x86_64-unknown-linux-gnu/lib/rustlib/x86_64-unknown-linux-gnu/lib/libadler-305b01f34c9409f2.rlib" "/opt/rustwide/rustup-home/toolchains/1.69.0-x86_64-unknown-linux-gnu/lib/rustlib/x86_64-unknown-linux-gnu/lib/librustc_std_workspace_alloc-f833521df6074e73.rlib" "/opt/rustwide/rustup-home/toolchains/1.69.0-x86_64-unknown-linux-gnu/lib/rustlib/x86_64-unknown-linux-gnu/lib/libunwind-9ac333113350d171.rlib" "/opt/rustwide/rustup-home/toolchains/1.69.0-x86_64-unknown-linux-gnu/lib/rustlib/x86_64-unknown-linux-gnu/lib/libcfg_if-1c126114322d0eee.rlib" "/opt/rustwide/rustup-home/toolchains/1.69.0-x86_64-unknown-linux-gnu/lib/rustlib/x86_64-unknown-linux-gnu/lib/liblibc-bad9164fdeeecf92.rlib" "/opt/rustwide/rustup-home/toolchains/1.69.0-x86_64-unknown-linux-gnu/lib/rustlib/x86_64-unknown-linux-gnu/lib/liballoc-f9374b1e480fa681.rlib" "/opt/rustwide/rustup-home/toolchains/1.69.0-x86_64-unknown-linux-gnu/lib/rustlib/x86_64-unknown-linux-gnu/lib/librustc_std_workspace_core-207f06e41d9603af.rlib" "/opt/rustwide/rustup-home/toolchains/1.69.0-x86_64-unknown-linux-gnu/lib/rustlib/x86_64-unknown-linux-gnu/lib/libcore-7e2768e66e984e85.rlib" "/opt/rustwide/rustup-home/toolchains/1.69.0-x86_64-unknown-linux-gnu/lib/rustlib/x86_64-unknown-linux-gnu/lib/libcompiler_builtins-957b4aff41f8cd46.rlib" "-Wl,-Bdynamic" "-lgcc_s" "-lutil" "-lrt" "-lpthread" "-lm" "-ldl" "-lc" "-Wl,--eh-frame-hdr" "-Wl,-z,noexecstack" "-L" "/opt/rustwide/rustup-home/toolchains/1.69.0-x86_64-unknown-linux-gnu/lib/rustlib/x86_64-unknown-linux-gnu/lib" "-o" "/opt/rustwide/target/debug/build/libc-b73a36a2218aea70/build_script_build-b73a36a2218aea70" "-Wl,--gc-sections" "-pie" "-Wl,-z,relro,-z,now" "-nodefaultlibs"
[INFO] [stdout]   = note: /usr/bin/ld: final link failed: No space left on device
[INFO] [stdout]           collect2: error: ld returned 1 exit status
[INFO] [stdout]           
[INFO] [stdout] 
[INFO] [stdout] 
[INFO] [stderr] error: failed to write `/opt/rustwide/target/debug/.fingerprint/futures-io-4614e9b19a26d89f/lib-futures-io`
[INFO] [stderr] 
[INFO] [stderr] Caused by:
[INFO] [stderr]   No space left on device (os error 28)
[INFO] [stderr] thread 'rustc' panicked at 'assertion failed: pos.get() <= self.position()', compiler/rustc_metadata/src/rmeta/encoder.rs:435:9
[INFO] [stderr] error: could not compile `libc` due to previous error
[INFO] [stdout] error: linking with `cc` failed: exit status: 1
[INFO] [stdout]   |
[INFO] [stdout]   = note: LC_ALL="C" PATH="/opt/rustwide/rustup-home/toolchains/1.69.0-x86_64-unknown-linux-gnu/lib/rustlib/x86_64-unknown-linux-gnu/bin:/opt/rustwide/cargo-home/bin:/usr/local/sbin:/usr/local/bin:/usr/sbin:/usr/bin:/sbin:/bin" VSLANG="1033" "cc" "-m64" "/tmp/rustcU3WoN2/symbols.o" "/opt/rustwide/target/debug/build/futures-util-231ea244fa5ad475/build_script_build-231ea244fa5ad475.build_script_build.2f0304a7-cgu.0.rcgu.o" "/opt/rustwide/target/debug/build/futures-util-231ea244fa5ad475/build_script_build-231ea244fa5ad475.build_script_build.2f0304a7-cgu.1.rcgu.o" "/opt/rustwide/target/debug/build/futures-util-231ea244fa5ad475/build_script_build-231ea244fa5ad475.build_script_build.2f0304a7-cgu.10.rcgu.o" "/opt/rustwide/target/debug/build/futures-util-231ea244fa5ad475/build_script_build-231ea244fa5ad475.build_script_build.2f0304a7-cgu.11.rcgu.o" "/opt/rustwide/target/debug/build/futures-util-231ea244fa5ad475/build_script_build-231ea244fa5ad475.build_script_build.2f0304a7-cgu.12.rcgu.o" "/opt/rustwide/target/debug/build/futures-util-231ea244fa5ad475/build_script_build-231ea244fa5ad475.build_script_build.2f0304a7-cgu.13.rcgu.o" "/opt/rustwide/target/debug/build/futures-util-231ea244fa5ad475/build_script_build-231ea244fa5ad475.build_script_build.2f0304a7-cgu.14.rcgu.o" "/opt/rustwide/target/debug/build/futures-util-231ea244fa5ad475/build_script_build-231ea244fa5ad475.build_script_build.2f0304a7-cgu.15.rcgu.o" "/opt/rustwide/target/debug/build/futures-util-231ea244fa5ad475/build_script_build-231ea244fa5ad475.build_script_build.2f0304a7-cgu.2.rcgu.o" "/opt/rustwide/target/debug/build/futures-util-231ea244fa5ad475/build_script_build-231ea244fa5ad475.build_script_build.2f0304a7-cgu.3.rcgu.o" "/opt/rustwide/target/debug/build/futures-util-231ea244fa5ad475/build_script_build-231ea244fa5ad475.build_script_build.2f0304a7-cgu.4.rcgu.o" "/opt/rustwide/target/debug/build/futures-util-231ea244fa5ad475/build_script_build-231ea244fa5ad475.build_script_build.2f0304a7-cgu.5.rcgu.o" "/opt/rustwide/target/debug/build/futures-util-231ea244fa5ad475/build_script_build-231ea244fa5ad475.build_script_build.2f0304a7-cgu.6.rcgu.o" "/opt/rustwide/target/debug/build/futures-util-231ea244fa5ad475/build_script_build-231ea244fa5ad475.build_script_build.2f0304a7-cgu.7.rcgu.o" "/opt/rustwide/target/debug/build/futures-util-231ea244fa5ad475/build_script_build-231ea244fa5ad475.build_script_build.2f0304a7-cgu.8.rcgu.o" "/opt/rustwide/target/debug/build/futures-util-231ea244fa5ad475/build_script_build-231ea244fa5ad475.build_script_build.2f0304a7-cgu.9.rcgu.o" "/opt/rustwide/target/debug/build/futures-util-231ea244fa5ad475/build_script_build-231ea244fa5ad475.2wwpxcnrl4mfdh0z.rcgu.o" "-Wl,--as-needed" "-L" "/opt/rustwide/target/debug/deps" "-L" "/opt/rustwide/rustup-home/toolchains/1.69.0-x86_64-unknown-linux-gnu/lib/rustlib/x86_64-unknown-linux-gnu/lib" "-Wl,-Bstatic" "/opt/rustwide/rustup-home/toolchains/1.69.0-x86_64-unknown-linux-gnu/lib/rustlib/x86_64-unknown-linux-gnu/lib/libstd-89bc084783fdc439.rlib" "/opt/rustwide/rustup-home/toolchains/1.69.0-x86_64-unknown-linux-gnu/lib/rustlib/x86_64-unknown-linux-gnu/lib/libpanic_unwind-8bee4b287d4367c1.rlib" "/opt/rustwide/rustup-home/toolchains/1.69.0-x86_64-unknown-linux-gnu/lib/rustlib/x86_64-unknown-linux-gnu/lib/libobject-d61707aed80694c0.rlib" "/opt/rustwide/rustup-home/toolchains/1.69.0-x86_64-unknown-linux-gnu/lib/rustlib/x86_64-unknown-linux-gnu/lib/libmemchr-d85366256f22345b.rlib" "/opt/rustwide/rustup-home/toolchains/1.69.0-x86_64-unknown-linux-gnu/lib/rustlib/x86_64-unknown-linux-gnu/lib/libaddr2line-96069b86b8a8cae9.rlib" "/opt/rustwide/rustup-home/toolchains/1.69.0-x86_64-unknown-linux-gnu/lib/rustlib/x86_64-unknown-linux-gnu/lib/libgimli-d19d53abf68dfa6c.rlib" "/opt/rustwide/rustup-home/toolchains/1.69.0-x86_64-unknown-linux-gnu/lib/rustlib/x86_64-unknown-linux-gnu/lib/librustc_demangle-787cbccd19d64ac6.rlib" "/opt/rustwide/rustup-home/toolchains/1.69.0-x86_64-unknown-linux-gnu/lib/rustlib/x86_64-unknown-linux-gnu/lib/libstd_detect-b3837a36b830e0d0.rlib" "/opt/rustwide/rustup-home/toolchains/1.69.0-x86_64-unknown-linux-gnu/lib/rustlib/x86_64-unknown-linux-gnu/lib/libhashbrown-e3deb0e7e3f04966.rlib" "/opt/rustwide/rustup-home/toolchains/1.69.0-x86_64-unknown-linux-gnu/lib/rustlib/x86_64-unknown-linux-gnu/lib/libminiz_oxide-dabbb79c9815def4.rlib" "/opt/rustwide/rustup-home/toolchains/1.69.0-x86_64-unknown-linux-gnu/lib/rustlib/x86_64-unknown-linux-gnu/lib/libadler-305b01f34c9409f2.rlib" "/opt/rustwide/rustup-home/toolchains/1.69.0-x86_64-unknown-linux-gnu/lib/rustlib/x86_64-unknown-linux-gnu/lib/librustc_std_workspace_alloc-f833521df6074e73.rlib" "/opt/rustwide/rustup-home/toolchains/1.69.0-x86_64-unknown-linux-gnu/lib/rustlib/x86_64-unknown-linux-gnu/lib/libunwind-9ac333113350d171.rlib" "/opt/rustwide/rustup-home/toolchains/1.69.0-x86_64-unknown-linux-gnu/lib/rustlib/x86_64-unknown-linux-gnu/lib/libcfg_if-1c126114322d0eee.rlib" "/opt/rustwide/rustup-home/toolchains/1.69.0-x86_64-unknown-linux-gnu/lib/rustlib/x86_64-unknown-linux-gnu/lib/liblibc-bad9164fdeeecf92.rlib" "/opt/rustwide/rustup-home/toolchains/1.69.0-x86_64-unknown-linux-gnu/lib/rustlib/x86_64-unknown-linux-gnu/lib/liballoc-f9374b1e480fa681.rlib" "/opt/rustwide/rustup-home/toolchains/1.69.0-x86_64-unknown-linux-gnu/lib/rustlib/x86_64-unknown-linux-gnu/lib/librustc_std_workspace_core-207f06e41d9603af.rlib" "/opt/rustwide/rustup-home/toolchains/1.69.0-x86_64-unknown-linux-gnu/lib/rustlib/x86_64-unknown-linux-gnu/lib/libcore-7e2768e66e984e85.rlib" "/opt/rustwide/rustup-home/toolchains/1.69.0-x86_64-unknown-linux-gnu/lib/rustlib/x86_64-unknown-linux-gnu/lib/libcompiler_builtins-957b4aff41f8cd46.rlib" "-Wl,-Bdynamic" "-lgcc_s" "-lutil" "-lrt" "-lpthread" "-lm" "-ldl" "-lc" "-Wl,--eh-frame-hdr" "-Wl,-z,noexecstack" "-L" "/opt/rustwide/rustup-home/toolchains/1.69.0-x86_64-unknown-linux-gnu/lib/rustlib/x86_64-unknown-linux-gnu/lib" "-o" "/opt/rustwide/target/debug/build/futures-util-231ea244fa5ad475/build_script_build-231ea244fa5ad475" "-Wl,--gc-sections" "-pie" "-Wl,-z,relro,-z,now" "-nodefaultlibs"
[INFO] [stdout]   = note: /usr/bin/ld: final link failed: No space left on device
[INFO] [stdout]           collect2: error: ld returned 1 exit status
[INFO] [stdout]           
[INFO] [stdout] 
[INFO] [stdout] 
[INFO] [stdout] error: aborting due to previous error
[INFO] [stdout] 
[INFO] [stdout] 
[INFO] [stdout] error: linking with `cc` failed: exit status: 1
[INFO] [stdout]   |
[INFO] [stdout]   = note: LC_ALL="C" PATH="/opt/rustwide/rustup-home/toolchains/1.69.0-x86_64-unknown-linux-gnu/lib/rustlib/x86_64-unknown-linux-gnu/bin:/opt/rustwide/cargo-home/bin:/usr/local/sbin:/usr/local/bin:/usr/sbin:/usr/bin:/sbin:/bin" VSLANG="1033" "cc" "-m64" "/tmp/rustcX8EqPK/symbols.o" "/opt/rustwide/target/debug/build/proc-macro2-bac4617242d6ae3e/build_script_build-bac4617242d6ae3e.build_script_build.a6e859a8-cgu.0.rcgu.o" "/opt/rustwide/target/debug/build/proc-macro2-bac4617242d6ae3e/build_script_build-bac4617242d6ae3e.build_script_build.a6e859a8-cgu.1.rcgu.o" "/opt/rustwide/target/debug/build/proc-macro2-bac4617242d6ae3e/build_script_build-bac4617242d6ae3e.build_script_build.a6e859a8-cgu.10.rcgu.o" "/opt/rustwide/target/debug/build/proc-macro2-bac4617242d6ae3e/build_script_build-bac4617242d6ae3e.build_script_build.a6e859a8-cgu.11.rcgu.o" "/opt/rustwide/target/debug/build/proc-macro2-bac4617242d6ae3e/build_script_build-bac4617242d6ae3e.build_script_build.a6e859a8-cgu.12.rcgu.o" "/opt/rustwide/target/debug/build/proc-macro2-bac4617242d6ae3e/build_script_build-bac4617242d6ae3e.build_script_build.a6e859a8-cgu.13.rcgu.o" "/opt/rustwide/target/debug/build/proc-macro2-bac4617242d6ae3e/build_script_build-bac4617242d6ae3e.build_script_build.a6e859a8-cgu.14.rcgu.o" "/opt/rustwide/target/debug/build/proc-macro2-bac4617242d6ae3e/build_script_build-bac4617242d6ae3e.build_script_build.a6e859a8-cgu.15.rcgu.o" "/opt/rustwide/target/debug/build/proc-macro2-bac4617242d6ae3e/build_script_build-bac4617242d6ae3e.build_script_build.a6e859a8-cgu.2.rcgu.o" "/opt/rustwide/target/debug/build/proc-macro2-bac4617242d6ae3e/build_script_build-bac4617242d6ae3e.build_script_build.a6e859a8-cgu.3.rcgu.o" "/opt/rustwide/target/debug/build/proc-macro2-bac4617242d6ae3e/build_script_build-bac4617242d6ae3e.build_script_build.a6e859a8-cgu.4.rcgu.o" "/opt/rustwide/target/debug/build/proc-macro2-bac4617242d6ae3e/build_script_build-bac4617242d6ae3e.build_script_build.a6e859a8-cgu.5.rcgu.o" "/opt/rustwide/target/debug/build/proc-macro2-bac4617242d6ae3e/build_script_build-bac4617242d6ae3e.build_script_build.a6e859a8-cgu.6.rcgu.o" "/opt/rustwide/target/debug/build/proc-macro2-bac4617242d6ae3e/build_script_build-bac4617242d6ae3e.build_script_build.a6e859a8-cgu.7.rcgu.o" "/opt/rustwide/target/debug/build/proc-macro2-bac4617242d6ae3e/build_script_build-bac4617242d6ae3e.build_script_build.a6e859a8-cgu.8.rcgu.o" "/opt/rustwide/target/debug/build/proc-macro2-bac4617242d6ae3e/build_script_build-bac4617242d6ae3e.build_script_build.a6e859a8-cgu.9.rcgu.o" "/opt/rustwide/target/debug/build/proc-macro2-bac4617242d6ae3e/build_script_build-bac4617242d6ae3e.4lz84y4qxb5j4iih.rcgu.o" "-Wl,--as-needed" "-L" "/opt/rustwide/target/debug/deps" "-L" "/opt/rustwide/rustup-home/toolchains/1.69.0-x86_64-unknown-linux-gnu/lib/rustlib/x86_64-unknown-linux-gnu/lib" "-Wl,-Bstatic" "/opt/rustwide/rustup-home/toolchains/1.69.0-x86_64-unknown-linux-gnu/lib/rustlib/x86_64-unknown-linux-gnu/lib/libstd-89bc084783fdc439.rlib" "/opt/rustwide/rustup-home/toolchains/1.69.0-x86_64-unknown-linux-gnu/lib/rustlib/x86_64-unknown-linux-gnu/lib/libpanic_unwind-8bee4b287d4367c1.rlib" "/opt/rustwide/rustup-home/toolchains/1.69.0-x86_64-unknown-linux-gnu/lib/rustlib/x86_64-unknown-linux-gnu/lib/libobject-d61707aed80694c0.rlib" "/opt/rustwide/rustup-home/toolchains/1.69.0-x86_64-unknown-linux-gnu/lib/rustlib/x86_64-unknown-linux-gnu/lib/libmemchr-d85366256f22345b.rlib" "/opt/rustwide/rustup-home/toolchains/1.69.0-x86_64-unknown-linux-gnu/lib/rustlib/x86_64-unknown-linux-gnu/lib/libaddr2line-96069b86b8a8cae9.rlib" "/opt/rustwide/rustup-home/toolchains/1.69.0-x86_64-unknown-linux-gnu/lib/rustlib/x86_64-unknown-linux-gnu/lib/libgimli-d19d53abf68dfa6c.rlib" "/opt/rustwide/rustup-home/toolchains/1.69.0-x86_64-unknown-linux-gnu/lib/rustlib/x86_64-unknown-linux-gnu/lib/librustc_demangle-787cbccd19d64ac6.rlib" "/opt/rustwide/rustup-home/toolchains/1.69.0-x86_64-unknown-linux-gnu/lib/rustlib/x86_64-unknown-linux-gnu/lib/libstd_detect-b3837a36b830e0d0.rlib" "/opt/rustwide/rustup-home/toolchains/1.69.0-x86_64-unknown-linux-gnu/lib/rustlib/x86_64-unknown-linux-gnu/lib/libhashbrown-e3deb0e7e3f04966.rlib" "/opt/rustwide/rustup-home/toolchains/1.69.0-x86_64-unknown-linux-gnu/lib/rustlib/x86_64-unknown-linux-gnu/lib/libminiz_oxide-dabbb79c9815def4.rlib" "/opt/rustwide/rustup-home/toolchains/1.69.0-x86_64-unknown-linux-gnu/lib/rustlib/x86_64-unknown-linux-gnu/lib/libadler-305b01f34c9409f2.rlib" "/opt/rustwide/rustup-home/toolchains/1.69.0-x86_64-unknown-linux-gnu/lib/rustlib/x86_64-unknown-linux-gnu/lib/librustc_std_workspace_alloc-f833521df6074e73.rlib" "/opt/rustwide/rustup-home/toolchains/1.69.0-x86_64-unknown-linux-gnu/lib/rustlib/x86_64-unknown-linux-gnu/lib/libunwind-9ac333113350d171.rlib" "/opt/rustwide/rustup-home/toolchains/1.69.0-x86_64-unknown-linux-gnu/lib/rustlib/x86_64-unknown-linux-gnu/lib/libcfg_if-1c126114322d0eee.rlib" "/opt/rustwide/rustup-home/toolchains/1.69.0-x86_64-unknown-linux-gnu/lib/rustlib/x86_64-unknown-linux-gnu/lib/liblibc-bad9164fdeeecf92.rlib" "/opt/rustwide/rustup-home/toolchains/1.69.0-x86_64-unknown-linux-gnu/lib/rustlib/x86_64-unknown-linux-gnu/lib/liballoc-f9374b1e480fa681.rlib" "/opt/rustwide/rustup-home/toolchains/1.69.0-x86_64-unknown-linux-gnu/lib/rustlib/x86_64-unknown-linux-gnu/lib/librustc_std_workspace_core-207f06e41d9603af.rlib" "/opt/rustwide/rustup-home/toolchains/1.69.0-x86_64-unknown-linux-gnu/lib/rustlib/x86_64-unknown-linux-gnu/lib/libcore-7e2768e66e984e85.rlib" "/opt/rustwide/rustup-home/toolchains/1.69.0-x86_64-unknown-linux-gnu/lib/rustlib/x86_64-unknown-linux-gnu/lib/libcompiler_builtins-957b4aff41f8cd46.rlib" "-Wl,-Bdynamic" "-lgcc_s" "-lutil" "-lrt" "-lpthread" "-lm" "-ldl" "-lc" "-Wl,--eh-frame-hdr" "-Wl,-z,noexecstack" "-L" "/opt/rustwide/rustup-home/toolchains/1.69.0-x86_64-unknown-linux-gnu/lib/rustlib/x86_64-unknown-linux-gnu/lib" "-o" "/opt/rustwide/target/debug/build/proc-macro2-bac4617242d6ae3e/build_script_build-bac4617242d6ae3e" "-Wl,--gc-sections" "-pie" "-Wl,-z,relro,-z,now" "-nodefaultlibs"
[INFO] [stdout]   = note: /usr/bin/ld: final link failed: No space left on device
[INFO] [stdout]           collect2: error: ld returned 1 exit status
[INFO] [stdout]           
[INFO] [stdout] 
[INFO] [stdout] 
[INFO] [stdout] error: aborting due to previous error
[INFO] [stdout] 
[INFO] [stdout] 
[INFO] [stderr] error: could not compile `futures-util` due to 2 previous errors
[INFO] [stderr] error: could not compile `proc-macro2` due to 2 previous errors
[INFO] [stderr] error: could not compile `futures-core`
[INFO] [stderr] LLVM ERROR: IO failure on output stream: No space left on device
[INFO] [stderr] LLVM ERROR: IO failure on output stream: No space left on device
[INFO] [stderr] error: could not compile `futures-task`
[INFO] [stderr] error: could not compile `log`
[INFO] [stdout] error: linking with `cc` failed: exit status: 1
[INFO] [stdout]   |
[INFO] [stdout]   = note: LC_ALL="C" PATH="/opt/rustwide/rustup-home/toolchains/1.69.0-x86_64-unknown-linux-gnu/lib/rustlib/x86_64-unknown-linux-gnu/bin:/opt/rustwide/cargo-home/bin:/usr/local/sbin:/usr/local/bin:/usr/sbin:/usr/bin:/sbin:/bin" VSLANG="1033" "cc" "-m64" "/tmp/rustcI9E0GH/symbols.o" "/opt/rustwide/target/debug/build/memchr-a25ec5df75f0f72b/build_script_build-a25ec5df75f0f72b.build_script_build.c8ddf880-cgu.0.rcgu.o" "/opt/rustwide/target/debug/build/memchr-a25ec5df75f0f72b/build_script_build-a25ec5df75f0f72b.build_script_build.c8ddf880-cgu.1.rcgu.o" "/opt/rustwide/target/debug/build/memchr-a25ec5df75f0f72b/build_script_build-a25ec5df75f0f72b.build_script_build.c8ddf880-cgu.10.rcgu.o" "/opt/rustwide/target/debug/build/memchr-a25ec5df75f0f72b/build_script_build-a25ec5df75f0f72b.build_script_build.c8ddf880-cgu.11.rcgu.o" "/opt/rustwide/target/debug/build/memchr-a25ec5df75f0f72b/build_script_build-a25ec5df75f0f72b.build_script_build.c8ddf880-cgu.12.rcgu.o" "/opt/rustwide/target/debug/build/memchr-a25ec5df75f0f72b/build_script_build-a25ec5df75f0f72b.build_script_build.c8ddf880-cgu.13.rcgu.o" "/opt/rustwide/target/debug/build/memchr-a25ec5df75f0f72b/build_script_build-a25ec5df75f0f72b.build_script_build.c8ddf880-cgu.14.rcgu.o" "/opt/rustwide/target/debug/build/memchr-a25ec5df75f0f72b/build_script_build-a25ec5df75f0f72b.build_script_build.c8ddf880-cgu.15.rcgu.o" "/opt/rustwide/target/debug/build/memchr-a25ec5df75f0f72b/build_script_build-a25ec5df75f0f72b.build_script_build.c8ddf880-cgu.2.rcgu.o" "/opt/rustwide/target/debug/build/memchr-a25ec5df75f0f72b/build_script_build-a25ec5df75f0f72b.build_script_build.c8ddf880-cgu.3.rcgu.o" "/opt/rustwide/target/debug/build/memchr-a25ec5df75f0f72b/build_script_build-a25ec5df75f0f72b.build_script_build.c8ddf880-cgu.4.rcgu.o" "/opt/rustwide/target/debug/build/memchr-a25ec5df75f0f72b/build_script_build-a25ec5df75f0f72b.build_script_build.c8ddf880-cgu.5.rcgu.o" "/opt/rustwide/target/debug/build/memchr-a25ec5df75f0f72b/build_script_build-a25ec5df75f0f72b.build_script_build.c8ddf880-cgu.6.rcgu.o" "/opt/rustwide/target/debug/build/memchr-a25ec5df75f0f72b/build_script_build-a25ec5df75f0f72b.build_script_build.c8ddf880-cgu.7.rcgu.o" "/opt/rustwide/target/debug/build/memchr-a25ec5df75f0f72b/build_script_build-a25ec5df75f0f72b.build_script_build.c8ddf880-cgu.8.rcgu.o" "/opt/rustwide/target/debug/build/memchr-a25ec5df75f0f72b/build_script_build-a25ec5df75f0f72b.build_script_build.c8ddf880-cgu.9.rcgu.o" "/opt/rustwide/target/debug/build/memchr-a25ec5df75f0f72b/build_script_build-a25ec5df75f0f72b.3nrs4zrgjvl6h50v.rcgu.o" "-Wl,--as-needed" "-L" "/opt/rustwide/target/debug/deps" "-L" "/opt/rustwide/rustup-home/toolchains/1.69.0-x86_64-unknown-linux-gnu/lib/rustlib/x86_64-unknown-linux-gnu/lib" "-Wl,-Bstatic" "/opt/rustwide/rustup-home/toolchains/1.69.0-x86_64-unknown-linux-gnu/lib/rustlib/x86_64-unknown-linux-gnu/lib/libstd-89bc084783fdc439.rlib" "/opt/rustwide/rustup-home/toolchains/1.69.0-x86_64-unknown-linux-gnu/lib/rustlib/x86_64-unknown-linux-gnu/lib/libpanic_unwind-8bee4b287d4367c1.rlib" "/opt/rustwide/rustup-home/toolchains/1.69.0-x86_64-unknown-linux-gnu/lib/rustlib/x86_64-unknown-linux-gnu/lib/libobject-d61707aed80694c0.rlib" "/opt/rustwide/rustup-home/toolchains/1.69.0-x86_64-unknown-linux-gnu/lib/rustlib/x86_64-unknown-linux-gnu/lib/libmemchr-d85366256f22345b.rlib" "/opt/rustwide/rustup-home/toolchains/1.69.0-x86_64-unknown-linux-gnu/lib/rustlib/x86_64-unknown-linux-gnu/lib/libaddr2line-96069b86b8a8cae9.rlib" "/opt/rustwide/rustup-home/toolchains/1.69.0-x86_64-unknown-linux-gnu/lib/rustlib/x86_64-unknown-linux-gnu/lib/libgimli-d19d53abf68dfa6c.rlib" "/opt/rustwide/rustup-home/toolchains/1.69.0-x86_64-unknown-linux-gnu/lib/rustlib/x86_64-unknown-linux-gnu/lib/librustc_demangle-787cbccd19d64ac6.rlib" "/opt/rustwide/rustup-home/toolchains/1.69.0-x86_64-unknown-linux-gnu/lib/rustlib/x86_64-unknown-linux-gnu/lib/libstd_detect-b3837a36b830e0d0.rlib" "/opt/rustwide/rustup-home/toolchains/1.69.0-x86_64-unknown-linux-gnu/lib/rustlib/x86_64-unknown-linux-gnu/lib/libhashbrown-e3deb0e7e3f04966.rlib" "/opt/rustwide/rustup-home/toolchains/1.69.0-x86_64-unknown-linux-gnu/lib/rustlib/x86_64-unknown-linux-gnu/lib/libminiz_oxide-dabbb79c9815def4.rlib" "/opt/rustwide/rustup-home/toolchains/1.69.0-x86_64-unknown-linux-gnu/lib/rustlib/x86_64-unknown-linux-gnu/lib/libadler-305b01f34c9409f2.rlib" "/opt/rustwide/rustup-home/toolchains/1.69.0-x86_64-unknown-linux-gnu/lib/rustlib/x86_64-unknown-linux-gnu/lib/librustc_std_workspace_alloc-f833521df6074e73.rlib" "/opt/rustwide/rustup-home/toolchains/1.69.0-x86_64-unknown-linux-gnu/lib/rustlib/x86_64-unknown-linux-gnu/lib/libunwind-9ac333113350d171.rlib" "/opt/rustwide/rustup-home/toolchains/1.69.0-x86_64-unknown-linux-gnu/lib/rustlib/x86_64-unknown-linux-gnu/lib/libcfg_if-1c126114322d0eee.rlib" "/opt/rustwide/rustup-home/toolchains/1.69.0-x86_64-unknown-linux-gnu/lib/rustlib/x86_64-unknown-linux-gnu/lib/liblibc-bad9164fdeeecf92.rlib" "/opt/rustwide/rustup-home/toolchains/1.69.0-x86_64-unknown-linux-gnu/lib/rustlib/x86_64-unknown-linux-gnu/lib/liballoc-f9374b1e480fa681.rlib" "/opt/rustwide/rustup-home/toolchains/1.69.0-x86_64-unknown-linux-gnu/lib/rustlib/x86_64-unknown-linux-gnu/lib/librustc_std_workspace_core-207f06e41d9603af.rlib" "/opt/rustwide/rustup-home/toolchains/1.69.0-x86_64-unknown-linux-gnu/lib/rustlib/x86_64-unknown-linux-gnu/lib/libcore-7e2768e66e984e85.rlib" "/opt/rustwide/rustup-home/toolchains/1.69.0-x86_64-unknown-linux-gnu/lib/rustlib/x86_64-unknown-linux-gnu/lib/libcompiler_builtins-957b4aff41f8cd46.rlib" "-Wl,-Bdynamic" "-lgcc_s" "-lutil" "-lrt" "-lpthread" "-lm" "-ldl" "-lc" "-Wl,--eh-frame-hdr" "-Wl,-z,noexecstack" "-L" "/opt/rustwide/rustup-home/toolchains/1.69.0-x86_64-unknown-linux-gnu/lib/rustlib/x86_64-unknown-linux-gnu/lib" "-o" "/opt/rustwide/target/debug/build/memchr-a25ec5df75f0f72b/build_script_build-a25ec5df75f0f72b" "-Wl,--gc-sections" "-pie" "-Wl,-z,relro,-z,now" "-nodefaultlibs"
[INFO] [stdout]   = note: /usr/bin/ld: final link failed: No space left on device
[INFO] [stdout]           collect2: error: ld returned 1 exit status
[INFO] [stdout]           
[INFO] [stdout] 
[INFO] [stdout] 
[INFO] [stdout] error: aborting due to previous error
[INFO] [stdout] 
[INFO] [stdout] 
[INFO] [stderr] error: could not compile `memchr` due to 2 previous errors
[INFO] [stderr] LLVM ERROR: IO failure on output stream: No space left on device
[INFO] [stderr] error: could not compile `bytes`
[INFO] [stdout] error: couldn't create a temp dir: No space left on device (os error 28) at path "/opt/rustwide/target/debug/deps/rmetanNH8wX"
[INFO] [stdout] 
[INFO] [stdout] 
[INFO] [stderr] error: could not compile `tracing-core` due to previous error
[INFO] running `Command { std: "docker" "inspect" "4016d6e480649b264181c67419e56b740e8f8d10935a98b7f28a747437fca965", kill_on_drop: false }`
[INFO] running `Command { std: "docker" "rm" "-f" "4016d6e480649b264181c67419e56b740e8f8d10935a98b7f28a747437fca965", kill_on_drop: false }`
[INFO] [stdout] 4016d6e480649b264181c67419e56b740e8f8d10935a98b7f28a747437fca965
