[INFO] cloning repository https://github.com/brkalmar/fetch_mediawiki_configuration
[INFO] running `Command { std: "git" "-c" "credential.helper=" "-c" "credential.helper=/workspace/cargo-home/bin/git-credential-null" "clone" "--bare" "https://github.com/brkalmar/fetch_mediawiki_configuration" "/workspace/cache/git-repos/https%3A%2F%2Fgithub.com%2Fbrkalmar%2Ffetch_mediawiki_configuration", kill_on_drop: false }`
[INFO] [stderr] Cloning into bare repository '/workspace/cache/git-repos/https%3A%2F%2Fgithub.com%2Fbrkalmar%2Ffetch_mediawiki_configuration'...
[INFO] running `Command { std: "git" "rev-parse" "HEAD", kill_on_drop: false }`
[INFO] [stdout] 89fa0064ad2e1f67f3671119305b161206c0f382
[INFO] testing brkalmar/fetch_mediawiki_configuration against 1.69.0 for beta-1.70-1
[INFO] running `Command { std: "git" "clone" "/workspace/cache/git-repos/https%3A%2F%2Fgithub.com%2Fbrkalmar%2Ffetch_mediawiki_configuration" "/workspace/builds/worker-0-tc1/source", kill_on_drop: false }`
[INFO] [stderr] Cloning into '/workspace/builds/worker-0-tc1/source'...
[INFO] [stderr] done.
[INFO] validating manifest of git repo https://github.com/brkalmar/fetch_mediawiki_configuration on toolchain 1.69.0
[INFO] running `Command { std: CARGO_HOME="/workspace/cargo-home" RUSTUP_HOME="/workspace/rustup-home" "/workspace/cargo-home/bin/cargo" "+1.69.0" "metadata" "--manifest-path" "Cargo.toml" "--no-deps", kill_on_drop: false }`
[INFO] started tweaking git repo https://github.com/brkalmar/fetch_mediawiki_configuration
[INFO] finished tweaking git repo https://github.com/brkalmar/fetch_mediawiki_configuration
[INFO] tweaked toml for git repo https://github.com/brkalmar/fetch_mediawiki_configuration written to /workspace/builds/worker-0-tc1/source/Cargo.toml
[INFO] crate git repo https://github.com/brkalmar/fetch_mediawiki_configuration already has a lockfile, it will not be regenerated
[INFO] running `Command { std: CARGO_HOME="/workspace/cargo-home" RUSTUP_HOME="/workspace/rustup-home" "/workspace/cargo-home/bin/cargo" "+1.69.0" "fetch" "--manifest-path" "Cargo.toml", kill_on_drop: false }`
[INFO] [stderr]     Blocking waiting for file lock on package cache
[INFO] [stderr]     Blocking waiting for file lock on package cache
[INFO] [stderr]  Downloading crates ...
[INFO] [stderr]   Downloaded simplelog v0.10.2
[INFO] [stderr]   Downloaded err-derive v0.3.0
[INFO] running `Command { std: "docker" "create" "-v" "/var/lib/crater-agent-workspace/builds/worker-0-tc1/target:/opt/rustwide/target:rw,Z" "-v" "/var/lib/crater-agent-workspace/builds/worker-0-tc1/source:/opt/rustwide/workdir:ro,Z" "-v" "/var/lib/crater-agent-workspace/cargo-home:/opt/rustwide/cargo-home:ro,Z" "-v" "/var/lib/crater-agent-workspace/rustup-home:/opt/rustwide/rustup-home:ro,Z" "-e" "SOURCE_DIR=/opt/rustwide/workdir" "-e" "CARGO_TARGET_DIR=/opt/rustwide/target" "-e" "CARGO_HOME=/opt/rustwide/cargo-home" "-e" "RUSTUP_HOME=/opt/rustwide/rustup-home" "-w" "/opt/rustwide/workdir" "-m" "1610612736" "--user" "0:0" "--network" "none" "ghcr.io/rust-lang/crates-build-env/linux@sha256:5ff2268d62e97bff2cde7d5815dd6ed5b47097566f13b8d0ca110b04b60e07ed" "/opt/rustwide/cargo-home/bin/cargo" "+1.69.0" "metadata" "--no-deps" "--format-version=1", kill_on_drop: false }`
[INFO] [stdout] 9f6d06e46335ac060e1c4dfabe35cfc059993d799b87a8202e500bdde4ee9b6f
[INFO] running `Command { std: "docker" "start" "-a" "9f6d06e46335ac060e1c4dfabe35cfc059993d799b87a8202e500bdde4ee9b6f", kill_on_drop: false }`
[INFO] running `Command { std: "docker" "inspect" "9f6d06e46335ac060e1c4dfabe35cfc059993d799b87a8202e500bdde4ee9b6f", kill_on_drop: false }`
[INFO] running `Command { std: "docker" "rm" "-f" "9f6d06e46335ac060e1c4dfabe35cfc059993d799b87a8202e500bdde4ee9b6f", kill_on_drop: false }`
[INFO] [stdout] 9f6d06e46335ac060e1c4dfabe35cfc059993d799b87a8202e500bdde4ee9b6f
[INFO] running `Command { std: "docker" "create" "-v" "/var/lib/crater-agent-workspace/builds/worker-0-tc1/target:/opt/rustwide/target:rw,Z" "-v" "/var/lib/crater-agent-workspace/builds/worker-0-tc1/source:/opt/rustwide/workdir:ro,Z" "-v" "/var/lib/crater-agent-workspace/cargo-home:/opt/rustwide/cargo-home:ro,Z" "-v" "/var/lib/crater-agent-workspace/rustup-home:/opt/rustwide/rustup-home:ro,Z" "-e" "SOURCE_DIR=/opt/rustwide/workdir" "-e" "CARGO_TARGET_DIR=/opt/rustwide/target" "-e" "CARGO_INCREMENTAL=0" "-e" "RUST_BACKTRACE=full" "-e" "RUSTFLAGS=--cap-lints=warn" "-e" "RUSTDOCFLAGS=--cap-lints=warn" "-e" "CARGO_HOME=/opt/rustwide/cargo-home" "-e" "RUSTUP_HOME=/opt/rustwide/rustup-home" "-w" "/opt/rustwide/workdir" "-m" "1610612736" "--user" "0:0" "--network" "none" "ghcr.io/rust-lang/crates-build-env/linux@sha256:5ff2268d62e97bff2cde7d5815dd6ed5b47097566f13b8d0ca110b04b60e07ed" "/opt/rustwide/cargo-home/bin/cargo" "+1.69.0" "build" "--frozen" "--message-format=json", kill_on_drop: false }`
[INFO] [stdout] c03dbdde74cb2e4ff2731dc593575529a371f1ed3f9569630a0048f3164e52ee
[INFO] running `Command { std: "docker" "start" "-a" "c03dbdde74cb2e4ff2731dc593575529a371f1ed3f9569630a0048f3164e52ee", kill_on_drop: false }`
[INFO] [stderr]    Compiling autocfg v1.0.1
[INFO] [stderr]    Compiling libc v0.2.104
[INFO] [stderr]    Compiling cfg-if v1.0.0
[INFO] [stderr]    Compiling log v0.4.14
[INFO] [stderr]    Compiling proc-macro2 v1.0.30
[INFO] [stderr]    Compiling unicode-xid v0.2.2
[INFO] [stderr]    Compiling pin-project-lite v0.2.7
[INFO] [stderr]    Compiling memchr v2.4.1
[INFO] [stderr]    Compiling bytes v1.1.0
[INFO] [stderr]    Compiling futures-core v0.3.17
[INFO] [stderr]    Compiling pkg-config v0.3.20
[INFO] [stderr]    Compiling cc v1.0.71
[INFO] [stderr]    Compiling syn v1.0.80
[INFO] [stderr]    Compiling itoa v0.4.8
[INFO] [stderr]    Compiling version_check v0.9.3
[INFO] [stderr]    Compiling futures-task v0.3.17
[INFO] [stderr]    Compiling fnv v1.0.7
[INFO] [stderr]    Compiling serde_derive v1.0.130
[INFO] [stderr]    Compiling bitflags v1.3.2
[INFO] [stderr]    Compiling foreign-types-shared v0.1.1
[INFO] [stderr]    Compiling lazy_static v1.4.0
[INFO] [stderr]    Compiling openssl v0.10.36
[INFO] [stderr]    Compiling foreign-types v0.3.2
[INFO] [stderr]    Compiling tracing-core v0.1.21
[INFO] [stderr]    Compiling pin-utils v0.1.0
[INFO] [stderr]    Compiling tokio v1.12.0
[INFO] [stderr]    Compiling indexmap v1.7.0
[INFO] [stderr]    Compiling futures-util v0.3.17
[INFO] [stderr]    Compiling miniz_oxide v0.4.4
[INFO] [stderr]    Compiling http v0.2.5
[INFO] [stderr]    Compiling num-traits v0.2.14
[INFO] [stderr]    Compiling ryu v1.0.5
[INFO] [stderr]    Compiling futures-io v0.3.17
[INFO] [stderr]    Compiling futures-sink v0.3.17
[INFO] [stderr]    Compiling hashbrown v0.11.2
[INFO] [stderr]    Compiling slab v0.4.5
[INFO] [stderr]    Compiling serde v1.0.130
[INFO] [stderr]    Compiling crc32fast v1.2.1
[INFO] [stderr]    Compiling native-tls v0.2.8
[INFO] [stderr]    Compiling httparse v1.5.1
[INFO] [stderr]    Compiling matches v0.1.9
[INFO] [stderr]    Compiling futures-channel v0.3.17
[INFO] [stderr]    Compiling tinyvec_macros v0.1.0
[INFO] [stderr]    Compiling once_cell v1.8.0
[INFO] [stderr]    Compiling quote v1.0.10
[INFO] [stderr]    Compiling rustversion v1.0.5
[INFO] [stderr]    Compiling tinyvec v1.5.0
[INFO] [stderr] error: failed to write `/opt/rustwide/target/debug/build/ryu-4762862203af62e7/output`
[INFO] [stderr] 
[INFO] [stderr] Caused by:
[INFO] [stderr]   No space left on device (os error 28)
[INFO] [stderr] warning: build failed, waiting for other jobs to finish...
[INFO] [stderr] LLVM ERROR: IO failure on output stream: No space left on device
[INFO] [stderr] LLVM ERROR: IO failure on output stream: No space left on device
[INFO] [stderr] error: failed to write `/opt/rustwide/target/debug/build/serde-66ac1e70ba4c3f82/invoked.timestamp`
[INFO] [stderr] 
[INFO] [stderr] Caused by:
[INFO] [stderr]   No space left on device (os error 28)
[INFO] [stderr] error: could not compile `once_cell`
[INFO] [stdout] error: linking with `cc` failed: exit status: 1
[INFO] [stdout]   |
[INFO] [stdout]   = note: LC_ALL="C" PATH="/opt/rustwide/rustup-home/toolchains/1.69.0-x86_64-unknown-linux-gnu/lib/rustlib/x86_64-unknown-linux-gnu/bin:/opt/rustwide/cargo-home/bin:/usr/local/sbin:/usr/local/bin:/usr/sbin:/usr/bin:/sbin:/bin" VSLANG="1033" "cc" "-m64" "/tmp/rustci62IVm/symbols.o" "/opt/rustwide/target/debug/build/crc32fast-f120ccfd1fda62a7/build_script_build-f120ccfd1fda62a7.build_script_build.85cac11b-cgu.0.rcgu.o" "/opt/rustwide/target/debug/build/crc32fast-f120ccfd1fda62a7/build_script_build-f120ccfd1fda62a7.build_script_build.85cac11b-cgu.1.rcgu.o" "/opt/rustwide/target/debug/build/crc32fast-f120ccfd1fda62a7/build_script_build-f120ccfd1fda62a7.build_script_build.85cac11b-cgu.10.rcgu.o" "/opt/rustwide/target/debug/build/crc32fast-f120ccfd1fda62a7/build_script_build-f120ccfd1fda62a7.build_script_build.85cac11b-cgu.11.rcgu.o" "/opt/rustwide/target/debug/build/crc32fast-f120ccfd1fda62a7/build_script_build-f120ccfd1fda62a7.build_script_build.85cac11b-cgu.12.rcgu.o" "/opt/rustwide/target/debug/build/crc32fast-f120ccfd1fda62a7/build_script_build-f120ccfd1fda62a7.build_script_build.85cac11b-cgu.13.rcgu.o" "/opt/rustwide/target/debug/build/crc32fast-f120ccfd1fda62a7/build_script_build-f120ccfd1fda62a7.build_script_build.85cac11b-cgu.14.rcgu.o" "/opt/rustwide/target/debug/build/crc32fast-f120ccfd1fda62a7/build_script_build-f120ccfd1fda62a7.build_script_build.85cac11b-cgu.15.rcgu.o" "/opt/rustwide/target/debug/build/crc32fast-f120ccfd1fda62a7/build_script_build-f120ccfd1fda62a7.build_script_build.85cac11b-cgu.2.rcgu.o" "/opt/rustwide/target/debug/build/crc32fast-f120ccfd1fda62a7/build_script_build-f120ccfd1fda62a7.build_script_build.85cac11b-cgu.3.rcgu.o" "/opt/rustwide/target/debug/build/crc32fast-f120ccfd1fda62a7/build_script_build-f120ccfd1fda62a7.build_script_build.85cac11b-cgu.4.rcgu.o" "/opt/rustwide/target/debug/build/crc32fast-f120ccfd1fda62a7/build_script_build-f120ccfd1fda62a7.build_script_build.85cac11b-cgu.5.rcgu.o" "/opt/rustwide/target/debug/build/crc32fast-f120ccfd1fda62a7/build_script_build-f120ccfd1fda62a7.build_script_build.85cac11b-cgu.6.rcgu.o" "/opt/rustwide/target/debug/build/crc32fast-f120ccfd1fda62a7/build_script_build-f120ccfd1fda62a7.build_script_build.85cac11b-cgu.7.rcgu.o" "/opt/rustwide/target/debug/build/crc32fast-f120ccfd1fda62a7/build_script_build-f120ccfd1fda62a7.build_script_build.85cac11b-cgu.8.rcgu.o" "/opt/rustwide/target/debug/build/crc32fast-f120ccfd1fda62a7/build_script_build-f120ccfd1fda62a7.build_script_build.85cac11b-cgu.9.rcgu.o" "/opt/rustwide/target/debug/build/crc32fast-f120ccfd1fda62a7/build_script_build-f120ccfd1fda62a7.2qljdgcwe63gq9it.rcgu.o" "-Wl,--as-needed" "-L" "/opt/rustwide/target/debug/deps" "-L" "/opt/rustwide/rustup-home/toolchains/1.69.0-x86_64-unknown-linux-gnu/lib/rustlib/x86_64-unknown-linux-gnu/lib" "-Wl,-Bstatic" "/opt/rustwide/rustup-home/toolchains/1.69.0-x86_64-unknown-linux-gnu/lib/rustlib/x86_64-unknown-linux-gnu/lib/libstd-89bc084783fdc439.rlib" "/opt/rustwide/rustup-home/toolchains/1.69.0-x86_64-unknown-linux-gnu/lib/rustlib/x86_64-unknown-linux-gnu/lib/libpanic_unwind-8bee4b287d4367c1.rlib" "/opt/rustwide/rustup-home/toolchains/1.69.0-x86_64-unknown-linux-gnu/lib/rustlib/x86_64-unknown-linux-gnu/lib/libobject-d61707aed80694c0.rlib" "/opt/rustwide/rustup-home/toolchains/1.69.0-x86_64-unknown-linux-gnu/lib/rustlib/x86_64-unknown-linux-gnu/lib/libmemchr-d85366256f22345b.rlib" "/opt/rustwide/rustup-home/toolchains/1.69.0-x86_64-unknown-linux-gnu/lib/rustlib/x86_64-unknown-linux-gnu/lib/libaddr2line-96069b86b8a8cae9.rlib" "/opt/rustwide/rustup-home/toolchains/1.69.0-x86_64-unknown-linux-gnu/lib/rustlib/x86_64-unknown-linux-gnu/lib/libgimli-d19d53abf68dfa6c.rlib" "/opt/rustwide/rustup-home/toolchains/1.69.0-x86_64-unknown-linux-gnu/lib/rustlib/x86_64-unknown-linux-gnu/lib/librustc_demangle-787cbccd19d64ac6.rlib" "/opt/rustwide/rustup-home/toolchains/1.69.0-x86_64-unknown-linux-gnu/lib/rustlib/x86_64-unknown-linux-gnu/lib/libstd_detect-b3837a36b830e0d0.rlib" "/opt/rustwide/rustup-home/toolchains/1.69.0-x86_64-unknown-linux-gnu/lib/rustlib/x86_64-unknown-linux-gnu/lib/libhashbrown-e3deb0e7e3f04966.rlib" "/opt/rustwide/rustup-home/toolchains/1.69.0-x86_64-unknown-linux-gnu/lib/rustlib/x86_64-unknown-linux-gnu/lib/libminiz_oxide-dabbb79c9815def4.rlib" "/opt/rustwide/rustup-home/toolchains/1.69.0-x86_64-unknown-linux-gnu/lib/rustlib/x86_64-unknown-linux-gnu/lib/libadler-305b01f34c9409f2.rlib" "/opt/rustwide/rustup-home/toolchains/1.69.0-x86_64-unknown-linux-gnu/lib/rustlib/x86_64-unknown-linux-gnu/lib/librustc_std_workspace_alloc-f833521df6074e73.rlib" "/opt/rustwide/rustup-home/toolchains/1.69.0-x86_64-unknown-linux-gnu/lib/rustlib/x86_64-unknown-linux-gnu/lib/libunwind-9ac333113350d171.rlib" "/opt/rustwide/rustup-home/toolchains/1.69.0-x86_64-unknown-linux-gnu/lib/rustlib/x86_64-unknown-linux-gnu/lib/libcfg_if-1c126114322d0eee.rlib" "/opt/rustwide/rustup-home/toolchains/1.69.0-x86_64-unknown-linux-gnu/lib/rustlib/x86_64-unknown-linux-gnu/lib/liblibc-bad9164fdeeecf92.rlib" "/opt/rustwide/rustup-home/toolchains/1.69.0-x86_64-unknown-linux-gnu/lib/rustlib/x86_64-unknown-linux-gnu/lib/liballoc-f9374b1e480fa681.rlib" "/opt/rustwide/rustup-home/toolchains/1.69.0-x86_64-unknown-linux-gnu/lib/rustlib/x86_64-unknown-linux-gnu/lib/librustc_std_workspace_core-207f06e41d9603af.rlib" "/opt/rustwide/rustup-home/toolchains/1.69.0-x86_64-unknown-linux-gnu/lib/rustlib/x86_64-unknown-linux-gnu/lib/libcore-7e2768e66e984e85.rlib" "/opt/rustwide/rustup-home/toolchains/1.69.0-x86_64-unknown-linux-gnu/lib/rustlib/x86_64-unknown-linux-gnu/lib/libcompiler_builtins-957b4aff41f8cd46.rlib" "-Wl,-Bdynamic" "-lgcc_s" "-lutil" "-lrt" "-lpthread" "-lm" "-ldl" "-lc" "-Wl,--eh-frame-hdr" "-Wl,-z,noexecstack" "-L" "/opt/rustwide/rustup-home/toolchains/1.69.0-x86_64-unknown-linux-gnu/lib/rustlib/x86_64-unknown-linux-gnu/lib" "-o" "/opt/rustwide/target/debug/build/crc32fast-f120ccfd1fda62a7/build_script_build-f120ccfd1fda62a7" "-Wl,--gc-sections" "-pie" "-Wl,-z,relro,-z,now" "-nodefaultlibs"
[INFO] [stdout]   = note: /usr/bin/ld: final link failed: No space left on device
[INFO] [stdout]           collect2: error: ld returned 1 exit status
[INFO] [stdout]           
[INFO] [stdout] 
[INFO] [stdout] 
[INFO] [stderr] error: could not compile `memchr`
[INFO] [stdout] error: linking with `cc` failed: exit status: 1
[INFO] [stdout]   |
[INFO] [stdout]   = note: LC_ALL="C" PATH="/opt/rustwide/rustup-home/toolchains/1.69.0-x86_64-unknown-linux-gnu/lib/rustlib/x86_64-unknown-linux-gnu/bin:/opt/rustwide/cargo-home/bin:/usr/local/sbin:/usr/local/bin:/usr/sbin:/usr/bin:/sbin:/bin" VSLANG="1033" "cc" "-m64" "/tmp/rustcNaOEvG/symbols.o" "/opt/rustwide/target/debug/build/native-tls-bec439a02d9a0c92/build_script_build-bec439a02d9a0c92.build_script_build.e180d42a-cgu.0.rcgu.o" "/opt/rustwide/target/debug/build/native-tls-bec439a02d9a0c92/build_script_build-bec439a02d9a0c92.build_script_build.e180d42a-cgu.1.rcgu.o" "/opt/rustwide/target/debug/build/native-tls-bec439a02d9a0c92/build_script_build-bec439a02d9a0c92.build_script_build.e180d42a-cgu.10.rcgu.o" "/opt/rustwide/target/debug/build/native-tls-bec439a02d9a0c92/build_script_build-bec439a02d9a0c92.build_script_build.e180d42a-cgu.11.rcgu.o" "/opt/rustwide/target/debug/build/native-tls-bec439a02d9a0c92/build_script_build-bec439a02d9a0c92.build_script_build.e180d42a-cgu.12.rcgu.o" "/opt/rustwide/target/debug/build/native-tls-bec439a02d9a0c92/build_script_build-bec439a02d9a0c92.build_script_build.e180d42a-cgu.13.rcgu.o" "/opt/rustwide/target/debug/build/native-tls-bec439a02d9a0c92/build_script_build-bec439a02d9a0c92.build_script_build.e180d42a-cgu.14.rcgu.o" "/opt/rustwide/target/debug/build/native-tls-bec439a02d9a0c92/build_script_build-bec439a02d9a0c92.build_script_build.e180d42a-cgu.15.rcgu.o" "/opt/rustwide/target/debug/build/native-tls-bec439a02d9a0c92/build_script_build-bec439a02d9a0c92.build_script_build.e180d42a-cgu.2.rcgu.o" "/opt/rustwide/target/debug/build/native-tls-bec439a02d9a0c92/build_script_build-bec439a02d9a0c92.build_script_build.e180d42a-cgu.3.rcgu.o" "/opt/rustwide/target/debug/build/native-tls-bec439a02d9a0c92/build_script_build-bec439a02d9a0c92.build_script_build.e180d42a-cgu.4.rcgu.o" "/opt/rustwide/target/debug/build/native-tls-bec439a02d9a0c92/build_script_build-bec439a02d9a0c92.build_script_build.e180d42a-cgu.5.rcgu.o" "/opt/rustwide/target/debug/build/native-tls-bec439a02d9a0c92/build_script_build-bec439a02d9a0c92.build_script_build.e180d42a-cgu.6.rcgu.o" "/opt/rustwide/target/debug/build/native-tls-bec439a02d9a0c92/build_script_build-bec439a02d9a0c92.build_script_build.e180d42a-cgu.7.rcgu.o" "/opt/rustwide/target/debug/build/native-tls-bec439a02d9a0c92/build_script_build-bec439a02d9a0c92.build_script_build.e180d42a-cgu.8.rcgu.o" "/opt/rustwide/target/debug/build/native-tls-bec439a02d9a0c92/build_script_build-bec439a02d9a0c92.build_script_build.e180d42a-cgu.9.rcgu.o" "/opt/rustwide/target/debug/build/native-tls-bec439a02d9a0c92/build_script_build-bec439a02d9a0c92.irkl0hcfgkpysg6.rcgu.o" "-Wl,--as-needed" "-L" "/opt/rustwide/target/debug/deps" "-L" "/opt/rustwide/rustup-home/toolchains/1.69.0-x86_64-unknown-linux-gnu/lib/rustlib/x86_64-unknown-linux-gnu/lib" "-Wl,-Bstatic" "/opt/rustwide/rustup-home/toolchains/1.69.0-x86_64-unknown-linux-gnu/lib/rustlib/x86_64-unknown-linux-gnu/lib/libstd-89bc084783fdc439.rlib" "/opt/rustwide/rustup-home/toolchains/1.69.0-x86_64-unknown-linux-gnu/lib/rustlib/x86_64-unknown-linux-gnu/lib/libpanic_unwind-8bee4b287d4367c1.rlib" "/opt/rustwide/rustup-home/toolchains/1.69.0-x86_64-unknown-linux-gnu/lib/rustlib/x86_64-unknown-linux-gnu/lib/libobject-d61707aed80694c0.rlib" "/opt/rustwide/rustup-home/toolchains/1.69.0-x86_64-unknown-linux-gnu/lib/rustlib/x86_64-unknown-linux-gnu/lib/libmemchr-d85366256f22345b.rlib" "/opt/rustwide/rustup-home/toolchains/1.69.0-x86_64-unknown-linux-gnu/lib/rustlib/x86_64-unknown-linux-gnu/lib/libaddr2line-96069b86b8a8cae9.rlib" "/opt/rustwide/rustup-home/toolchains/1.69.0-x86_64-unknown-linux-gnu/lib/rustlib/x86_64-unknown-linux-gnu/lib/libgimli-d19d53abf68dfa6c.rlib" "/opt/rustwide/rustup-home/toolchains/1.69.0-x86_64-unknown-linux-gnu/lib/rustlib/x86_64-unknown-linux-gnu/lib/librustc_demangle-787cbccd19d64ac6.rlib" "/opt/rustwide/rustup-home/toolchains/1.69.0-x86_64-unknown-linux-gnu/lib/rustlib/x86_64-unknown-linux-gnu/lib/libstd_detect-b3837a36b830e0d0.rlib" "/opt/rustwide/rustup-home/toolchains/1.69.0-x86_64-unknown-linux-gnu/lib/rustlib/x86_64-unknown-linux-gnu/lib/libhashbrown-e3deb0e7e3f04966.rlib" "/opt/rustwide/rustup-home/toolchains/1.69.0-x86_64-unknown-linux-gnu/lib/rustlib/x86_64-unknown-linux-gnu/lib/libminiz_oxide-dabbb79c9815def4.rlib" "/opt/rustwide/rustup-home/toolchains/1.69.0-x86_64-unknown-linux-gnu/lib/rustlib/x86_64-unknown-linux-gnu/lib/libadler-305b01f34c9409f2.rlib" "/opt/rustwide/rustup-home/toolchains/1.69.0-x86_64-unknown-linux-gnu/lib/rustlib/x86_64-unknown-linux-gnu/lib/librustc_std_workspace_alloc-f833521df6074e73.rlib" "/opt/rustwide/rustup-home/toolchains/1.69.0-x86_64-unknown-linux-gnu/lib/rustlib/x86_64-unknown-linux-gnu/lib/libunwind-9ac333113350d171.rlib" "/opt/rustwide/rustup-home/toolchains/1.69.0-x86_64-unknown-linux-gnu/lib/rustlib/x86_64-unknown-linux-gnu/lib/libcfg_if-1c126114322d0eee.rlib" "/opt/rustwide/rustup-home/toolchains/1.69.0-x86_64-unknown-linux-gnu/lib/rustlib/x86_64-unknown-linux-gnu/lib/liblibc-bad9164fdeeecf92.rlib" "/opt/rustwide/rustup-home/toolchains/1.69.0-x86_64-unknown-linux-gnu/lib/rustlib/x86_64-unknown-linux-gnu/lib/liballoc-f9374b1e480fa681.rlib" "/opt/rustwide/rustup-home/toolchains/1.69.0-x86_64-unknown-linux-gnu/lib/rustlib/x86_64-unknown-linux-gnu/lib/librustc_std_workspace_core-207f06e41d9603af.rlib" "/opt/rustwide/rustup-home/toolchains/1.69.0-x86_64-unknown-linux-gnu/lib/rustlib/x86_64-unknown-linux-gnu/lib/libcore-7e2768e66e984e85.rlib" "/opt/rustwide/rustup-home/toolchains/1.69.0-x86_64-unknown-linux-gnu/lib/rustlib/x86_64-unknown-linux-gnu/lib/libcompiler_builtins-957b4aff41f8cd46.rlib" "-Wl,-Bdynamic" "-lgcc_s" "-lutil" "-lrt" "-lpthread" "-lm" "-ldl" "-lc" "-Wl,--eh-frame-hdr" "-Wl,-z,noexecstack" "-L" "/opt/rustwide/rustup-home/toolchains/1.69.0-x86_64-unknown-linux-gnu/lib/rustlib/x86_64-unknown-linux-gnu/lib" "-o" "/opt/rustwide/target/debug/build/native-tls-bec439a02d9a0c92/build_script_build-bec439a02d9a0c92" "-Wl,--gc-sections" "-pie" "-Wl,-z,relro,-z,now" "-nodefaultlibs"
[INFO] [stdout]   = note: /usr/bin/ld: final link failed: No space left on device
[INFO] [stdout]           collect2: error: ld returned 1 exit status
[INFO] [stdout]           
[INFO] [stdout] 
[INFO] [stdout] 
[INFO] [stderr] error: could not compile `crc32fast` due to previous error
[INFO] [stderr] error: could not compile `native-tls` due to previous error
[INFO] [stderr] LLVM ERROR: IO failure on output stream: No space left on device
[INFO] [stderr] LLVM ERROR: IO failure on output stream: No space left on device
[INFO] [stderr] error: could not compile `cc`
[INFO] [stderr] error: could not compile `proc-macro2`
[INFO] [stdout] error: linking with `cc` failed: exit status: 1
[INFO] [stdout]   |
[INFO] [stdout]   = note: LC_ALL="C" PATH="/opt/rustwide/rustup-home/toolchains/1.69.0-x86_64-unknown-linux-gnu/lib/rustlib/x86_64-unknown-linux-gnu/bin:/opt/rustwide/cargo-home/bin:/usr/local/sbin:/usr/local/bin:/usr/sbin:/usr/bin:/sbin:/bin" VSLANG="1033" "cc" "-m64" "/tmp/rustchoi2xt/symbols.o" "/opt/rustwide/target/debug/build/httparse-fa671fbbd1a325a0/build_script_build-fa671fbbd1a325a0.build_script_build.475f5d70-cgu.0.rcgu.o" "/opt/rustwide/target/debug/build/httparse-fa671fbbd1a325a0/build_script_build-fa671fbbd1a325a0.build_script_build.475f5d70-cgu.1.rcgu.o" "/opt/rustwide/target/debug/build/httparse-fa671fbbd1a325a0/build_script_build-fa671fbbd1a325a0.build_script_build.475f5d70-cgu.10.rcgu.o" "/opt/rustwide/target/debug/build/httparse-fa671fbbd1a325a0/build_script_build-fa671fbbd1a325a0.build_script_build.475f5d70-cgu.11.rcgu.o" "/opt/rustwide/target/debug/build/httparse-fa671fbbd1a325a0/build_script_build-fa671fbbd1a325a0.build_script_build.475f5d70-cgu.12.rcgu.o" "/opt/rustwide/target/debug/build/httparse-fa671fbbd1a325a0/build_script_build-fa671fbbd1a325a0.build_script_build.475f5d70-cgu.13.rcgu.o" "/opt/rustwide/target/debug/build/httparse-fa671fbbd1a325a0/build_script_build-fa671fbbd1a325a0.build_script_build.475f5d70-cgu.14.rcgu.o" "/opt/rustwide/target/debug/build/httparse-fa671fbbd1a325a0/build_script_build-fa671fbbd1a325a0.build_script_build.475f5d70-cgu.15.rcgu.o" "/opt/rustwide/target/debug/build/httparse-fa671fbbd1a325a0/build_script_build-fa671fbbd1a325a0.build_script_build.475f5d70-cgu.2.rcgu.o" "/opt/rustwide/target/debug/build/httparse-fa671fbbd1a325a0/build_script_build-fa671fbbd1a325a0.build_script_build.475f5d70-cgu.3.rcgu.o" "/opt/rustwide/target/debug/build/httparse-fa671fbbd1a325a0/build_script_build-fa671fbbd1a325a0.build_script_build.475f5d70-cgu.4.rcgu.o" "/opt/rustwide/target/debug/build/httparse-fa671fbbd1a325a0/build_script_build-fa671fbbd1a325a0.build_script_build.475f5d70-cgu.5.rcgu.o" "/opt/rustwide/target/debug/build/httparse-fa671fbbd1a325a0/build_script_build-fa671fbbd1a325a0.build_script_build.475f5d70-cgu.6.rcgu.o" "/opt/rustwide/target/debug/build/httparse-fa671fbbd1a325a0/build_script_build-fa671fbbd1a325a0.build_script_build.475f5d70-cgu.7.rcgu.o" "/opt/rustwide/target/debug/build/httparse-fa671fbbd1a325a0/build_script_build-fa671fbbd1a325a0.build_script_build.475f5d70-cgu.8.rcgu.o" "/opt/rustwide/target/debug/build/httparse-fa671fbbd1a325a0/build_script_build-fa671fbbd1a325a0.build_script_build.475f5d70-cgu.9.rcgu.o" "/opt/rustwide/target/debug/build/httparse-fa671fbbd1a325a0/build_script_build-fa671fbbd1a325a0.k1yb6k6w7n4fbeg.rcgu.o" "-Wl,--as-needed" "-L" "/opt/rustwide/target/debug/deps" "-L" "/opt/rustwide/rustup-home/toolchains/1.69.0-x86_64-unknown-linux-gnu/lib/rustlib/x86_64-unknown-linux-gnu/lib" "-Wl,-Bstatic" "/opt/rustwide/rustup-home/toolchains/1.69.0-x86_64-unknown-linux-gnu/lib/rustlib/x86_64-unknown-linux-gnu/lib/libstd-89bc084783fdc439.rlib" "/opt/rustwide/rustup-home/toolchains/1.69.0-x86_64-unknown-linux-gnu/lib/rustlib/x86_64-unknown-linux-gnu/lib/libpanic_unwind-8bee4b287d4367c1.rlib" "/opt/rustwide/rustup-home/toolchains/1.69.0-x86_64-unknown-linux-gnu/lib/rustlib/x86_64-unknown-linux-gnu/lib/libobject-d61707aed80694c0.rlib" "/opt/rustwide/rustup-home/toolchains/1.69.0-x86_64-unknown-linux-gnu/lib/rustlib/x86_64-unknown-linux-gnu/lib/libmemchr-d85366256f22345b.rlib" "/opt/rustwide/rustup-home/toolchains/1.69.0-x86_64-unknown-linux-gnu/lib/rustlib/x86_64-unknown-linux-gnu/lib/libaddr2line-96069b86b8a8cae9.rlib" "/opt/rustwide/rustup-home/toolchains/1.69.0-x86_64-unknown-linux-gnu/lib/rustlib/x86_64-unknown-linux-gnu/lib/libgimli-d19d53abf68dfa6c.rlib" "/opt/rustwide/rustup-home/toolchains/1.69.0-x86_64-unknown-linux-gnu/lib/rustlib/x86_64-unknown-linux-gnu/lib/librustc_demangle-787cbccd19d64ac6.rlib" "/opt/rustwide/rustup-home/toolchains/1.69.0-x86_64-unknown-linux-gnu/lib/rustlib/x86_64-unknown-linux-gnu/lib/libstd_detect-b3837a36b830e0d0.rlib" "/opt/rustwide/rustup-home/toolchains/1.69.0-x86_64-unknown-linux-gnu/lib/rustlib/x86_64-unknown-linux-gnu/lib/libhashbrown-e3deb0e7e3f04966.rlib" "/opt/rustwide/rustup-home/toolchains/1.69.0-x86_64-unknown-linux-gnu/lib/rustlib/x86_64-unknown-linux-gnu/lib/libminiz_oxide-dabbb79c9815def4.rlib" "/opt/rustwide/rustup-home/toolchains/1.69.0-x86_64-unknown-linux-gnu/lib/rustlib/x86_64-unknown-linux-gnu/lib/libadler-305b01f34c9409f2.rlib" "/opt/rustwide/rustup-home/toolchains/1.69.0-x86_64-unknown-linux-gnu/lib/rustlib/x86_64-unknown-linux-gnu/lib/librustc_std_workspace_alloc-f833521df6074e73.rlib" "/opt/rustwide/rustup-home/toolchains/1.69.0-x86_64-unknown-linux-gnu/lib/rustlib/x86_64-unknown-linux-gnu/lib/libunwind-9ac333113350d171.rlib" "/opt/rustwide/rustup-home/toolchains/1.69.0-x86_64-unknown-linux-gnu/lib/rustlib/x86_64-unknown-linux-gnu/lib/libcfg_if-1c126114322d0eee.rlib" "/opt/rustwide/rustup-home/toolchains/1.69.0-x86_64-unknown-linux-gnu/lib/rustlib/x86_64-unknown-linux-gnu/lib/liblibc-bad9164fdeeecf92.rlib" "/opt/rustwide/rustup-home/toolchains/1.69.0-x86_64-unknown-linux-gnu/lib/rustlib/x86_64-unknown-linux-gnu/lib/liballoc-f9374b1e480fa681.rlib" "/opt/rustwide/rustup-home/toolchains/1.69.0-x86_64-unknown-linux-gnu/lib/rustlib/x86_64-unknown-linux-gnu/lib/librustc_std_workspace_core-207f06e41d9603af.rlib" "/opt/rustwide/rustup-home/toolchains/1.69.0-x86_64-unknown-linux-gnu/lib/rustlib/x86_64-unknown-linux-gnu/lib/libcore-7e2768e66e984e85.rlib" "/opt/rustwide/rustup-home/toolchains/1.69.0-x86_64-unknown-linux-gnu/lib/rustlib/x86_64-unknown-linux-gnu/lib/libcompiler_builtins-957b4aff41f8cd46.rlib" "-Wl,-Bdynamic" "-lgcc_s" "-lutil" "-lrt" "-lpthread" "-lm" "-ldl" "-lc" "-Wl,--eh-frame-hdr" "-Wl,-z,noexecstack" "-L" "/opt/rustwide/rustup-home/toolchains/1.69.0-x86_64-unknown-linux-gnu/lib/rustlib/x86_64-unknown-linux-gnu/lib" "-o" "/opt/rustwide/target/debug/build/httparse-fa671fbbd1a325a0/build_script_build-fa671fbbd1a325a0" "-Wl,--gc-sections" "-pie" "-Wl,-z,relro,-z,now" "-nodefaultlibs"
[INFO] [stdout]   = note: /usr/bin/ld: final link failed: No space left on device
[INFO] [stdout]           collect2: error: ld returned 1 exit status
[INFO] [stdout]           
[INFO] [stdout] 
[INFO] [stdout] 
[INFO] [stderr] LLVM ERROR: IO failure on output stream: No space left on device
[INFO] [stderr] error: could not compile `httparse` due to previous error
[INFO] [stderr] error: could not compile `quote`
[INFO] [stderr] LLVM ERROR: IO failure on output stream: No space left on device
[INFO] [stderr] error: could not compile `rustversion`
[INFO] [stdout] error: linking with `cc` failed: exit status: 1
[INFO] [stdout]   |
[INFO] [stdout]   = note: LC_ALL="C" PATH="/opt/rustwide/rustup-home/toolchains/1.69.0-x86_64-unknown-linux-gnu/lib/rustlib/x86_64-unknown-linux-gnu/bin:/opt/rustwide/cargo-home/bin:/usr/local/sbin:/usr/local/bin:/usr/sbin:/usr/bin:/sbin:/bin" VSLANG="1033" "cc" "-m64" "/tmp/rustcED2TT2/symbols.o" "/opt/rustwide/target/debug/build/futures-channel-1a9f13c929cc0337/build_script_build-1a9f13c929cc0337.build_script_build.6f97f481-cgu.0.rcgu.o" "/opt/rustwide/target/debug/build/futures-channel-1a9f13c929cc0337/build_script_build-1a9f13c929cc0337.build_script_build.6f97f481-cgu.1.rcgu.o" "/opt/rustwide/target/debug/build/futures-channel-1a9f13c929cc0337/build_script_build-1a9f13c929cc0337.build_script_build.6f97f481-cgu.10.rcgu.o" "/opt/rustwide/target/debug/build/futures-channel-1a9f13c929cc0337/build_script_build-1a9f13c929cc0337.build_script_build.6f97f481-cgu.11.rcgu.o" "/opt/rustwide/target/debug/build/futures-channel-1a9f13c929cc0337/build_script_build-1a9f13c929cc0337.build_script_build.6f97f481-cgu.12.rcgu.o" "/opt/rustwide/target/debug/build/futures-channel-1a9f13c929cc0337/build_script_build-1a9f13c929cc0337.build_script_build.6f97f481-cgu.13.rcgu.o" "/opt/rustwide/target/debug/build/futures-channel-1a9f13c929cc0337/build_script_build-1a9f13c929cc0337.build_script_build.6f97f481-cgu.14.rcgu.o" "/opt/rustwide/target/debug/build/futures-channel-1a9f13c929cc0337/build_script_build-1a9f13c929cc0337.build_script_build.6f97f481-cgu.15.rcgu.o" "/opt/rustwide/target/debug/build/futures-channel-1a9f13c929cc0337/build_script_build-1a9f13c929cc0337.build_script_build.6f97f481-cgu.2.rcgu.o" "/opt/rustwide/target/debug/build/futures-channel-1a9f13c929cc0337/build_script_build-1a9f13c929cc0337.build_script_build.6f97f481-cgu.3.rcgu.o" "/opt/rustwide/target/debug/build/futures-channel-1a9f13c929cc0337/build_script_build-1a9f13c929cc0337.build_script_build.6f97f481-cgu.4.rcgu.o" "/opt/rustwide/target/debug/build/futures-channel-1a9f13c929cc0337/build_script_build-1a9f13c929cc0337.build_script_build.6f97f481-cgu.5.rcgu.o" "/opt/rustwide/target/debug/build/futures-channel-1a9f13c929cc0337/build_script_build-1a9f13c929cc0337.build_script_build.6f97f481-cgu.6.rcgu.o" "/opt/rustwide/target/debug/build/futures-channel-1a9f13c929cc0337/build_script_build-1a9f13c929cc0337.build_script_build.6f97f481-cgu.7.rcgu.o" "/opt/rustwide/target/debug/build/futures-channel-1a9f13c929cc0337/build_script_build-1a9f13c929cc0337.build_script_build.6f97f481-cgu.8.rcgu.o" "/opt/rustwide/target/debug/build/futures-channel-1a9f13c929cc0337/build_script_build-1a9f13c929cc0337.build_script_build.6f97f481-cgu.9.rcgu.o" "/opt/rustwide/target/debug/build/futures-channel-1a9f13c929cc0337/build_script_build-1a9f13c929cc0337.4tk4nzu3cykcpvs8.rcgu.o" "-Wl,--as-needed" "-L" "/opt/rustwide/target/debug/deps" "-L" "/opt/rustwide/rustup-home/toolchains/1.69.0-x86_64-unknown-linux-gnu/lib/rustlib/x86_64-unknown-linux-gnu/lib" "-Wl,-Bstatic" "/opt/rustwide/rustup-home/toolchains/1.69.0-x86_64-unknown-linux-gnu/lib/rustlib/x86_64-unknown-linux-gnu/lib/libstd-89bc084783fdc439.rlib" "/opt/rustwide/rustup-home/toolchains/1.69.0-x86_64-unknown-linux-gnu/lib/rustlib/x86_64-unknown-linux-gnu/lib/libpanic_unwind-8bee4b287d4367c1.rlib" "/opt/rustwide/rustup-home/toolchains/1.69.0-x86_64-unknown-linux-gnu/lib/rustlib/x86_64-unknown-linux-gnu/lib/libobject-d61707aed80694c0.rlib" "/opt/rustwide/rustup-home/toolchains/1.69.0-x86_64-unknown-linux-gnu/lib/rustlib/x86_64-unknown-linux-gnu/lib/libmemchr-d85366256f22345b.rlib" "/opt/rustwide/rustup-home/toolchains/1.69.0-x86_64-unknown-linux-gnu/lib/rustlib/x86_64-unknown-linux-gnu/lib/libaddr2line-96069b86b8a8cae9.rlib" "/opt/rustwide/rustup-home/toolchains/1.69.0-x86_64-unknown-linux-gnu/lib/rustlib/x86_64-unknown-linux-gnu/lib/libgimli-d19d53abf68dfa6c.rlib" "/opt/rustwide/rustup-home/toolchains/1.69.0-x86_64-unknown-linux-gnu/lib/rustlib/x86_64-unknown-linux-gnu/lib/librustc_demangle-787cbccd19d64ac6.rlib" "/opt/rustwide/rustup-home/toolchains/1.69.0-x86_64-unknown-linux-gnu/lib/rustlib/x86_64-unknown-linux-gnu/lib/libstd_detect-b3837a36b830e0d0.rlib" "/opt/rustwide/rustup-home/toolchains/1.69.0-x86_64-unknown-linux-gnu/lib/rustlib/x86_64-unknown-linux-gnu/lib/libhashbrown-e3deb0e7e3f04966.rlib" "/opt/rustwide/rustup-home/toolchains/1.69.0-x86_64-unknown-linux-gnu/lib/rustlib/x86_64-unknown-linux-gnu/lib/libminiz_oxide-dabbb79c9815def4.rlib" "/opt/rustwide/rustup-home/toolchains/1.69.0-x86_64-unknown-linux-gnu/lib/rustlib/x86_64-unknown-linux-gnu/lib/libadler-305b01f34c9409f2.rlib" "/opt/rustwide/rustup-home/toolchains/1.69.0-x86_64-unknown-linux-gnu/lib/rustlib/x86_64-unknown-linux-gnu/lib/librustc_std_workspace_alloc-f833521df6074e73.rlib" "/opt/rustwide/rustup-home/toolchains/1.69.0-x86_64-unknown-linux-gnu/lib/rustlib/x86_64-unknown-linux-gnu/lib/libunwind-9ac333113350d171.rlib" "/opt/rustwide/rustup-home/toolchains/1.69.0-x86_64-unknown-linux-gnu/lib/rustlib/x86_64-unknown-linux-gnu/lib/libcfg_if-1c126114322d0eee.rlib" "/opt/rustwide/rustup-home/toolchains/1.69.0-x86_64-unknown-linux-gnu/lib/rustlib/x86_64-unknown-linux-gnu/lib/liblibc-bad9164fdeeecf92.rlib" "/opt/rustwide/rustup-home/toolchains/1.69.0-x86_64-unknown-linux-gnu/lib/rustlib/x86_64-unknown-linux-gnu/lib/liballoc-f9374b1e480fa681.rlib" "/opt/rustwide/rustup-home/toolchains/1.69.0-x86_64-unknown-linux-gnu/lib/rustlib/x86_64-unknown-linux-gnu/lib/librustc_std_workspace_core-207f06e41d9603af.rlib" "/opt/rustwide/rustup-home/toolchains/1.69.0-x86_64-unknown-linux-gnu/lib/rustlib/x86_64-unknown-linux-gnu/lib/libcore-7e2768e66e984e85.rlib" "/opt/rustwide/rustup-home/toolchains/1.69.0-x86_64-unknown-linux-gnu/lib/rustlib/x86_64-unknown-linux-gnu/lib/libcompiler_builtins-957b4aff41f8cd46.rlib" "-Wl,-Bdynamic" "-lgcc_s" "-lutil" "-lrt" "-lpthread" "-lm" "-ldl" "-lc" "-Wl,--eh-frame-hdr" "-Wl,-z,noexecstack" "-L" "/opt/rustwide/rustup-home/toolchains/1.69.0-x86_64-unknown-linux-gnu/lib/rustlib/x86_64-unknown-linux-gnu/lib" "-o" "/opt/rustwide/target/debug/build/futures-channel-1a9f13c929cc0337/build_script_build-1a9f13c929cc0337" "-Wl,--gc-sections" "-pie" "-Wl,-z,relro,-z,now" "-nodefaultlibs"
[INFO] [stdout]   = note: /usr/bin/ld: final link failed: No space left on device
[INFO] [stdout]           collect2: error: ld returned 1 exit status
[INFO] [stdout]           
[INFO] [stdout] 
[INFO] [stdout] 
[INFO] [stdout] error: aborting due to previous error
[INFO] [stdout] 
[INFO] [stdout] 
[INFO] [stderr] error: could not compile `futures-channel` due to 2 previous errors
[INFO] [stderr] thread 'rustc' panicked at 'assertion failed: pos.get() <= self.position()', compiler/rustc_metadata/src/rmeta/encoder.rs:435:9
[INFO] [stderr] thread 'rustc' panicked at 'assertion failed: pos.get() <= self.position()', compiler/rustc_metadata/src/rmeta/encoder.rs:435:9
[INFO] [stderr] error: could not compile `hashbrown`
[INFO] [stderr] error: could not compile `libc`
[INFO] [stderr] thread 'rustc' panicked at 'assertion failed: pos.get() <= self.position()', compiler/rustc_metadata/src/rmeta/encoder.rs:435:9
[INFO] [stderr] error: could not compile `tinyvec`
[INFO] [stderr] thread 'rustc' panicked at 'assertion failed: pos.get() <= self.position()', compiler/rustc_metadata/src/rmeta/encoder.rs:435:9
[INFO] [stderr] error: could not compile `http`
[INFO] running `Command { std: "docker" "inspect" "c03dbdde74cb2e4ff2731dc593575529a371f1ed3f9569630a0048f3164e52ee", kill_on_drop: false }`
[INFO] running `Command { std: "docker" "rm" "-f" "c03dbdde74cb2e4ff2731dc593575529a371f1ed3f9569630a0048f3164e52ee", kill_on_drop: false }`
[INFO] [stdout] c03dbdde74cb2e4ff2731dc593575529a371f1ed3f9569630a0048f3164e52ee
