[INFO] cloning repository https://github.com/bram209/qLaunch
[INFO] running `Command { std: "git" "-c" "credential.helper=" "-c" "credential.helper=/workspace/cargo-home/bin/git-credential-null" "clone" "--bare" "https://github.com/bram209/qLaunch" "/workspace/cache/git-repos/https%3A%2F%2Fgithub.com%2Fbram209%2FqLaunch", kill_on_drop: false }`
[INFO] [stderr] Cloning into bare repository '/workspace/cache/git-repos/https%3A%2F%2Fgithub.com%2Fbram209%2FqLaunch'...
[INFO] running `Command { std: "git" "rev-parse" "HEAD", kill_on_drop: false }`
[INFO] [stdout] 2b64f01fb6c14240850d4dca81e5cb94b8859d49
[INFO] testing bram209/qLaunch against 1.69.0 for beta-1.70-1
[INFO] running `Command { std: "git" "clone" "/workspace/cache/git-repos/https%3A%2F%2Fgithub.com%2Fbram209%2FqLaunch" "/workspace/builds/worker-5-tc1/source", kill_on_drop: false }`
[INFO] [stderr] Cloning into '/workspace/builds/worker-5-tc1/source'...
[INFO] [stderr] done.
[INFO] validating manifest of git repo https://github.com/bram209/qLaunch on toolchain 1.69.0
[INFO] running `Command { std: CARGO_HOME="/workspace/cargo-home" RUSTUP_HOME="/workspace/rustup-home" "/workspace/cargo-home/bin/cargo" "+1.69.0" "metadata" "--manifest-path" "Cargo.toml" "--no-deps", kill_on_drop: false }`
[INFO] started tweaking git repo https://github.com/bram209/qLaunch
[INFO] finished tweaking git repo https://github.com/bram209/qLaunch
[INFO] tweaked toml for git repo https://github.com/bram209/qLaunch written to /workspace/builds/worker-5-tc1/source/Cargo.toml
[INFO] crate git repo https://github.com/bram209/qLaunch already has a lockfile, it will not be regenerated
[INFO] running `Command { std: CARGO_HOME="/workspace/cargo-home" RUSTUP_HOME="/workspace/rustup-home" "/workspace/cargo-home/bin/cargo" "+1.69.0" "fetch" "--manifest-path" "Cargo.toml", kill_on_drop: false }`
[INFO] [stderr]  Downloading crates ...
[INFO] [stderr]   Downloaded gdk-pixbuf-sys v0.4.0
[INFO] [stderr]   Downloaded gobject-sys v0.4.0
[INFO] [stderr]   Downloaded gio-sys v0.4.0
[INFO] [stderr]   Downloaded cairo-sys-rs v0.4.0
[INFO] [stderr]   Downloaded atk-sys v0.4.0
[INFO] [stderr]   Downloaded gtk-sys v0.4.0
[INFO] [stderr]   Downloaded gdk-pixbuf v0.2.0
[INFO] [stderr]   Downloaded rust-ini v0.10.0
[INFO] [stderr]   Downloaded gdk v0.6.0
[INFO] [stderr]   Downloaded gio v0.2.0
[INFO] [stderr]   Downloaded cairo-rs v0.2.0
[INFO] [stderr]   Downloaded pango v0.2.0
[INFO] [stderr]   Downloaded gdk-sys v0.4.0
[INFO] [stderr]   Downloaded c_vec v1.2.1
[INFO] [stderr]   Downloaded gtk v0.2.0
[INFO] [stderr]   Downloaded pango-sys v0.4.0
[INFO] [stderr]   Downloaded glib-sys v0.4.0
[INFO] [stderr]   Downloaded glib v0.3.1
[INFO] running `Command { std: "docker" "create" "-v" "/var/lib/crater-agent-workspace/builds/worker-5-tc1/target:/opt/rustwide/target:rw,Z" "-v" "/var/lib/crater-agent-workspace/builds/worker-5-tc1/source:/opt/rustwide/workdir:ro,Z" "-v" "/var/lib/crater-agent-workspace/cargo-home:/opt/rustwide/cargo-home:ro,Z" "-v" "/var/lib/crater-agent-workspace/rustup-home:/opt/rustwide/rustup-home:ro,Z" "-e" "SOURCE_DIR=/opt/rustwide/workdir" "-e" "CARGO_TARGET_DIR=/opt/rustwide/target" "-e" "CARGO_HOME=/opt/rustwide/cargo-home" "-e" "RUSTUP_HOME=/opt/rustwide/rustup-home" "-w" "/opt/rustwide/workdir" "-m" "1610612736" "--user" "0:0" "--network" "none" "ghcr.io/rust-lang/crates-build-env/linux@sha256:5ff2268d62e97bff2cde7d5815dd6ed5b47097566f13b8d0ca110b04b60e07ed" "/opt/rustwide/cargo-home/bin/cargo" "+1.69.0" "metadata" "--no-deps" "--format-version=1", kill_on_drop: false }`
[INFO] [stdout] 9b6d51c8aebb1e3fae6ac80d6b574122f6e01504d6e4cc23f7444edb2a936541
[INFO] running `Command { std: "docker" "start" "-a" "9b6d51c8aebb1e3fae6ac80d6b574122f6e01504d6e4cc23f7444edb2a936541", kill_on_drop: false }`
[INFO] running `Command { std: "docker" "inspect" "9b6d51c8aebb1e3fae6ac80d6b574122f6e01504d6e4cc23f7444edb2a936541", kill_on_drop: false }`
[INFO] running `Command { std: "docker" "rm" "-f" "9b6d51c8aebb1e3fae6ac80d6b574122f6e01504d6e4cc23f7444edb2a936541", kill_on_drop: false }`
[INFO] [stdout] 9b6d51c8aebb1e3fae6ac80d6b574122f6e01504d6e4cc23f7444edb2a936541
[INFO] running `Command { std: "docker" "create" "-v" "/var/lib/crater-agent-workspace/builds/worker-5-tc1/target:/opt/rustwide/target:rw,Z" "-v" "/var/lib/crater-agent-workspace/builds/worker-5-tc1/source:/opt/rustwide/workdir:ro,Z" "-v" "/var/lib/crater-agent-workspace/cargo-home:/opt/rustwide/cargo-home:ro,Z" "-v" "/var/lib/crater-agent-workspace/rustup-home:/opt/rustwide/rustup-home:ro,Z" "-e" "SOURCE_DIR=/opt/rustwide/workdir" "-e" "CARGO_TARGET_DIR=/opt/rustwide/target" "-e" "CARGO_INCREMENTAL=0" "-e" "RUST_BACKTRACE=full" "-e" "RUSTFLAGS=--cap-lints=warn" "-e" "RUSTDOCFLAGS=--cap-lints=warn" "-e" "CARGO_HOME=/opt/rustwide/cargo-home" "-e" "RUSTUP_HOME=/opt/rustwide/rustup-home" "-w" "/opt/rustwide/workdir" "-m" "1610612736" "--user" "0:0" "--network" "none" "ghcr.io/rust-lang/crates-build-env/linux@sha256:5ff2268d62e97bff2cde7d5815dd6ed5b47097566f13b8d0ca110b04b60e07ed" "/opt/rustwide/cargo-home/bin/cargo" "+1.69.0" "build" "--frozen" "--message-format=json", kill_on_drop: false }`
[INFO] [stdout] a35080bdc45323dfe1731fb06598b1df84c5565316c7c281f8e87c6d32511fea
[INFO] running `Command { std: "docker" "start" "-a" "a35080bdc45323dfe1731fb06598b1df84c5565316c7c281f8e87c6d32511fea", kill_on_drop: false }`
[INFO] [stderr]    Compiling pkg-config v0.3.9
[INFO] [stderr]    Compiling libc v0.2.30
[INFO] [stderr]    Compiling bitflags v0.9.1
[INFO] [stderr]    Compiling lazy_static v0.2.8
[INFO] [stderr]    Compiling cairo-rs v0.2.0
[INFO] [stderr]    Compiling gdk-pixbuf v0.2.0
[INFO] [stderr]    Compiling gio v0.2.0
[INFO] [stderr]    Compiling c_vec v1.2.1
[INFO] [stderr]    Compiling gdk v0.6.0
[INFO] [stderr]    Compiling gtk v0.2.0
[INFO] [stderr]    Compiling either v1.1.0
[INFO] [stderr]    Compiling log v0.3.8
[INFO] [stderr]    Compiling itertools v0.5.10
[INFO] [stderr]    Compiling rust-ini v0.10.0
[INFO] [stderr]    Compiling glib-sys v0.4.0
[INFO] [stderr]    Compiling gobject-sys v0.4.0
[INFO] [stderr]    Compiling gio-sys v0.4.0
[INFO] [stderr]    Compiling gdk-pixbuf-sys v0.4.0
[INFO] [stderr]    Compiling cairo-sys-rs v0.4.0
[INFO] [stderr]    Compiling pango-sys v0.4.0
[INFO] [stderr]    Compiling gdk-sys v0.4.0
[INFO] [stderr]    Compiling atk-sys v0.4.0
[INFO] [stderr]    Compiling gtk-sys v0.4.0
[INFO] [stdout] error: linking with `cc` failed: exit status: 1
[INFO] [stdout]   |
[INFO] [stdout]   = note: LC_ALL="C" PATH="/opt/rustwide/rustup-home/toolchains/1.69.0-x86_64-unknown-linux-gnu/lib/rustlib/x86_64-unknown-linux-gnu/bin:/opt/rustwide/cargo-home/bin:/usr/local/sbin:/usr/local/bin:/usr/sbin:/usr/bin:/sbin:/bin" VSLANG="1033" "cc" "-m64" "/tmp/rustcTfWql6/symbols.o" "/opt/rustwide/target/debug/build/gdk-pixbuf-sys-bf534cbc03e08f74/build_script_build-bf534cbc03e08f74.build_script_build.3a905144-cgu.0.rcgu.o" "/opt/rustwide/target/debug/build/gdk-pixbuf-sys-bf534cbc03e08f74/build_script_build-bf534cbc03e08f74.build_script_build.3a905144-cgu.1.rcgu.o" "/opt/rustwide/target/debug/build/gdk-pixbuf-sys-bf534cbc03e08f74/build_script_build-bf534cbc03e08f74.build_script_build.3a905144-cgu.10.rcgu.o" "/opt/rustwide/target/debug/build/gdk-pixbuf-sys-bf534cbc03e08f74/build_script_build-bf534cbc03e08f74.build_script_build.3a905144-cgu.11.rcgu.o" "/opt/rustwide/target/debug/build/gdk-pixbuf-sys-bf534cbc03e08f74/build_script_build-bf534cbc03e08f74.build_script_build.3a905144-cgu.2.rcgu.o" "/opt/rustwide/target/debug/build/gdk-pixbuf-sys-bf534cbc03e08f74/build_script_build-bf534cbc03e08f74.build_script_build.3a905144-cgu.3.rcgu.o" "/opt/rustwide/target/debug/build/gdk-pixbuf-sys-bf534cbc03e08f74/build_script_build-bf534cbc03e08f74.build_script_build.3a905144-cgu.4.rcgu.o" "/opt/rustwide/target/debug/build/gdk-pixbuf-sys-bf534cbc03e08f74/build_script_build-bf534cbc03e08f74.build_script_build.3a905144-cgu.5.rcgu.o" "/opt/rustwide/target/debug/build/gdk-pixbuf-sys-bf534cbc03e08f74/build_script_build-bf534cbc03e08f74.build_script_build.3a905144-cgu.6.rcgu.o" "/opt/rustwide/target/debug/build/gdk-pixbuf-sys-bf534cbc03e08f74/build_script_build-bf534cbc03e08f74.build_script_build.3a905144-cgu.7.rcgu.o" "/opt/rustwide/target/debug/build/gdk-pixbuf-sys-bf534cbc03e08f74/build_script_build-bf534cbc03e08f74.build_script_build.3a905144-cgu.8.rcgu.o" "/opt/rustwide/target/debug/build/gdk-pixbuf-sys-bf534cbc03e08f74/build_script_build-bf534cbc03e08f74.build_script_build.3a905144-cgu.9.rcgu.o" "/opt/rustwide/target/debug/build/gdk-pixbuf-sys-bf534cbc03e08f74/build_script_build-bf534cbc03e08f74.12bmj4lsj2jk7on9.rcgu.o" "-Wl,--as-needed" "-L" "/opt/rustwide/target/debug/deps" "-L" "/opt/rustwide/rustup-home/toolchains/1.69.0-x86_64-unknown-linux-gnu/lib/rustlib/x86_64-unknown-linux-gnu/lib" "-Wl,-Bstatic" "/opt/rustwide/target/debug/deps/libpkg_config-a48db417b86a454e.rlib" "/opt/rustwide/rustup-home/toolchains/1.69.0-x86_64-unknown-linux-gnu/lib/rustlib/x86_64-unknown-linux-gnu/lib/libstd-89bc084783fdc439.rlib" "/opt/rustwide/rustup-home/toolchains/1.69.0-x86_64-unknown-linux-gnu/lib/rustlib/x86_64-unknown-linux-gnu/lib/libpanic_unwind-8bee4b287d4367c1.rlib" "/opt/rustwide/rustup-home/toolchains/1.69.0-x86_64-unknown-linux-gnu/lib/rustlib/x86_64-unknown-linux-gnu/lib/libobject-d61707aed80694c0.rlib" "/opt/rustwide/rustup-home/toolchains/1.69.0-x86_64-unknown-linux-gnu/lib/rustlib/x86_64-unknown-linux-gnu/lib/libmemchr-d85366256f22345b.rlib" "/opt/rustwide/rustup-home/toolchains/1.69.0-x86_64-unknown-linux-gnu/lib/rustlib/x86_64-unknown-linux-gnu/lib/libaddr2line-96069b86b8a8cae9.rlib" "/opt/rustwide/rustup-home/toolchains/1.69.0-x86_64-unknown-linux-gnu/lib/rustlib/x86_64-unknown-linux-gnu/lib/libgimli-d19d53abf68dfa6c.rlib" "/opt/rustwide/rustup-home/toolchains/1.69.0-x86_64-unknown-linux-gnu/lib/rustlib/x86_64-unknown-linux-gnu/lib/librustc_demangle-787cbccd19d64ac6.rlib" "/opt/rustwide/rustup-home/toolchains/1.69.0-x86_64-unknown-linux-gnu/lib/rustlib/x86_64-unknown-linux-gnu/lib/libstd_detect-b3837a36b830e0d0.rlib" "/opt/rustwide/rustup-home/toolchains/1.69.0-x86_64-unknown-linux-gnu/lib/rustlib/x86_64-unknown-linux-gnu/lib/libhashbrown-e3deb0e7e3f04966.rlib" "/opt/rustwide/rustup-home/toolchains/1.69.0-x86_64-unknown-linux-gnu/lib/rustlib/x86_64-unknown-linux-gnu/lib/libminiz_oxide-dabbb79c9815def4.rlib" "/opt/rustwide/rustup-home/toolchains/1.69.0-x86_64-unknown-linux-gnu/lib/rustlib/x86_64-unknown-linux-gnu/lib/libadler-305b01f34c9409f2.rlib" "/opt/rustwide/rustup-home/toolchains/1.69.0-x86_64-unknown-linux-gnu/lib/rustlib/x86_64-unknown-linux-gnu/lib/librustc_std_workspace_alloc-f833521df6074e73.rlib" "/opt/rustwide/rustup-home/toolchains/1.69.0-x86_64-unknown-linux-gnu/lib/rustlib/x86_64-unknown-linux-gnu/lib/libunwind-9ac333113350d171.rlib" "/opt/rustwide/rustup-home/toolchains/1.69.0-x86_64-unknown-linux-gnu/lib/rustlib/x86_64-unknown-linux-gnu/lib/libcfg_if-1c126114322d0eee.rlib" "/opt/rustwide/rustup-home/toolchains/1.69.0-x86_64-unknown-linux-gnu/lib/rustlib/x86_64-unknown-linux-gnu/lib/liblibc-bad9164fdeeecf92.rlib" "/opt/rustwide/rustup-home/toolchains/1.69.0-x86_64-unknown-linux-gnu/lib/rustlib/x86_64-unknown-linux-gnu/lib/liballoc-f9374b1e480fa681.rlib" "/opt/rustwide/rustup-home/toolchains/1.69.0-x86_64-unknown-linux-gnu/lib/rustlib/x86_64-unknown-linux-gnu/lib/librustc_std_workspace_core-207f06e41d9603af.rlib" "/opt/rustwide/rustup-home/toolchains/1.69.0-x86_64-unknown-linux-gnu/lib/rustlib/x86_64-unknown-linux-gnu/lib/libcore-7e2768e66e984e85.rlib" "/opt/rustwide/rustup-home/toolchains/1.69.0-x86_64-unknown-linux-gnu/lib/rustlib/x86_64-unknown-linux-gnu/lib/libcompiler_builtins-957b4aff41f8cd46.rlib" "-Wl,-Bdynamic" "-lgcc_s" "-lutil" "-lrt" "-lpthread" "-lm" "-ldl" "-lc" "-Wl,--eh-frame-hdr" "-Wl,-z,noexecstack" "-L" "/opt/rustwide/rustup-home/toolchains/1.69.0-x86_64-unknown-linux-gnu/lib/rustlib/x86_64-unknown-linux-gnu/lib" "-o" "/opt/rustwide/target/debug/build/gdk-pixbuf-sys-bf534cbc03e08f74/build_script_build-bf534cbc03e08f74" "-Wl,--gc-sections" "-pie" "-Wl,-z,relro,-z,now" "-nodefaultlibs"
[INFO] [stdout]   = note: /usr/bin/ld: final link failed: No space left on device
[INFO] [stdout]           collect2: error: ld returned 1 exit status
[INFO] [stdout]           
[INFO] [stdout] 
[INFO] [stdout] 
[INFO] [stdout] error: aborting due to previous error
[INFO] [stdout] 
[INFO] [stdout] 
[INFO] [stdout] error: linking with `cc` failed: exit status: 1
[INFO] [stdout]   |
[INFO] [stdout]   = note: LC_ALL="C" PATH="/opt/rustwide/rustup-home/toolchains/1.69.0-x86_64-unknown-linux-gnu/lib/rustlib/x86_64-unknown-linux-gnu/bin:/opt/rustwide/cargo-home/bin:/usr/local/sbin:/usr/local/bin:/usr/sbin:/usr/bin:/sbin:/bin" VSLANG="1033" "cc" "-m64" "/tmp/rustcjdRQ01/symbols.o" "/opt/rustwide/target/debug/build/pango-sys-188475dd4212ac19/build_script_build-188475dd4212ac19.build_script_build.b188b709-cgu.0.rcgu.o" "/opt/rustwide/target/debug/build/pango-sys-188475dd4212ac19/build_script_build-188475dd4212ac19.build_script_build.b188b709-cgu.1.rcgu.o" "/opt/rustwide/target/debug/build/pango-sys-188475dd4212ac19/build_script_build-188475dd4212ac19.build_script_build.b188b709-cgu.10.rcgu.o" "/opt/rustwide/target/debug/build/pango-sys-188475dd4212ac19/build_script_build-188475dd4212ac19.build_script_build.b188b709-cgu.11.rcgu.o" "/opt/rustwide/target/debug/build/pango-sys-188475dd4212ac19/build_script_build-188475dd4212ac19.build_script_build.b188b709-cgu.2.rcgu.o" "/opt/rustwide/target/debug/build/pango-sys-188475dd4212ac19/build_script_build-188475dd4212ac19.build_script_build.b188b709-cgu.3.rcgu.o" "/opt/rustwide/target/debug/build/pango-sys-188475dd4212ac19/build_script_build-188475dd4212ac19.build_script_build.b188b709-cgu.4.rcgu.o" "/opt/rustwide/target/debug/build/pango-sys-188475dd4212ac19/build_script_build-188475dd4212ac19.build_script_build.b188b709-cgu.5.rcgu.o" "/opt/rustwide/target/debug/build/pango-sys-188475dd4212ac19/build_script_build-188475dd4212ac19.build_script_build.b188b709-cgu.6.rcgu.o" "/opt/rustwide/target/debug/build/pango-sys-188475dd4212ac19/build_script_build-188475dd4212ac19.build_script_build.b188b709-cgu.7.rcgu.o" "/opt/rustwide/target/debug/build/pango-sys-188475dd4212ac19/build_script_build-188475dd4212ac19.build_script_build.b188b709-cgu.8.rcgu.o" "/opt/rustwide/target/debug/build/pango-sys-188475dd4212ac19/build_script_build-188475dd4212ac19.build_script_build.b188b709-cgu.9.rcgu.o" "/opt/rustwide/target/debug/build/pango-sys-188475dd4212ac19/build_script_build-188475dd4212ac19.4sur49cpnw7hp0pa.rcgu.o" "-Wl,--as-needed" "-L" "/opt/rustwide/target/debug/deps" "-L" "/opt/rustwide/rustup-home/toolchains/1.69.0-x86_64-unknown-linux-gnu/lib/rustlib/x86_64-unknown-linux-gnu/lib" "-Wl,-Bstatic" "/opt/rustwide/target/debug/deps/libpkg_config-a48db417b86a454e.rlib" "/opt/rustwide/rustup-home/toolchains/1.69.0-x86_64-unknown-linux-gnu/lib/rustlib/x86_64-unknown-linux-gnu/lib/libstd-89bc084783fdc439.rlib" "/opt/rustwide/rustup-home/toolchains/1.69.0-x86_64-unknown-linux-gnu/lib/rustlib/x86_64-unknown-linux-gnu/lib/libpanic_unwind-8bee4b287d4367c1.rlib" "/opt/rustwide/rustup-home/toolchains/1.69.0-x86_64-unknown-linux-gnu/lib/rustlib/x86_64-unknown-linux-gnu/lib/libobject-d61707aed80694c0.rlib" "/opt/rustwide/rustup-home/toolchains/1.69.0-x86_64-unknown-linux-gnu/lib/rustlib/x86_64-unknown-linux-gnu/lib/libmemchr-d85366256f22345b.rlib" "/opt/rustwide/rustup-home/toolchains/1.69.0-x86_64-unknown-linux-gnu/lib/rustlib/x86_64-unknown-linux-gnu/lib/libaddr2line-96069b86b8a8cae9.rlib" "/opt/rustwide/rustup-home/toolchains/1.69.0-x86_64-unknown-linux-gnu/lib/rustlib/x86_64-unknown-linux-gnu/lib/libgimli-d19d53abf68dfa6c.rlib" "/opt/rustwide/rustup-home/toolchains/1.69.0-x86_64-unknown-linux-gnu/lib/rustlib/x86_64-unknown-linux-gnu/lib/librustc_demangle-787cbccd19d64ac6.rlib" "/opt/rustwide/rustup-home/toolchains/1.69.0-x86_64-unknown-linux-gnu/lib/rustlib/x86_64-unknown-linux-gnu/lib/libstd_detect-b3837a36b830e0d0.rlib" "/opt/rustwide/rustup-home/toolchains/1.69.0-x86_64-unknown-linux-gnu/lib/rustlib/x86_64-unknown-linux-gnu/lib/libhashbrown-e3deb0e7e3f04966.rlib" "/opt/rustwide/rustup-home/toolchains/1.69.0-x86_64-unknown-linux-gnu/lib/rustlib/x86_64-unknown-linux-gnu/lib/libminiz_oxide-dabbb79c9815def4.rlib" "/opt/rustwide/rustup-home/toolchains/1.69.0-x86_64-unknown-linux-gnu/lib/rustlib/x86_64-unknown-linux-gnu/lib/libadler-305b01f34c9409f2.rlib" "/opt/rustwide/rustup-home/toolchains/1.69.0-x86_64-unknown-linux-gnu/lib/rustlib/x86_64-unknown-linux-gnu/lib/librustc_std_workspace_alloc-f833521df6074e73.rlib" "/opt/rustwide/rustup-home/toolchains/1.69.0-x86_64-unknown-linux-gnu/lib/rustlib/x86_64-unknown-linux-gnu/lib/libunwind-9ac333113350d171.rlib" "/opt/rustwide/rustup-home/toolchains/1.69.0-x86_64-unknown-linux-gnu/lib/rustlib/x86_64-unknown-linux-gnu/lib/libcfg_if-1c126114322d0eee.rlib" "/opt/rustwide/rustup-home/toolchains/1.69.0-x86_64-unknown-linux-gnu/lib/rustlib/x86_64-unknown-linux-gnu/lib/liblibc-bad9164fdeeecf92.rlib" "/opt/rustwide/rustup-home/toolchains/1.69.0-x86_64-unknown-linux-gnu/lib/rustlib/x86_64-unknown-linux-gnu/lib/liballoc-f9374b1e480fa681.rlib" "/opt/rustwide/rustup-home/toolchains/1.69.0-x86_64-unknown-linux-gnu/lib/rustlib/x86_64-unknown-linux-gnu/lib/librustc_std_workspace_core-207f06e41d9603af.rlib" "/opt/rustwide/rustup-home/toolchains/1.69.0-x86_64-unknown-linux-gnu/lib/rustlib/x86_64-unknown-linux-gnu/lib/libcore-7e2768e66e984e85.rlib" "/opt/rustwide/rustup-home/toolchains/1.69.0-x86_64-unknown-linux-gnu/lib/rustlib/x86_64-unknown-linux-gnu/lib/libcompiler_builtins-957b4aff41f8cd46.rlib" "-Wl,-Bdynamic" "-lgcc_s" "-lutil" "-lrt" "-lpthread" "-lm" "-ldl" "-lc" "-Wl,--eh-frame-hdr" "-Wl,-z,noexecstack" "-L" "/opt/rustwide/rustup-home/toolchains/1.69.0-x86_64-unknown-linux-gnu/lib/rustlib/x86_64-unknown-linux-gnu/lib" "-o" "/opt/rustwide/target/debug/build/pango-sys-188475dd4212ac19/build_script_build-188475dd4212ac19" "-Wl,--gc-sections" "-pie" "-Wl,-z,relro,-z,now" "-nodefaultlibs"
[INFO] [stdout]   = note: /usr/bin/ld: final link failed: No space left on device
[INFO] [stdout]           collect2: error: ld returned 1 exit status
[INFO] [stdout]           
[INFO] [stdout] 
[INFO] [stdout] 
[INFO] [stdout] error: aborting due to previous error
[INFO] [stdout] 
[INFO] [stdout] 
[INFO] [stdout] error: linking with `cc` failed: exit status: 1
[INFO] [stdout]   |
[INFO] [stdout]   = note: LC_ALL="C" PATH="/opt/rustwide/rustup-home/toolchains/1.69.0-x86_64-unknown-linux-gnu/lib/rustlib/x86_64-unknown-linux-gnu/bin:/opt/rustwide/cargo-home/bin:/usr/local/sbin:/usr/local/bin:/usr/sbin:/usr/bin:/sbin:/bin" VSLANG="1033" "cc" "-m64" "/tmp/rustcOqS4SY/symbols.o" "/opt/rustwide/target/debug/build/gtk-sys-d0bc56e139fc160e/build_script_build-d0bc56e139fc160e.build_script_build.382940ca-cgu.0.rcgu.o" "/opt/rustwide/target/debug/build/gtk-sys-d0bc56e139fc160e/build_script_build-d0bc56e139fc160e.build_script_build.382940ca-cgu.1.rcgu.o" "/opt/rustwide/target/debug/build/gtk-sys-d0bc56e139fc160e/build_script_build-d0bc56e139fc160e.build_script_build.382940ca-cgu.10.rcgu.o" "/opt/rustwide/target/debug/build/gtk-sys-d0bc56e139fc160e/build_script_build-d0bc56e139fc160e.build_script_build.382940ca-cgu.11.rcgu.o" "/opt/rustwide/target/debug/build/gtk-sys-d0bc56e139fc160e/build_script_build-d0bc56e139fc160e.build_script_build.382940ca-cgu.2.rcgu.o" "/opt/rustwide/target/debug/build/gtk-sys-d0bc56e139fc160e/build_script_build-d0bc56e139fc160e.build_script_build.382940ca-cgu.3.rcgu.o" "/opt/rustwide/target/debug/build/gtk-sys-d0bc56e139fc160e/build_script_build-d0bc56e139fc160e.build_script_build.382940ca-cgu.4.rcgu.o" "/opt/rustwide/target/debug/build/gtk-sys-d0bc56e139fc160e/build_script_build-d0bc56e139fc160e.build_script_build.382940ca-cgu.5.rcgu.o" "/opt/rustwide/target/debug/build/gtk-sys-d0bc56e139fc160e/build_script_build-d0bc56e139fc160e.build_script_build.382940ca-cgu.6.rcgu.o" "/opt/rustwide/target/debug/build/gtk-sys-d0bc56e139fc160e/build_script_build-d0bc56e139fc160e.build_script_build.382940ca-cgu.7.rcgu.o" "/opt/rustwide/target/debug/build/gtk-sys-d0bc56e139fc160e/build_script_build-d0bc56e139fc160e.build_script_build.382940ca-cgu.8.rcgu.o" "/opt/rustwide/target/debug/build/gtk-sys-d0bc56e139fc160e/build_script_build-d0bc56e139fc160e.build_script_build.382940ca-cgu.9.rcgu.o" "/opt/rustwide/target/debug/build/gtk-sys-d0bc56e139fc160e/build_script_build-d0bc56e139fc160e.1zyap6iw19ui2ywl.rcgu.o" "-Wl,--as-needed" "-L" "/opt/rustwide/target/debug/deps" "-L" "/opt/rustwide/rustup-home/toolchains/1.69.0-x86_64-unknown-linux-gnu/lib/rustlib/x86_64-unknown-linux-gnu/lib" "-Wl,-Bstatic" "/opt/rustwide/target/debug/deps/libpkg_config-a48db417b86a454e.rlib" "/opt/rustwide/rustup-home/toolchains/1.69.0-x86_64-unknown-linux-gnu/lib/rustlib/x86_64-unknown-linux-gnu/lib/libstd-89bc084783fdc439.rlib" "/opt/rustwide/rustup-home/toolchains/1.69.0-x86_64-unknown-linux-gnu/lib/rustlib/x86_64-unknown-linux-gnu/lib/libpanic_unwind-8bee4b287d4367c1.rlib" "/opt/rustwide/rustup-home/toolchains/1.69.0-x86_64-unknown-linux-gnu/lib/rustlib/x86_64-unknown-linux-gnu/lib/libobject-d61707aed80694c0.rlib" "/opt/rustwide/rustup-home/toolchains/1.69.0-x86_64-unknown-linux-gnu/lib/rustlib/x86_64-unknown-linux-gnu/lib/libmemchr-d85366256f22345b.rlib" "/opt/rustwide/rustup-home/toolchains/1.69.0-x86_64-unknown-linux-gnu/lib/rustlib/x86_64-unknown-linux-gnu/lib/libaddr2line-96069b86b8a8cae9.rlib" "/opt/rustwide/rustup-home/toolchains/1.69.0-x86_64-unknown-linux-gnu/lib/rustlib/x86_64-unknown-linux-gnu/lib/libgimli-d19d53abf68dfa6c.rlib" "/opt/rustwide/rustup-home/toolchains/1.69.0-x86_64-unknown-linux-gnu/lib/rustlib/x86_64-unknown-linux-gnu/lib/librustc_demangle-787cbccd19d64ac6.rlib" "/opt/rustwide/rustup-home/toolchains/1.69.0-x86_64-unknown-linux-gnu/lib/rustlib/x86_64-unknown-linux-gnu/lib/libstd_detect-b3837a36b830e0d0.rlib" "/opt/rustwide/rustup-home/toolchains/1.69.0-x86_64-unknown-linux-gnu/lib/rustlib/x86_64-unknown-linux-gnu/lib/libhashbrown-e3deb0e7e3f04966.rlib" "/opt/rustwide/rustup-home/toolchains/1.69.0-x86_64-unknown-linux-gnu/lib/rustlib/x86_64-unknown-linux-gnu/lib/libminiz_oxide-dabbb79c9815def4.rlib" "/opt/rustwide/rustup-home/toolchains/1.69.0-x86_64-unknown-linux-gnu/lib/rustlib/x86_64-unknown-linux-gnu/lib/libadler-305b01f34c9409f2.rlib" "/opt/rustwide/rustup-home/toolchains/1.69.0-x86_64-unknown-linux-gnu/lib/rustlib/x86_64-unknown-linux-gnu/lib/librustc_std_workspace_alloc-f833521df6074e73.rlib" "/opt/rustwide/rustup-home/toolchains/1.69.0-x86_64-unknown-linux-gnu/lib/rustlib/x86_64-unknown-linux-gnu/lib/libunwind-9ac333113350d171.rlib" "/opt/rustwide/rustup-home/toolchains/1.69.0-x86_64-unknown-linux-gnu/lib/rustlib/x86_64-unknown-linux-gnu/lib/libcfg_if-1c126114322d0eee.rlib" "/opt/rustwide/rustup-home/toolchains/1.69.0-x86_64-unknown-linux-gnu/lib/rustlib/x86_64-unknown-linux-gnu/lib/liblibc-bad9164fdeeecf92.rlib" "/opt/rustwide/rustup-home/toolchains/1.69.0-x86_64-unknown-linux-gnu/lib/rustlib/x86_64-unknown-linux-gnu/lib/liballoc-f9374b1e480fa681.rlib" "/opt/rustwide/rustup-home/toolchains/1.69.0-x86_64-unknown-linux-gnu/lib/rustlib/x86_64-unknown-linux-gnu/lib/librustc_std_workspace_core-207f06e41d9603af.rlib" "/opt/rustwide/rustup-home/toolchains/1.69.0-x86_64-unknown-linux-gnu/lib/rustlib/x86_64-unknown-linux-gnu/lib/libcore-7e2768e66e984e85.rlib" "/opt/rustwide/rustup-home/toolchains/1.69.0-x86_64-unknown-linux-gnu/lib/rustlib/x86_64-unknown-linux-gnu/lib/libcompiler_builtins-957b4aff41f8cd46.rlib" "-Wl,-Bdynamic" "-lgcc_s" "-lutil" "-lrt" "-lpthread" "-lm" "-ldl" "-lc" "-Wl,--eh-frame-hdr" "-Wl,-z,noexecstack" "-L" "/opt/rustwide/rustup-home/toolchains/1.69.0-x86_64-unknown-linux-gnu/lib/rustlib/x86_64-unknown-linux-gnu/lib" "-o" "/opt/rustwide/target/debug/build/gtk-sys-d0bc56e139fc160e/build_script_build-d0bc56e139fc160e" "-Wl,--gc-sections" "-pie" "-Wl,-z,relro,-z,now" "-nodefaultlibs"
[INFO] [stdout]   = note: /usr/bin/ld: final link failed: No space left on device
[INFO] [stdout]           collect2: error: ld returned 1 exit status
[INFO] [stdout]           
[INFO] [stdout] 
[INFO] [stdout] 
[INFO] [stdout] error: aborting due to previous error
[INFO] [stdout] 
[INFO] [stdout] 
[INFO] [stdout] error: linking with `cc` failed: exit status: 1
[INFO] [stdout]   |
[INFO] [stdout]   = note: LC_ALL="C" PATH="/opt/rustwide/rustup-home/toolchains/1.69.0-x86_64-unknown-linux-gnu/lib/rustlib/x86_64-unknown-linux-gnu/bin:/opt/rustwide/cargo-home/bin:/usr/local/sbin:/usr/local/bin:/usr/sbin:/usr/bin:/sbin:/bin" VSLANG="1033" "cc" "-m64" "/tmp/rustca5d824/symbols.o" "/opt/rustwide/target/debug/build/gobject-sys-822fc4c0701379dc/build_script_build-822fc4c0701379dc.build_script_build.e8e5bc46-cgu.0.rcgu.o" "/opt/rustwide/target/debug/build/gobject-sys-822fc4c0701379dc/build_script_build-822fc4c0701379dc.build_script_build.e8e5bc46-cgu.1.rcgu.o" "/opt/rustwide/target/debug/build/gobject-sys-822fc4c0701379dc/build_script_build-822fc4c0701379dc.build_script_build.e8e5bc46-cgu.10.rcgu.o" "/opt/rustwide/target/debug/build/gobject-sys-822fc4c0701379dc/build_script_build-822fc4c0701379dc.build_script_build.e8e5bc46-cgu.11.rcgu.o" "/opt/rustwide/target/debug/build/gobject-sys-822fc4c0701379dc/build_script_build-822fc4c0701379dc.build_script_build.e8e5bc46-cgu.2.rcgu.o" "/opt/rustwide/target/debug/build/gobject-sys-822fc4c0701379dc/build_script_build-822fc4c0701379dc.build_script_build.e8e5bc46-cgu.3.rcgu.o" "/opt/rustwide/target/debug/build/gobject-sys-822fc4c0701379dc/build_script_build-822fc4c0701379dc.build_script_build.e8e5bc46-cgu.4.rcgu.o" "/opt/rustwide/target/debug/build/gobject-sys-822fc4c0701379dc/build_script_build-822fc4c0701379dc.build_script_build.e8e5bc46-cgu.5.rcgu.o" "/opt/rustwide/target/debug/build/gobject-sys-822fc4c0701379dc/build_script_build-822fc4c0701379dc.build_script_build.e8e5bc46-cgu.6.rcgu.o" "/opt/rustwide/target/debug/build/gobject-sys-822fc4c0701379dc/build_script_build-822fc4c0701379dc.build_script_build.e8e5bc46-cgu.7.rcgu.o" "/opt/rustwide/target/debug/build/gobject-sys-822fc4c0701379dc/build_script_build-822fc4c0701379dc.build_script_build.e8e5bc46-cgu.8.rcgu.o" "/opt/rustwide/target/debug/build/gobject-sys-822fc4c0701379dc/build_script_build-822fc4c0701379dc.build_script_build.e8e5bc46-cgu.9.rcgu.o" "/opt/rustwide/target/debug/build/gobject-sys-822fc4c0701379dc/build_script_build-822fc4c0701379dc.2uqzzlxwcsn54tzl.rcgu.o" "-Wl,--as-needed" "-L" "/opt/rustwide/target/debug/deps" "-L" "/opt/rustwide/rustup-home/toolchains/1.69.0-x86_64-unknown-linux-gnu/lib/rustlib/x86_64-unknown-linux-gnu/lib" "-Wl,-Bstatic" "/opt/rustwide/target/debug/deps/libpkg_config-a48db417b86a454e.rlib" "/opt/rustwide/rustup-home/toolchains/1.69.0-x86_64-unknown-linux-gnu/lib/rustlib/x86_64-unknown-linux-gnu/lib/libstd-89bc084783fdc439.rlib" "/opt/rustwide/rustup-home/toolchains/1.69.0-x86_64-unknown-linux-gnu/lib/rustlib/x86_64-unknown-linux-gnu/lib/libpanic_unwind-8bee4b287d4367c1.rlib" "/opt/rustwide/rustup-home/toolchains/1.69.0-x86_64-unknown-linux-gnu/lib/rustlib/x86_64-unknown-linux-gnu/lib/libobject-d61707aed80694c0.rlib" "/opt/rustwide/rustup-home/toolchains/1.69.0-x86_64-unknown-linux-gnu/lib/rustlib/x86_64-unknown-linux-gnu/lib/libmemchr-d85366256f22345b.rlib" "/opt/rustwide/rustup-home/toolchains/1.69.0-x86_64-unknown-linux-gnu/lib/rustlib/x86_64-unknown-linux-gnu/lib/libaddr2line-96069b86b8a8cae9.rlib" "/opt/rustwide/rustup-home/toolchains/1.69.0-x86_64-unknown-linux-gnu/lib/rustlib/x86_64-unknown-linux-gnu/lib/libgimli-d19d53abf68dfa6c.rlib" "/opt/rustwide/rustup-home/toolchains/1.69.0-x86_64-unknown-linux-gnu/lib/rustlib/x86_64-unknown-linux-gnu/lib/librustc_demangle-787cbccd19d64ac6.rlib" "/opt/rustwide/rustup-home/toolchains/1.69.0-x86_64-unknown-linux-gnu/lib/rustlib/x86_64-unknown-linux-gnu/lib/libstd_detect-b3837a36b830e0d0.rlib" "/opt/rustwide/rustup-home/toolchains/1.69.0-x86_64-unknown-linux-gnu/lib/rustlib/x86_64-unknown-linux-gnu/lib/libhashbrown-e3deb0e7e3f04966.rlib" "/opt/rustwide/rustup-home/toolchains/1.69.0-x86_64-unknown-linux-gnu/lib/rustlib/x86_64-unknown-linux-gnu/lib/libminiz_oxide-dabbb79c9815def4.rlib" "/opt/rustwide/rustup-home/toolchains/1.69.0-x86_64-unknown-linux-gnu/lib/rustlib/x86_64-unknown-linux-gnu/lib/libadler-305b01f34c9409f2.rlib" "/opt/rustwide/rustup-home/toolchains/1.69.0-x86_64-unknown-linux-gnu/lib/rustlib/x86_64-unknown-linux-gnu/lib/librustc_std_workspace_alloc-f833521df6074e73.rlib" "/opt/rustwide/rustup-home/toolchains/1.69.0-x86_64-unknown-linux-gnu/lib/rustlib/x86_64-unknown-linux-gnu/lib/libunwind-9ac333113350d171.rlib" "/opt/rustwide/rustup-home/toolchains/1.69.0-x86_64-unknown-linux-gnu/lib/rustlib/x86_64-unknown-linux-gnu/lib/libcfg_if-1c126114322d0eee.rlib" "/opt/rustwide/rustup-home/toolchains/1.69.0-x86_64-unknown-linux-gnu/lib/rustlib/x86_64-unknown-linux-gnu/lib/liblibc-bad9164fdeeecf92.rlib" "/opt/rustwide/rustup-home/toolchains/1.69.0-x86_64-unknown-linux-gnu/lib/rustlib/x86_64-unknown-linux-gnu/lib/liballoc-f9374b1e480fa681.rlib" "/opt/rustwide/rustup-home/toolchains/1.69.0-x86_64-unknown-linux-gnu/lib/rustlib/x86_64-unknown-linux-gnu/lib/librustc_std_workspace_core-207f06e41d9603af.rlib" "/opt/rustwide/rustup-home/toolchains/1.69.0-x86_64-unknown-linux-gnu/lib/rustlib/x86_64-unknown-linux-gnu/lib/libcore-7e2768e66e984e85.rlib" "/opt/rustwide/rustup-home/toolchains/1.69.0-x86_64-unknown-linux-gnu/lib/rustlib/x86_64-unknown-linux-gnu/lib/libcompiler_builtins-957b4aff41f8cd46.rlib" "-Wl,-Bdynamic" "-lgcc_s" "-lutil" "-lrt" "-lpthread" "-lm" "-ldl" "-lc" "-Wl,--eh-frame-hdr" "-Wl,-z,noexecstack" "-L" "/opt/rustwide/rustup-home/toolchains/1.69.0-x86_64-unknown-linux-gnu/lib/rustlib/x86_64-unknown-linux-gnu/lib" "-o" "/opt/rustwide/target/debug/build/gobject-sys-822fc4c0701379dc/build_script_build-822fc4c0701379dc" "-Wl,--gc-sections" "-pie" "-Wl,-z,relro,-z,now" "-nodefaultlibs"
[INFO] [stdout]   = note: /usr/bin/ld: final link failed: No space left on device
[INFO] [stdout]           collect2: error: ld returned 1 exit status
[INFO] [stdout]           
[INFO] [stdout] 
[INFO] [stdout] 
[INFO] [stdout] error: aborting due to previous error
[INFO] [stdout] 
[INFO] [stdout] 
[INFO] [stdout] error: linking with `cc` failed: exit status: 1
[INFO] [stdout]   |
[INFO] [stdout]   = note: LC_ALL="C" PATH="/opt/rustwide/rustup-home/toolchains/1.69.0-x86_64-unknown-linux-gnu/lib/rustlib/x86_64-unknown-linux-gnu/bin:/opt/rustwide/cargo-home/bin:/usr/local/sbin:/usr/local/bin:/usr/sbin:/usr/bin:/sbin:/bin" VSLANG="1033" "cc" "-m64" "/tmp/rustcopEl0m/symbols.o" "/opt/rustwide/target/debug/build/gdk-sys-0f3c8c8668c9800e/build_script_build-0f3c8c8668c9800e.build_script_build.52d10f32-cgu.0.rcgu.o" "/opt/rustwide/target/debug/build/gdk-sys-0f3c8c8668c9800e/build_script_build-0f3c8c8668c9800e.build_script_build.52d10f32-cgu.1.rcgu.o" "/opt/rustwide/target/debug/build/gdk-sys-0f3c8c8668c9800e/build_script_build-0f3c8c8668c9800e.build_script_build.52d10f32-cgu.10.rcgu.o" "/opt/rustwide/target/debug/build/gdk-sys-0f3c8c8668c9800e/build_script_build-0f3c8c8668c9800e.build_script_build.52d10f32-cgu.11.rcgu.o" "/opt/rustwide/target/debug/build/gdk-sys-0f3c8c8668c9800e/build_script_build-0f3c8c8668c9800e.build_script_build.52d10f32-cgu.2.rcgu.o" "/opt/rustwide/target/debug/build/gdk-sys-0f3c8c8668c9800e/build_script_build-0f3c8c8668c9800e.build_script_build.52d10f32-cgu.3.rcgu.o" "/opt/rustwide/target/debug/build/gdk-sys-0f3c8c8668c9800e/build_script_build-0f3c8c8668c9800e.build_script_build.52d10f32-cgu.4.rcgu.o" "/opt/rustwide/target/debug/build/gdk-sys-0f3c8c8668c9800e/build_script_build-0f3c8c8668c9800e.build_script_build.52d10f32-cgu.5.rcgu.o" "/opt/rustwide/target/debug/build/gdk-sys-0f3c8c8668c9800e/build_script_build-0f3c8c8668c9800e.build_script_build.52d10f32-cgu.6.rcgu.o" "/opt/rustwide/target/debug/build/gdk-sys-0f3c8c8668c9800e/build_script_build-0f3c8c8668c9800e.build_script_build.52d10f32-cgu.7.rcgu.o" "/opt/rustwide/target/debug/build/gdk-sys-0f3c8c8668c9800e/build_script_build-0f3c8c8668c9800e.build_script_build.52d10f32-cgu.8.rcgu.o" "/opt/rustwide/target/debug/build/gdk-sys-0f3c8c8668c9800e/build_script_build-0f3c8c8668c9800e.build_script_build.52d10f32-cgu.9.rcgu.o" "/opt/rustwide/target/debug/build/gdk-sys-0f3c8c8668c9800e/build_script_build-0f3c8c8668c9800e.2ob937kil2jmktp6.rcgu.o" "-Wl,--as-needed" "-L" "/opt/rustwide/target/debug/deps" "-L" "/opt/rustwide/rustup-home/toolchains/1.69.0-x86_64-unknown-linux-gnu/lib/rustlib/x86_64-unknown-linux-gnu/lib" "-Wl,-Bstatic" "/opt/rustwide/target/debug/deps/libpkg_config-a48db417b86a454e.rlib" "/opt/rustwide/rustup-home/toolchains/1.69.0-x86_64-unknown-linux-gnu/lib/rustlib/x86_64-unknown-linux-gnu/lib/libstd-89bc084783fdc439.rlib" "/opt/rustwide/rustup-home/toolchains/1.69.0-x86_64-unknown-linux-gnu/lib/rustlib/x86_64-unknown-linux-gnu/lib/libpanic_unwind-8bee4b287d4367c1.rlib" "/opt/rustwide/rustup-home/toolchains/1.69.0-x86_64-unknown-linux-gnu/lib/rustlib/x86_64-unknown-linux-gnu/lib/libobject-d61707aed80694c0.rlib" "/opt/rustwide/rustup-home/toolchains/1.69.0-x86_64-unknown-linux-gnu/lib/rustlib/x86_64-unknown-linux-gnu/lib/libmemchr-d85366256f22345b.rlib" "/opt/rustwide/rustup-home/toolchains/1.69.0-x86_64-unknown-linux-gnu/lib/rustlib/x86_64-unknown-linux-gnu/lib/libaddr2line-96069b86b8a8cae9.rlib" "/opt/rustwide/rustup-home/toolchains/1.69.0-x86_64-unknown-linux-gnu/lib/rustlib/x86_64-unknown-linux-gnu/lib/libgimli-d19d53abf68dfa6c.rlib" "/opt/rustwide/rustup-home/toolchains/1.69.0-x86_64-unknown-linux-gnu/lib/rustlib/x86_64-unknown-linux-gnu/lib/librustc_demangle-787cbccd19d64ac6.rlib" "/opt/rustwide/rustup-home/toolchains/1.69.0-x86_64-unknown-linux-gnu/lib/rustlib/x86_64-unknown-linux-gnu/lib/libstd_detect-b3837a36b830e0d0.rlib" "/opt/rustwide/rustup-home/toolchains/1.69.0-x86_64-unknown-linux-gnu/lib/rustlib/x86_64-unknown-linux-gnu/lib/libhashbrown-e3deb0e7e3f04966.rlib" "/opt/rustwide/rustup-home/toolchains/1.69.0-x86_64-unknown-linux-gnu/lib/rustlib/x86_64-unknown-linux-gnu/lib/libminiz_oxide-dabbb79c9815def4.rlib" "/opt/rustwide/rustup-home/toolchains/1.69.0-x86_64-unknown-linux-gnu/lib/rustlib/x86_64-unknown-linux-gnu/lib/libadler-305b01f34c9409f2.rlib" "/opt/rustwide/rustup-home/toolchains/1.69.0-x86_64-unknown-linux-gnu/lib/rustlib/x86_64-unknown-linux-gnu/lib/librustc_std_workspace_alloc-f833521df6074e73.rlib" "/opt/rustwide/rustup-home/toolchains/1.69.0-x86_64-unknown-linux-gnu/lib/rustlib/x86_64-unknown-linux-gnu/lib/libunwind-9ac333113350d171.rlib" "/opt/rustwide/rustup-home/toolchains/1.69.0-x86_64-unknown-linux-gnu/lib/rustlib/x86_64-unknown-linux-gnu/lib/libcfg_if-1c126114322d0eee.rlib" "/opt/rustwide/rustup-home/toolchains/1.69.0-x86_64-unknown-linux-gnu/lib/rustlib/x86_64-unknown-linux-gnu/lib/liblibc-bad9164fdeeecf92.rlib" "/opt/rustwide/rustup-home/toolchains/1.69.0-x86_64-unknown-linux-gnu/lib/rustlib/x86_64-unknown-linux-gnu/lib/liballoc-f9374b1e480fa681.rlib" "/opt/rustwide/rustup-home/toolchains/1.69.0-x86_64-unknown-linux-gnu/lib/rustlib/x86_64-unknown-linux-gnu/lib/librustc_std_workspace_core-207f06e41d9603af.rlib" "/opt/rustwide/rustup-home/toolchains/1.69.0-x86_64-unknown-linux-gnu/lib/rustlib/x86_64-unknown-linux-gnu/lib/libcore-7e2768e66e984e85.rlib" "/opt/rustwide/rustup-home/toolchains/1.69.0-x86_64-unknown-linux-gnu/lib/rustlib/x86_64-unknown-linux-gnu/lib/libcompiler_builtins-957b4aff41f8cd46.rlib" "-Wl,-Bdynamic" "-lgcc_s" "-lutil" "-lrt" "-lpthread" "-lm" "-ldl" "-lc" "-Wl,--eh-frame-hdr" "-Wl,-z,noexecstack" "-L" "/opt/rustwide/rustup-home/toolchains/1.69.0-x86_64-unknown-linux-gnu/lib/rustlib/x86_64-unknown-linux-gnu/lib" "-o" "/opt/rustwide/target/debug/build/gdk-sys-0f3c8c8668c9800e/build_script_build-0f3c8c8668c9800e" "-Wl,--gc-sections" "-pie" "-Wl,-z,relro,-z,now" "-nodefaultlibs"
[INFO] [stdout]   = note: /usr/bin/ld: final link failed: No space left on device
[INFO] [stdout]           collect2: error: ld returned 1 exit status
[INFO] [stdout]           
[INFO] [stdout] 
[INFO] [stdout] 
[INFO] [stdout] error: aborting due to previous error
[INFO] [stdout] 
[INFO] [stdout] 
[INFO] [stderr] error: could not compile `pango-sys` due to 2 previous errors
[INFO] [stdout] error: linking with `cc` failed: exit status: 1
[INFO] [stdout]   |
[INFO] [stdout]   = note: LC_ALL="C" PATH="/opt/rustwide/rustup-home/toolchains/1.69.0-x86_64-unknown-linux-gnu/lib/rustlib/x86_64-unknown-linux-gnu/bin:/opt/rustwide/cargo-home/bin:/usr/local/sbin:/usr/local/bin:/usr/sbin:/usr/bin:/sbin:/bin" VSLANG="1033" "cc" "-m64" "/tmp/rustcytZDVJ/symbols.o" "/opt/rustwide/target/debug/build/atk-sys-001502fab06cfc58/build_script_build-001502fab06cfc58.build_script_build.8f18fe5e-cgu.0.rcgu.o" "/opt/rustwide/target/debug/build/atk-sys-001502fab06cfc58/build_script_build-001502fab06cfc58.build_script_build.8f18fe5e-cgu.1.rcgu.o" "/opt/rustwide/target/debug/build/atk-sys-001502fab06cfc58/build_script_build-001502fab06cfc58.build_script_build.8f18fe5e-cgu.10.rcgu.o" "/opt/rustwide/target/debug/build/atk-sys-001502fab06cfc58/build_script_build-001502fab06cfc58.build_script_build.8f18fe5e-cgu.11.rcgu.o" "/opt/rustwide/target/debug/build/atk-sys-001502fab06cfc58/build_script_build-001502fab06cfc58.build_script_build.8f18fe5e-cgu.2.rcgu.o" "/opt/rustwide/target/debug/build/atk-sys-001502fab06cfc58/build_script_build-001502fab06cfc58.build_script_build.8f18fe5e-cgu.3.rcgu.o" "/opt/rustwide/target/debug/build/atk-sys-001502fab06cfc58/build_script_build-001502fab06cfc58.build_script_build.8f18fe5e-cgu.4.rcgu.o" "/opt/rustwide/target/debug/build/atk-sys-001502fab06cfc58/build_script_build-001502fab06cfc58.build_script_build.8f18fe5e-cgu.5.rcgu.o" "/opt/rustwide/target/debug/build/atk-sys-001502fab06cfc58/build_script_build-001502fab06cfc58.build_script_build.8f18fe5e-cgu.6.rcgu.o" "/opt/rustwide/target/debug/build/atk-sys-001502fab06cfc58/build_script_build-001502fab06cfc58.build_script_build.8f18fe5e-cgu.7.rcgu.o" "/opt/rustwide/target/debug/build/atk-sys-001502fab06cfc58/build_script_build-001502fab06cfc58.build_script_build.8f18fe5e-cgu.8.rcgu.o" "/opt/rustwide/target/debug/build/atk-sys-001502fab06cfc58/build_script_build-001502fab06cfc58.build_script_build.8f18fe5e-cgu.9.rcgu.o" "/opt/rustwide/target/debug/build/atk-sys-001502fab06cfc58/build_script_build-001502fab06cfc58.va4cxm6igxjri92.rcgu.o" "-Wl,--as-needed" "-L" "/opt/rustwide/target/debug/deps" "-L" "/opt/rustwide/rustup-home/toolchains/1.69.0-x86_64-unknown-linux-gnu/lib/rustlib/x86_64-unknown-linux-gnu/lib" "-Wl,-Bstatic" "/opt/rustwide/target/debug/deps/libpkg_config-a48db417b86a454e.rlib" "/opt/rustwide/rustup-home/toolchains/1.69.0-x86_64-unknown-linux-gnu/lib/rustlib/x86_64-unknown-linux-gnu/lib/libstd-89bc084783fdc439.rlib" "/opt/rustwide/rustup-home/toolchains/1.69.0-x86_64-unknown-linux-gnu/lib/rustlib/x86_64-unknown-linux-gnu/lib/libpanic_unwind-8bee4b287d4367c1.rlib" "/opt/rustwide/rustup-home/toolchains/1.69.0-x86_64-unknown-linux-gnu/lib/rustlib/x86_64-unknown-linux-gnu/lib/libobject-d61707aed80694c0.rlib" "/opt/rustwide/rustup-home/toolchains/1.69.0-x86_64-unknown-linux-gnu/lib/rustlib/x86_64-unknown-linux-gnu/lib/libmemchr-d85366256f22345b.rlib" "/opt/rustwide/rustup-home/toolchains/1.69.0-x86_64-unknown-linux-gnu/lib/rustlib/x86_64-unknown-linux-gnu/lib/libaddr2line-96069b86b8a8cae9.rlib" "/opt/rustwide/rustup-home/toolchains/1.69.0-x86_64-unknown-linux-gnu/lib/rustlib/x86_64-unknown-linux-gnu/lib/libgimli-d19d53abf68dfa6c.rlib" "/opt/rustwide/rustup-home/toolchains/1.69.0-x86_64-unknown-linux-gnu/lib/rustlib/x86_64-unknown-linux-gnu/lib/librustc_demangle-787cbccd19d64ac6.rlib" "/opt/rustwide/rustup-home/toolchains/1.69.0-x86_64-unknown-linux-gnu/lib/rustlib/x86_64-unknown-linux-gnu/lib/libstd_detect-b3837a36b830e0d0.rlib" "/opt/rustwide/rustup-home/toolchains/1.69.0-x86_64-unknown-linux-gnu/lib/rustlib/x86_64-unknown-linux-gnu/lib/libhashbrown-e3deb0e7e3f04966.rlib" "/opt/rustwide/rustup-home/toolchains/1.69.0-x86_64-unknown-linux-gnu/lib/rustlib/x86_64-unknown-linux-gnu/lib/libminiz_oxide-dabbb79c9815def4.rlib" "/opt/rustwide/rustup-home/toolchains/1.69.0-x86_64-unknown-linux-gnu/lib/rustlib/x86_64-unknown-linux-gnu/lib/libadler-305b01f34c9409f2.rlib" "/opt/rustwide/rustup-home/toolchains/1.69.0-x86_64-unknown-linux-gnu/lib/rustlib/x86_64-unknown-linux-gnu/lib/librustc_std_workspace_alloc-f833521df6074e73.rlib" "/opt/rustwide/rustup-home/toolchains/1.69.0-x86_64-unknown-linux-gnu/lib/rustlib/x86_64-unknown-linux-gnu/lib/libunwind-9ac333113350d171.rlib" "/opt/rustwide/rustup-home/toolchains/1.69.0-x86_64-unknown-linux-gnu/lib/rustlib/x86_64-unknown-linux-gnu/lib/libcfg_if-1c126114322d0eee.rlib" "/opt/rustwide/rustup-home/toolchains/1.69.0-x86_64-unknown-linux-gnu/lib/rustlib/x86_64-unknown-linux-gnu/lib/liblibc-bad9164fdeeecf92.rlib" "/opt/rustwide/rustup-home/toolchains/1.69.0-x86_64-unknown-linux-gnu/lib/rustlib/x86_64-unknown-linux-gnu/lib/liballoc-f9374b1e480fa681.rlib" "/opt/rustwide/rustup-home/toolchains/1.69.0-x86_64-unknown-linux-gnu/lib/rustlib/x86_64-unknown-linux-gnu/lib/librustc_std_workspace_core-207f06e41d9603af.rlib" "/opt/rustwide/rustup-home/toolchains/1.69.0-x86_64-unknown-linux-gnu/lib/rustlib/x86_64-unknown-linux-gnu/lib/libcore-7e2768e66e984e85.rlib" "/opt/rustwide/rustup-home/toolchains/1.69.0-x86_64-unknown-linux-gnu/lib/rustlib/x86_64-unknown-linux-gnu/lib/libcompiler_builtins-957b4aff41f8cd46.rlib" "-Wl,-Bdynamic" "-lgcc_s" "-lutil" "-lrt" "-lpthread" "-lm" "-ldl" "-lc" "-Wl,--eh-frame-hdr" "-Wl,-z,noexecstack" "-L" "/opt/rustwide/rustup-home/toolchains/1.69.0-x86_64-unknown-linux-gnu/lib/rustlib/x86_64-unknown-linux-gnu/lib" "-o" "/opt/rustwide/target/debug/build/atk-sys-001502fab06cfc58/build_script_build-001502fab06cfc58" "-Wl,--gc-sections" "-pie" "-Wl,-z,relro,-z,now" "-nodefaultlibs"
[INFO] [stdout]   = note: /usr/bin/ld: final link failed: No space left on device
[INFO] [stdout]           collect2: error: ld returned 1 exit status
[INFO] [stdout]           
[INFO] [stdout] 
[INFO] [stdout] 
[INFO] [stderr] warning: build failed, waiting for other jobs to finish...
[INFO] [stdout] error: aborting due to previous error
[INFO] [stdout] 
[INFO] [stdout] 
[INFO] [stderr] error: could not compile `gdk-pixbuf-sys` due to 2 previous errors
[INFO] [stderr] error: could not compile `gtk-sys` due to 2 previous errors
[INFO] [stderr] error: could not compile `gobject-sys` due to 2 previous errors
[INFO] [stderr] error: could not compile `gdk-sys` due to 2 previous errors
[INFO] [stderr] error: could not compile `atk-sys` due to 2 previous errors
[INFO] [stdout] error: linking with `cc` failed: exit status: 1
[INFO] [stdout]   |
[INFO] [stdout]   = note: LC_ALL="C" PATH="/opt/rustwide/rustup-home/toolchains/1.69.0-x86_64-unknown-linux-gnu/lib/rustlib/x86_64-unknown-linux-gnu/bin:/opt/rustwide/cargo-home/bin:/usr/local/sbin:/usr/local/bin:/usr/sbin:/usr/bin:/sbin:/bin" VSLANG="1033" "cc" "-m64" "/tmp/rustc9uuLKh/symbols.o" "/opt/rustwide/target/debug/build/glib-sys-d0ed6a576f575337/build_script_build-d0ed6a576f575337.build_script_build.c552d54a-cgu.0.rcgu.o" "/opt/rustwide/target/debug/build/glib-sys-d0ed6a576f575337/build_script_build-d0ed6a576f575337.build_script_build.c552d54a-cgu.1.rcgu.o" "/opt/rustwide/target/debug/build/glib-sys-d0ed6a576f575337/build_script_build-d0ed6a576f575337.build_script_build.c552d54a-cgu.10.rcgu.o" "/opt/rustwide/target/debug/build/glib-sys-d0ed6a576f575337/build_script_build-d0ed6a576f575337.build_script_build.c552d54a-cgu.11.rcgu.o" "/opt/rustwide/target/debug/build/glib-sys-d0ed6a576f575337/build_script_build-d0ed6a576f575337.build_script_build.c552d54a-cgu.2.rcgu.o" "/opt/rustwide/target/debug/build/glib-sys-d0ed6a576f575337/build_script_build-d0ed6a576f575337.build_script_build.c552d54a-cgu.3.rcgu.o" "/opt/rustwide/target/debug/build/glib-sys-d0ed6a576f575337/build_script_build-d0ed6a576f575337.build_script_build.c552d54a-cgu.4.rcgu.o" "/opt/rustwide/target/debug/build/glib-sys-d0ed6a576f575337/build_script_build-d0ed6a576f575337.build_script_build.c552d54a-cgu.5.rcgu.o" "/opt/rustwide/target/debug/build/glib-sys-d0ed6a576f575337/build_script_build-d0ed6a576f575337.build_script_build.c552d54a-cgu.6.rcgu.o" "/opt/rustwide/target/debug/build/glib-sys-d0ed6a576f575337/build_script_build-d0ed6a576f575337.build_script_build.c552d54a-cgu.7.rcgu.o" "/opt/rustwide/target/debug/build/glib-sys-d0ed6a576f575337/build_script_build-d0ed6a576f575337.build_script_build.c552d54a-cgu.8.rcgu.o" "/opt/rustwide/target/debug/build/glib-sys-d0ed6a576f575337/build_script_build-d0ed6a576f575337.build_script_build.c552d54a-cgu.9.rcgu.o" "/opt/rustwide/target/debug/build/glib-sys-d0ed6a576f575337/build_script_build-d0ed6a576f575337.2yasxjdvkqaetu8c.rcgu.o" "-Wl,--as-needed" "-L" "/opt/rustwide/target/debug/deps" "-L" "/opt/rustwide/rustup-home/toolchains/1.69.0-x86_64-unknown-linux-gnu/lib/rustlib/x86_64-unknown-linux-gnu/lib" "-Wl,-Bstatic" "/opt/rustwide/target/debug/deps/libpkg_config-a48db417b86a454e.rlib" "/opt/rustwide/rustup-home/toolchains/1.69.0-x86_64-unknown-linux-gnu/lib/rustlib/x86_64-unknown-linux-gnu/lib/libstd-89bc084783fdc439.rlib" "/opt/rustwide/rustup-home/toolchains/1.69.0-x86_64-unknown-linux-gnu/lib/rustlib/x86_64-unknown-linux-gnu/lib/libpanic_unwind-8bee4b287d4367c1.rlib" "/opt/rustwide/rustup-home/toolchains/1.69.0-x86_64-unknown-linux-gnu/lib/rustlib/x86_64-unknown-linux-gnu/lib/libobject-d61707aed80694c0.rlib" "/opt/rustwide/rustup-home/toolchains/1.69.0-x86_64-unknown-linux-gnu/lib/rustlib/x86_64-unknown-linux-gnu/lib/libmemchr-d85366256f22345b.rlib" "/opt/rustwide/rustup-home/toolchains/1.69.0-x86_64-unknown-linux-gnu/lib/rustlib/x86_64-unknown-linux-gnu/lib/libaddr2line-96069b86b8a8cae9.rlib" "/opt/rustwide/rustup-home/toolchains/1.69.0-x86_64-unknown-linux-gnu/lib/rustlib/x86_64-unknown-linux-gnu/lib/libgimli-d19d53abf68dfa6c.rlib" "/opt/rustwide/rustup-home/toolchains/1.69.0-x86_64-unknown-linux-gnu/lib/rustlib/x86_64-unknown-linux-gnu/lib/librustc_demangle-787cbccd19d64ac6.rlib" "/opt/rustwide/rustup-home/toolchains/1.69.0-x86_64-unknown-linux-gnu/lib/rustlib/x86_64-unknown-linux-gnu/lib/libstd_detect-b3837a36b830e0d0.rlib" "/opt/rustwide/rustup-home/toolchains/1.69.0-x86_64-unknown-linux-gnu/lib/rustlib/x86_64-unknown-linux-gnu/lib/libhashbrown-e3deb0e7e3f04966.rlib" "/opt/rustwide/rustup-home/toolchains/1.69.0-x86_64-unknown-linux-gnu/lib/rustlib/x86_64-unknown-linux-gnu/lib/libminiz_oxide-dabbb79c9815def4.rlib" "/opt/rustwide/rustup-home/toolchains/1.69.0-x86_64-unknown-linux-gnu/lib/rustlib/x86_64-unknown-linux-gnu/lib/libadler-305b01f34c9409f2.rlib" "/opt/rustwide/rustup-home/toolchains/1.69.0-x86_64-unknown-linux-gnu/lib/rustlib/x86_64-unknown-linux-gnu/lib/librustc_std_workspace_alloc-f833521df6074e73.rlib" "/opt/rustwide/rustup-home/toolchains/1.69.0-x86_64-unknown-linux-gnu/lib/rustlib/x86_64-unknown-linux-gnu/lib/libunwind-9ac333113350d171.rlib" "/opt/rustwide/rustup-home/toolchains/1.69.0-x86_64-unknown-linux-gnu/lib/rustlib/x86_64-unknown-linux-gnu/lib/libcfg_if-1c126114322d0eee.rlib" "/opt/rustwide/rustup-home/toolchains/1.69.0-x86_64-unknown-linux-gnu/lib/rustlib/x86_64-unknown-linux-gnu/lib/liblibc-bad9164fdeeecf92.rlib" "/opt/rustwide/rustup-home/toolchains/1.69.0-x86_64-unknown-linux-gnu/lib/rustlib/x86_64-unknown-linux-gnu/lib/liballoc-f9374b1e480fa681.rlib" "/opt/rustwide/rustup-home/toolchains/1.69.0-x86_64-unknown-linux-gnu/lib/rustlib/x86_64-unknown-linux-gnu/lib/librustc_std_workspace_core-207f06e41d9603af.rlib" "/opt/rustwide/rustup-home/toolchains/1.69.0-x86_64-unknown-linux-gnu/lib/rustlib/x86_64-unknown-linux-gnu/lib/libcore-7e2768e66e984e85.rlib" "/opt/rustwide/rustup-home/toolchains/1.69.0-x86_64-unknown-linux-gnu/lib/rustlib/x86_64-unknown-linux-gnu/lib/libcompiler_builtins-957b4aff41f8cd46.rlib" "-Wl,-Bdynamic" "-lgcc_s" "-lutil" "-lrt" "-lpthread" "-lm" "-ldl" "-lc" "-Wl,--eh-frame-hdr" "-Wl,-z,noexecstack" "-L" "/opt/rustwide/rustup-home/toolchains/1.69.0-x86_64-unknown-linux-gnu/lib/rustlib/x86_64-unknown-linux-gnu/lib" "-o" "/opt/rustwide/target/debug/build/glib-sys-d0ed6a576f575337/build_script_build-d0ed6a576f575337" "-Wl,--gc-sections" "-pie" "-Wl,-z,relro,-z,now" "-nodefaultlibs"
[INFO] [stdout]   = note: /usr/bin/ld: final link failed: No space left on device
[INFO] [stdout]           collect2: error: ld returned 1 exit status
[INFO] [stdout]           
[INFO] [stdout] 
[INFO] [stdout] 
[INFO] [stdout] error: aborting due to previous error
[INFO] [stdout] 
[INFO] [stdout] 
[INFO] [stderr] error: could not compile `glib-sys` due to 2 previous errors
[INFO] [stdout] error: failed to write /tmp/rustcnXvqnp/lib.rmeta: No space left on device (os error 28)
[INFO] [stdout] 
[INFO] [stdout] 
[INFO] [stderr] error: could not compile `itertools` due to previous error
[INFO] running `Command { std: "docker" "inspect" "a35080bdc45323dfe1731fb06598b1df84c5565316c7c281f8e87c6d32511fea", kill_on_drop: false }`
[INFO] running `Command { std: "docker" "rm" "-f" "a35080bdc45323dfe1731fb06598b1df84c5565316c7c281f8e87c6d32511fea", kill_on_drop: false }`
[INFO] [stdout] a35080bdc45323dfe1731fb06598b1df84c5565316c7c281f8e87c6d32511fea
