[INFO] cloning repository https://github.com/barzamin/hecate
[INFO] running `Command { std: "git" "-c" "credential.helper=" "-c" "credential.helper=/workspace/cargo-home/bin/git-credential-null" "clone" "--bare" "https://github.com/barzamin/hecate" "/workspace/cache/git-repos/https%3A%2F%2Fgithub.com%2Fbarzamin%2Fhecate", kill_on_drop: false }`
[INFO] [stderr] Cloning into bare repository '/workspace/cache/git-repos/https%3A%2F%2Fgithub.com%2Fbarzamin%2Fhecate'...
[INFO] [stderr] /workspace/cache/git-repos/https%3A%2F%2Fgithub.com%2Fbarzamin%2Fhecate: No space left on device
[WARN] Retrying crate fetch in 3 seconds (attempt 1)
[INFO] cloning repository https://github.com/barzamin/hecate
[INFO] running `Command { std: "git" "-c" "credential.helper=" "-c" "credential.helper=/workspace/cargo-home/bin/git-credential-null" "clone" "--bare" "https://github.com/barzamin/hecate" "/workspace/cache/git-repos/https%3A%2F%2Fgithub.com%2Fbarzamin%2Fhecate", kill_on_drop: false }`
[INFO] [stderr] Cloning into bare repository '/workspace/cache/git-repos/https%3A%2F%2Fgithub.com%2Fbarzamin%2Fhecate'...
[INFO] [stderr] /workspace/cache/git-repos/https%3A%2F%2Fgithub.com%2Fbarzamin%2Fhecate: No space left on device
[WARN] Retrying crate fetch in 3 seconds (attempt 2)
[INFO] cloning repository https://github.com/barzamin/hecate
[INFO] running `Command { std: "git" "-c" "credential.helper=" "-c" "credential.helper=/workspace/cargo-home/bin/git-credential-null" "clone" "--bare" "https://github.com/barzamin/hecate" "/workspace/cache/git-repos/https%3A%2F%2Fgithub.com%2Fbarzamin%2Fhecate", kill_on_drop: false }`
[INFO] [stderr] Cloning into bare repository '/workspace/cache/git-repos/https%3A%2F%2Fgithub.com%2Fbarzamin%2Fhecate'...
[INFO] [stderr] /workspace/cache/git-repos/https%3A%2F%2Fgithub.com%2Fbarzamin%2Fhecate: No space left on device
[WARN] Retrying crate fetch in 3 seconds (attempt 3)
[INFO] cloning repository https://github.com/barzamin/hecate
[INFO] running `Command { std: "git" "-c" "credential.helper=" "-c" "credential.helper=/workspace/cargo-home/bin/git-credential-null" "clone" "--bare" "https://github.com/barzamin/hecate" "/workspace/cache/git-repos/https%3A%2F%2Fgithub.com%2Fbarzamin%2Fhecate", kill_on_drop: false }`
[INFO] [stderr] Cloning into bare repository '/workspace/cache/git-repos/https%3A%2F%2Fgithub.com%2Fbarzamin%2Fhecate'...
[INFO] [stderr] /workspace/cache/git-repos/https%3A%2F%2Fgithub.com%2Fbarzamin%2Fhecate: No space left on device
[WARN] Retrying crate fetch in 3 seconds (attempt 4)
[INFO] cloning repository https://github.com/barzamin/hecate
[INFO] running `Command { std: "git" "-c" "credential.helper=" "-c" "credential.helper=/workspace/cargo-home/bin/git-credential-null" "clone" "--bare" "https://github.com/barzamin/hecate" "/workspace/cache/git-repos/https%3A%2F%2Fgithub.com%2Fbarzamin%2Fhecate", kill_on_drop: false }`
[INFO] [stderr] Cloning into bare repository '/workspace/cache/git-repos/https%3A%2F%2Fgithub.com%2Fbarzamin%2Fhecate'...
[INFO] [stderr] error: file write error: No space left on device
[INFO] [stderr] fatal: unable to write loose object file
[INFO] [stderr] fatal: unpack-objects failed
[WARN] Retrying crate fetch in 3 seconds (attempt 5)
[INFO] cloning repository https://github.com/barzamin/hecate
[INFO] running `Command { std: "git" "-c" "credential.helper=" "-c" "credential.helper=/workspace/cargo-home/bin/git-credential-null" "clone" "--bare" "https://github.com/barzamin/hecate" "/workspace/cache/git-repos/https%3A%2F%2Fgithub.com%2Fbarzamin%2Fhecate", kill_on_drop: false }`
[INFO] [stderr] Cloning into bare repository '/workspace/cache/git-repos/https%3A%2F%2Fgithub.com%2Fbarzamin%2Fhecate'...
[INFO] [stderr] /workspace/cache/git-repos/https%3A%2F%2Fgithub.com%2Fbarzamin%2Fhecate: No space left on device
[WARN] Retrying crate fetch in 3 seconds (attempt 6)
[INFO] cloning repository https://github.com/barzamin/hecate
[INFO] running `Command { std: "git" "-c" "credential.helper=" "-c" "credential.helper=/workspace/cargo-home/bin/git-credential-null" "clone" "--bare" "https://github.com/barzamin/hecate" "/workspace/cache/git-repos/https%3A%2F%2Fgithub.com%2Fbarzamin%2Fhecate", kill_on_drop: false }`
[INFO] [stderr] Cloning into bare repository '/workspace/cache/git-repos/https%3A%2F%2Fgithub.com%2Fbarzamin%2Fhecate'...
[INFO] [stderr] /workspace/cache/git-repos/https%3A%2F%2Fgithub.com%2Fbarzamin%2Fhecate: No space left on device
[WARN] Retrying crate fetch in 3 seconds (attempt 7)
[INFO] cloning repository https://github.com/barzamin/hecate
[INFO] running `Command { std: "git" "-c" "credential.helper=" "-c" "credential.helper=/workspace/cargo-home/bin/git-credential-null" "clone" "--bare" "https://github.com/barzamin/hecate" "/workspace/cache/git-repos/https%3A%2F%2Fgithub.com%2Fbarzamin%2Fhecate", kill_on_drop: false }`
[INFO] [stderr] Cloning into bare repository '/workspace/cache/git-repos/https%3A%2F%2Fgithub.com%2Fbarzamin%2Fhecate'...
[INFO] [stderr] /workspace/cache/git-repos/https%3A%2F%2Fgithub.com%2Fbarzamin%2Fhecate: No space left on device
[WARN] Retrying crate fetch in 3 seconds (attempt 8)
[INFO] cloning repository https://github.com/barzamin/hecate
[INFO] running `Command { std: "git" "-c" "credential.helper=" "-c" "credential.helper=/workspace/cargo-home/bin/git-credential-null" "clone" "--bare" "https://github.com/barzamin/hecate" "/workspace/cache/git-repos/https%3A%2F%2Fgithub.com%2Fbarzamin%2Fhecate", kill_on_drop: false }`
[INFO] [stderr] Cloning into bare repository '/workspace/cache/git-repos/https%3A%2F%2Fgithub.com%2Fbarzamin%2Fhecate'...
[INFO] [stderr] /workspace/cache/git-repos/https%3A%2F%2Fgithub.com%2Fbarzamin%2Fhecate: No space left on device
[WARN] Retrying crate fetch in 3 seconds (attempt 9)
[INFO] cloning repository https://github.com/barzamin/hecate
[INFO] running `Command { std: "git" "-c" "credential.helper=" "-c" "credential.helper=/workspace/cargo-home/bin/git-credential-null" "clone" "--bare" "https://github.com/barzamin/hecate" "/workspace/cache/git-repos/https%3A%2F%2Fgithub.com%2Fbarzamin%2Fhecate", kill_on_drop: false }`
[INFO] [stderr] Cloning into bare repository '/workspace/cache/git-repos/https%3A%2F%2Fgithub.com%2Fbarzamin%2Fhecate'...
[INFO] [stderr] /workspace/cache/git-repos/https%3A%2F%2Fgithub.com%2Fbarzamin%2Fhecate: No space left on device
[WARN] Retrying crate fetch in 3 seconds (attempt 10)
[INFO] cloning repository https://github.com/barzamin/hecate
[INFO] running `Command { std: "git" "-c" "credential.helper=" "-c" "credential.helper=/workspace/cargo-home/bin/git-credential-null" "clone" "--bare" "https://github.com/barzamin/hecate" "/workspace/cache/git-repos/https%3A%2F%2Fgithub.com%2Fbarzamin%2Fhecate", kill_on_drop: false }`
[INFO] [stderr] Cloning into bare repository '/workspace/cache/git-repos/https%3A%2F%2Fgithub.com%2Fbarzamin%2Fhecate'...
[INFO] running `Command { std: "git" "rev-parse" "HEAD", kill_on_drop: false }`
[INFO] [stdout] a3a8d8c11c5b2ba79a67cbd64eb005117af8526c
[INFO] testing barzamin/hecate against 1.69.0 for beta-1.70-1
[INFO] running `Command { std: "git" "clone" "/workspace/cache/git-repos/https%3A%2F%2Fgithub.com%2Fbarzamin%2Fhecate" "/workspace/builds/worker-6-tc1/source", kill_on_drop: false }`
[INFO] [stderr] Cloning into '/workspace/builds/worker-6-tc1/source'...
[INFO] [stderr] done.
[INFO] validating manifest of git repo https://github.com/barzamin/hecate on toolchain 1.69.0
[INFO] running `Command { std: CARGO_HOME="/workspace/cargo-home" RUSTUP_HOME="/workspace/rustup-home" "/workspace/cargo-home/bin/cargo" "+1.69.0" "metadata" "--manifest-path" "Cargo.toml" "--no-deps", kill_on_drop: false }`
[INFO] started tweaking git repo https://github.com/barzamin/hecate
[INFO] finished tweaking git repo https://github.com/barzamin/hecate
[INFO] tweaked toml for git repo https://github.com/barzamin/hecate written to /workspace/builds/worker-6-tc1/source/Cargo.toml
[INFO] crate git repo https://github.com/barzamin/hecate already has a lockfile, it will not be regenerated
[INFO] running `Command { std: CARGO_HOME="/workspace/cargo-home" RUSTUP_HOME="/workspace/rustup-home" "/workspace/cargo-home/bin/cargo" "+1.69.0" "fetch" "--manifest-path" "Cargo.toml", kill_on_drop: false }`
[INFO] [stderr]  Downloading crates ...
[INFO] [stderr]   Downloaded tokio-macros v1.5.1
[INFO] [stderr]   Downloaded tokio v1.13.0
[INFO] [stderr]   Downloaded irc-proto v0.15.0
[INFO] [stderr]   Downloaded irc v0.15.0
[INFO] running `Command { std: "docker" "create" "-v" "/var/lib/crater-agent-workspace/builds/worker-6-tc1/target:/opt/rustwide/target:rw,Z" "-v" "/var/lib/crater-agent-workspace/builds/worker-6-tc1/source:/opt/rustwide/workdir:ro,Z" "-v" "/var/lib/crater-agent-workspace/cargo-home:/opt/rustwide/cargo-home:ro,Z" "-v" "/var/lib/crater-agent-workspace/rustup-home:/opt/rustwide/rustup-home:ro,Z" "-e" "SOURCE_DIR=/opt/rustwide/workdir" "-e" "CARGO_TARGET_DIR=/opt/rustwide/target" "-e" "CARGO_HOME=/opt/rustwide/cargo-home" "-e" "RUSTUP_HOME=/opt/rustwide/rustup-home" "-w" "/opt/rustwide/workdir" "-m" "1610612736" "--user" "0:0" "--network" "none" "ghcr.io/rust-lang/crates-build-env/linux@sha256:97d61d7686bf65f8ecb15491ab51835e82dc9176a96a831f143a431b191fc501" "/opt/rustwide/cargo-home/bin/cargo" "+1.69.0" "metadata" "--no-deps" "--format-version=1", kill_on_drop: false }`
[INFO] [stdout] 39410c9466e55f845505d3504fded14cf9457229c07335d9c4e6ae8b13474f2d
[INFO] running `Command { std: "docker" "start" "-a" "39410c9466e55f845505d3504fded14cf9457229c07335d9c4e6ae8b13474f2d", kill_on_drop: false }`
[INFO] running `Command { std: "docker" "inspect" "39410c9466e55f845505d3504fded14cf9457229c07335d9c4e6ae8b13474f2d", kill_on_drop: false }`
[INFO] running `Command { std: "docker" "rm" "-f" "39410c9466e55f845505d3504fded14cf9457229c07335d9c4e6ae8b13474f2d", kill_on_drop: false }`
[INFO] [stdout] 39410c9466e55f845505d3504fded14cf9457229c07335d9c4e6ae8b13474f2d
[INFO] running `Command { std: "docker" "create" "-v" "/var/lib/crater-agent-workspace/builds/worker-6-tc1/target:/opt/rustwide/target:rw,Z" "-v" "/var/lib/crater-agent-workspace/builds/worker-6-tc1/source:/opt/rustwide/workdir:ro,Z" "-v" "/var/lib/crater-agent-workspace/cargo-home:/opt/rustwide/cargo-home:ro,Z" "-v" "/var/lib/crater-agent-workspace/rustup-home:/opt/rustwide/rustup-home:ro,Z" "-e" "SOURCE_DIR=/opt/rustwide/workdir" "-e" "CARGO_TARGET_DIR=/opt/rustwide/target" "-e" "CARGO_INCREMENTAL=0" "-e" "RUST_BACKTRACE=full" "-e" "RUSTFLAGS=--cap-lints=warn" "-e" "RUSTDOCFLAGS=--cap-lints=warn" "-e" "CARGO_HOME=/opt/rustwide/cargo-home" "-e" "RUSTUP_HOME=/opt/rustwide/rustup-home" "-w" "/opt/rustwide/workdir" "-m" "1610612736" "--user" "0:0" "--network" "none" "ghcr.io/rust-lang/crates-build-env/linux@sha256:97d61d7686bf65f8ecb15491ab51835e82dc9176a96a831f143a431b191fc501" "/opt/rustwide/cargo-home/bin/cargo" "+1.69.0" "build" "--frozen" "--message-format=json", kill_on_drop: false }`
[INFO] [stdout] a9b56c4db6a0a0c34e23df9e771fa143e18a418e190dd27458845eb3b7768aff
[INFO] running `Command { std: "docker" "start" "-a" "a9b56c4db6a0a0c34e23df9e771fa143e18a418e190dd27458845eb3b7768aff", kill_on_drop: false }`
[INFO] [stderr]    Compiling autocfg v1.0.1
[INFO] [stderr]    Compiling proc-macro2 v1.0.32
[INFO] [stderr]    Compiling unicode-xid v0.2.2
[INFO] [stderr]    Compiling syn v1.0.81
[INFO] [stderr]    Compiling libc v0.2.107
[INFO] [stderr]    Compiling cfg-if v1.0.0
[INFO] [stderr]    Compiling log v0.4.14
[INFO] [stderr]    Compiling memchr v2.4.1
[INFO] [stderr]    Compiling once_cell v1.8.0
[INFO] [stderr]    Compiling pin-project-lite v0.2.7
[INFO] [stderr]    Compiling smallvec v1.7.0
[INFO] [stderr]    Compiling cc v1.0.72
[INFO] [stderr]    Compiling parking_lot_core v0.8.5
[INFO] [stderr]    Compiling serde_derive v1.0.130
[INFO] [stderr]    Compiling lazy_static v1.4.0
[INFO] [stderr]    Compiling serde v1.0.130
[INFO] [stderr]    Compiling instant v0.1.12
[INFO] [stderr]    Compiling futures-core v0.3.17
[INFO] [stderr]    Compiling scopeguard v1.1.0
[INFO] [stderr]    Compiling bytes v1.1.0
[INFO] [stderr]    Compiling tracing-core v0.1.21
[INFO] [stderr]    Compiling lock_api v0.4.5
[INFO] [stderr]    Compiling pkg-config v0.3.22
[INFO] [stderr]    Compiling proc-macro-hack v0.5.19
[INFO] [stderr]    Compiling ryu v1.0.5
[INFO] [stdout] error: linking with `cc` failed: exit status: 1
[INFO] [stdout]   |
[INFO] [stdout]   = note: LC_ALL="C" PATH="/opt/rustwide/rustup-home/toolchains/1.69.0-x86_64-unknown-linux-gnu/lib/rustlib/x86_64-unknown-linux-gnu/bin:/opt/rustwide/cargo-home/bin:/usr/local/sbin:/usr/local/bin:/usr/sbin:/usr/bin:/sbin:/bin" VSLANG="1033" "cc" "-m64" "/tmp/rustcELH2tI/symbols.o" "/opt/rustwide/target/debug/build/futures-core-0a8eebc9d1e19509/build_script_build-0a8eebc9d1e19509.build_script_build.7a171200-cgu.0.rcgu.o" "/opt/rustwide/target/debug/build/futures-core-0a8eebc9d1e19509/build_script_build-0a8eebc9d1e19509.build_script_build.7a171200-cgu.1.rcgu.o" "/opt/rustwide/target/debug/build/futures-core-0a8eebc9d1e19509/build_script_build-0a8eebc9d1e19509.build_script_build.7a171200-cgu.10.rcgu.o" "/opt/rustwide/target/debug/build/futures-core-0a8eebc9d1e19509/build_script_build-0a8eebc9d1e19509.build_script_build.7a171200-cgu.11.rcgu.o" "/opt/rustwide/target/debug/build/futures-core-0a8eebc9d1e19509/build_script_build-0a8eebc9d1e19509.build_script_build.7a171200-cgu.12.rcgu.o" "/opt/rustwide/target/debug/build/futures-core-0a8eebc9d1e19509/build_script_build-0a8eebc9d1e19509.build_script_build.7a171200-cgu.13.rcgu.o" "/opt/rustwide/target/debug/build/futures-core-0a8eebc9d1e19509/build_script_build-0a8eebc9d1e19509.build_script_build.7a171200-cgu.14.rcgu.o" "/opt/rustwide/target/debug/build/futures-core-0a8eebc9d1e19509/build_script_build-0a8eebc9d1e19509.build_script_build.7a171200-cgu.15.rcgu.o" "/opt/rustwide/target/debug/build/futures-core-0a8eebc9d1e19509/build_script_build-0a8eebc9d1e19509.build_script_build.7a171200-cgu.2.rcgu.o" "/opt/rustwide/target/debug/build/futures-core-0a8eebc9d1e19509/build_script_build-0a8eebc9d1e19509.build_script_build.7a171200-cgu.3.rcgu.o" "/opt/rustwide/target/debug/build/futures-core-0a8eebc9d1e19509/build_script_build-0a8eebc9d1e19509.build_script_build.7a171200-cgu.4.rcgu.o" "/opt/rustwide/target/debug/build/futures-core-0a8eebc9d1e19509/build_script_build-0a8eebc9d1e19509.build_script_build.7a171200-cgu.5.rcgu.o" "/opt/rustwide/target/debug/build/futures-core-0a8eebc9d1e19509/build_script_build-0a8eebc9d1e19509.build_script_build.7a171200-cgu.6.rcgu.o" "/opt/rustwide/target/debug/build/futures-core-0a8eebc9d1e19509/build_script_build-0a8eebc9d1e19509.build_script_build.7a171200-cgu.7.rcgu.o" "/opt/rustwide/target/debug/build/futures-core-0a8eebc9d1e19509/build_script_build-0a8eebc9d1e19509.build_script_build.7a171200-cgu.8.rcgu.o" "/opt/rustwide/target/debug/build/futures-core-0a8eebc9d1e19509/build_script_build-0a8eebc9d1e19509.build_script_build.7a171200-cgu.9.rcgu.o" "/opt/rustwide/target/debug/build/futures-core-0a8eebc9d1e19509/build_script_build-0a8eebc9d1e19509.5djs19nrqd1m5f7t.rcgu.o" "-Wl,--as-needed" "-L" "/opt/rustwide/target/debug/deps" "-L" "/opt/rustwide/rustup-home/toolchains/1.69.0-x86_64-unknown-linux-gnu/lib/rustlib/x86_64-unknown-linux-gnu/lib" "-Wl,-Bstatic" "/opt/rustwide/rustup-home/toolchains/1.69.0-x86_64-unknown-linux-gnu/lib/rustlib/x86_64-unknown-linux-gnu/lib/libstd-89bc084783fdc439.rlib" "/opt/rustwide/rustup-home/toolchains/1.69.0-x86_64-unknown-linux-gnu/lib/rustlib/x86_64-unknown-linux-gnu/lib/libpanic_unwind-8bee4b287d4367c1.rlib" "/opt/rustwide/rustup-home/toolchains/1.69.0-x86_64-unknown-linux-gnu/lib/rustlib/x86_64-unknown-linux-gnu/lib/libobject-d61707aed80694c0.rlib" "/opt/rustwide/rustup-home/toolchains/1.69.0-x86_64-unknown-linux-gnu/lib/rustlib/x86_64-unknown-linux-gnu/lib/libmemchr-d85366256f22345b.rlib" "/opt/rustwide/rustup-home/toolchains/1.69.0-x86_64-unknown-linux-gnu/lib/rustlib/x86_64-unknown-linux-gnu/lib/libaddr2line-96069b86b8a8cae9.rlib" "/opt/rustwide/rustup-home/toolchains/1.69.0-x86_64-unknown-linux-gnu/lib/rustlib/x86_64-unknown-linux-gnu/lib/libgimli-d19d53abf68dfa6c.rlib" "/opt/rustwide/rustup-home/toolchains/1.69.0-x86_64-unknown-linux-gnu/lib/rustlib/x86_64-unknown-linux-gnu/lib/librustc_demangle-787cbccd19d64ac6.rlib" "/opt/rustwide/rustup-home/toolchains/1.69.0-x86_64-unknown-linux-gnu/lib/rustlib/x86_64-unknown-linux-gnu/lib/libstd_detect-b3837a36b830e0d0.rlib" "/opt/rustwide/rustup-home/toolchains/1.69.0-x86_64-unknown-linux-gnu/lib/rustlib/x86_64-unknown-linux-gnu/lib/libhashbrown-e3deb0e7e3f04966.rlib" "/opt/rustwide/rustup-home/toolchains/1.69.0-x86_64-unknown-linux-gnu/lib/rustlib/x86_64-unknown-linux-gnu/lib/libminiz_oxide-dabbb79c9815def4.rlib" "/opt/rustwide/rustup-home/toolchains/1.69.0-x86_64-unknown-linux-gnu/lib/rustlib/x86_64-unknown-linux-gnu/lib/libadler-305b01f34c9409f2.rlib" "/opt/rustwide/rustup-home/toolchains/1.69.0-x86_64-unknown-linux-gnu/lib/rustlib/x86_64-unknown-linux-gnu/lib/librustc_std_workspace_alloc-f833521df6074e73.rlib" "/opt/rustwide/rustup-home/toolchains/1.69.0-x86_64-unknown-linux-gnu/lib/rustlib/x86_64-unknown-linux-gnu/lib/libunwind-9ac333113350d171.rlib" "/opt/rustwide/rustup-home/toolchains/1.69.0-x86_64-unknown-linux-gnu/lib/rustlib/x86_64-unknown-linux-gnu/lib/libcfg_if-1c126114322d0eee.rlib" "/opt/rustwide/rustup-home/toolchains/1.69.0-x86_64-unknown-linux-gnu/lib/rustlib/x86_64-unknown-linux-gnu/lib/liblibc-bad9164fdeeecf92.rlib" "/opt/rustwide/rustup-home/toolchains/1.69.0-x86_64-unknown-linux-gnu/lib/rustlib/x86_64-unknown-linux-gnu/lib/liballoc-f9374b1e480fa681.rlib" "/opt/rustwide/rustup-home/toolchains/1.69.0-x86_64-unknown-linux-gnu/lib/rustlib/x86_64-unknown-linux-gnu/lib/librustc_std_workspace_core-207f06e41d9603af.rlib" "/opt/rustwide/rustup-home/toolchains/1.69.0-x86_64-unknown-linux-gnu/lib/rustlib/x86_64-unknown-linux-gnu/lib/libcore-7e2768e66e984e85.rlib" "/opt/rustwide/rustup-home/toolchains/1.69.0-x86_64-unknown-linux-gnu/lib/rustlib/x86_64-unknown-linux-gnu/lib/libcompiler_builtins-957b4aff41f8cd46.rlib" "-Wl,-Bdynamic" "-lgcc_s" "-lutil" "-lrt" "-lpthread" "-lm" "-ldl" "-lc" "-Wl,--eh-frame-hdr" "-Wl,-z,noexecstack" "-L" "/opt/rustwide/rustup-home/toolchains/1.69.0-x86_64-unknown-linux-gnu/lib/rustlib/x86_64-unknown-linux-gnu/lib" "-o" "/opt/rustwide/target/debug/build/futures-core-0a8eebc9d1e19509/build_script_build-0a8eebc9d1e19509" "-Wl,--gc-sections" "-pie" "-Wl,-z,relro,-z,now" "-nodefaultlibs"
[INFO] [stdout]   = note: /usr/bin/ld: final link failed: No space left on device
[INFO] [stdout]           collect2: error: ld returned 1 exit status
[INFO] [stdout]           
[INFO] [stdout] 
[INFO] [stdout] 
[INFO] [stdout] error: aborting due to previous error
[INFO] [stdout] 
[INFO] [stdout] 
[INFO] [stdout] error: linking with `cc` failed: exit status: 1
[INFO] [stdout]   |
[INFO] [stdout]   = note: LC_ALL="C" PATH="/opt/rustwide/rustup-home/toolchains/1.69.0-x86_64-unknown-linux-gnu/lib/rustlib/x86_64-unknown-linux-gnu/bin:/opt/rustwide/cargo-home/bin:/usr/local/sbin:/usr/local/bin:/usr/sbin:/usr/bin:/sbin:/bin" VSLANG="1033" "cc" "-m64" "/tmp/rustcsgKUWf/symbols.o" "/opt/rustwide/target/debug/build/memchr-a307e17eaf48757f/build_script_build-a307e17eaf48757f.build_script_build.df567cbc-cgu.0.rcgu.o" "/opt/rustwide/target/debug/build/memchr-a307e17eaf48757f/build_script_build-a307e17eaf48757f.build_script_build.df567cbc-cgu.1.rcgu.o" "/opt/rustwide/target/debug/build/memchr-a307e17eaf48757f/build_script_build-a307e17eaf48757f.build_script_build.df567cbc-cgu.10.rcgu.o" "/opt/rustwide/target/debug/build/memchr-a307e17eaf48757f/build_script_build-a307e17eaf48757f.build_script_build.df567cbc-cgu.11.rcgu.o" "/opt/rustwide/target/debug/build/memchr-a307e17eaf48757f/build_script_build-a307e17eaf48757f.build_script_build.df567cbc-cgu.12.rcgu.o" "/opt/rustwide/target/debug/build/memchr-a307e17eaf48757f/build_script_build-a307e17eaf48757f.build_script_build.df567cbc-cgu.13.rcgu.o" "/opt/rustwide/target/debug/build/memchr-a307e17eaf48757f/build_script_build-a307e17eaf48757f.build_script_build.df567cbc-cgu.14.rcgu.o" "/opt/rustwide/target/debug/build/memchr-a307e17eaf48757f/build_script_build-a307e17eaf48757f.build_script_build.df567cbc-cgu.15.rcgu.o" "/opt/rustwide/target/debug/build/memchr-a307e17eaf48757f/build_script_build-a307e17eaf48757f.build_script_build.df567cbc-cgu.2.rcgu.o" "/opt/rustwide/target/debug/build/memchr-a307e17eaf48757f/build_script_build-a307e17eaf48757f.build_script_build.df567cbc-cgu.3.rcgu.o" "/opt/rustwide/target/debug/build/memchr-a307e17eaf48757f/build_script_build-a307e17eaf48757f.build_script_build.df567cbc-cgu.4.rcgu.o" "/opt/rustwide/target/debug/build/memchr-a307e17eaf48757f/build_script_build-a307e17eaf48757f.build_script_build.df567cbc-cgu.5.rcgu.o" "/opt/rustwide/target/debug/build/memchr-a307e17eaf48757f/build_script_build-a307e17eaf48757f.build_script_build.df567cbc-cgu.6.rcgu.o" "/opt/rustwide/target/debug/build/memchr-a307e17eaf48757f/build_script_build-a307e17eaf48757f.build_script_build.df567cbc-cgu.7.rcgu.o" "/opt/rustwide/target/debug/build/memchr-a307e17eaf48757f/build_script_build-a307e17eaf48757f.build_script_build.df567cbc-cgu.8.rcgu.o" "/opt/rustwide/target/debug/build/memchr-a307e17eaf48757f/build_script_build-a307e17eaf48757f.build_script_build.df567cbc-cgu.9.rcgu.o" "/opt/rustwide/target/debug/build/memchr-a307e17eaf48757f/build_script_build-a307e17eaf48757f.48uw4cpcv37a8kl2.rcgu.o" "-Wl,--as-needed" "-L" "/opt/rustwide/target/debug/deps" "-L" "/opt/rustwide/rustup-home/toolchains/1.69.0-x86_64-unknown-linux-gnu/lib/rustlib/x86_64-unknown-linux-gnu/lib" "-Wl,-Bstatic" "/opt/rustwide/rustup-home/toolchains/1.69.0-x86_64-unknown-linux-gnu/lib/rustlib/x86_64-unknown-linux-gnu/lib/libstd-89bc084783fdc439.rlib" "/opt/rustwide/rustup-home/toolchains/1.69.0-x86_64-unknown-linux-gnu/lib/rustlib/x86_64-unknown-linux-gnu/lib/libpanic_unwind-8bee4b287d4367c1.rlib" "/opt/rustwide/rustup-home/toolchains/1.69.0-x86_64-unknown-linux-gnu/lib/rustlib/x86_64-unknown-linux-gnu/lib/libobject-d61707aed80694c0.rlib" "/opt/rustwide/rustup-home/toolchains/1.69.0-x86_64-unknown-linux-gnu/lib/rustlib/x86_64-unknown-linux-gnu/lib/libmemchr-d85366256f22345b.rlib" "/opt/rustwide/rustup-home/toolchains/1.69.0-x86_64-unknown-linux-gnu/lib/rustlib/x86_64-unknown-linux-gnu/lib/libaddr2line-96069b86b8a8cae9.rlib" "/opt/rustwide/rustup-home/toolchains/1.69.0-x86_64-unknown-linux-gnu/lib/rustlib/x86_64-unknown-linux-gnu/lib/libgimli-d19d53abf68dfa6c.rlib" "/opt/rustwide/rustup-home/toolchains/1.69.0-x86_64-unknown-linux-gnu/lib/rustlib/x86_64-unknown-linux-gnu/lib/librustc_demangle-787cbccd19d64ac6.rlib" "/opt/rustwide/rustup-home/toolchains/1.69.0-x86_64-unknown-linux-gnu/lib/rustlib/x86_64-unknown-linux-gnu/lib/libstd_detect-b3837a36b830e0d0.rlib" "/opt/rustwide/rustup-home/toolchains/1.69.0-x86_64-unknown-linux-gnu/lib/rustlib/x86_64-unknown-linux-gnu/lib/libhashbrown-e3deb0e7e3f04966.rlib" "/opt/rustwide/rustup-home/toolchains/1.69.0-x86_64-unknown-linux-gnu/lib/rustlib/x86_64-unknown-linux-gnu/lib/libminiz_oxide-dabbb79c9815def4.rlib" "/opt/rustwide/rustup-home/toolchains/1.69.0-x86_64-unknown-linux-gnu/lib/rustlib/x86_64-unknown-linux-gnu/lib/libadler-305b01f34c9409f2.rlib" "/opt/rustwide/rustup-home/toolchains/1.69.0-x86_64-unknown-linux-gnu/lib/rustlib/x86_64-unknown-linux-gnu/lib/librustc_std_workspace_alloc-f833521df6074e73.rlib" "/opt/rustwide/rustup-home/toolchains/1.69.0-x86_64-unknown-linux-gnu/lib/rustlib/x86_64-unknown-linux-gnu/lib/libunwind-9ac333113350d171.rlib" "/opt/rustwide/rustup-home/toolchains/1.69.0-x86_64-unknown-linux-gnu/lib/rustlib/x86_64-unknown-linux-gnu/lib/libcfg_if-1c126114322d0eee.rlib" "/opt/rustwide/rustup-home/toolchains/1.69.0-x86_64-unknown-linux-gnu/lib/rustlib/x86_64-unknown-linux-gnu/lib/liblibc-bad9164fdeeecf92.rlib" "/opt/rustwide/rustup-home/toolchains/1.69.0-x86_64-unknown-linux-gnu/lib/rustlib/x86_64-unknown-linux-gnu/lib/liballoc-f9374b1e480fa681.rlib" "/opt/rustwide/rustup-home/toolchains/1.69.0-x86_64-unknown-linux-gnu/lib/rustlib/x86_64-unknown-linux-gnu/lib/librustc_std_workspace_core-207f06e41d9603af.rlib" "/opt/rustwide/rustup-home/toolchains/1.69.0-x86_64-unknown-linux-gnu/lib/rustlib/x86_64-unknown-linux-gnu/lib/libcore-7e2768e66e984e85.rlib" "/opt/rustwide/rustup-home/toolchains/1.69.0-x86_64-unknown-linux-gnu/lib/rustlib/x86_64-unknown-linux-gnu/lib/libcompiler_builtins-957b4aff41f8cd46.rlib" "-Wl,-Bdynamic" "-lgcc_s" "-lutil" "-lrt" "-lpthread" "-lm" "-ldl" "-lc" "-Wl,--eh-frame-hdr" "-Wl,-z,noexecstack" "-L" "/opt/rustwide/rustup-home/toolchains/1.69.0-x86_64-unknown-linux-gnu/lib/rustlib/x86_64-unknown-linux-gnu/lib" "-o" "/opt/rustwide/target/debug/build/memchr-a307e17eaf48757f/build_script_build-a307e17eaf48757f" "-Wl,--gc-sections" "-pie" "-Wl,-z,relro,-z,now" "-nodefaultlibs"
[INFO] [stdout]   = note: /usr/bin/ld: final link failed: No space left on device
[INFO] [stdout]           collect2: error: ld returned 1 exit status
[INFO] [stdout]           
[INFO] [stdout] 
[INFO] [stdout] 
[INFO] [stdout] error: aborting due to previous error
[INFO] [stdout] 
[INFO] [stdout] 
[INFO] [stdout] error: linking with `cc` failed: exit status: 1
[INFO] [stdout]   |
[INFO] [stdout]   = note: LC_ALL="C" PATH="/opt/rustwide/rustup-home/toolchains/1.69.0-x86_64-unknown-linux-gnu/lib/rustlib/x86_64-unknown-linux-gnu/bin:/opt/rustwide/cargo-home/bin:/usr/local/sbin:/usr/local/bin:/usr/sbin:/usr/bin:/sbin:/bin" VSLANG="1033" "cc" "-m64" "/tmp/rustcLZyswU/symbols.o" "/opt/rustwide/target/debug/build/serde_derive-c8a8737f32a8bc9d/build_script_build-c8a8737f32a8bc9d.build_script_build.6347e5da-cgu.0.rcgu.o" "/opt/rustwide/target/debug/build/serde_derive-c8a8737f32a8bc9d/build_script_build-c8a8737f32a8bc9d.build_script_build.6347e5da-cgu.1.rcgu.o" "/opt/rustwide/target/debug/build/serde_derive-c8a8737f32a8bc9d/build_script_build-c8a8737f32a8bc9d.build_script_build.6347e5da-cgu.10.rcgu.o" "/opt/rustwide/target/debug/build/serde_derive-c8a8737f32a8bc9d/build_script_build-c8a8737f32a8bc9d.build_script_build.6347e5da-cgu.11.rcgu.o" "/opt/rustwide/target/debug/build/serde_derive-c8a8737f32a8bc9d/build_script_build-c8a8737f32a8bc9d.build_script_build.6347e5da-cgu.12.rcgu.o" "/opt/rustwide/target/debug/build/serde_derive-c8a8737f32a8bc9d/build_script_build-c8a8737f32a8bc9d.build_script_build.6347e5da-cgu.13.rcgu.o" "/opt/rustwide/target/debug/build/serde_derive-c8a8737f32a8bc9d/build_script_build-c8a8737f32a8bc9d.build_script_build.6347e5da-cgu.14.rcgu.o" "/opt/rustwide/target/debug/build/serde_derive-c8a8737f32a8bc9d/build_script_build-c8a8737f32a8bc9d.build_script_build.6347e5da-cgu.15.rcgu.o" "/opt/rustwide/target/debug/build/serde_derive-c8a8737f32a8bc9d/build_script_build-c8a8737f32a8bc9d.build_script_build.6347e5da-cgu.2.rcgu.o" "/opt/rustwide/target/debug/build/serde_derive-c8a8737f32a8bc9d/build_script_build-c8a8737f32a8bc9d.build_script_build.6347e5da-cgu.3.rcgu.o" "/opt/rustwide/target/debug/build/serde_derive-c8a8737f32a8bc9d/build_script_build-c8a8737f32a8bc9d.build_script_build.6347e5da-cgu.4.rcgu.o" "/opt/rustwide/target/debug/build/serde_derive-c8a8737f32a8bc9d/build_script_build-c8a8737f32a8bc9d.build_script_build.6347e5da-cgu.5.rcgu.o" "/opt/rustwide/target/debug/build/serde_derive-c8a8737f32a8bc9d/build_script_build-c8a8737f32a8bc9d.build_script_build.6347e5da-cgu.6.rcgu.o" "/opt/rustwide/target/debug/build/serde_derive-c8a8737f32a8bc9d/build_script_build-c8a8737f32a8bc9d.build_script_build.6347e5da-cgu.7.rcgu.o" "/opt/rustwide/target/debug/build/serde_derive-c8a8737f32a8bc9d/build_script_build-c8a8737f32a8bc9d.build_script_build.6347e5da-cgu.8.rcgu.o" "/opt/rustwide/target/debug/build/serde_derive-c8a8737f32a8bc9d/build_script_build-c8a8737f32a8bc9d.build_script_build.6347e5da-cgu.9.rcgu.o" "/opt/rustwide/target/debug/build/serde_derive-c8a8737f32a8bc9d/build_script_build-c8a8737f32a8bc9d.3l5r0zi3pb5d8k55.rcgu.o" "-Wl,--as-needed" "-L" "/opt/rustwide/target/debug/deps" "-L" "/opt/rustwide/rustup-home/toolchains/1.69.0-x86_64-unknown-linux-gnu/lib/rustlib/x86_64-unknown-linux-gnu/lib" "-Wl,-Bstatic" "/opt/rustwide/rustup-home/toolchains/1.69.0-x86_64-unknown-linux-gnu/lib/rustlib/x86_64-unknown-linux-gnu/lib/libstd-89bc084783fdc439.rlib" "/opt/rustwide/rustup-home/toolchains/1.69.0-x86_64-unknown-linux-gnu/lib/rustlib/x86_64-unknown-linux-gnu/lib/libpanic_unwind-8bee4b287d4367c1.rlib" "/opt/rustwide/rustup-home/toolchains/1.69.0-x86_64-unknown-linux-gnu/lib/rustlib/x86_64-unknown-linux-gnu/lib/libobject-d61707aed80694c0.rlib" "/opt/rustwide/rustup-home/toolchains/1.69.0-x86_64-unknown-linux-gnu/lib/rustlib/x86_64-unknown-linux-gnu/lib/libmemchr-d85366256f22345b.rlib" "/opt/rustwide/rustup-home/toolchains/1.69.0-x86_64-unknown-linux-gnu/lib/rustlib/x86_64-unknown-linux-gnu/lib/libaddr2line-96069b86b8a8cae9.rlib" "/opt/rustwide/rustup-home/toolchains/1.69.0-x86_64-unknown-linux-gnu/lib/rustlib/x86_64-unknown-linux-gnu/lib/libgimli-d19d53abf68dfa6c.rlib" "/opt/rustwide/rustup-home/toolchains/1.69.0-x86_64-unknown-linux-gnu/lib/rustlib/x86_64-unknown-linux-gnu/lib/librustc_demangle-787cbccd19d64ac6.rlib" "/opt/rustwide/rustup-home/toolchains/1.69.0-x86_64-unknown-linux-gnu/lib/rustlib/x86_64-unknown-linux-gnu/lib/libstd_detect-b3837a36b830e0d0.rlib" "/opt/rustwide/rustup-home/toolchains/1.69.0-x86_64-unknown-linux-gnu/lib/rustlib/x86_64-unknown-linux-gnu/lib/libhashbrown-e3deb0e7e3f04966.rlib" "/opt/rustwide/rustup-home/toolchains/1.69.0-x86_64-unknown-linux-gnu/lib/rustlib/x86_64-unknown-linux-gnu/lib/libminiz_oxide-dabbb79c9815def4.rlib" "/opt/rustwide/rustup-home/toolchains/1.69.0-x86_64-unknown-linux-gnu/lib/rustlib/x86_64-unknown-linux-gnu/lib/libadler-305b01f34c9409f2.rlib" "/opt/rustwide/rustup-home/toolchains/1.69.0-x86_64-unknown-linux-gnu/lib/rustlib/x86_64-unknown-linux-gnu/lib/librustc_std_workspace_alloc-f833521df6074e73.rlib" "/opt/rustwide/rustup-home/toolchains/1.69.0-x86_64-unknown-linux-gnu/lib/rustlib/x86_64-unknown-linux-gnu/lib/libunwind-9ac333113350d171.rlib" "/opt/rustwide/rustup-home/toolchains/1.69.0-x86_64-unknown-linux-gnu/lib/rustlib/x86_64-unknown-linux-gnu/lib/libcfg_if-1c126114322d0eee.rlib" "/opt/rustwide/rustup-home/toolchains/1.69.0-x86_64-unknown-linux-gnu/lib/rustlib/x86_64-unknown-linux-gnu/lib/liblibc-bad9164fdeeecf92.rlib" "/opt/rustwide/rustup-home/toolchains/1.69.0-x86_64-unknown-linux-gnu/lib/rustlib/x86_64-unknown-linux-gnu/lib/liballoc-f9374b1e480fa681.rlib" "/opt/rustwide/rustup-home/toolchains/1.69.0-x86_64-unknown-linux-gnu/lib/rustlib/x86_64-unknown-linux-gnu/lib/librustc_std_workspace_core-207f06e41d9603af.rlib" "/opt/rustwide/rustup-home/toolchains/1.69.0-x86_64-unknown-linux-gnu/lib/rustlib/x86_64-unknown-linux-gnu/lib/libcore-7e2768e66e984e85.rlib" "/opt/rustwide/rustup-home/toolchains/1.69.0-x86_64-unknown-linux-gnu/lib/rustlib/x86_64-unknown-linux-gnu/lib/libcompiler_builtins-957b4aff41f8cd46.rlib" "-Wl,-Bdynamic" "-lgcc_s" "-lutil" "-lrt" "-lpthread" "-lm" "-ldl" "-lc" "-Wl,--eh-frame-hdr" "-Wl,-z,noexecstack" "-L" "/opt/rustwide/rustup-home/toolchains/1.69.0-x86_64-unknown-linux-gnu/lib/rustlib/x86_64-unknown-linux-gnu/lib" "-o" "/opt/rustwide/target/debug/build/serde_derive-c8a8737f32a8bc9d/build_script_build-c8a8737f32a8bc9d" "-Wl,--gc-sections" "-pie" "-Wl,-z,relro,-z,now" "-nodefaultlibs"
[INFO] [stdout]   = note: /usr/bin/ld: final link failed: No space left on device
[INFO] [stdout]           collect2: error: ld returned 1 exit status
[INFO] [stdout]           
[INFO] [stdout] 
[INFO] [stdout] 
[INFO] [stdout] error: aborting due to previous error
[INFO] [stdout] 
[INFO] [stdout] 
[INFO] [stderr] error: could not compile `memchr` due to 2 previous errors
[INFO] [stderr] warning: build failed, waiting for other jobs to finish...
[INFO] [stderr] error: could not compile `futures-core` due to 2 previous errors
[INFO] [stderr] error: could not compile `serde_derive` due to 2 previous errors
[INFO] [stdout] error: linking with `cc` failed: exit status: 1
[INFO] [stdout]   |
[INFO] [stdout]   = note: LC_ALL="C" PATH="/opt/rustwide/rustup-home/toolchains/1.69.0-x86_64-unknown-linux-gnu/lib/rustlib/x86_64-unknown-linux-gnu/bin:/opt/rustwide/cargo-home/bin:/usr/local/sbin:/usr/local/bin:/usr/sbin:/usr/bin:/sbin:/bin" VSLANG="1033" "cc" "-m64" "/tmp/rustcKSoSAL/symbols.o" "/opt/rustwide/target/debug/build/libc-1c21c5f953e80b92/build_script_build-1c21c5f953e80b92.build_script_build.e76ba32f-cgu.0.rcgu.o" "/opt/rustwide/target/debug/build/libc-1c21c5f953e80b92/build_script_build-1c21c5f953e80b92.build_script_build.e76ba32f-cgu.1.rcgu.o" "/opt/rustwide/target/debug/build/libc-1c21c5f953e80b92/build_script_build-1c21c5f953e80b92.build_script_build.e76ba32f-cgu.10.rcgu.o" "/opt/rustwide/target/debug/build/libc-1c21c5f953e80b92/build_script_build-1c21c5f953e80b92.build_script_build.e76ba32f-cgu.11.rcgu.o" "/opt/rustwide/target/debug/build/libc-1c21c5f953e80b92/build_script_build-1c21c5f953e80b92.build_script_build.e76ba32f-cgu.12.rcgu.o" "/opt/rustwide/target/debug/build/libc-1c21c5f953e80b92/build_script_build-1c21c5f953e80b92.build_script_build.e76ba32f-cgu.13.rcgu.o" "/opt/rustwide/target/debug/build/libc-1c21c5f953e80b92/build_script_build-1c21c5f953e80b92.build_script_build.e76ba32f-cgu.14.rcgu.o" "/opt/rustwide/target/debug/build/libc-1c21c5f953e80b92/build_script_build-1c21c5f953e80b92.build_script_build.e76ba32f-cgu.15.rcgu.o" "/opt/rustwide/target/debug/build/libc-1c21c5f953e80b92/build_script_build-1c21c5f953e80b92.build_script_build.e76ba32f-cgu.2.rcgu.o" "/opt/rustwide/target/debug/build/libc-1c21c5f953e80b92/build_script_build-1c21c5f953e80b92.build_script_build.e76ba32f-cgu.3.rcgu.o" "/opt/rustwide/target/debug/build/libc-1c21c5f953e80b92/build_script_build-1c21c5f953e80b92.build_script_build.e76ba32f-cgu.4.rcgu.o" "/opt/rustwide/target/debug/build/libc-1c21c5f953e80b92/build_script_build-1c21c5f953e80b92.build_script_build.e76ba32f-cgu.5.rcgu.o" "/opt/rustwide/target/debug/build/libc-1c21c5f953e80b92/build_script_build-1c21c5f953e80b92.build_script_build.e76ba32f-cgu.6.rcgu.o" "/opt/rustwide/target/debug/build/libc-1c21c5f953e80b92/build_script_build-1c21c5f953e80b92.build_script_build.e76ba32f-cgu.7.rcgu.o" "/opt/rustwide/target/debug/build/libc-1c21c5f953e80b92/build_script_build-1c21c5f953e80b92.build_script_build.e76ba32f-cgu.8.rcgu.o" "/opt/rustwide/target/debug/build/libc-1c21c5f953e80b92/build_script_build-1c21c5f953e80b92.build_script_build.e76ba32f-cgu.9.rcgu.o" "/opt/rustwide/target/debug/build/libc-1c21c5f953e80b92/build_script_build-1c21c5f953e80b92.1jviahap475bhtxr.rcgu.o" "-Wl,--as-needed" "-L" "/opt/rustwide/target/debug/deps" "-L" "/opt/rustwide/rustup-home/toolchains/1.69.0-x86_64-unknown-linux-gnu/lib/rustlib/x86_64-unknown-linux-gnu/lib" "-Wl,-Bstatic" "/opt/rustwide/rustup-home/toolchains/1.69.0-x86_64-unknown-linux-gnu/lib/rustlib/x86_64-unknown-linux-gnu/lib/libstd-89bc084783fdc439.rlib" "/opt/rustwide/rustup-home/toolchains/1.69.0-x86_64-unknown-linux-gnu/lib/rustlib/x86_64-unknown-linux-gnu/lib/libpanic_unwind-8bee4b287d4367c1.rlib" "/opt/rustwide/rustup-home/toolchains/1.69.0-x86_64-unknown-linux-gnu/lib/rustlib/x86_64-unknown-linux-gnu/lib/libobject-d61707aed80694c0.rlib" "/opt/rustwide/rustup-home/toolchains/1.69.0-x86_64-unknown-linux-gnu/lib/rustlib/x86_64-unknown-linux-gnu/lib/libmemchr-d85366256f22345b.rlib" "/opt/rustwide/rustup-home/toolchains/1.69.0-x86_64-unknown-linux-gnu/lib/rustlib/x86_64-unknown-linux-gnu/lib/libaddr2line-96069b86b8a8cae9.rlib" "/opt/rustwide/rustup-home/toolchains/1.69.0-x86_64-unknown-linux-gnu/lib/rustlib/x86_64-unknown-linux-gnu/lib/libgimli-d19d53abf68dfa6c.rlib" "/opt/rustwide/rustup-home/toolchains/1.69.0-x86_64-unknown-linux-gnu/lib/rustlib/x86_64-unknown-linux-gnu/lib/librustc_demangle-787cbccd19d64ac6.rlib" "/opt/rustwide/rustup-home/toolchains/1.69.0-x86_64-unknown-linux-gnu/lib/rustlib/x86_64-unknown-linux-gnu/lib/libstd_detect-b3837a36b830e0d0.rlib" "/opt/rustwide/rustup-home/toolchains/1.69.0-x86_64-unknown-linux-gnu/lib/rustlib/x86_64-unknown-linux-gnu/lib/libhashbrown-e3deb0e7e3f04966.rlib" "/opt/rustwide/rustup-home/toolchains/1.69.0-x86_64-unknown-linux-gnu/lib/rustlib/x86_64-unknown-linux-gnu/lib/libminiz_oxide-dabbb79c9815def4.rlib" "/opt/rustwide/rustup-home/toolchains/1.69.0-x86_64-unknown-linux-gnu/lib/rustlib/x86_64-unknown-linux-gnu/lib/libadler-305b01f34c9409f2.rlib" "/opt/rustwide/rustup-home/toolchains/1.69.0-x86_64-unknown-linux-gnu/lib/rustlib/x86_64-unknown-linux-gnu/lib/librustc_std_workspace_alloc-f833521df6074e73.rlib" "/opt/rustwide/rustup-home/toolchains/1.69.0-x86_64-unknown-linux-gnu/lib/rustlib/x86_64-unknown-linux-gnu/lib/libunwind-9ac333113350d171.rlib" "/opt/rustwide/rustup-home/toolchains/1.69.0-x86_64-unknown-linux-gnu/lib/rustlib/x86_64-unknown-linux-gnu/lib/libcfg_if-1c126114322d0eee.rlib" "/opt/rustwide/rustup-home/toolchains/1.69.0-x86_64-unknown-linux-gnu/lib/rustlib/x86_64-unknown-linux-gnu/lib/liblibc-bad9164fdeeecf92.rlib" "/opt/rustwide/rustup-home/toolchains/1.69.0-x86_64-unknown-linux-gnu/lib/rustlib/x86_64-unknown-linux-gnu/lib/liballoc-f9374b1e480fa681.rlib" "/opt/rustwide/rustup-home/toolchains/1.69.0-x86_64-unknown-linux-gnu/lib/rustlib/x86_64-unknown-linux-gnu/lib/librustc_std_workspace_core-207f06e41d9603af.rlib" "/opt/rustwide/rustup-home/toolchains/1.69.0-x86_64-unknown-linux-gnu/lib/rustlib/x86_64-unknown-linux-gnu/lib/libcore-7e2768e66e984e85.rlib" "/opt/rustwide/rustup-home/toolchains/1.69.0-x86_64-unknown-linux-gnu/lib/rustlib/x86_64-unknown-linux-gnu/lib/libcompiler_builtins-957b4aff41f8cd46.rlib" "-Wl,-Bdynamic" "-lgcc_s" "-lutil" "-lrt" "-lpthread" "-lm" "-ldl" "-lc" "-Wl,--eh-frame-hdr" "-Wl,-z,noexecstack" "-L" "/opt/rustwide/rustup-home/toolchains/1.69.0-x86_64-unknown-linux-gnu/lib/rustlib/x86_64-unknown-linux-gnu/lib" "-o" "/opt/rustwide/target/debug/build/libc-1c21c5f953e80b92/build_script_build-1c21c5f953e80b92" "-Wl,--gc-sections" "-pie" "-Wl,-z,relro,-z,now" "-nodefaultlibs"
[INFO] [stdout]   = note: /usr/bin/ld: final link failed: No space left on device
[INFO] [stdout]           collect2: error: ld returned 1 exit status
[INFO] [stdout]           
[INFO] [stdout] 
[INFO] [stdout] 
[INFO] [stdout] error: aborting due to previous error
[INFO] [stdout] 
[INFO] [stdout] 
[INFO] [stdout] error: linking with `cc` failed: exit status: 1
[INFO] [stdout]   |
[INFO] [stdout]   = note: LC_ALL="C" PATH="/opt/rustwide/rustup-home/toolchains/1.69.0-x86_64-unknown-linux-gnu/lib/rustlib/x86_64-unknown-linux-gnu/bin:/opt/rustwide/cargo-home/bin:/usr/local/sbin:/usr/local/bin:/usr/sbin:/usr/bin:/sbin:/bin" VSLANG="1033" "cc" "-m64" "/tmp/rustcuPkNbw/symbols.o" "/opt/rustwide/target/debug/build/syn-78d28156466542ab/build_script_build-78d28156466542ab.build_script_build.ec3ab5bb-cgu.0.rcgu.o" "/opt/rustwide/target/debug/build/syn-78d28156466542ab/build_script_build-78d28156466542ab.build_script_build.ec3ab5bb-cgu.1.rcgu.o" "/opt/rustwide/target/debug/build/syn-78d28156466542ab/build_script_build-78d28156466542ab.build_script_build.ec3ab5bb-cgu.10.rcgu.o" "/opt/rustwide/target/debug/build/syn-78d28156466542ab/build_script_build-78d28156466542ab.build_script_build.ec3ab5bb-cgu.11.rcgu.o" "/opt/rustwide/target/debug/build/syn-78d28156466542ab/build_script_build-78d28156466542ab.build_script_build.ec3ab5bb-cgu.12.rcgu.o" "/opt/rustwide/target/debug/build/syn-78d28156466542ab/build_script_build-78d28156466542ab.build_script_build.ec3ab5bb-cgu.13.rcgu.o" "/opt/rustwide/target/debug/build/syn-78d28156466542ab/build_script_build-78d28156466542ab.build_script_build.ec3ab5bb-cgu.14.rcgu.o" "/opt/rustwide/target/debug/build/syn-78d28156466542ab/build_script_build-78d28156466542ab.build_script_build.ec3ab5bb-cgu.15.rcgu.o" "/opt/rustwide/target/debug/build/syn-78d28156466542ab/build_script_build-78d28156466542ab.build_script_build.ec3ab5bb-cgu.2.rcgu.o" "/opt/rustwide/target/debug/build/syn-78d28156466542ab/build_script_build-78d28156466542ab.build_script_build.ec3ab5bb-cgu.3.rcgu.o" "/opt/rustwide/target/debug/build/syn-78d28156466542ab/build_script_build-78d28156466542ab.build_script_build.ec3ab5bb-cgu.4.rcgu.o" "/opt/rustwide/target/debug/build/syn-78d28156466542ab/build_script_build-78d28156466542ab.build_script_build.ec3ab5bb-cgu.5.rcgu.o" "/opt/rustwide/target/debug/build/syn-78d28156466542ab/build_script_build-78d28156466542ab.build_script_build.ec3ab5bb-cgu.6.rcgu.o" "/opt/rustwide/target/debug/build/syn-78d28156466542ab/build_script_build-78d28156466542ab.build_script_build.ec3ab5bb-cgu.7.rcgu.o" "/opt/rustwide/target/debug/build/syn-78d28156466542ab/build_script_build-78d28156466542ab.build_script_build.ec3ab5bb-cgu.8.rcgu.o" "/opt/rustwide/target/debug/build/syn-78d28156466542ab/build_script_build-78d28156466542ab.build_script_build.ec3ab5bb-cgu.9.rcgu.o" "/opt/rustwide/target/debug/build/syn-78d28156466542ab/build_script_build-78d28156466542ab.sjgrvzguw2bm4a3.rcgu.o" "-Wl,--as-needed" "-L" "/opt/rustwide/target/debug/deps" "-L" "/opt/rustwide/rustup-home/toolchains/1.69.0-x86_64-unknown-linux-gnu/lib/rustlib/x86_64-unknown-linux-gnu/lib" "-Wl,-Bstatic" "/opt/rustwide/rustup-home/toolchains/1.69.0-x86_64-unknown-linux-gnu/lib/rustlib/x86_64-unknown-linux-gnu/lib/libstd-89bc084783fdc439.rlib" "/opt/rustwide/rustup-home/toolchains/1.69.0-x86_64-unknown-linux-gnu/lib/rustlib/x86_64-unknown-linux-gnu/lib/libpanic_unwind-8bee4b287d4367c1.rlib" "/opt/rustwide/rustup-home/toolchains/1.69.0-x86_64-unknown-linux-gnu/lib/rustlib/x86_64-unknown-linux-gnu/lib/libobject-d61707aed80694c0.rlib" "/opt/rustwide/rustup-home/toolchains/1.69.0-x86_64-unknown-linux-gnu/lib/rustlib/x86_64-unknown-linux-gnu/lib/libmemchr-d85366256f22345b.rlib" "/opt/rustwide/rustup-home/toolchains/1.69.0-x86_64-unknown-linux-gnu/lib/rustlib/x86_64-unknown-linux-gnu/lib/libaddr2line-96069b86b8a8cae9.rlib" "/opt/rustwide/rustup-home/toolchains/1.69.0-x86_64-unknown-linux-gnu/lib/rustlib/x86_64-unknown-linux-gnu/lib/libgimli-d19d53abf68dfa6c.rlib" "/opt/rustwide/rustup-home/toolchains/1.69.0-x86_64-unknown-linux-gnu/lib/rustlib/x86_64-unknown-linux-gnu/lib/librustc_demangle-787cbccd19d64ac6.rlib" "/opt/rustwide/rustup-home/toolchains/1.69.0-x86_64-unknown-linux-gnu/lib/rustlib/x86_64-unknown-linux-gnu/lib/libstd_detect-b3837a36b830e0d0.rlib" "/opt/rustwide/rustup-home/toolchains/1.69.0-x86_64-unknown-linux-gnu/lib/rustlib/x86_64-unknown-linux-gnu/lib/libhashbrown-e3deb0e7e3f04966.rlib" "/opt/rustwide/rustup-home/toolchains/1.69.0-x86_64-unknown-linux-gnu/lib/rustlib/x86_64-unknown-linux-gnu/lib/libminiz_oxide-dabbb79c9815def4.rlib" "/opt/rustwide/rustup-home/toolchains/1.69.0-x86_64-unknown-linux-gnu/lib/rustlib/x86_64-unknown-linux-gnu/lib/libadler-305b01f34c9409f2.rlib" "/opt/rustwide/rustup-home/toolchains/1.69.0-x86_64-unknown-linux-gnu/lib/rustlib/x86_64-unknown-linux-gnu/lib/librustc_std_workspace_alloc-f833521df6074e73.rlib" "/opt/rustwide/rustup-home/toolchains/1.69.0-x86_64-unknown-linux-gnu/lib/rustlib/x86_64-unknown-linux-gnu/lib/libunwind-9ac333113350d171.rlib" "/opt/rustwide/rustup-home/toolchains/1.69.0-x86_64-unknown-linux-gnu/lib/rustlib/x86_64-unknown-linux-gnu/lib/libcfg_if-1c126114322d0eee.rlib" "/opt/rustwide/rustup-home/toolchains/1.69.0-x86_64-unknown-linux-gnu/lib/rustlib/x86_64-unknown-linux-gnu/lib/liblibc-bad9164fdeeecf92.rlib" "/opt/rustwide/rustup-home/toolchains/1.69.0-x86_64-unknown-linux-gnu/lib/rustlib/x86_64-unknown-linux-gnu/lib/liballoc-f9374b1e480fa681.rlib" "/opt/rustwide/rustup-home/toolchains/1.69.0-x86_64-unknown-linux-gnu/lib/rustlib/x86_64-unknown-linux-gnu/lib/librustc_std_workspace_core-207f06e41d9603af.rlib" "/opt/rustwide/rustup-home/toolchains/1.69.0-x86_64-unknown-linux-gnu/lib/rustlib/x86_64-unknown-linux-gnu/lib/libcore-7e2768e66e984e85.rlib" "/opt/rustwide/rustup-home/toolchains/1.69.0-x86_64-unknown-linux-gnu/lib/rustlib/x86_64-unknown-linux-gnu/lib/libcompiler_builtins-957b4aff41f8cd46.rlib" "-Wl,-Bdynamic" "-lgcc_s" "-lutil" "-lrt" "-lpthread" "-lm" "-ldl" "-lc" "-Wl,--eh-frame-hdr" "-Wl,-z,noexecstack" "-L" "/opt/rustwide/rustup-home/toolchains/1.69.0-x86_64-unknown-linux-gnu/lib/rustlib/x86_64-unknown-linux-gnu/lib" "-o" "/opt/rustwide/target/debug/build/syn-78d28156466542ab/build_script_build-78d28156466542ab" "-Wl,--gc-sections" "-pie" "-Wl,-z,relro,-z,now" "-nodefaultlibs"
[INFO] [stdout]   = note: /usr/bin/ld: final link failed: No space left on device
[INFO] [stdout]           collect2: error: ld returned 1 exit status
[INFO] [stdout]           
[INFO] [stdout] 
[INFO] [stdout] 
[INFO] [stdout] error: aborting due to previous error
[INFO] [stdout] 
[INFO] [stdout] 
[INFO] [stderr] error: could not compile `libc` due to 2 previous errors
[INFO] [stdout] error: linking with `cc` failed: exit status: 1
[INFO] [stdout]   |
[INFO] [stdout]   = note: LC_ALL="C" PATH="/opt/rustwide/rustup-home/toolchains/1.69.0-x86_64-unknown-linux-gnu/lib/rustlib/x86_64-unknown-linux-gnu/bin:/opt/rustwide/cargo-home/bin:/usr/local/sbin:/usr/local/bin:/usr/sbin:/usr/bin:/sbin:/bin" VSLANG="1033" "cc" "-m64" "/tmp/rustcXRin4J/symbols.o" "/opt/rustwide/target/debug/build/serde-3db17f50d6630269/build_script_build-3db17f50d6630269.build_script_build.060810ab-cgu.0.rcgu.o" "/opt/rustwide/target/debug/build/serde-3db17f50d6630269/build_script_build-3db17f50d6630269.build_script_build.060810ab-cgu.1.rcgu.o" "/opt/rustwide/target/debug/build/serde-3db17f50d6630269/build_script_build-3db17f50d6630269.build_script_build.060810ab-cgu.10.rcgu.o" "/opt/rustwide/target/debug/build/serde-3db17f50d6630269/build_script_build-3db17f50d6630269.build_script_build.060810ab-cgu.11.rcgu.o" "/opt/rustwide/target/debug/build/serde-3db17f50d6630269/build_script_build-3db17f50d6630269.build_script_build.060810ab-cgu.12.rcgu.o" "/opt/rustwide/target/debug/build/serde-3db17f50d6630269/build_script_build-3db17f50d6630269.build_script_build.060810ab-cgu.13.rcgu.o" "/opt/rustwide/target/debug/build/serde-3db17f50d6630269/build_script_build-3db17f50d6630269.build_script_build.060810ab-cgu.14.rcgu.o" "/opt/rustwide/target/debug/build/serde-3db17f50d6630269/build_script_build-3db17f50d6630269.build_script_build.060810ab-cgu.15.rcgu.o" "/opt/rustwide/target/debug/build/serde-3db17f50d6630269/build_script_build-3db17f50d6630269.build_script_build.060810ab-cgu.2.rcgu.o" "/opt/rustwide/target/debug/build/serde-3db17f50d6630269/build_script_build-3db17f50d6630269.build_script_build.060810ab-cgu.3.rcgu.o" "/opt/rustwide/target/debug/build/serde-3db17f50d6630269/build_script_build-3db17f50d6630269.build_script_build.060810ab-cgu.4.rcgu.o" "/opt/rustwide/target/debug/build/serde-3db17f50d6630269/build_script_build-3db17f50d6630269.build_script_build.060810ab-cgu.5.rcgu.o" "/opt/rustwide/target/debug/build/serde-3db17f50d6630269/build_script_build-3db17f50d6630269.build_script_build.060810ab-cgu.6.rcgu.o" "/opt/rustwide/target/debug/build/serde-3db17f50d6630269/build_script_build-3db17f50d6630269.build_script_build.060810ab-cgu.7.rcgu.o" "/opt/rustwide/target/debug/build/serde-3db17f50d6630269/build_script_build-3db17f50d6630269.build_script_build.060810ab-cgu.8.rcgu.o" "/opt/rustwide/target/debug/build/serde-3db17f50d6630269/build_script_build-3db17f50d6630269.build_script_build.060810ab-cgu.9.rcgu.o" "/opt/rustwide/target/debug/build/serde-3db17f50d6630269/build_script_build-3db17f50d6630269.4rbn25jc2byhgtez.rcgu.o" "-Wl,--as-needed" "-L" "/opt/rustwide/target/debug/deps" "-L" "/opt/rustwide/rustup-home/toolchains/1.69.0-x86_64-unknown-linux-gnu/lib/rustlib/x86_64-unknown-linux-gnu/lib" "-Wl,-Bstatic" "/opt/rustwide/rustup-home/toolchains/1.69.0-x86_64-unknown-linux-gnu/lib/rustlib/x86_64-unknown-linux-gnu/lib/libstd-89bc084783fdc439.rlib" "/opt/rustwide/rustup-home/toolchains/1.69.0-x86_64-unknown-linux-gnu/lib/rustlib/x86_64-unknown-linux-gnu/lib/libpanic_unwind-8bee4b287d4367c1.rlib" "/opt/rustwide/rustup-home/toolchains/1.69.0-x86_64-unknown-linux-gnu/lib/rustlib/x86_64-unknown-linux-gnu/lib/libobject-d61707aed80694c0.rlib" "/opt/rustwide/rustup-home/toolchains/1.69.0-x86_64-unknown-linux-gnu/lib/rustlib/x86_64-unknown-linux-gnu/lib/libmemchr-d85366256f22345b.rlib" "/opt/rustwide/rustup-home/toolchains/1.69.0-x86_64-unknown-linux-gnu/lib/rustlib/x86_64-unknown-linux-gnu/lib/libaddr2line-96069b86b8a8cae9.rlib" "/opt/rustwide/rustup-home/toolchains/1.69.0-x86_64-unknown-linux-gnu/lib/rustlib/x86_64-unknown-linux-gnu/lib/libgimli-d19d53abf68dfa6c.rlib" "/opt/rustwide/rustup-home/toolchains/1.69.0-x86_64-unknown-linux-gnu/lib/rustlib/x86_64-unknown-linux-gnu/lib/librustc_demangle-787cbccd19d64ac6.rlib" "/opt/rustwide/rustup-home/toolchains/1.69.0-x86_64-unknown-linux-gnu/lib/rustlib/x86_64-unknown-linux-gnu/lib/libstd_detect-b3837a36b830e0d0.rlib" "/opt/rustwide/rustup-home/toolchains/1.69.0-x86_64-unknown-linux-gnu/lib/rustlib/x86_64-unknown-linux-gnu/lib/libhashbrown-e3deb0e7e3f04966.rlib" "/opt/rustwide/rustup-home/toolchains/1.69.0-x86_64-unknown-linux-gnu/lib/rustlib/x86_64-unknown-linux-gnu/lib/libminiz_oxide-dabbb79c9815def4.rlib" "/opt/rustwide/rustup-home/toolchains/1.69.0-x86_64-unknown-linux-gnu/lib/rustlib/x86_64-unknown-linux-gnu/lib/libadler-305b01f34c9409f2.rlib" "/opt/rustwide/rustup-home/toolchains/1.69.0-x86_64-unknown-linux-gnu/lib/rustlib/x86_64-unknown-linux-gnu/lib/librustc_std_workspace_alloc-f833521df6074e73.rlib" "/opt/rustwide/rustup-home/toolchains/1.69.0-x86_64-unknown-linux-gnu/lib/rustlib/x86_64-unknown-linux-gnu/lib/libunwind-9ac333113350d171.rlib" "/opt/rustwide/rustup-home/toolchains/1.69.0-x86_64-unknown-linux-gnu/lib/rustlib/x86_64-unknown-linux-gnu/lib/libcfg_if-1c126114322d0eee.rlib" "/opt/rustwide/rustup-home/toolchains/1.69.0-x86_64-unknown-linux-gnu/lib/rustlib/x86_64-unknown-linux-gnu/lib/liblibc-bad9164fdeeecf92.rlib" "/opt/rustwide/rustup-home/toolchains/1.69.0-x86_64-unknown-linux-gnu/lib/rustlib/x86_64-unknown-linux-gnu/lib/liballoc-f9374b1e480fa681.rlib" "/opt/rustwide/rustup-home/toolchains/1.69.0-x86_64-unknown-linux-gnu/lib/rustlib/x86_64-unknown-linux-gnu/lib/librustc_std_workspace_core-207f06e41d9603af.rlib" "/opt/rustwide/rustup-home/toolchains/1.69.0-x86_64-unknown-linux-gnu/lib/rustlib/x86_64-unknown-linux-gnu/lib/libcore-7e2768e66e984e85.rlib" "/opt/rustwide/rustup-home/toolchains/1.69.0-x86_64-unknown-linux-gnu/lib/rustlib/x86_64-unknown-linux-gnu/lib/libcompiler_builtins-957b4aff41f8cd46.rlib" "-Wl,-Bdynamic" "-lgcc_s" "-lutil" "-lrt" "-lpthread" "-lm" "-ldl" "-lc" "-Wl,--eh-frame-hdr" "-Wl,-z,noexecstack" "-L" "/opt/rustwide/rustup-home/toolchains/1.69.0-x86_64-unknown-linux-gnu/lib/rustlib/x86_64-unknown-linux-gnu/lib" "-o" "/opt/rustwide/target/debug/build/serde-3db17f50d6630269/build_script_build-3db17f50d6630269" "-Wl,--gc-sections" "-pie" "-Wl,-z,relro,-z,now" "-nodefaultlibs"
[INFO] [stdout]   = note: /usr/bin/ld: final link failed: No space left on device
[INFO] [stdout]           collect2: error: ld returned 1 exit status
[INFO] [stdout]           
[INFO] [stdout] 
[INFO] [stdout] 
[INFO] [stdout] error: aborting due to previous error
[INFO] [stdout] 
[INFO] [stdout] 
[INFO] [stderr] error: could not compile `syn` due to 2 previous errors
[INFO] [stderr] error: could not compile `serde` due to 2 previous errors
[INFO] [stderr] LLVM ERROR: IO failure on output stream: No space left on device
[INFO] [stderr] LLVM ERROR: IO failure on output stream: No space left on device
[INFO] [stderr] thread 'rustc' panicked at 'assertion failed: pos.get() <= self.position()', compiler/rustc_metadata/src/rmeta/encoder.rs:435:9
[INFO] [stdout] error: failed to write /tmp/rustcT21Mnh/lib.rmeta: No space left on device (os error 28)
[INFO] [stdout] 
[INFO] [stdout] 
[INFO] [stderr] error: could not compile `log`
[INFO] [stderr] error: could not compile `lock_api` due to previous error
[INFO] [stdout] error: linking with `cc` failed: exit status: 1
[INFO] [stdout]   |
[INFO] [stdout]   = note: LC_ALL="C" PATH="/opt/rustwide/rustup-home/toolchains/1.69.0-x86_64-unknown-linux-gnu/lib/rustlib/x86_64-unknown-linux-gnu/bin:/opt/rustwide/cargo-home/bin:/usr/local/sbin:/usr/local/bin:/usr/sbin:/usr/bin:/sbin:/bin" VSLANG="1033" "cc" "-m64" "/tmp/rustcccAE1q/symbols.o" "/opt/rustwide/target/debug/build/proc-macro-hack-a21fee7d179a141d/build_script_build-a21fee7d179a141d.build_script_build.603cb35c-cgu.0.rcgu.o" "/opt/rustwide/target/debug/build/proc-macro-hack-a21fee7d179a141d/build_script_build-a21fee7d179a141d.build_script_build.603cb35c-cgu.1.rcgu.o" "/opt/rustwide/target/debug/build/proc-macro-hack-a21fee7d179a141d/build_script_build-a21fee7d179a141d.build_script_build.603cb35c-cgu.10.rcgu.o" "/opt/rustwide/target/debug/build/proc-macro-hack-a21fee7d179a141d/build_script_build-a21fee7d179a141d.build_script_build.603cb35c-cgu.11.rcgu.o" "/opt/rustwide/target/debug/build/proc-macro-hack-a21fee7d179a141d/build_script_build-a21fee7d179a141d.build_script_build.603cb35c-cgu.12.rcgu.o" "/opt/rustwide/target/debug/build/proc-macro-hack-a21fee7d179a141d/build_script_build-a21fee7d179a141d.build_script_build.603cb35c-cgu.13.rcgu.o" "/opt/rustwide/target/debug/build/proc-macro-hack-a21fee7d179a141d/build_script_build-a21fee7d179a141d.build_script_build.603cb35c-cgu.14.rcgu.o" "/opt/rustwide/target/debug/build/proc-macro-hack-a21fee7d179a141d/build_script_build-a21fee7d179a141d.build_script_build.603cb35c-cgu.15.rcgu.o" "/opt/rustwide/target/debug/build/proc-macro-hack-a21fee7d179a141d/build_script_build-a21fee7d179a141d.build_script_build.603cb35c-cgu.2.rcgu.o" "/opt/rustwide/target/debug/build/proc-macro-hack-a21fee7d179a141d/build_script_build-a21fee7d179a141d.build_script_build.603cb35c-cgu.3.rcgu.o" "/opt/rustwide/target/debug/build/proc-macro-hack-a21fee7d179a141d/build_script_build-a21fee7d179a141d.build_script_build.603cb35c-cgu.4.rcgu.o" "/opt/rustwide/target/debug/build/proc-macro-hack-a21fee7d179a141d/build_script_build-a21fee7d179a141d.build_script_build.603cb35c-cgu.5.rcgu.o" "/opt/rustwide/target/debug/build/proc-macro-hack-a21fee7d179a141d/build_script_build-a21fee7d179a141d.build_script_build.603cb35c-cgu.6.rcgu.o" "/opt/rustwide/target/debug/build/proc-macro-hack-a21fee7d179a141d/build_script_build-a21fee7d179a141d.build_script_build.603cb35c-cgu.7.rcgu.o" "/opt/rustwide/target/debug/build/proc-macro-hack-a21fee7d179a141d/build_script_build-a21fee7d179a141d.build_script_build.603cb35c-cgu.8.rcgu.o" "/opt/rustwide/target/debug/build/proc-macro-hack-a21fee7d179a141d/build_script_build-a21fee7d179a141d.build_script_build.603cb35c-cgu.9.rcgu.o" "/opt/rustwide/target/debug/build/proc-macro-hack-a21fee7d179a141d/build_script_build-a21fee7d179a141d.38pe67r6szguxnxa.rcgu.o" "-Wl,--as-needed" "-L" "/opt/rustwide/target/debug/deps" "-L" "/opt/rustwide/rustup-home/toolchains/1.69.0-x86_64-unknown-linux-gnu/lib/rustlib/x86_64-unknown-linux-gnu/lib" "-Wl,-Bstatic" "/opt/rustwide/rustup-home/toolchains/1.69.0-x86_64-unknown-linux-gnu/lib/rustlib/x86_64-unknown-linux-gnu/lib/libstd-89bc084783fdc439.rlib" "/opt/rustwide/rustup-home/toolchains/1.69.0-x86_64-unknown-linux-gnu/lib/rustlib/x86_64-unknown-linux-gnu/lib/libpanic_unwind-8bee4b287d4367c1.rlib" "/opt/rustwide/rustup-home/toolchains/1.69.0-x86_64-unknown-linux-gnu/lib/rustlib/x86_64-unknown-linux-gnu/lib/libobject-d61707aed80694c0.rlib" "/opt/rustwide/rustup-home/toolchains/1.69.0-x86_64-unknown-linux-gnu/lib/rustlib/x86_64-unknown-linux-gnu/lib/libmemchr-d85366256f22345b.rlib" "/opt/rustwide/rustup-home/toolchains/1.69.0-x86_64-unknown-linux-gnu/lib/rustlib/x86_64-unknown-linux-gnu/lib/libaddr2line-96069b86b8a8cae9.rlib" "/opt/rustwide/rustup-home/toolchains/1.69.0-x86_64-unknown-linux-gnu/lib/rustlib/x86_64-unknown-linux-gnu/lib/libgimli-d19d53abf68dfa6c.rlib" "/opt/rustwide/rustup-home/toolchains/1.69.0-x86_64-unknown-linux-gnu/lib/rustlib/x86_64-unknown-linux-gnu/lib/librustc_demangle-787cbccd19d64ac6.rlib" "/opt/rustwide/rustup-home/toolchains/1.69.0-x86_64-unknown-linux-gnu/lib/rustlib/x86_64-unknown-linux-gnu/lib/libstd_detect-b3837a36b830e0d0.rlib" "/opt/rustwide/rustup-home/toolchains/1.69.0-x86_64-unknown-linux-gnu/lib/rustlib/x86_64-unknown-linux-gnu/lib/libhashbrown-e3deb0e7e3f04966.rlib" "/opt/rustwide/rustup-home/toolchains/1.69.0-x86_64-unknown-linux-gnu/lib/rustlib/x86_64-unknown-linux-gnu/lib/libminiz_oxide-dabbb79c9815def4.rlib" "/opt/rustwide/rustup-home/toolchains/1.69.0-x86_64-unknown-linux-gnu/lib/rustlib/x86_64-unknown-linux-gnu/lib/libadler-305b01f34c9409f2.rlib" "/opt/rustwide/rustup-home/toolchains/1.69.0-x86_64-unknown-linux-gnu/lib/rustlib/x86_64-unknown-linux-gnu/lib/librustc_std_workspace_alloc-f833521df6074e73.rlib" "/opt/rustwide/rustup-home/toolchains/1.69.0-x86_64-unknown-linux-gnu/lib/rustlib/x86_64-unknown-linux-gnu/lib/libunwind-9ac333113350d171.rlib" "/opt/rustwide/rustup-home/toolchains/1.69.0-x86_64-unknown-linux-gnu/lib/rustlib/x86_64-unknown-linux-gnu/lib/libcfg_if-1c126114322d0eee.rlib" "/opt/rustwide/rustup-home/toolchains/1.69.0-x86_64-unknown-linux-gnu/lib/rustlib/x86_64-unknown-linux-gnu/lib/liblibc-bad9164fdeeecf92.rlib" "/opt/rustwide/rustup-home/toolchains/1.69.0-x86_64-unknown-linux-gnu/lib/rustlib/x86_64-unknown-linux-gnu/lib/liballoc-f9374b1e480fa681.rlib" "/opt/rustwide/rustup-home/toolchains/1.69.0-x86_64-unknown-linux-gnu/lib/rustlib/x86_64-unknown-linux-gnu/lib/librustc_std_workspace_core-207f06e41d9603af.rlib" "/opt/rustwide/rustup-home/toolchains/1.69.0-x86_64-unknown-linux-gnu/lib/rustlib/x86_64-unknown-linux-gnu/lib/libcore-7e2768e66e984e85.rlib" "/opt/rustwide/rustup-home/toolchains/1.69.0-x86_64-unknown-linux-gnu/lib/rustlib/x86_64-unknown-linux-gnu/lib/libcompiler_builtins-957b4aff41f8cd46.rlib" "-Wl,-Bdynamic" "-lgcc_s" "-lutil" "-lrt" "-lpthread" "-lm" "-ldl" "-lc" "-Wl,--eh-frame-hdr" "-Wl,-z,noexecstack" "-L" "/opt/rustwide/rustup-home/toolchains/1.69.0-x86_64-unknown-linux-gnu/lib/rustlib/x86_64-unknown-linux-gnu/lib" "-o" "/opt/rustwide/target/debug/build/proc-macro-hack-a21fee7d179a141d/build_script_build-a21fee7d179a141d" "-Wl,--gc-sections" "-pie" "-Wl,-z,relro,-z,now" "-nodefaultlibs"
[INFO] [stdout]   = note: /usr/bin/ld: final link failed: No space left on device
[INFO] [stdout]           collect2: error: ld returned 1 exit status
[INFO] [stdout]           
[INFO] [stdout] 
[INFO] [stdout] 
[INFO] [stderr] error: could not compile `pkg-config`
[INFO] [stderr] thread 'rustc' panicked at 'assertion failed: pos.get() <= self.position()', compiler/rustc_metadata/src/rmeta/encoder.rs:454:9
[INFO] [stderr] error: could not compile `proc-macro-hack` due to previous error
[INFO] [stderr] LLVM ERROR: IO failure on output stream: No space left on device
[INFO] [stderr] error: could not compile `bytes`
[INFO] [stderr] LLVM ERROR: IO failure on output stream: No space left on device
[INFO] [stderr] error: could not compile `cc`
[INFO] [stderr] error: could not compile `ryu`
[INFO] [stderr] 
[INFO] [stderr] Caused by:
[INFO] [stderr]   No space left on device (os error 28)
[INFO] [stderr] 
[INFO] [stderr] Caused by:
[INFO] [stderr]   failed to parse process output: `rustc --crate-name build_script_build --edition=2018 /opt/rustwide/cargo-home/registry/src/github.com-1ecc6299db9ec823/ryu-1.0.5/build.rs --error-format=json --json=diagnostic-rendered-ansi,artifacts,future-incompat --crate-type bin --emit=dep-info,link -C embed-bitcode=no -C metadata=8d78a6f95eff8a02 -C extra-filename=-8d78a6f95eff8a02 --out-dir /opt/rustwide/target/debug/build/ryu-8d78a6f95eff8a02 -L dependency=/opt/rustwide/target/debug/deps --cap-lints allow --cap-lints=warn` (signal: 11, SIGSEGV: invalid memory reference)
[INFO] [stderr] error: could not compile `tracing-core`
[INFO] running `Command { std: "docker" "inspect" "a9b56c4db6a0a0c34e23df9e771fa143e18a418e190dd27458845eb3b7768aff", kill_on_drop: false }`
[INFO] running `Command { std: "docker" "rm" "-f" "a9b56c4db6a0a0c34e23df9e771fa143e18a418e190dd27458845eb3b7768aff", kill_on_drop: false }`
[INFO] [stdout] a9b56c4db6a0a0c34e23df9e771fa143e18a418e190dd27458845eb3b7768aff
