[INFO] cloning repository https://github.com/austinmehmet/terrafarm
[INFO] running `Command { std: "git" "-c" "credential.helper=" "-c" "credential.helper=/workspace/cargo-home/bin/git-credential-null" "clone" "--bare" "https://github.com/austinmehmet/terrafarm" "/workspace/cache/git-repos/https%3A%2F%2Fgithub.com%2Faustinmehmet%2Fterrafarm", kill_on_drop: false }`
[INFO] [stderr] Cloning into bare repository '/workspace/cache/git-repos/https%3A%2F%2Fgithub.com%2Faustinmehmet%2Fterrafarm'...
[INFO] running `Command { std: "git" "rev-parse" "HEAD", kill_on_drop: false }`
[INFO] [stdout] ef6dfc5a77c055d0197e34f8fcee76c78c367eb4
[INFO] testing austinmehmet/terrafarm against 1.69.0 for beta-1.70-1
[INFO] running `Command { std: "git" "clone" "/workspace/cache/git-repos/https%3A%2F%2Fgithub.com%2Faustinmehmet%2Fterrafarm" "/workspace/builds/worker-2-tc1/source", kill_on_drop: false }`
[INFO] [stderr] Cloning into '/workspace/builds/worker-2-tc1/source'...
[INFO] [stderr] done.
[INFO] validating manifest of git repo https://github.com/austinmehmet/terrafarm on toolchain 1.69.0
[INFO] running `Command { std: CARGO_HOME="/workspace/cargo-home" RUSTUP_HOME="/workspace/rustup-home" "/workspace/cargo-home/bin/cargo" "+1.69.0" "metadata" "--manifest-path" "Cargo.toml" "--no-deps", kill_on_drop: false }`
[INFO] started tweaking git repo https://github.com/austinmehmet/terrafarm
[INFO] finished tweaking git repo https://github.com/austinmehmet/terrafarm
[INFO] tweaked toml for git repo https://github.com/austinmehmet/terrafarm written to /workspace/builds/worker-2-tc1/source/Cargo.toml
[INFO] crate git repo https://github.com/austinmehmet/terrafarm already has a lockfile, it will not be regenerated
[INFO] running `Command { std: CARGO_HOME="/workspace/cargo-home" RUSTUP_HOME="/workspace/rustup-home" "/workspace/cargo-home/bin/cargo" "+1.69.0" "fetch" "--manifest-path" "Cargo.toml", kill_on_drop: false }`
[INFO] [stderr]  Downloading crates ...
[INFO] [stderr]   Downloaded openssl-src v300.0.2+3.0.0
[INFO] running `Command { std: "docker" "create" "-v" "/var/lib/crater-agent-workspace/builds/worker-2-tc1/target:/opt/rustwide/target:rw,Z" "-v" "/var/lib/crater-agent-workspace/builds/worker-2-tc1/source:/opt/rustwide/workdir:ro,Z" "-v" "/var/lib/crater-agent-workspace/cargo-home:/opt/rustwide/cargo-home:ro,Z" "-v" "/var/lib/crater-agent-workspace/rustup-home:/opt/rustwide/rustup-home:ro,Z" "-e" "SOURCE_DIR=/opt/rustwide/workdir" "-e" "CARGO_TARGET_DIR=/opt/rustwide/target" "-e" "CARGO_HOME=/opt/rustwide/cargo-home" "-e" "RUSTUP_HOME=/opt/rustwide/rustup-home" "-w" "/opt/rustwide/workdir" "-m" "1610612736" "--user" "0:0" "--network" "none" "ghcr.io/rust-lang/crates-build-env/linux@sha256:5ff2268d62e97bff2cde7d5815dd6ed5b47097566f13b8d0ca110b04b60e07ed" "/opt/rustwide/cargo-home/bin/cargo" "+1.69.0" "metadata" "--no-deps" "--format-version=1", kill_on_drop: false }`
[INFO] [stdout] 60d430e759797fcf8e4b849257fa527df9872eb7a81524294931b9f520164833
[INFO] running `Command { std: "docker" "start" "-a" "60d430e759797fcf8e4b849257fa527df9872eb7a81524294931b9f520164833", kill_on_drop: false }`
[INFO] running `Command { std: "docker" "inspect" "60d430e759797fcf8e4b849257fa527df9872eb7a81524294931b9f520164833", kill_on_drop: false }`
[INFO] running `Command { std: "docker" "rm" "-f" "60d430e759797fcf8e4b849257fa527df9872eb7a81524294931b9f520164833", kill_on_drop: false }`
[INFO] [stdout] 60d430e759797fcf8e4b849257fa527df9872eb7a81524294931b9f520164833
[INFO] running `Command { std: "docker" "create" "-v" "/var/lib/crater-agent-workspace/builds/worker-2-tc1/target:/opt/rustwide/target:rw,Z" "-v" "/var/lib/crater-agent-workspace/builds/worker-2-tc1/source:/opt/rustwide/workdir:ro,Z" "-v" "/var/lib/crater-agent-workspace/cargo-home:/opt/rustwide/cargo-home:ro,Z" "-v" "/var/lib/crater-agent-workspace/rustup-home:/opt/rustwide/rustup-home:ro,Z" "-e" "SOURCE_DIR=/opt/rustwide/workdir" "-e" "CARGO_TARGET_DIR=/opt/rustwide/target" "-e" "CARGO_INCREMENTAL=0" "-e" "RUST_BACKTRACE=full" "-e" "RUSTFLAGS=--cap-lints=warn" "-e" "RUSTDOCFLAGS=--cap-lints=warn" "-e" "CARGO_HOME=/opt/rustwide/cargo-home" "-e" "RUSTUP_HOME=/opt/rustwide/rustup-home" "-w" "/opt/rustwide/workdir" "-m" "1610612736" "--user" "0:0" "--network" "none" "ghcr.io/rust-lang/crates-build-env/linux@sha256:5ff2268d62e97bff2cde7d5815dd6ed5b47097566f13b8d0ca110b04b60e07ed" "/opt/rustwide/cargo-home/bin/cargo" "+1.69.0" "build" "--frozen" "--message-format=json", kill_on_drop: false }`
[INFO] [stdout] 4ed3a96d772ebd0a74a9b1841ee71e6658e8bdfa1bbe5be9307f0d4e5628c4a8
[INFO] running `Command { std: "docker" "start" "-a" "4ed3a96d772ebd0a74a9b1841ee71e6658e8bdfa1bbe5be9307f0d4e5628c4a8", kill_on_drop: false }`
[INFO] [stderr]    Compiling autocfg v1.0.1
[INFO] [stderr]    Compiling libc v0.2.107
[INFO] [stderr]    Compiling cfg-if v1.0.0
[INFO] [stderr]    Compiling memchr v2.4.1
[INFO] [stderr]    Compiling log v0.4.14
[INFO] [stderr]    Compiling cc v1.0.72
[INFO] [stderr]    Compiling pin-project-lite v0.2.7
[INFO] [stderr]    Compiling pkg-config v0.3.22
[INFO] [stderr]    Compiling futures-core v0.3.17
[INFO] [stderr]    Compiling bytes v1.1.0
[INFO] [stderr]    Compiling itoa v0.4.8
[INFO] [stderr]    Compiling futures-task v0.3.17
[INFO] [stderr]    Compiling bitflags v1.3.2
[INFO] [stderr]    Compiling lazy_static v1.4.0
[INFO] [stderr]    Compiling openssl v0.10.38
[INFO] [stderr]    Compiling foreign-types-shared v0.1.1
[INFO] [stderr]    Compiling fnv v1.0.7
[INFO] [stderr]    Compiling tracing-core v0.1.21
[INFO] [stderr]    Compiling foreign-types v0.3.2
[INFO] [stderr]    Compiling futures-channel v0.3.17
[INFO] [stderr]    Compiling futures-io v0.3.17
[INFO] [stderr]    Compiling tinyvec_macros v0.1.0
[INFO] [stderr]    Compiling futures-sink v0.3.17
[INFO] [stderr]    Compiling httparse v1.5.1
[INFO] [stderr]    Compiling pin-utils v0.1.0
[INFO] [stderr]    Compiling ryu v1.0.5
[INFO] [stderr]    Compiling matches v0.1.9
[INFO] [stderr]    Compiling native-tls v0.2.8
[INFO] [stderr]    Compiling hashbrown v0.11.2
[INFO] [stderr]    Compiling http v0.2.5
[INFO] [stderr]    Compiling tokio v1.14.0
[INFO] [stderr]    Compiling futures-util v0.3.17
[INFO] [stderr]    Compiling openssl-src v300.0.2+3.0.0
[INFO] [stderr]    Compiling indexmap v1.7.0
[INFO] [stderr]    Compiling serde v1.0.130
[INFO] [stderr]    Compiling slab v0.4.5
[INFO] [stderr]    Compiling once_cell v1.8.0
[INFO] [stderr]    Compiling tracing v0.1.29
[INFO] [stderr]    Compiling tinyvec v1.5.1
[INFO] [stderr]    Compiling percent-encoding v2.1.0
[INFO] [stderr]    Compiling try-lock v0.2.3
[INFO] [stderr]    Compiling openssl-probe v0.1.4
[INFO] [stderr]    Compiling form_urlencoded v1.0.1
[INFO] [stderr]    Compiling want v0.3.0
[INFO] [stderr]    Compiling httpdate v1.0.2
[INFO] [stderr]    Compiling mio v0.7.14
[INFO] [stderr]    Compiling num_cpus v1.13.0
[INFO] [stderr]    Compiling socket2 v0.4.2
[INFO] [stderr]    Compiling serde_json v1.0.71
[INFO] [stderr]    Compiling encoding_rs v0.8.29
[INFO] [stderr]    Compiling tower-service v0.3.1
[INFO] [stderr]    Compiling unicode-bidi v0.3.7
[INFO] [stderr]    Compiling openssl-sys v0.9.71
[INFO] [stderr]    Compiling atty v0.2.14
[INFO] [stderr]    Compiling aho-corasick v0.7.18
[INFO] [stderr]    Compiling unicode-width v0.1.9
[INFO] [stderr]    Compiling regex-syntax v0.6.25
[INFO] [stderr]    Compiling strsim v0.8.0
[INFO] [stderr]    Compiling humantime v2.1.0
[INFO] [stderr]    Compiling unicode-normalization v0.1.19
[INFO] [stderr]    Compiling textwrap v0.11.0
[INFO] [stderr]    Compiling ansi_term v0.11.0
[INFO] [stderr]    Compiling termcolor v1.1.2
[INFO] [stderr]    Compiling ipnet v2.3.1
[INFO] [stderr]    Compiling vec_map v0.8.2
[INFO] [stderr]    Compiling base64 v0.13.0
[INFO] [stderr]    Compiling http-body v0.4.4
[INFO] [stderr]    Compiling mime v0.3.16
[INFO] [stderr]    Compiling idna v0.2.3
[INFO] [stderr]    Compiling clap v2.33.3
[INFO] [stderr]    Compiling url v2.2.2
[INFO] [stderr]    Compiling regex v1.5.4
[INFO] [stderr]    Compiling env_logger v0.9.0
[INFO] [stderr]    Compiling serde_urlencoded v0.7.0
[INFO] [stderr]    Compiling tokio-util v0.6.9
[INFO] [stderr]    Compiling h2 v0.3.7
[INFO] [stderr]    Compiling hyper v0.14.15
[INFO] [stderr] error: failed to run custom build command for `openssl-sys v0.9.71`
[INFO] [stderr] note: To improve backtraces for build dependencies, set the CARGO_PROFILE_DEV_BUILD_OVERRIDE_DEBUG=true environment variable to enable debug information generation.
[INFO] [stderr] 
[INFO] [stderr] Caused by:
[INFO] [stderr]   process didn't exit successfully: `/opt/rustwide/target/debug/build/openssl-sys-e3b8f679585033ec/build-script-main` (exit status: 101)
[INFO] [stderr]   --- stdout
[INFO] [stderr]   cargo:rustc-cfg=const_fn
[INFO] [stderr]   cargo:rerun-if-env-changed=X86_64_UNKNOWN_LINUX_GNU_OPENSSL_NO_VENDOR
[INFO] [stderr]   X86_64_UNKNOWN_LINUX_GNU_OPENSSL_NO_VENDOR unset
[INFO] [stderr]   cargo:rerun-if-env-changed=OPENSSL_NO_VENDOR
[INFO] [stderr]   OPENSSL_NO_VENDOR unset
[INFO] [stderr]   CC_x86_64-unknown-linux-gnu = None
[INFO] [stderr]   CC_x86_64_unknown_linux_gnu = None
[INFO] [stderr]   HOST_CC = None
[INFO] [stderr]   CC = None
[INFO] [stderr]   CFLAGS_x86_64-unknown-linux-gnu = None
[INFO] [stderr]   CFLAGS_x86_64_unknown_linux_gnu = None
[INFO] [stderr]   HOST_CFLAGS = None
[INFO] [stderr]   CFLAGS = None
[INFO] [stderr]   CRATE_CC_NO_DEFAULTS = None
[INFO] [stderr]   DEBUG = Some("true")
[INFO] [stderr]   CARGO_CFG_TARGET_FEATURE = Some("fxsr,sse,sse2")
[INFO] [stderr]   running cd "/opt/rustwide/target/debug/build/openssl-sys-953ba0da87114465/out/openssl-build/build/src" && CC="cc" "perl" "./Configure" "--prefix=/opt/rustwide/target/debug/build/openssl-sys-953ba0da87114465/out/openssl-build/install" "no-dso" "no-shared" "no-ssl3" "no-tests" "no-comp" "no-zlib" "no-zlib-dynamic" "--libdir=lib" "no-legacy" "no-md2" "no-rc5" "no-weak-ssl-ciphers" "no-camellia" "no-idea" "no-seed" "linux-x86_64" "-O2" "-ffunction-sections" "-fdata-sections" "-fPIC" "-g" "-fno-omit-frame-pointer" "-m64"
[INFO] [stderr]   Configuring OpenSSL version 3.0.0 for target linux-x86_64
[INFO] [stderr]   Using os-specific seed configuration
[INFO] [stderr]   Creating configdata.pm
[INFO] [stderr]   Running configdata.pm
[INFO] [stderr]   Creating Makefile.in
[INFO] [stderr]   Creating Makefile
[INFO] [stderr] 
[INFO] [stderr]   **********************************************************************
[INFO] [stderr]   ***                                                                ***
[INFO] [stderr]   ***   OpenSSL has been successfully configured                     ***
[INFO] [stderr]   ***                                                                ***
[INFO] [stderr]   ***   If you encounter a problem while building, please open an    ***
[INFO] [stderr]   ***   issue on GitHub <https://github.com/openssl/openssl/issues>  ***
[INFO] [stderr]   ***   and include the output from the following command:           ***
[INFO] [stderr]   ***                                                                ***
[INFO] [stderr]   ***       perl configdata.pm --dump                                ***
[INFO] [stderr]   ***                                                                ***
[INFO] [stderr]   ***   (If you are new to OpenSSL, you might want to consult the    ***
[INFO] [stderr]   ***   'Troubleshooting' section in the INSTALL.md file first)      ***
[INFO] [stderr]   ***                                                                ***
[INFO] [stderr]   **********************************************************************
[INFO] [stderr]   running cd "/opt/rustwide/target/debug/build/openssl-sys-953ba0da87114465/out/openssl-build/build/src" && "make" "depend"
[INFO] [stderr]   running cd "/opt/rustwide/target/debug/build/openssl-sys-953ba0da87114465/out/openssl-build/build/src" && MAKEFLAGS="-j --jobserver-fds=9,10 --jobserver-auth=9,10" "make" "build_libs"
[INFO] [stderr]   /usr/bin/perl "-I." -Mconfigdata "util/dofile.pl" "-oMakefile" include/crypto/bn_conf.h.in > include/crypto/bn_conf.h
[INFO] [stderr]   /usr/bin/perl "-I." -Mconfigdata "util/dofile.pl" "-oMakefile" include/crypto/dso_conf.h.in > include/crypto/dso_conf.h
[INFO] [stderr]   /usr/bin/perl "-I." -Mconfigdata "util/dofile.pl" "-oMakefile" include/openssl/asn1.h.in > include/openssl/asn1.h
[INFO] [stderr]   /usr/bin/perl "-I." -Mconfigdata "util/dofile.pl" "-oMakefile" include/openssl/asn1t.h.in > include/openssl/asn1t.h
[INFO] [stderr]   /usr/bin/perl "-I." -Mconfigdata "util/dofile.pl" "-oMakefile" include/openssl/bio.h.in > include/openssl/bio.h
[INFO] [stderr]   /usr/bin/perl "-I." -Mconfigdata "util/dofile.pl" "-oMakefile" include/openssl/cmp.h.in > include/openssl/cmp.h
[INFO] [stderr]   /usr/bin/perl "-I." -Mconfigdata "util/dofile.pl" "-oMakefile" include/openssl/cms.h.in > include/openssl/cms.h
[INFO] [stderr]   /usr/bin/perl "-I." -Mconfigdata "util/dofile.pl" "-oMakefile" include/openssl/conf.h.in > include/openssl/conf.h
[INFO] [stderr]   /usr/bin/perl "-I." -Mconfigdata "util/dofile.pl" "-oMakefile" include/openssl/configuration.h.in > include/openssl/configuration.h
[INFO] [stderr]   /usr/bin/perl "-I." -Mconfigdata "util/dofile.pl" "-oMakefile" include/openssl/crmf.h.in > include/openssl/crmf.h
[INFO] [stderr]   /usr/bin/perl "-I." -Mconfigdata "util/dofile.pl" "-oMakefile" include/openssl/crypto.h.in > include/openssl/crypto.h
[INFO] [stderr]   /usr/bin/perl "-I." -Mconfigdata "util/dofile.pl" "-oMakefile" include/openssl/ct.h.in > include/openssl/ct.h
[INFO] [stderr]   /usr/bin/perl "-I." -Mconfigdata "util/dofile.pl" "-oMakefile" include/openssl/err.h.in > include/openssl/err.h
[INFO] [stderr]   /usr/bin/perl "-I." -Mconfigdata "util/dofile.pl" "-oMakefile" include/openssl/ess.h.in > include/openssl/ess.h
[INFO] [stderr]   /usr/bin/perl "-I." -Mconfigdata "util/dofile.pl" "-oMakefile" include/openssl/fipskey.h.in > include/openssl/fipskey.h
[INFO] [stderr]   /usr/bin/perl "-I." -Mconfigdata "util/dofile.pl" "-oMakefile" include/openssl/lhash.h.in > include/openssl/lhash.h
[INFO] [stderr]   /usr/bin/perl "-I." -Mconfigdata "util/dofile.pl" "-oMakefile" include/openssl/ocsp.h.in > include/openssl/ocsp.h
[INFO] [stderr]   /usr/bin/perl "-I." -Mconfigdata "util/dofile.pl" "-oMakefile" include/openssl/opensslv.h.in > include/openssl/opensslv.h
[INFO] [stderr]   /usr/bin/perl "-I." -Mconfigdata "util/dofile.pl" "-oMakefile" include/openssl/pkcs12.h.in > include/openssl/pkcs12.h
[INFO] [stderr]   /usr/bin/perl "-I." -Mconfigdata "util/dofile.pl" "-oMakefile" include/openssl/pkcs7.h.in > include/openssl/pkcs7.h
[INFO] [stderr]   /usr/bin/perl "-I." -Mconfigdata "util/dofile.pl" "-oMakefile" include/openssl/safestack.h.in > include/openssl/safestack.h
[INFO] [stderr]   /usr/bin/perl "-I." -Mconfigdata "util/dofile.pl" "-oMakefile" include/openssl/srp.h.in > include/openssl/srp.h
[INFO] [stderr]   /usr/bin/perl "-I." -Mconfigdata "util/dofile.pl" "-oMakefile" include/openssl/ssl.h.in > include/openssl/ssl.h
[INFO] [stderr]   /usr/bin/perl "-I." -Mconfigdata "util/dofile.pl" "-oMakefile" include/openssl/ui.h.in > include/openssl/ui.h
[INFO] [stderr]   /usr/bin/perl "-I." -Mconfigdata "util/dofile.pl" "-oMakefile" include/openssl/x509.h.in > include/openssl/x509.h
[INFO] [stderr]   /usr/bin/perl "-I." -Mconfigdata "util/dofile.pl" "-oMakefile" include/openssl/x509_vfy.h.in > include/openssl/x509_vfy.h
[INFO] [stderr]   /usr/bin/perl "-I." -Mconfigdata "util/dofile.pl" "-oMakefile" include/openssl/x509v3.h.in > include/openssl/x509v3.h
[INFO] [stderr]   make depend && make _build_libs
[INFO] [stderr]   make[1]: Entering directory '/opt/rustwide/target/debug/build/openssl-sys-953ba0da87114465/out/openssl-build/build/src'
[INFO] [stderr]   make[1]: Leaving directory '/opt/rustwide/target/debug/build/openssl-sys-953ba0da87114465/out/openssl-build/build/src'
[INFO] [stderr]   make[1]: Entering directory '/opt/rustwide/target/debug/build/openssl-sys-953ba0da87114465/out/openssl-build/build/src'
[INFO] [stderr]   cc  -I. -Iinclude -Iapps/include  -fPIC -pthread -m64 -Wa,--noexecstack -Wall -O3 -O2 -ffunction-sections -fdata-sections -fPIC -g -fno-omit-frame-pointer -m64 -DOPENSSL_USE_NODELETE -DL_ENDIAN -DOPENSSL_PIC -DOPENSSLDIR="\"/opt/rustwide/target/debug/build/openssl-sys-953ba0da87114465/out/openssl-build/install/ssl\"" -DENGINESDIR="\"/opt/rustwide/target/debug/build/openssl-sys-953ba0da87114465/out/openssl-build/install/lib/engines-3\"" -DMODULESDIR="\"/opt/rustwide/target/debug/build/openssl-sys-953ba0da87114465/out/openssl-build/install/lib/ossl-modules\"" -DOPENSSL_BUILDING_OPENSSL -DNDEBUG  -MMD -MF apps/lib/libapps-lib-app_libctx.d.tmp -MT apps/lib/libapps-lib-app_libctx.o -c -o apps/lib/libapps-lib-app_libctx.o apps/lib/app_libctx.c
[INFO] [stderr]   cc  -I. -Iinclude -Iapps/include  -fPIC -pthread -m64 -Wa,--noexecstack -Wall -O3 -O2 -ffunction-sections -fdata-sections -fPIC -g -fno-omit-frame-pointer -m64 -DOPENSSL_USE_NODELETE -DL_ENDIAN -DOPENSSL_PIC -DOPENSSLDIR="\"/opt/rustwide/target/debug/build/openssl-sys-953ba0da87114465/out/openssl-build/install/ssl\"" -DENGINESDIR="\"/opt/rustwide/target/debug/build/openssl-sys-953ba0da87114465/out/openssl-build/install/lib/engines-3\"" -DMODULESDIR="\"/opt/rustwide/target/debug/build/openssl-sys-953ba0da87114465/out/openssl-build/install/lib/ossl-modules\"" -DOPENSSL_BUILDING_OPENSSL -DNDEBUG  -MMD -MF apps/lib/libapps-lib-app_params.d.tmp -MT apps/lib/libapps-lib-app_params.o -c -o apps/lib/libapps-lib-app_params.o apps/lib/app_params.c
[INFO] [stderr]   cc  -I. -Iinclude -Iapps/include  -fPIC -pthread -m64 -Wa,--noexecstack -Wall -O3 -O2 -ffunction-sections -fdata-sections -fPIC -g -fno-omit-frame-pointer -m64 -DOPENSSL_USE_NODELETE -DL_ENDIAN -DOPENSSL_PIC -DOPENSSLDIR="\"/opt/rustwide/target/debug/build/openssl-sys-953ba0da87114465/out/openssl-build/install/ssl\"" -DENGINESDIR="\"/opt/rustwide/target/debug/build/openssl-sys-953ba0da87114465/out/openssl-build/install/lib/engines-3\"" -DMODULESDIR="\"/opt/rustwide/target/debug/build/openssl-sys-953ba0da87114465/out/openssl-build/install/lib/ossl-modules\"" -DOPENSSL_BUILDING_OPENSSL -DNDEBUG  -MMD -MF apps/lib/libapps-lib-app_provider.d.tmp -MT apps/lib/libapps-lib-app_provider.o -c -o apps/lib/libapps-lib-app_provider.o apps/lib/app_provider.c
[INFO] [stderr]   cc  -I. -Iinclude -Iapps/include  -fPIC -pthread -m64 -Wa,--noexecstack -Wall -O3 -O2 -ffunction-sections -fdata-sections -fPIC -g -fno-omit-frame-pointer -m64 -DOPENSSL_USE_NODELETE -DL_ENDIAN -DOPENSSL_PIC -DOPENSSLDIR="\"/opt/rustwide/target/debug/build/openssl-sys-953ba0da87114465/out/openssl-build/install/ssl\"" -DENGINESDIR="\"/opt/rustwide/target/debug/build/openssl-sys-953ba0da87114465/out/openssl-build/install/lib/engines-3\"" -DMODULESDIR="\"/opt/rustwide/target/debug/build/openssl-sys-953ba0da87114465/out/openssl-build/install/lib/ossl-modules\"" -DOPENSSL_BUILDING_OPENSSL -DNDEBUG  -MMD -MF apps/lib/libapps-lib-app_rand.d.tmp -MT apps/lib/libapps-lib-app_rand.o -c -o apps/lib/libapps-lib-app_rand.o apps/lib/app_rand.c
[INFO] [stderr]   cc  -I. -Iinclude -Iapps/include  -fPIC -pthread -m64 -Wa,--noexecstack -Wall -O3 -O2 -ffunction-sections -fdata-sections -fPIC -g -fno-omit-frame-pointer -m64 -DOPENSSL_USE_NODELETE -DL_ENDIAN -DOPENSSL_PIC -DOPENSSLDIR="\"/opt/rustwide/target/debug/build/openssl-sys-953ba0da87114465/out/openssl-build/install/ssl\"" -DENGINESDIR="\"/opt/rustwide/target/debug/build/openssl-sys-953ba0da87114465/out/openssl-build/install/lib/engines-3\"" -DMODULESDIR="\"/opt/rustwide/target/debug/build/openssl-sys-953ba0da87114465/out/openssl-build/install/lib/ossl-modules\"" -DOPENSSL_BUILDING_OPENSSL -DNDEBUG  -MMD -MF apps/lib/libapps-lib-app_x509.d.tmp -MT apps/lib/libapps-lib-app_x509.o -c -o apps/lib/libapps-lib-app_x509.o apps/lib/app_x509.c
[INFO] [stderr]   cc  -I. -Iinclude -Iapps/include  -fPIC -pthread -m64 -Wa,--noexecstack -Wall -O3 -O2 -ffunction-sections -fdata-sections -fPIC -g -fno-omit-frame-pointer -m64 -DOPENSSL_USE_NODELETE -DL_ENDIAN -DOPENSSL_PIC -DOPENSSLDIR="\"/opt/rustwide/target/debug/build/openssl-sys-953ba0da87114465/out/openssl-build/install/ssl\"" -DENGINESDIR="\"/opt/rustwide/target/debug/build/openssl-sys-953ba0da87114465/out/openssl-build/install/lib/engines-3\"" -DMODULESDIR="\"/opt/rustwide/target/debug/build/openssl-sys-953ba0da87114465/out/openssl-build/install/lib/ossl-modules\"" -DOPENSSL_BUILDING_OPENSSL -DNDEBUG  -MMD -MF apps/lib/libapps-lib-apps.d.tmp -MT apps/lib/libapps-lib-apps.o -c -o apps/lib/libapps-lib-apps.o apps/lib/apps.c
[INFO] [stderr]   cc  -I. -Iinclude -Iapps/include  -fPIC -pthread -m64 -Wa,--noexecstack -Wall -O3 -O2 -ffunction-sections -fdata-sections -fPIC -g -fno-omit-frame-pointer -m64 -DOPENSSL_USE_NODELETE -DL_ENDIAN -DOPENSSL_PIC -DOPENSSLDIR="\"/opt/rustwide/target/debug/build/openssl-sys-953ba0da87114465/out/openssl-build/install/ssl\"" -DENGINESDIR="\"/opt/rustwide/target/debug/build/openssl-sys-953ba0da87114465/out/openssl-build/install/lib/engines-3\"" -DMODULESDIR="\"/opt/rustwide/target/debug/build/openssl-sys-953ba0da87114465/out/openssl-build/install/lib/ossl-modules\"" -DOPENSSL_BUILDING_OPENSSL -DNDEBUG  -MMD -MF apps/lib/libapps-lib-apps_ui.d.tmp -MT apps/lib/libapps-lib-apps_ui.o -c -o apps/lib/libapps-lib-apps_ui.o apps/lib/apps_ui.c
[INFO] [stderr]   cc  -I. -Iinclude -Iapps/include  -fPIC -pthread -m64 -Wa,--noexecstack -Wall -O3 -O2 -ffunction-sections -fdata-sections -fPIC -g -fno-omit-frame-pointer -m64 -DOPENSSL_USE_NODELETE -DL_ENDIAN -DOPENSSL_PIC -DOPENSSLDIR="\"/opt/rustwide/target/debug/build/openssl-sys-953ba0da87114465/out/openssl-build/install/ssl\"" -DENGINESDIR="\"/opt/rustwide/target/debug/build/openssl-sys-953ba0da87114465/out/openssl-build/install/lib/engines-3\"" -DMODULESDIR="\"/opt/rustwide/target/debug/build/openssl-sys-953ba0da87114465/out/openssl-build/install/lib/ossl-modules\"" -DOPENSSL_BUILDING_OPENSSL -DNDEBUG  -MMD -MF apps/lib/libapps-lib-columns.d.tmp -MT apps/lib/libapps-lib-columns.o -c -o apps/lib/libapps-lib-columns.o apps/lib/columns.c
[INFO] [stderr]   cc  -I. -Iinclude -Iapps/include  -fPIC -pthread -m64 -Wa,--noexecstack -Wall -O3 -O2 -ffunction-sections -fdata-sections -fPIC -g -fno-omit-frame-pointer -m64 -DOPENSSL_USE_NODELETE -DL_ENDIAN -DOPENSSL_PIC -DOPENSSLDIR="\"/opt/rustwide/target/debug/build/openssl-sys-953ba0da87114465/out/openssl-build/install/ssl\"" -DENGINESDIR="\"/opt/rustwide/target/debug/build/openssl-sys-953ba0da87114465/out/openssl-build/install/lib/engines-3\"" -DMODULESDIR="\"/opt/rustwide/target/debug/build/openssl-sys-953ba0da87114465/out/openssl-build/install/lib/ossl-modules\"" -DOPENSSL_BUILDING_OPENSSL -DNDEBUG  -MMD -MF apps/lib/libapps-lib-engine.d.tmp -MT apps/lib/libapps-lib-engine.o -c -o apps/lib/libapps-lib-engine.o apps/lib/engine.c
[INFO] [stderr]   cc  -I. -Iinclude -Iapps/include  -fPIC -pthread -m64 -Wa,--noexecstack -Wall -O3 -O2 -ffunction-sections -fdata-sections -fPIC -g -fno-omit-frame-pointer -m64 -DOPENSSL_USE_NODELETE -DL_ENDIAN -DOPENSSL_PIC -DOPENSSLDIR="\"/opt/rustwide/target/debug/build/openssl-sys-953ba0da87114465/out/openssl-build/install/ssl\"" -DENGINESDIR="\"/opt/rustwide/target/debug/build/openssl-sys-953ba0da87114465/out/openssl-build/install/lib/engines-3\"" -DMODULESDIR="\"/opt/rustwide/target/debug/build/openssl-sys-953ba0da87114465/out/openssl-build/install/lib/ossl-modules\"" -DOPENSSL_BUILDING_OPENSSL -DNDEBUG  -MMD -MF apps/lib/libapps-lib-engine_loader.d.tmp -MT apps/lib/libapps-lib-engine_loader.o -c -o apps/lib/libapps-lib-engine_loader.o apps/lib/engine_loader.c
[INFO] [stderr]   cc  -I. -Iinclude -Iapps/include  -fPIC -pthread -m64 -Wa,--noexecstack -Wall -O3 -O2 -ffunction-sections -fdata-sections -fPIC -g -fno-omit-frame-pointer -m64 -DOPENSSL_USE_NODELETE -DL_ENDIAN -DOPENSSL_PIC -DOPENSSLDIR="\"/opt/rustwide/target/debug/build/openssl-sys-953ba0da87114465/out/openssl-build/install/ssl\"" -DENGINESDIR="\"/opt/rustwide/target/debug/build/openssl-sys-953ba0da87114465/out/openssl-build/install/lib/engines-3\"" -DMODULESDIR="\"/opt/rustwide/target/debug/build/openssl-sys-953ba0da87114465/out/openssl-build/install/lib/ossl-modules\"" -DOPENSSL_BUILDING_OPENSSL -DNDEBUG  -MMD -MF apps/lib/libapps-lib-fmt.d.tmp -MT apps/lib/libapps-lib-fmt.o -c -o apps/lib/libapps-lib-fmt.o apps/lib/fmt.c
[INFO] [stderr]   cc  -I. -Iinclude -Iapps/include  -fPIC -pthread -m64 -Wa,--noexecstack -Wall -O3 -O2 -ffunction-sections -fdata-sections -fPIC -g -fno-omit-frame-pointer -m64 -DOPENSSL_USE_NODELETE -DL_ENDIAN -DOPENSSL_PIC -DOPENSSLDIR="\"/opt/rustwide/target/debug/build/openssl-sys-953ba0da87114465/out/openssl-build/install/ssl\"" -DENGINESDIR="\"/opt/rustwide/target/debug/build/openssl-sys-953ba0da87114465/out/openssl-build/install/lib/engines-3\"" -DMODULESDIR="\"/opt/rustwide/target/debug/build/openssl-sys-953ba0da87114465/out/openssl-build/install/lib/ossl-modules\"" -DOPENSSL_BUILDING_OPENSSL -DNDEBUG  -MMD -MF apps/lib/libapps-lib-http_server.d.tmp -MT apps/lib/libapps-lib-http_server.o -c -o apps/lib/libapps-lib-http_server.o apps/lib/http_server.c
[INFO] [stderr]   cc  -I. -Iinclude -Iapps/include  -fPIC -pthread -m64 -Wa,--noexecstack -Wall -O3 -O2 -ffunction-sections -fdata-sections -fPIC -g -fno-omit-frame-pointer -m64 -DOPENSSL_USE_NODELETE -DL_ENDIAN -DOPENSSL_PIC -DOPENSSLDIR="\"/opt/rustwide/target/debug/build/openssl-sys-953ba0da87114465/out/openssl-build/install/ssl\"" -DENGINESDIR="\"/opt/rustwide/target/debug/build/openssl-sys-953ba0da87114465/out/openssl-build/install/lib/engines-3\"" -DMODULESDIR="\"/opt/rustwide/target/debug/build/openssl-sys-953ba0da87114465/out/openssl-build/install/lib/ossl-modules\"" -DOPENSSL_BUILDING_OPENSSL -DNDEBUG  -MMD -MF apps/lib/libapps-lib-names.d.tmp -MT apps/lib/libapps-lib-names.o -c -o apps/lib/libapps-lib-names.o apps/lib/names.c
[INFO] [stderr]   cc  -I. -Iinclude -Iapps/include  -fPIC -pthread -m64 -Wa,--noexecstack -Wall -O3 -O2 -ffunction-sections -fdata-sections -fPIC -g -fno-omit-frame-pointer -m64 -DOPENSSL_USE_NODELETE -DL_ENDIAN -DOPENSSL_PIC -DOPENSSLDIR="\"/opt/rustwide/target/debug/build/openssl-sys-953ba0da87114465/out/openssl-build/install/ssl\"" -DENGINESDIR="\"/opt/rustwide/target/debug/build/openssl-sys-953ba0da87114465/out/openssl-build/install/lib/engines-3\"" -DMODULESDIR="\"/opt/rustwide/target/debug/build/openssl-sys-953ba0da87114465/out/openssl-build/install/lib/ossl-modules\"" -DOPENSSL_BUILDING_OPENSSL -DNDEBUG  -MMD -MF apps/lib/libapps-lib-opt.d.tmp -MT apps/lib/libapps-lib-opt.o -c -o apps/lib/libapps-lib-opt.o apps/lib/opt.c
[INFO] [stderr]   cc  -I. -Iinclude -Iapps/include  -fPIC -pthread -m64 -Wa,--noexecstack -Wall -O3 -O2 -ffunction-sections -fdata-sections -fPIC -g -fno-omit-frame-pointer -m64 -DOPENSSL_USE_NODELETE -DL_ENDIAN -DOPENSSL_PIC -DOPENSSLDIR="\"/opt/rustwide/target/debug/build/openssl-sys-953ba0da87114465/out/openssl-build/install/ssl\"" -DENGINESDIR="\"/opt/rustwide/target/debug/build/openssl-sys-953ba0da87114465/out/openssl-build/install/lib/engines-3\"" -DMODULESDIR="\"/opt/rustwide/target/debug/build/openssl-sys-953ba0da87114465/out/openssl-build/install/lib/ossl-modules\"" -DOPENSSL_BUILDING_OPENSSL -DNDEBUG  -MMD -MF apps/lib/libapps-lib-s_cb.d.tmp -MT apps/lib/libapps-lib-s_cb.o -c -o apps/lib/libapps-lib-s_cb.o apps/lib/s_cb.c
[INFO] [stderr]   cc  -I. -Iinclude -Iapps/include  -fPIC -pthread -m64 -Wa,--noexecstack -Wall -O3 -O2 -ffunction-sections -fdata-sections -fPIC -g -fno-omit-frame-pointer -m64 -DOPENSSL_USE_NODELETE -DL_ENDIAN -DOPENSSL_PIC -DOPENSSLDIR="\"/opt/rustwide/target/debug/build/openssl-sys-953ba0da87114465/out/openssl-build/install/ssl\"" -DENGINESDIR="\"/opt/rustwide/target/debug/build/openssl-sys-953ba0da87114465/out/openssl-build/install/lib/engines-3\"" -DMODULESDIR="\"/opt/rustwide/target/debug/build/openssl-sys-953ba0da87114465/out/openssl-build/install/lib/ossl-modules\"" -DOPENSSL_BUILDING_OPENSSL -DNDEBUG  -MMD -MF apps/lib/libapps-lib-s_socket.d.tmp -MT apps/lib/libapps-lib-s_socket.o -c -o apps/lib/libapps-lib-s_socket.o apps/lib/s_socket.c
[INFO] [stderr]   cc  -I. -Iinclude -Iapps/include  -fPIC -pthread -m64 -Wa,--noexecstack -Wall -O3 -O2 -ffunction-sections -fdata-sections -fPIC -g -fno-omit-frame-pointer -m64 -DOPENSSL_USE_NODELETE -DL_ENDIAN -DOPENSSL_PIC -DOPENSSLDIR="\"/opt/rustwide/target/debug/build/openssl-sys-953ba0da87114465/out/openssl-build/install/ssl\"" -DENGINESDIR="\"/opt/rustwide/target/debug/build/openssl-sys-953ba0da87114465/out/openssl-build/install/lib/engines-3\"" -DMODULESDIR="\"/opt/rustwide/target/debug/build/openssl-sys-953ba0da87114465/out/openssl-build/install/lib/ossl-modules\"" -DOPENSSL_BUILDING_OPENSSL -DNDEBUG  -MMD -MF apps/lib/libapps-lib-tlssrp_depr.d.tmp -MT apps/lib/libapps-lib-tlssrp_depr.o -c -o apps/lib/libapps-lib-tlssrp_depr.o apps/lib/tlssrp_depr.c
[INFO] [stderr]   CC="cc" /usr/bin/perl crypto/aes/asm/aes-x86_64.pl "elf" -I. -Iinclude -Iproviders/common/include -Iproviders/implementations/include -fPIC -pthread -m64 -Wa,--noexecstack -Wall -O3 -O2 -ffunction-sections -fdata-sections -fPIC -g -fno-omit-frame-pointer -m64 -DOPENSSL_USE_NODELETE -DL_ENDIAN -DOPENSSL_PIC -DOPENSSLDIR="\"/opt/rustwide/target/debug/build/openssl-sys-953ba0da87114465/out/openssl-build/install/ssl\"" -DENGINESDIR="\"/opt/rustwide/target/debug/build/openssl-sys-953ba0da87114465/out/openssl-build/install/lib/engines-3\"" -DMODULESDIR="\"/opt/rustwide/target/debug/build/openssl-sys-953ba0da87114465/out/openssl-build/install/lib/ossl-modules\"" -DOPENSSL_BUILDING_OPENSSL -DNDEBUG  -DAES_ASM -DBSAES_ASM -DECP_NISTZ256_ASM -DGHASH_ASM -DKECCAK1600_ASM -DMD5_ASM -DOPENSSL_BN_ASM_GF2m -DOPENSSL_BN_ASM_MONT -DOPENSSL_BN_ASM_MONT5 -DOPENSSL_CPUID_OBJ -DOPENSSL_IA32_SSE2 -DPADLOCK_ASM -DPOLY1305_ASM -DSHA1_ASM -DSHA256_ASM -DSHA512_ASM -DVPAES_ASM -DWHIRLPOOL_ASM -DX25519_ASM  crypto/aes/aes-x86_64.s
[INFO] [stderr]   cc  -I. -Iinclude -Iproviders/common/include -Iproviders/implementations/include  -DAES_ASM -DBSAES_ASM -DECP_NISTZ256_ASM -DGHASH_ASM -DKECCAK1600_ASM -DMD5_ASM -DOPENSSL_BN_ASM_GF2m -DOPENSSL_BN_ASM_MONT -DOPENSSL_BN_ASM_MONT5 -DOPENSSL_CPUID_OBJ -DOPENSSL_IA32_SSE2 -DPADLOCK_ASM -DPOLY1305_ASM -DSHA1_ASM -DSHA256_ASM -DSHA512_ASM -DVPAES_ASM -DWHIRLPOOL_ASM -DX25519_ASM -fPIC -pthread -m64 -Wa,--noexecstack -Wall -O3 -O2 -ffunction-sections -fdata-sections -fPIC -g -fno-omit-frame-pointer -m64 -DOPENSSL_USE_NODELETE -DL_ENDIAN -DOPENSSL_PIC -DOPENSSLDIR="\"/opt/rustwide/target/debug/build/openssl-sys-953ba0da87114465/out/openssl-build/install/ssl\"" -DENGINESDIR="\"/opt/rustwide/target/debug/build/openssl-sys-953ba0da87114465/out/openssl-build/install/lib/engines-3\"" -DMODULESDIR="\"/opt/rustwide/target/debug/build/openssl-sys-953ba0da87114465/out/openssl-build/install/lib/ossl-modules\"" -DOPENSSL_BUILDING_OPENSSL -DNDEBUG  -MMD -MF crypto/aes/libcrypto-lib-aes_cfb.d.tmp -MT crypto/aes/libcrypto-lib-aes_cfb.o -c -o crypto/aes/libcrypto-lib-aes_cfb.o crypto/aes/aes_cfb.c
[INFO] [stderr]   cc  -I. -Iinclude -Iproviders/common/include -Iproviders/implementations/include  -DAES_ASM -DBSAES_ASM -DECP_NISTZ256_ASM -DGHASH_ASM -DKECCAK1600_ASM -DMD5_ASM -DOPENSSL_BN_ASM_GF2m -DOPENSSL_BN_ASM_MONT -DOPENSSL_BN_ASM_MONT5 -DOPENSSL_CPUID_OBJ -DOPENSSL_IA32_SSE2 -DPADLOCK_ASM -DPOLY1305_ASM -DSHA1_ASM -DSHA256_ASM -DSHA512_ASM -DVPAES_ASM -DWHIRLPOOL_ASM -DX25519_ASM -fPIC -pthread -m64 -Wa,--noexecstack -Wall -O3 -O2 -ffunction-sections -fdata-sections -fPIC -g -fno-omit-frame-pointer -m64 -DOPENSSL_USE_NODELETE -DL_ENDIAN -DOPENSSL_PIC -DOPENSSLDIR="\"/opt/rustwide/target/debug/build/openssl-sys-953ba0da87114465/out/openssl-build/install/ssl\"" -DENGINESDIR="\"/opt/rustwide/target/debug/build/openssl-sys-953ba0da87114465/out/openssl-build/install/lib/engines-3\"" -DMODULESDIR="\"/opt/rustwide/target/debug/build/openssl-sys-953ba0da87114465/out/openssl-build/install/lib/ossl-modules\"" -DOPENSSL_BUILDING_OPENSSL -DNDEBUG  -MMD -MF crypto/aes/libcrypto-lib-aes_ecb.d.tmp -MT crypto/aes/libcrypto-lib-aes_ecb.o -c -o crypto/aes/libcrypto-lib-aes_ecb.o crypto/aes/aes_ecb.c
[INFO] [stderr]   cc  -I. -Iinclude -Iproviders/common/include -Iproviders/implementations/include  -DAES_ASM -DBSAES_ASM -DECP_NISTZ256_ASM -DGHASH_ASM -DKECCAK1600_ASM -DMD5_ASM -DOPENSSL_BN_ASM_GF2m -DOPENSSL_BN_ASM_MONT -DOPENSSL_BN_ASM_MONT5 -DOPENSSL_CPUID_OBJ -DOPENSSL_IA32_SSE2 -DPADLOCK_ASM -DPOLY1305_ASM -DSHA1_ASM -DSHA256_ASM -DSHA512_ASM -DVPAES_ASM -DWHIRLPOOL_ASM -DX25519_ASM -fPIC -pthread -m64 -Wa,--noexecstack -Wall -O3 -O2 -ffunction-sections -fdata-sections -fPIC -g -fno-omit-frame-pointer -m64 -DOPENSSL_USE_NODELETE -DL_ENDIAN -DOPENSSL_PIC -DOPENSSLDIR="\"/opt/rustwide/target/debug/build/openssl-sys-953ba0da87114465/out/openssl-build/install/ssl\"" -DENGINESDIR="\"/opt/rustwide/target/debug/build/openssl-sys-953ba0da87114465/out/openssl-build/install/lib/engines-3\"" -DMODULESDIR="\"/opt/rustwide/target/debug/build/openssl-sys-953ba0da87114465/out/openssl-build/install/lib/ossl-modules\"" -DOPENSSL_BUILDING_OPENSSL -DNDEBUG  -MMD -MF crypto/aes/libcrypto-lib-aes_ige.d.tmp -MT crypto/aes/libcrypto-lib-aes_ige.o -c -o crypto/aes/libcrypto-lib-aes_ige.o crypto/aes/aes_ige.c
[INFO] [stderr]   cc  -I. -Iinclude -Iproviders/common/include -Iproviders/implementations/include  -DAES_ASM -DBSAES_ASM -DECP_NISTZ256_ASM -DGHASH_ASM -DKECCAK1600_ASM -DMD5_ASM -DOPENSSL_BN_ASM_GF2m -DOPENSSL_BN_ASM_MONT -DOPENSSL_BN_ASM_MONT5 -DOPENSSL_CPUID_OBJ -DOPENSSL_IA32_SSE2 -DPADLOCK_ASM -DPOLY1305_ASM -DSHA1_ASM -DSHA256_ASM -DSHA512_ASM -DVPAES_ASM -DWHIRLPOOL_ASM -DX25519_ASM -fPIC -pthread -m64 -Wa,--noexecstack -Wall -O3 -O2 -ffunction-sections -fdata-sections -fPIC -g -fno-omit-frame-pointer -m64 -DOPENSSL_USE_NODELETE -DL_ENDIAN -DOPENSSL_PIC -DOPENSSLDIR="\"/opt/rustwide/target/debug/build/openssl-sys-953ba0da87114465/out/openssl-build/install/ssl\"" -DENGINESDIR="\"/opt/rustwide/target/debug/build/openssl-sys-953ba0da87114465/out/openssl-build/install/lib/engines-3\"" -DMODULESDIR="\"/opt/rustwide/target/debug/build/openssl-sys-953ba0da87114465/out/openssl-build/install/lib/ossl-modules\"" -DOPENSSL_BUILDING_OPENSSL -DNDEBUG  -MMD -MF crypto/aes/libcrypto-lib-aes_misc.d.tmp -MT crypto/aes/libcrypto-lib-aes_misc.o -c -o crypto/aes/libcrypto-lib-aes_misc.o crypto/aes/aes_misc.c
[INFO] [stderr]   cc  -I. -Iinclude -Iproviders/common/include -Iproviders/implementations/include  -DAES_ASM -DBSAES_ASM -DECP_NISTZ256_ASM -DGHASH_ASM -DKECCAK1600_ASM -DMD5_ASM -DOPENSSL_BN_ASM_GF2m -DOPENSSL_BN_ASM_MONT -DOPENSSL_BN_ASM_MONT5 -DOPENSSL_CPUID_OBJ -DOPENSSL_IA32_SSE2 -DPADLOCK_ASM -DPOLY1305_ASM -DSHA1_ASM -DSHA256_ASM -DSHA512_ASM -DVPAES_ASM -DWHIRLPOOL_ASM -DX25519_ASM -fPIC -pthread -m64 -Wa,--noexecstack -Wall -O3 -O2 -ffunction-sections -fdata-sections -fPIC -g -fno-omit-frame-pointer -m64 -DOPENSSL_USE_NODELETE -DL_ENDIAN -DOPENSSL_PIC -DOPENSSLDIR="\"/opt/rustwide/target/debug/build/openssl-sys-953ba0da87114465/out/openssl-build/install/ssl\"" -DENGINESDIR="\"/opt/rustwide/target/debug/build/openssl-sys-953ba0da87114465/out/openssl-build/install/lib/engines-3\"" -DMODULESDIR="\"/opt/rustwide/target/debug/build/openssl-sys-953ba0da87114465/out/openssl-build/install/lib/ossl-modules\"" -DOPENSSL_BUILDING_OPENSSL -DNDEBUG  -MMD -MF crypto/aes/libcrypto-lib-aes_ofb.d.tmp -MT crypto/aes/libcrypto-lib-aes_ofb.o -c -o crypto/aes/libcrypto-lib-aes_ofb.o crypto/aes/aes_ofb.c
[INFO] [stderr]   cc  -I. -Iinclude -Iproviders/common/include -Iproviders/implementations/include  -DAES_ASM -DBSAES_ASM -DECP_NISTZ256_ASM -DGHASH_ASM -DKECCAK1600_ASM -DMD5_ASM -DOPENSSL_BN_ASM_GF2m -DOPENSSL_BN_ASM_MONT -DOPENSSL_BN_ASM_MONT5 -DOPENSSL_CPUID_OBJ -DOPENSSL_IA32_SSE2 -DPADLOCK_ASM -DPOLY1305_ASM -DSHA1_ASM -DSHA256_ASM -DSHA512_ASM -DVPAES_ASM -DWHIRLPOOL_ASM -DX25519_ASM -fPIC -pthread -m64 -Wa,--noexecstack -Wall -O3 -O2 -ffunction-sections -fdata-sections -fPIC -g -fno-omit-frame-pointer -m64 -DOPENSSL_USE_NODELETE -DL_ENDIAN -DOPENSSL_PIC -DOPENSSLDIR="\"/opt/rustwide/target/debug/build/openssl-sys-953ba0da87114465/out/openssl-build/install/ssl\"" -DENGINESDIR="\"/opt/rustwide/target/debug/build/openssl-sys-953ba0da87114465/out/openssl-build/install/lib/engines-3\"" -DMODULESDIR="\"/opt/rustwide/target/debug/build/openssl-sys-953ba0da87114465/out/openssl-build/install/lib/ossl-modules\"" -DOPENSSL_BUILDING_OPENSSL -DNDEBUG  -MMD -MF crypto/aes/libcrypto-lib-aes_wrap.d.tmp -MT crypto/aes/libcrypto-lib-aes_wrap.o -c -o crypto/aes/libcrypto-lib-aes_wrap.o crypto/aes/aes_wrap.c
[INFO] [stderr]   CC="cc" /usr/bin/perl crypto/aes/asm/aesni-mb-x86_64.pl "elf" -I. -Iinclude -Iproviders/common/include -Iproviders/implementations/include -fPIC -pthread -m64 -Wa,--noexecstack -Wall -O3 -O2 -ffunction-sections -fdata-sections -fPIC -g -fno-omit-frame-pointer -m64 -DOPENSSL_USE_NODELETE -DL_ENDIAN -DOPENSSL_PIC -DOPENSSLDIR="\"/opt/rustwide/target/debug/build/openssl-sys-953ba0da87114465/out/openssl-build/install/ssl\"" -DENGINESDIR="\"/opt/rustwide/target/debug/build/openssl-sys-953ba0da87114465/out/openssl-build/install/lib/engines-3\"" -DMODULESDIR="\"/opt/rustwide/target/debug/build/openssl-sys-953ba0da87114465/out/openssl-build/install/lib/ossl-modules\"" -DOPENSSL_BUILDING_OPENSSL -DNDEBUG  -DAES_ASM -DBSAES_ASM -DECP_NISTZ256_ASM -DGHASH_ASM -DKECCAK1600_ASM -DMD5_ASM -DOPENSSL_BN_ASM_GF2m -DOPENSSL_BN_ASM_MONT -DOPENSSL_BN_ASM_MONT5 -DOPENSSL_CPUID_OBJ -DOPENSSL_IA32_SSE2 -DPADLOCK_ASM -DPOLY1305_ASM -DSHA1_ASM -DSHA256_ASM -DSHA512_ASM -DVPAES_ASM -DWHIRLPOOL_ASM -DX25519_ASM  crypto/aes/aesni-mb-x86_64.s
[INFO] [stderr]   CC="cc" /usr/bin/perl crypto/aes/asm/aesni-sha1-x86_64.pl "elf" -I. -Iinclude -Iproviders/common/include -Iproviders/implementations/include -fPIC -pthread -m64 -Wa,--noexecstack -Wall -O3 -O2 -ffunction-sections -fdata-sections -fPIC -g -fno-omit-frame-pointer -m64 -DOPENSSL_USE_NODELETE -DL_ENDIAN -DOPENSSL_PIC -DOPENSSLDIR="\"/opt/rustwide/target/debug/build/openssl-sys-953ba0da87114465/out/openssl-build/install/ssl\"" -DENGINESDIR="\"/opt/rustwide/target/debug/build/openssl-sys-953ba0da87114465/out/openssl-build/install/lib/engines-3\"" -DMODULESDIR="\"/opt/rustwide/target/debug/build/openssl-sys-953ba0da87114465/out/openssl-build/install/lib/ossl-modules\"" -DOPENSSL_BUILDING_OPENSSL -DNDEBUG  -DAES_ASM -DBSAES_ASM -DECP_NISTZ256_ASM -DGHASH_ASM -DKECCAK1600_ASM -DMD5_ASM -DOPENSSL_BN_ASM_GF2m -DOPENSSL_BN_ASM_MONT -DOPENSSL_BN_ASM_MONT5 -DOPENSSL_CPUID_OBJ -DOPENSSL_IA32_SSE2 -DPADLOCK_ASM -DPOLY1305_ASM -DSHA1_ASM -DSHA256_ASM -DSHA512_ASM -DVPAES_ASM -DWHIRLPOOL_ASM -DX25519_ASM  crypto/aes/aesni-sha1-x86_64.s
[INFO] [stderr]   CC="cc" /usr/bin/perl crypto/aes/asm/aesni-sha256-x86_64.pl "elf" -I. -Iinclude -Iproviders/common/include -Iproviders/implementations/include -fPIC -pthread -m64 -Wa,--noexecstack -Wall -O3 -O2 -ffunction-sections -fdata-sections -fPIC -g -fno-omit-frame-pointer -m64 -DOPENSSL_USE_NODELETE -DL_ENDIAN -DOPENSSL_PIC -DOPENSSLDIR="\"/opt/rustwide/target/debug/build/openssl-sys-953ba0da87114465/out/openssl-build/install/ssl\"" -DENGINESDIR="\"/opt/rustwide/target/debug/build/openssl-sys-953ba0da87114465/out/openssl-build/install/lib/engines-3\"" -DMODULESDIR="\"/opt/rustwide/target/debug/build/openssl-sys-953ba0da87114465/out/openssl-build/install/lib/ossl-modules\"" -DOPENSSL_BUILDING_OPENSSL -DNDEBUG  -DAES_ASM -DBSAES_ASM -DECP_NISTZ256_ASM -DGHASH_ASM -DKECCAK1600_ASM -DMD5_ASM -DOPENSSL_BN_ASM_GF2m -DOPENSSL_BN_ASM_MONT -DOPENSSL_BN_ASM_MONT5 -DOPENSSL_CPUID_OBJ -DOPENSSL_IA32_SSE2 -DPADLOCK_ASM -DPOLY1305_ASM -DSHA1_ASM -DSHA256_ASM -DSHA512_ASM -DVPAES_ASM -DWHIRLPOOL_ASM -DX25519_ASM  crypto/aes/aesni-sha256-x86_64.s
[INFO] [stderr]   CC="cc" /usr/bin/perl crypto/aes/asm/aesni-x86_64.pl "elf" -I. -Iinclude -Iproviders/common/include -Iproviders/implementations/include -fPIC -pthread -m64 -Wa,--noexecstack -Wall -O3 -O2 -ffunction-sections -fdata-sections -fPIC -g -fno-omit-frame-pointer -m64 -DOPENSSL_USE_NODELETE -DL_ENDIAN -DOPENSSL_PIC -DOPENSSLDIR="\"/opt/rustwide/target/debug/build/openssl-sys-953ba0da87114465/out/openssl-build/install/ssl\"" -DENGINESDIR="\"/opt/rustwide/target/debug/build/openssl-sys-953ba0da87114465/out/openssl-build/install/lib/engines-3\"" -DMODULESDIR="\"/opt/rustwide/target/debug/build/openssl-sys-953ba0da87114465/out/openssl-build/install/lib/ossl-modules\"" -DOPENSSL_BUILDING_OPENSSL -DNDEBUG  -DAES_ASM -DBSAES_ASM -DECP_NISTZ256_ASM -DGHASH_ASM -DKECCAK1600_ASM -DMD5_ASM -DOPENSSL_BN_ASM_GF2m -DOPENSSL_BN_ASM_MONT -DOPENSSL_BN_ASM_MONT5 -DOPENSSL_CPUID_OBJ -DOPENSSL_IA32_SSE2 -DPADLOCK_ASM -DPOLY1305_ASM -DSHA1_ASM -DSHA256_ASM -DSHA512_ASM -DVPAES_ASM -DWHIRLPOOL_ASM -DX25519_ASM  crypto/aes/aesni-x86_64.s
[INFO] [stderr]   CC="cc" /usr/bin/perl crypto/aes/asm/bsaes-x86_64.pl "elf" -I. -Iinclude -Iproviders/common/include -Iproviders/implementations/include -fPIC -pthread -m64 -Wa,--noexecstack -Wall -O3 -O2 -ffunction-sections -fdata-sections -fPIC -g -fno-omit-frame-pointer -m64 -DOPENSSL_USE_NODELETE -DL_ENDIAN -DOPENSSL_PIC -DOPENSSLDIR="\"/opt/rustwide/target/debug/build/openssl-sys-953ba0da87114465/out/openssl-build/install/ssl\"" -DENGINESDIR="\"/opt/rustwide/target/debug/build/openssl-sys-953ba0da87114465/out/openssl-build/install/lib/engines-3\"" -DMODULESDIR="\"/opt/rustwide/target/debug/build/openssl-sys-953ba0da87114465/out/openssl-build/install/lib/ossl-modules\"" -DOPENSSL_BUILDING_OPENSSL -DNDEBUG  -DAES_ASM -DBSAES_ASM -DECP_NISTZ256_ASM -DGHASH_ASM -DKECCAK1600_ASM -DMD5_ASM -DOPENSSL_BN_ASM_GF2m -DOPENSSL_BN_ASM_MONT -DOPENSSL_BN_ASM_MONT5 -DOPENSSL_CPUID_OBJ -DOPENSSL_IA32_SSE2 -DPADLOCK_ASM -DPOLY1305_ASM -DSHA1_ASM -DSHA256_ASM -DSHA512_ASM -DVPAES_ASM -DWHIRLPOOL_ASM -DX25519_ASM  crypto/aes/bsaes-x86_64.s
[INFO] [stderr]   CC="cc" /usr/bin/perl crypto/aes/asm/vpaes-x86_64.pl "elf" -I. -Iinclude -Iproviders/common/include -Iproviders/implementations/include -fPIC -pthread -m64 -Wa,--noexecstack -Wall -O3 -O2 -ffunction-sections -fdata-sections -fPIC -g -fno-omit-frame-pointer -m64 -DOPENSSL_USE_NODELETE -DL_ENDIAN -DOPENSSL_PIC -DOPENSSLDIR="\"/opt/rustwide/target/debug/build/openssl-sys-953ba0da87114465/out/openssl-build/install/ssl\"" -DENGINESDIR="\"/opt/rustwide/target/debug/build/openssl-sys-953ba0da87114465/out/openssl-build/install/lib/engines-3\"" -DMODULESDIR="\"/opt/rustwide/target/debug/build/openssl-sys-953ba0da87114465/out/openssl-build/install/lib/ossl-modules\"" -DOPENSSL_BUILDING_OPENSSL -DNDEBUG  -DAES_ASM -DBSAES_ASM -DECP_NISTZ256_ASM -DGHASH_ASM -DKECCAK1600_ASM -DMD5_ASM -DOPENSSL_BN_ASM_GF2m -DOPENSSL_BN_ASM_MONT -DOPENSSL_BN_ASM_MONT5 -DOPENSSL_CPUID_OBJ -DOPENSSL_IA32_SSE2 -DPADLOCK_ASM -DPOLY1305_ASM -DSHA1_ASM -DSHA256_ASM -DSHA512_ASM -DVPAES_ASM -DWHIRLPOOL_ASM -DX25519_ASM  crypto/aes/vpaes-x86_64.s
[INFO] [stderr]   cc  -I. -Iinclude -Iproviders/common/include -Iproviders/implementations/include  -DAES_ASM -DBSAES_ASM -DECP_NISTZ256_ASM -DGHASH_ASM -DKECCAK1600_ASM -DMD5_ASM -DOPENSSL_BN_ASM_GF2m -DOPENSSL_BN_ASM_MONT -DOPENSSL_BN_ASM_MONT5 -DOPENSSL_CPUID_OBJ -DOPENSSL_IA32_SSE2 -DPADLOCK_ASM -DPOLY1305_ASM -DSHA1_ASM -DSHA256_ASM -DSHA512_ASM -DVPAES_ASM -DWHIRLPOOL_ASM -DX25519_ASM -fPIC -pthread -m64 -Wa,--noexecstack -Wall -O3 -O2 -ffunction-sections -fdata-sections -fPIC -g -fno-omit-frame-pointer -m64 -DOPENSSL_USE_NODELETE -DL_ENDIAN -DOPENSSL_PIC -DOPENSSLDIR="\"/opt/rustwide/target/debug/build/openssl-sys-953ba0da87114465/out/openssl-build/install/ssl\"" -DENGINESDIR="\"/opt/rustwide/target/debug/build/openssl-sys-953ba0da87114465/out/openssl-build/install/lib/engines-3\"" -DMODULESDIR="\"/opt/rustwide/target/debug/build/openssl-sys-953ba0da87114465/out/openssl-build/install/lib/ossl-modules\"" -DOPENSSL_BUILDING_OPENSSL -DNDEBUG  -MMD -MF crypto/aria/libcrypto-lib-aria.d.tmp -MT crypto/aria/libcrypto-lib-aria.o -c -o crypto/aria/libcrypto-lib-aria.o crypto/aria/aria.c
[INFO] [stderr]   cc  -I. -Iinclude -Iproviders/common/include -Iproviders/implementations/include  -DAES_ASM -DBSAES_ASM -DECP_NISTZ256_ASM -DGHASH_ASM -DKECCAK1600_ASM -DMD5_ASM -DOPENSSL_BN_ASM_GF2m -DOPENSSL_BN_ASM_MONT -DOPENSSL_BN_ASM_MONT5 -DOPENSSL_CPUID_OBJ -DOPENSSL_IA32_SSE2 -DPADLOCK_ASM -DPOLY1305_ASM -DSHA1_ASM -DSHA256_ASM -DSHA512_ASM -DVPAES_ASM -DWHIRLPOOL_ASM -DX25519_ASM -fPIC -pthread -m64 -Wa,--noexecstack -Wall -O3 -O2 -ffunction-sections -fdata-sections -fPIC -g -fno-omit-frame-pointer -m64 -DOPENSSL_USE_NODELETE -DL_ENDIAN -DOPENSSL_PIC -DOPENSSLDIR="\"/opt/rustwide/target/debug/build/openssl-sys-953ba0da87114465/out/openssl-build/install/ssl\"" -DENGINESDIR="\"/opt/rustwide/target/debug/build/openssl-sys-953ba0da87114465/out/openssl-build/install/lib/engines-3\"" -DMODULESDIR="\"/opt/rustwide/target/debug/build/openssl-sys-953ba0da87114465/out/openssl-build/install/lib/ossl-modules\"" -DOPENSSL_BUILDING_OPENSSL -DNDEBUG  -MMD -MF crypto/asn1/libcrypto-lib-a_bitstr.d.tmp -MT crypto/asn1/libcrypto-lib-a_bitstr.o -c -o crypto/asn1/libcrypto-lib-a_bitstr.o crypto/asn1/a_bitstr.c
[INFO] [stderr]   cc  -I. -Iinclude -Iproviders/common/include -Iproviders/implementations/include  -DAES_ASM -DBSAES_ASM -DECP_NISTZ256_ASM -DGHASH_ASM -DKECCAK1600_ASM -DMD5_ASM -DOPENSSL_BN_ASM_GF2m -DOPENSSL_BN_ASM_MONT -DOPENSSL_BN_ASM_MONT5 -DOPENSSL_CPUID_OBJ -DOPENSSL_IA32_SSE2 -DPADLOCK_ASM -DPOLY1305_ASM -DSHA1_ASM -DSHA256_ASM -DSHA512_ASM -DVPAES_ASM -DWHIRLPOOL_ASM -DX25519_ASM -fPIC -pthread -m64 -Wa,--noexecstack -Wall -O3 -O2 -ffunction-sections -fdata-sections -fPIC -g -fno-omit-frame-pointer -m64 -DOPENSSL_USE_NODELETE -DL_ENDIAN -DOPENSSL_PIC -DOPENSSLDIR="\"/opt/rustwide/target/debug/build/openssl-sys-953ba0da87114465/out/openssl-build/install/ssl\"" -DENGINESDIR="\"/opt/rustwide/target/debug/build/openssl-sys-953ba0da87114465/out/openssl-build/install/lib/engines-3\"" -DMODULESDIR="\"/opt/rustwide/target/debug/build/openssl-sys-953ba0da87114465/out/openssl-build/install/lib/ossl-modules\"" -DOPENSSL_BUILDING_OPENSSL -DNDEBUG  -MMD -MF crypto/asn1/libcrypto-lib-a_d2i_fp.d.tmp -MT crypto/asn1/libcrypto-lib-a_d2i_fp.o -c -o crypto/asn1/libcrypto-lib-a_d2i_fp.o crypto/asn1/a_d2i_fp.c
[INFO] [stderr]   cc  -I. -Iinclude -Iproviders/common/include -Iproviders/implementations/include  -DAES_ASM -DBSAES_ASM -DECP_NISTZ256_ASM -DGHASH_ASM -DKECCAK1600_ASM -DMD5_ASM -DOPENSSL_BN_ASM_GF2m -DOPENSSL_BN_ASM_MONT -DOPENSSL_BN_ASM_MONT5 -DOPENSSL_CPUID_OBJ -DOPENSSL_IA32_SSE2 -DPADLOCK_ASM -DPOLY1305_ASM -DSHA1_ASM -DSHA256_ASM -DSHA512_ASM -DVPAES_ASM -DWHIRLPOOL_ASM -DX25519_ASM -fPIC -pthread -m64 -Wa,--noexecstack -Wall -O3 -O2 -ffunction-sections -fdata-sections -fPIC -g -fno-omit-frame-pointer -m64 -DOPENSSL_USE_NODELETE -DL_ENDIAN -DOPENSSL_PIC -DOPENSSLDIR="\"/opt/rustwide/target/debug/build/openssl-sys-953ba0da87114465/out/openssl-build/install/ssl\"" -DENGINESDIR="\"/opt/rustwide/target/debug/build/openssl-sys-953ba0da87114465/out/openssl-build/install/lib/engines-3\"" -DMODULESDIR="\"/opt/rustwide/target/debug/build/openssl-sys-953ba0da87114465/out/openssl-build/install/lib/ossl-modules\"" -DOPENSSL_BUILDING_OPENSSL -DNDEBUG  -MMD -MF crypto/asn1/libcrypto-lib-a_digest.d.tmp -MT crypto/asn1/libcrypto-lib-a_digest.o -c -o crypto/asn1/libcrypto-lib-a_digest.o crypto/asn1/a_digest.c
[INFO] [stderr]   cc  -I. -Iinclude -Iproviders/common/include -Iproviders/implementations/include  -DAES_ASM -DBSAES_ASM -DECP_NISTZ256_ASM -DGHASH_ASM -DKECCAK1600_ASM -DMD5_ASM -DOPENSSL_BN_ASM_GF2m -DOPENSSL_BN_ASM_MONT -DOPENSSL_BN_ASM_MONT5 -DOPENSSL_CPUID_OBJ -DOPENSSL_IA32_SSE2 -DPADLOCK_ASM -DPOLY1305_ASM -DSHA1_ASM -DSHA256_ASM -DSHA512_ASM -DVPAES_ASM -DWHIRLPOOL_ASM -DX25519_ASM -fPIC -pthread -m64 -Wa,--noexecstack -Wall -O3 -O2 -ffunction-sections -fdata-sections -fPIC -g -fno-omit-frame-pointer -m64 -DOPENSSL_USE_NODELETE -DL_ENDIAN -DOPENSSL_PIC -DOPENSSLDIR="\"/opt/rustwide/target/debug/build/openssl-sys-953ba0da87114465/out/openssl-build/install/ssl\"" -DENGINESDIR="\"/opt/rustwide/target/debug/build/openssl-sys-953ba0da87114465/out/openssl-build/install/lib/engines-3\"" -DMODULESDIR="\"/opt/rustwide/target/debug/build/openssl-sys-953ba0da87114465/out/openssl-build/install/lib/ossl-modules\"" -DOPENSSL_BUILDING_OPENSSL -DNDEBUG  -MMD -MF crypto/asn1/libcrypto-lib-a_dup.d.tmp -MT crypto/asn1/libcrypto-lib-a_dup.o -c -o crypto/asn1/libcrypto-lib-a_dup.o crypto/asn1/a_dup.c
[INFO] [stderr]   cc  -I. -Iinclude -Iproviders/common/include -Iproviders/implementations/include  -DAES_ASM -DBSAES_ASM -DECP_NISTZ256_ASM -DGHASH_ASM -DKECCAK1600_ASM -DMD5_ASM -DOPENSSL_BN_ASM_GF2m -DOPENSSL_BN_ASM_MONT -DOPENSSL_BN_ASM_MONT5 -DOPENSSL_CPUID_OBJ -DOPENSSL_IA32_SSE2 -DPADLOCK_ASM -DPOLY1305_ASM -DSHA1_ASM -DSHA256_ASM -DSHA512_ASM -DVPAES_ASM -DWHIRLPOOL_ASM -DX25519_ASM -fPIC -pthread -m64 -Wa,--noexecstack -Wall -O3 -O2 -ffunction-sections -fdata-sections -fPIC -g -fno-omit-frame-pointer -m64 -DOPENSSL_USE_NODELETE -DL_ENDIAN -DOPENSSL_PIC -DOPENSSLDIR="\"/opt/rustwide/target/debug/build/openssl-sys-953ba0da87114465/out/openssl-build/install/ssl\"" -DENGINESDIR="\"/opt/rustwide/target/debug/build/openssl-sys-953ba0da87114465/out/openssl-build/install/lib/engines-3\"" -DMODULESDIR="\"/opt/rustwide/target/debug/build/openssl-sys-953ba0da87114465/out/openssl-build/install/lib/ossl-modules\"" -DOPENSSL_BUILDING_OPENSSL -DNDEBUG  -MMD -MF crypto/asn1/libcrypto-lib-a_gentm.d.tmp -MT crypto/asn1/libcrypto-lib-a_gentm.o -c -o crypto/asn1/libcrypto-lib-a_gentm.o crypto/asn1/a_gentm.c
[INFO] [stderr]   cc  -I. -Iinclude -Iproviders/common/include -Iproviders/implementations/include  -DAES_ASM -DBSAES_ASM -DECP_NISTZ256_ASM -DGHASH_ASM -DKECCAK1600_ASM -DMD5_ASM -DOPENSSL_BN_ASM_GF2m -DOPENSSL_BN_ASM_MONT -DOPENSSL_BN_ASM_MONT5 -DOPENSSL_CPUID_OBJ -DOPENSSL_IA32_SSE2 -DPADLOCK_ASM -DPOLY1305_ASM -DSHA1_ASM -DSHA256_ASM -DSHA512_ASM -DVPAES_ASM -DWHIRLPOOL_ASM -DX25519_ASM -fPIC -pthread -m64 -Wa,--noexecstack -Wall -O3 -O2 -ffunction-sections -fdata-sections -fPIC -g -fno-omit-frame-pointer -m64 -DOPENSSL_USE_NODELETE -DL_ENDIAN -DOPENSSL_PIC -DOPENSSLDIR="\"/opt/rustwide/target/debug/build/openssl-sys-953ba0da87114465/out/openssl-build/install/ssl\"" -DENGINESDIR="\"/opt/rustwide/target/debug/build/openssl-sys-953ba0da87114465/out/openssl-build/install/lib/engines-3\"" -DMODULESDIR="\"/opt/rustwide/target/debug/build/openssl-sys-953ba0da87114465/out/openssl-build/install/lib/ossl-modules\"" -DOPENSSL_BUILDING_OPENSSL -DNDEBUG  -MMD -MF crypto/asn1/libcrypto-lib-a_i2d_fp.d.tmp -MT crypto/asn1/libcrypto-lib-a_i2d_fp.o -c -o crypto/asn1/libcrypto-lib-a_i2d_fp.o crypto/asn1/a_i2d_fp.c
[INFO] [stderr]   cc  -I. -Iinclude -Iproviders/common/include -Iproviders/implementations/include  -DAES_ASM -DBSAES_ASM -DECP_NISTZ256_ASM -DGHASH_ASM -DKECCAK1600_ASM -DMD5_ASM -DOPENSSL_BN_ASM_GF2m -DOPENSSL_BN_ASM_MONT -DOPENSSL_BN_ASM_MONT5 -DOPENSSL_CPUID_OBJ -DOPENSSL_IA32_SSE2 -DPADLOCK_ASM -DPOLY1305_ASM -DSHA1_ASM -DSHA256_ASM -DSHA512_ASM -DVPAES_ASM -DWHIRLPOOL_ASM -DX25519_ASM -fPIC -pthread -m64 -Wa,--noexecstack -Wall -O3 -O2 -ffunction-sections -fdata-sections -fPIC -g -fno-omit-frame-pointer -m64 -DOPENSSL_USE_NODELETE -DL_ENDIAN -DOPENSSL_PIC -DOPENSSLDIR="\"/opt/rustwide/target/debug/build/openssl-sys-953ba0da87114465/out/openssl-build/install/ssl\"" -DENGINESDIR="\"/opt/rustwide/target/debug/build/openssl-sys-953ba0da87114465/out/openssl-build/install/lib/engines-3\"" -DMODULESDIR="\"/opt/rustwide/target/debug/build/openssl-sys-953ba0da87114465/out/openssl-build/install/lib/ossl-modules\"" -DOPENSSL_BUILDING_OPENSSL -DNDEBUG  -MMD -MF crypto/asn1/libcrypto-lib-a_int.d.tmp -MT crypto/asn1/libcrypto-lib-a_int.o -c -o crypto/asn1/libcrypto-lib-a_int.o crypto/asn1/a_int.c
[INFO] [stderr]   cc  -I. -Iinclude -Iproviders/common/include -Iproviders/implementations/include  -DAES_ASM -DBSAES_ASM -DECP_NISTZ256_ASM -DGHASH_ASM -DKECCAK1600_ASM -DMD5_ASM -DOPENSSL_BN_ASM_GF2m -DOPENSSL_BN_ASM_MONT -DOPENSSL_BN_ASM_MONT5 -DOPENSSL_CPUID_OBJ -DOPENSSL_IA32_SSE2 -DPADLOCK_ASM -DPOLY1305_ASM -DSHA1_ASM -DSHA256_ASM -DSHA512_ASM -DVPAES_ASM -DWHIRLPOOL_ASM -DX25519_ASM -fPIC -pthread -m64 -Wa,--noexecstack -Wall -O3 -O2 -ffunction-sections -fdata-sections -fPIC -g -fno-omit-frame-pointer -m64 -DOPENSSL_USE_NODELETE -DL_ENDIAN -DOPENSSL_PIC -DOPENSSLDIR="\"/opt/rustwide/target/debug/build/openssl-sys-953ba0da87114465/out/openssl-build/install/ssl\"" -DENGINESDIR="\"/opt/rustwide/target/debug/build/openssl-sys-953ba0da87114465/out/openssl-build/install/lib/engines-3\"" -DMODULESDIR="\"/opt/rustwide/target/debug/build/openssl-sys-953ba0da87114465/out/openssl-build/install/lib/ossl-modules\"" -DOPENSSL_BUILDING_OPENSSL -DNDEBUG  -MMD -MF crypto/asn1/libcrypto-lib-a_mbstr.d.tmp -MT crypto/asn1/libcrypto-lib-a_mbstr.o -c -o crypto/asn1/libcrypto-lib-a_mbstr.o crypto/asn1/a_mbstr.c
[INFO] [stderr]   cc  -I. -Iinclude -Iproviders/common/include -Iproviders/implementations/include  -DAES_ASM -DBSAES_ASM -DECP_NISTZ256_ASM -DGHASH_ASM -DKECCAK1600_ASM -DMD5_ASM -DOPENSSL_BN_ASM_GF2m -DOPENSSL_BN_ASM_MONT -DOPENSSL_BN_ASM_MONT5 -DOPENSSL_CPUID_OBJ -DOPENSSL_IA32_SSE2 -DPADLOCK_ASM -DPOLY1305_ASM -DSHA1_ASM -DSHA256_ASM -DSHA512_ASM -DVPAES_ASM -DWHIRLPOOL_ASM -DX25519_ASM -fPIC -pthread -m64 -Wa,--noexecstack -Wall -O3 -O2 -ffunction-sections -fdata-sections -fPIC -g -fno-omit-frame-pointer -m64 -DOPENSSL_USE_NODELETE -DL_ENDIAN -DOPENSSL_PIC -DOPENSSLDIR="\"/opt/rustwide/target/debug/build/openssl-sys-953ba0da87114465/out/openssl-build/install/ssl\"" -DENGINESDIR="\"/opt/rustwide/target/debug/build/openssl-sys-953ba0da87114465/out/openssl-build/install/lib/engines-3\"" -DMODULESDIR="\"/opt/rustwide/target/debug/build/openssl-sys-953ba0da87114465/out/openssl-build/install/lib/ossl-modules\"" -DOPENSSL_BUILDING_OPENSSL -DNDEBUG  -MMD -MF crypto/asn1/libcrypto-lib-a_object.d.tmp -MT crypto/asn1/libcrypto-lib-a_object.o -c -o crypto/asn1/libcrypto-lib-a_object.o crypto/asn1/a_object.c
[INFO] [stderr]   cc  -I. -Iinclude -Iproviders/common/include -Iproviders/implementations/include  -DAES_ASM -DBSAES_ASM -DECP_NISTZ256_ASM -DGHASH_ASM -DKECCAK1600_ASM -DMD5_ASM -DOPENSSL_BN_ASM_GF2m -DOPENSSL_BN_ASM_MONT -DOPENSSL_BN_ASM_MONT5 -DOPENSSL_CPUID_OBJ -DOPENSSL_IA32_SSE2 -DPADLOCK_ASM -DPOLY1305_ASM -DSHA1_ASM -DSHA256_ASM -DSHA512_ASM -DVPAES_ASM -DWHIRLPOOL_ASM -DX25519_ASM -fPIC -pthread -m64 -Wa,--noexecstack -Wall -O3 -O2 -ffunction-sections -fdata-sections -fPIC -g -fno-omit-frame-pointer -m64 -DOPENSSL_USE_NODELETE -DL_ENDIAN -DOPENSSL_PIC -DOPENSSLDIR="\"/opt/rustwide/target/debug/build/openssl-sys-953ba0da87114465/out/openssl-build/install/ssl\"" -DENGINESDIR="\"/opt/rustwide/target/debug/build/openssl-sys-953ba0da87114465/out/openssl-build/install/lib/engines-3\"" -DMODULESDIR="\"/opt/rustwide/target/debug/build/openssl-sys-953ba0da87114465/out/openssl-build/install/lib/ossl-modules\"" -DOPENSSL_BUILDING_OPENSSL -DNDEBUG  -MMD -MF crypto/asn1/libcrypto-lib-a_octet.d.tmp -MT crypto/asn1/libcrypto-lib-a_octet.o -c -o crypto/asn1/libcrypto-lib-a_octet.o crypto/asn1/a_octet.c
[INFO] [stderr]   cc  -I. -Iinclude -Iproviders/common/include -Iproviders/implementations/include  -DAES_ASM -DBSAES_ASM -DECP_NISTZ256_ASM -DGHASH_ASM -DKECCAK1600_ASM -DMD5_ASM -DOPENSSL_BN_ASM_GF2m -DOPENSSL_BN_ASM_MONT -DOPENSSL_BN_ASM_MONT5 -DOPENSSL_CPUID_OBJ -DOPENSSL_IA32_SSE2 -DPADLOCK_ASM -DPOLY1305_ASM -DSHA1_ASM -DSHA256_ASM -DSHA512_ASM -DVPAES_ASM -DWHIRLPOOL_ASM -DX25519_ASM -fPIC -pthread -m64 -Wa,--noexecstack -Wall -O3 -O2 -ffunction-sections -fdata-sections -fPIC -g -fno-omit-frame-pointer -m64 -DOPENSSL_USE_NODELETE -DL_ENDIAN -DOPENSSL_PIC -DOPENSSLDIR="\"/opt/rustwide/target/debug/build/openssl-sys-953ba0da87114465/out/openssl-build/install/ssl\"" -DENGINESDIR="\"/opt/rustwide/target/debug/build/openssl-sys-953ba0da87114465/out/openssl-build/install/lib/engines-3\"" -DMODULESDIR="\"/opt/rustwide/target/debug/build/openssl-sys-953ba0da87114465/out/openssl-build/install/lib/ossl-modules\"" -DOPENSSL_BUILDING_OPENSSL -DNDEBUG  -MMD -MF crypto/asn1/libcrypto-lib-a_print.d.tmp -MT crypto/asn1/libcrypto-lib-a_print.o -c -o crypto/asn1/libcrypto-lib-a_print.o crypto/asn1/a_print.c
[INFO] [stderr]   cc  -I. -Iinclude -Iproviders/common/include -Iproviders/implementations/include  -DAES_ASM -DBSAES_ASM -DECP_NISTZ256_ASM -DGHASH_ASM -DKECCAK1600_ASM -DMD5_ASM -DOPENSSL_BN_ASM_GF2m -DOPENSSL_BN_ASM_MONT -DOPENSSL_BN_ASM_MONT5 -DOPENSSL_CPUID_OBJ -DOPENSSL_IA32_SSE2 -DPADLOCK_ASM -DPOLY1305_ASM -DSHA1_ASM -DSHA256_ASM -DSHA512_ASM -DVPAES_ASM -DWHIRLPOOL_ASM -DX25519_ASM -fPIC -pthread -m64 -Wa,--noexecstack -Wall -O3 -O2 -ffunction-sections -fdata-sections -fPIC -g -fno-omit-frame-pointer -m64 -DOPENSSL_USE_NODELETE -DL_ENDIAN -DOPENSSL_PIC -DOPENSSLDIR="\"/opt/rustwide/target/debug/build/openssl-sys-953ba0da87114465/out/openssl-build/install/ssl\"" -DENGINESDIR="\"/opt/rustwide/target/debug/build/openssl-sys-953ba0da87114465/out/openssl-build/install/lib/engines-3\"" -DMODULESDIR="\"/opt/rustwide/target/debug/build/openssl-sys-953ba0da87114465/out/openssl-build/install/lib/ossl-modules\"" -DOPENSSL_BUILDING_OPENSSL -DNDEBUG  -MMD -MF crypto/asn1/libcrypto-lib-a_sign.d.tmp -MT crypto/asn1/libcrypto-lib-a_sign.o -c -o crypto/asn1/libcrypto-lib-a_sign.o crypto/asn1/a_sign.c
[INFO] [stderr]   cc  -I. -Iinclude -Iproviders/common/include -Iproviders/implementations/include  -DAES_ASM -DBSAES_ASM -DECP_NISTZ256_ASM -DGHASH_ASM -DKECCAK1600_ASM -DMD5_ASM -DOPENSSL_BN_ASM_GF2m -DOPENSSL_BN_ASM_MONT -DOPENSSL_BN_ASM_MONT5 -DOPENSSL_CPUID_OBJ -DOPENSSL_IA32_SSE2 -DPADLOCK_ASM -DPOLY1305_ASM -DSHA1_ASM -DSHA256_ASM -DSHA512_ASM -DVPAES_ASM -DWHIRLPOOL_ASM -DX25519_ASM -fPIC -pthread -m64 -Wa,--noexecstack -Wall -O3 -O2 -ffunction-sections -fdata-sections -fPIC -g -fno-omit-frame-pointer -m64 -DOPENSSL_USE_NODELETE -DL_ENDIAN -DOPENSSL_PIC -DOPENSSLDIR="\"/opt/rustwide/target/debug/build/openssl-sys-953ba0da87114465/out/openssl-build/install/ssl\"" -DENGINESDIR="\"/opt/rustwide/target/debug/build/openssl-sys-953ba0da87114465/out/openssl-build/install/lib/engines-3\"" -DMODULESDIR="\"/opt/rustwide/target/debug/build/openssl-sys-953ba0da87114465/out/openssl-build/install/lib/ossl-modules\"" -DOPENSSL_BUILDING_OPENSSL -DNDEBUG  -MMD -MF crypto/asn1/libcrypto-lib-a_strex.d.tmp -MT crypto/asn1/libcrypto-lib-a_strex.o -c -o crypto/asn1/libcrypto-lib-a_strex.o crypto/asn1/a_strex.c
[INFO] [stderr]   cc  -I. -Iinclude -Iproviders/common/include -Iproviders/implementations/include  -DAES_ASM -DBSAES_ASM -DECP_NISTZ256_ASM -DGHASH_ASM -DKECCAK1600_ASM -DMD5_ASM -DOPENSSL_BN_ASM_GF2m -DOPENSSL_BN_ASM_MONT -DOPENSSL_BN_ASM_MONT5 -DOPENSSL_CPUID_OBJ -DOPENSSL_IA32_SSE2 -DPADLOCK_ASM -DPOLY1305_ASM -DSHA1_ASM -DSHA256_ASM -DSHA512_ASM -DVPAES_ASM -DWHIRLPOOL_ASM -DX25519_ASM -fPIC -pthread -m64 -Wa,--noexecstack -Wall -O3 -O2 -ffunction-sections -fdata-sections -fPIC -g -fno-omit-frame-pointer -m64 -DOPENSSL_USE_NODELETE -DL_ENDIAN -DOPENSSL_PIC -DOPENSSLDIR="\"/opt/rustwide/target/debug/build/openssl-sys-953ba0da87114465/out/openssl-build/install/ssl\"" -DENGINESDIR="\"/opt/rustwide/target/debug/build/openssl-sys-953ba0da87114465/out/openssl-build/install/lib/engines-3\"" -DMODULESDIR="\"/opt/rustwide/target/debug/build/openssl-sys-953ba0da87114465/out/openssl-build/install/lib/ossl-modules\"" -DOPENSSL_BUILDING_OPENSSL -DNDEBUG  -MMD -MF crypto/asn1/libcrypto-lib-a_strnid.d.tmp -MT crypto/asn1/libcrypto-lib-a_strnid.o -c -o crypto/asn1/libcrypto-lib-a_strnid.o crypto/asn1/a_strnid.c
[INFO] [stderr]   cc  -I. -Iinclude -Iproviders/common/include -Iproviders/implementations/include  -DAES_ASM -DBSAES_ASM -DECP_NISTZ256_ASM -DGHASH_ASM -DKECCAK1600_ASM -DMD5_ASM -DOPENSSL_BN_ASM_GF2m -DOPENSSL_BN_ASM_MONT -DOPENSSL_BN_ASM_MONT5 -DOPENSSL_CPUID_OBJ -DOPENSSL_IA32_SSE2 -DPADLOCK_ASM -DPOLY1305_ASM -DSHA1_ASM -DSHA256_ASM -DSHA512_ASM -DVPAES_ASM -DWHIRLPOOL_ASM -DX25519_ASM -fPIC -pthread -m64 -Wa,--noexecstack -Wall -O3 -O2 -ffunction-sections -fdata-sections -fPIC -g -fno-omit-frame-pointer -m64 -DOPENSSL_USE_NODELETE -DL_ENDIAN -DOPENSSL_PIC -DOPENSSLDIR="\"/opt/rustwide/target/debug/build/openssl-sys-953ba0da87114465/out/openssl-build/install/ssl\"" -DENGINESDIR="\"/opt/rustwide/target/debug/build/openssl-sys-953ba0da87114465/out/openssl-build/install/lib/engines-3\"" -DMODULESDIR="\"/opt/rustwide/target/debug/build/openssl-sys-953ba0da87114465/out/openssl-build/install/lib/ossl-modules\"" -DOPENSSL_BUILDING_OPENSSL -DNDEBUG  -MMD -MF crypto/asn1/libcrypto-lib-a_time.d.tmp -MT crypto/asn1/libcrypto-lib-a_time.o -c -o crypto/asn1/libcrypto-lib-a_time.o crypto/asn1/a_time.c
[INFO] [stderr]   cc  -I. -Iinclude -Iproviders/common/include -Iproviders/implementations/include  -DAES_ASM -DBSAES_ASM -DECP_NISTZ256_ASM -DGHASH_ASM -DKECCAK1600_ASM -DMD5_ASM -DOPENSSL_BN_ASM_GF2m -DOPENSSL_BN_ASM_MONT -DOPENSSL_BN_ASM_MONT5 -DOPENSSL_CPUID_OBJ -DOPENSSL_IA32_SSE2 -DPADLOCK_ASM -DPOLY1305_ASM -DSHA1_ASM -DSHA256_ASM -DSHA512_ASM -DVPAES_ASM -DWHIRLPOOL_ASM -DX25519_ASM -fPIC -pthread -m64 -Wa,--noexecstack -Wall -O3 -O2 -ffunction-sections -fdata-sections -fPIC -g -fno-omit-frame-pointer -m64 -DOPENSSL_USE_NODELETE -DL_ENDIAN -DOPENSSL_PIC -DOPENSSLDIR="\"/opt/rustwide/target/debug/build/openssl-sys-953ba0da87114465/out/openssl-build/install/ssl\"" -DENGINESDIR="\"/opt/rustwide/target/debug/build/openssl-sys-953ba0da87114465/out/openssl-build/install/lib/engines-3\"" -DMODULESDIR="\"/opt/rustwide/target/debug/build/openssl-sys-953ba0da87114465/out/openssl-build/install/lib/ossl-modules\"" -DOPENSSL_BUILDING_OPENSSL -DNDEBUG  -MMD -MF crypto/asn1/libcrypto-lib-a_type.d.tmp -MT crypto/asn1/libcrypto-lib-a_type.o -c -o crypto/asn1/libcrypto-lib-a_type.o crypto/asn1/a_type.c
[INFO] [stderr]   cc  -I. -Iinclude -Iproviders/common/include -Iproviders/implementations/include  -DAES_ASM -DBSAES_ASM -DECP_NISTZ256_ASM -DGHASH_ASM -DKECCAK1600_ASM -DMD5_ASM -DOPENSSL_BN_ASM_GF2m -DOPENSSL_BN_ASM_MONT -DOPENSSL_BN_ASM_MONT5 -DOPENSSL_CPUID_OBJ -DOPENSSL_IA32_SSE2 -DPADLOCK_ASM -DPOLY1305_ASM -DSHA1_ASM -DSHA256_ASM -DSHA512_ASM -DVPAES_ASM -DWHIRLPOOL_ASM -DX25519_ASM -fPIC -pthread -m64 -Wa,--noexecstack -Wall -O3 -O2 -ffunction-sections -fdata-sections -fPIC -g -fno-omit-frame-pointer -m64 -DOPENSSL_USE_NODELETE -DL_ENDIAN -DOPENSSL_PIC -DOPENSSLDIR="\"/opt/rustwide/target/debug/build/openssl-sys-953ba0da87114465/out/openssl-build/install/ssl\"" -DENGINESDIR="\"/opt/rustwide/target/debug/build/openssl-sys-953ba0da87114465/out/openssl-build/install/lib/engines-3\"" -DMODULESDIR="\"/opt/rustwide/target/debug/build/openssl-sys-953ba0da87114465/out/openssl-build/install/lib/ossl-modules\"" -DOPENSSL_BUILDING_OPENSSL -DNDEBUG  -MMD -MF crypto/asn1/libcrypto-lib-a_utctm.d.tmp -MT crypto/asn1/libcrypto-lib-a_utctm.o -c -o crypto/asn1/libcrypto-lib-a_utctm.o crypto/asn1/a_utctm.c
[INFO] [stderr]   cc  -I. -Iinclude -Iproviders/common/include -Iproviders/implementations/include  -DAES_ASM -DBSAES_ASM -DECP_NISTZ256_ASM -DGHASH_ASM -DKECCAK1600_ASM -DMD5_ASM -DOPENSSL_BN_ASM_GF2m -DOPENSSL_BN_ASM_MONT -DOPENSSL_BN_ASM_MONT5 -DOPENSSL_CPUID_OBJ -DOPENSSL_IA32_SSE2 -DPADLOCK_ASM -DPOLY1305_ASM -DSHA1_ASM -DSHA256_ASM -DSHA512_ASM -DVPAES_ASM -DWHIRLPOOL_ASM -DX25519_ASM -fPIC -pthread -m64 -Wa,--noexecstack -Wall -O3 -O2 -ffunction-sections -fdata-sections -fPIC -g -fno-omit-frame-pointer -m64 -DOPENSSL_USE_NODELETE -DL_ENDIAN -DOPENSSL_PIC -DOPENSSLDIR="\"/opt/rustwide/target/debug/build/openssl-sys-953ba0da87114465/out/openssl-build/install/ssl\"" -DENGINESDIR="\"/opt/rustwide/target/debug/build/openssl-sys-953ba0da87114465/out/openssl-build/install/lib/engines-3\"" -DMODULESDIR="\"/opt/rustwide/target/debug/build/openssl-sys-953ba0da87114465/out/openssl-build/install/lib/ossl-modules\"" -DOPENSSL_BUILDING_OPENSSL -DNDEBUG  -MMD -MF crypto/asn1/libcrypto-lib-a_utf8.d.tmp -MT crypto/asn1/libcrypto-lib-a_utf8.o -c -o crypto/asn1/libcrypto-lib-a_utf8.o crypto/asn1/a_utf8.c
[INFO] [stderr]   cc  -I. -Iinclude -Iproviders/common/include -Iproviders/implementations/include  -DAES_ASM -DBSAES_ASM -DECP_NISTZ256_ASM -DGHASH_ASM -DKECCAK1600_ASM -DMD5_ASM -DOPENSSL_BN_ASM_GF2m -DOPENSSL_BN_ASM_MONT -DOPENSSL_BN_ASM_MONT5 -DOPENSSL_CPUID_OBJ -DOPENSSL_IA32_SSE2 -DPADLOCK_ASM -DPOLY1305_ASM -DSHA1_ASM -DSHA256_ASM -DSHA512_ASM -DVPAES_ASM -DWHIRLPOOL_ASM -DX25519_ASM -fPIC -pthread -m64 -Wa,--noexecstack -Wall -O3 -O2 -ffunction-sections -fdata-sections -fPIC -g -fno-omit-frame-pointer -m64 -DOPENSSL_USE_NODELETE -DL_ENDIAN -DOPENSSL_PIC -DOPENSSLDIR="\"/opt/rustwide/target/debug/build/openssl-sys-953ba0da87114465/out/openssl-build/install/ssl\"" -DENGINESDIR="\"/opt/rustwide/target/debug/build/openssl-sys-953ba0da87114465/out/openssl-build/install/lib/engines-3\"" -DMODULESDIR="\"/opt/rustwide/target/debug/build/openssl-sys-953ba0da87114465/out/openssl-build/install/lib/ossl-modules\"" -DOPENSSL_BUILDING_OPENSSL -DNDEBUG  -MMD -MF crypto/asn1/libcrypto-lib-a_verify.d.tmp -MT crypto/asn1/libcrypto-lib-a_verify.o -c -o crypto/asn1/libcrypto-lib-a_verify.o crypto/asn1/a_verify.c
[INFO] [stderr]   cc  -I. -Iinclude -Iproviders/common/include -Iproviders/implementations/include  -DAES_ASM -DBSAES_ASM -DECP_NISTZ256_ASM -DGHASH_ASM -DKECCAK1600_ASM -DMD5_ASM -DOPENSSL_BN_ASM_GF2m -DOPENSSL_BN_ASM_MONT -DOPENSSL_BN_ASM_MONT5 -DOPENSSL_CPUID_OBJ -DOPENSSL_IA32_SSE2 -DPADLOCK_ASM -DPOLY1305_ASM -DSHA1_ASM -DSHA256_ASM -DSHA512_ASM -DVPAES_ASM -DWHIRLPOOL_ASM -DX25519_ASM -fPIC -pthread -m64 -Wa,--noexecstack -Wall -O3 -O2 -ffunction-sections -fdata-sections -fPIC -g -fno-omit-frame-pointer -m64 -DOPENSSL_USE_NODELETE -DL_ENDIAN -DOPENSSL_PIC -DOPENSSLDIR="\"/opt/rustwide/target/debug/build/openssl-sys-953ba0da87114465/out/openssl-build/install/ssl\"" -DENGINESDIR="\"/opt/rustwide/target/debug/build/openssl-sys-953ba0da87114465/out/openssl-build/install/lib/engines-3\"" -DMODULESDIR="\"/opt/rustwide/target/debug/build/openssl-sys-953ba0da87114465/out/openssl-build/install/lib/ossl-modules\"" -DOPENSSL_BUILDING_OPENSSL -DNDEBUG  -MMD -MF crypto/asn1/libcrypto-lib-ameth_lib.d.tmp -MT crypto/asn1/libcrypto-lib-ameth_lib.o -c -o crypto/asn1/libcrypto-lib-ameth_lib.o crypto/asn1/ameth_lib.c
[INFO] [stderr]   cc  -I. -Iinclude -Iproviders/common/include -Iproviders/implementations/include  -DAES_ASM -DBSAES_ASM -DECP_NISTZ256_ASM -DGHASH_ASM -DKECCAK1600_ASM -DMD5_ASM -DOPENSSL_BN_ASM_GF2m -DOPENSSL_BN_ASM_MONT -DOPENSSL_BN_ASM_MONT5 -DOPENSSL_CPUID_OBJ -DOPENSSL_IA32_SSE2 -DPADLOCK_ASM -DPOLY1305_ASM -DSHA1_ASM -DSHA256_ASM -DSHA512_ASM -DVPAES_ASM -DWHIRLPOOL_ASM -DX25519_ASM -fPIC -pthread -m64 -Wa,--noexecstack -Wall -O3 -O2 -ffunction-sections -fdata-sections -fPIC -g -fno-omit-frame-pointer -m64 -DOPENSSL_USE_NODELETE -DL_ENDIAN -DOPENSSL_PIC -DOPENSSLDIR="\"/opt/rustwide/target/debug/build/openssl-sys-953ba0da87114465/out/openssl-build/install/ssl\"" -DENGINESDIR="\"/opt/rustwide/target/debug/build/openssl-sys-953ba0da87114465/out/openssl-build/install/lib/engines-3\"" -DMODULESDIR="\"/opt/rustwide/target/debug/build/openssl-sys-953ba0da87114465/out/openssl-build/install/lib/ossl-modules\"" -DOPENSSL_BUILDING_OPENSSL -DNDEBUG  -MMD -MF crypto/asn1/libcrypto-lib-asn1_err.d.tmp -MT crypto/asn1/libcrypto-lib-asn1_err.o -c -o crypto/asn1/libcrypto-lib-asn1_err.o crypto/asn1/asn1_err.c
[INFO] [stderr]   cc  -I. -Iinclude -Iproviders/common/include -Iproviders/implementations/include  -DAES_ASM -DBSAES_ASM -DECP_NISTZ256_ASM -DGHASH_ASM -DKECCAK1600_ASM -DMD5_ASM -DOPENSSL_BN_ASM_GF2m -DOPENSSL_BN_ASM_MONT -DOPENSSL_BN_ASM_MONT5 -DOPENSSL_CPUID_OBJ -DOPENSSL_IA32_SSE2 -DPADLOCK_ASM -DPOLY1305_ASM -DSHA1_ASM -DSHA256_ASM -DSHA512_ASM -DVPAES_ASM -DWHIRLPOOL_ASM -DX25519_ASM -fPIC -pthread -m64 -Wa,--noexecstack -Wall -O3 -O2 -ffunction-sections -fdata-sections -fPIC -g -fno-omit-frame-pointer -m64 -DOPENSSL_USE_NODELETE -DL_ENDIAN -DOPENSSL_PIC -DOPENSSLDIR="\"/opt/rustwide/target/debug/build/openssl-sys-953ba0da87114465/out/openssl-build/install/ssl\"" -DENGINESDIR="\"/opt/rustwide/target/debug/build/openssl-sys-953ba0da87114465/out/openssl-build/install/lib/engines-3\"" -DMODULESDIR="\"/opt/rustwide/target/debug/build/openssl-sys-953ba0da87114465/out/openssl-build/install/lib/ossl-modules\"" -DOPENSSL_BUILDING_OPENSSL -DNDEBUG  -MMD -MF crypto/asn1/libcrypto-lib-asn1_gen.d.tmp -MT crypto/asn1/libcrypto-lib-asn1_gen.o -c -o crypto/asn1/libcrypto-lib-asn1_gen.o crypto/asn1/asn1_gen.c
[INFO] [stderr]   cc  -I. -Iinclude -Iproviders/common/include -Iproviders/implementations/include  -DAES_ASM -DBSAES_ASM -DECP_NISTZ256_ASM -DGHASH_ASM -DKECCAK1600_ASM -DMD5_ASM -DOPENSSL_BN_ASM_GF2m -DOPENSSL_BN_ASM_MONT -DOPENSSL_BN_ASM_MONT5 -DOPENSSL_CPUID_OBJ -DOPENSSL_IA32_SSE2 -DPADLOCK_ASM -DPOLY1305_ASM -DSHA1_ASM -DSHA256_ASM -DSHA512_ASM -DVPAES_ASM -DWHIRLPOOL_ASM -DX25519_ASM -fPIC -pthread -m64 -Wa,--noexecstack -Wall -O3 -O2 -ffunction-sections -fdata-sections -fPIC -g -fno-omit-frame-pointer -m64 -DOPENSSL_USE_NODELETE -DL_ENDIAN -DOPENSSL_PIC -DOPENSSLDIR="\"/opt/rustwide/target/debug/build/openssl-sys-953ba0da87114465/out/openssl-build/install/ssl\"" -DENGINESDIR="\"/opt/rustwide/target/debug/build/openssl-sys-953ba0da87114465/out/openssl-build/install/lib/engines-3\"" -DMODULESDIR="\"/opt/rustwide/target/debug/build/openssl-sys-953ba0da87114465/out/openssl-build/install/lib/ossl-modules\"" -DOPENSSL_BUILDING_OPENSSL -DNDEBUG  -MMD -MF crypto/asn1/libcrypto-lib-asn1_item_list.d.tmp -MT crypto/asn1/libcrypto-lib-asn1_item_list.o -c -o crypto/asn1/libcrypto-lib-asn1_item_list.o crypto/asn1/asn1_item_list.c
[INFO] [stderr]   cc  -I. -Iinclude -Iproviders/common/include -Iproviders/implementations/include  -DAES_ASM -DBSAES_ASM -DECP_NISTZ256_ASM -DGHASH_ASM -DKECCAK1600_ASM -DMD5_ASM -DOPENSSL_BN_ASM_GF2m -DOPENSSL_BN_ASM_MONT -DOPENSSL_BN_ASM_MONT5 -DOPENSSL_CPUID_OBJ -DOPENSSL_IA32_SSE2 -DPADLOCK_ASM -DPOLY1305_ASM -DSHA1_ASM -DSHA256_ASM -DSHA512_ASM -DVPAES_ASM -DWHIRLPOOL_ASM -DX25519_ASM -fPIC -pthread -m64 -Wa,--noexecstack -Wall -O3 -O2 -ffunction-sections -fdata-sections -fPIC -g -fno-omit-frame-pointer -m64 -DOPENSSL_USE_NODELETE -DL_ENDIAN -DOPENSSL_PIC -DOPENSSLDIR="\"/opt/rustwide/target/debug/build/openssl-sys-953ba0da87114465/out/openssl-build/install/ssl\"" -DENGINESDIR="\"/opt/rustwide/target/debug/build/openssl-sys-953ba0da87114465/out/openssl-build/install/lib/engines-3\"" -DMODULESDIR="\"/opt/rustwide/target/debug/build/openssl-sys-953ba0da87114465/out/openssl-build/install/lib/ossl-modules\"" -DOPENSSL_BUILDING_OPENSSL -DNDEBUG  -MMD -MF crypto/asn1/libcrypto-lib-asn1_lib.d.tmp -MT crypto/asn1/libcrypto-lib-asn1_lib.o -c -o crypto/asn1/libcrypto-lib-asn1_lib.o crypto/asn1/asn1_lib.c
[INFO] [stderr]   cc  -I. -Iinclude -Iproviders/common/include -Iproviders/implementations/include  -DAES_ASM -DBSAES_ASM -DECP_NISTZ256_ASM -DGHASH_ASM -DKECCAK1600_ASM -DMD5_ASM -DOPENSSL_BN_ASM_GF2m -DOPENSSL_BN_ASM_MONT -DOPENSSL_BN_ASM_MONT5 -DOPENSSL_CPUID_OBJ -DOPENSSL_IA32_SSE2 -DPADLOCK_ASM -DPOLY1305_ASM -DSHA1_ASM -DSHA256_ASM -DSHA512_ASM -DVPAES_ASM -DWHIRLPOOL_ASM -DX25519_ASM -fPIC -pthread -m64 -Wa,--noexecstack -Wall -O3 -O2 -ffunction-sections -fdata-sections -fPIC -g -fno-omit-frame-pointer -m64 -DOPENSSL_USE_NODELETE -DL_ENDIAN -DOPENSSL_PIC -DOPENSSLDIR="\"/opt/rustwide/target/debug/build/openssl-sys-953ba0da87114465/out/openssl-build/install/ssl\"" -DENGINESDIR="\"/opt/rustwide/target/debug/build/openssl-sys-953ba0da87114465/out/openssl-build/install/lib/engines-3\"" -DMODULESDIR="\"/opt/rustwide/target/debug/build/openssl-sys-953ba0da87114465/out/openssl-build/install/lib/ossl-modules\"" -DOPENSSL_BUILDING_OPENSSL -DNDEBUG  -MMD -MF crypto/asn1/libcrypto-lib-asn1_parse.d.tmp -MT crypto/asn1/libcrypto-lib-asn1_parse.o -c -o crypto/asn1/libcrypto-lib-asn1_parse.o crypto/asn1/asn1_parse.c
[INFO] [stderr]   cc  -I. -Iinclude -Iproviders/common/include -Iproviders/implementations/include  -DAES_ASM -DBSAES_ASM -DECP_NISTZ256_ASM -DGHASH_ASM -DKECCAK1600_ASM -DMD5_ASM -DOPENSSL_BN_ASM_GF2m -DOPENSSL_BN_ASM_MONT -DOPENSSL_BN_ASM_MONT5 -DOPENSSL_CPUID_OBJ -DOPENSSL_IA32_SSE2 -DPADLOCK_ASM -DPOLY1305_ASM -DSHA1_ASM -DSHA256_ASM -DSHA512_ASM -DVPAES_ASM -DWHIRLPOOL_ASM -DX25519_ASM -fPIC -pthread -m64 -Wa,--noexecstack -Wall -O3 -O2 -ffunction-sections -fdata-sections -fPIC -g -fno-omit-frame-pointer -m64 -DOPENSSL_USE_NODELETE -DL_ENDIAN -DOPENSSL_PIC -DOPENSSLDIR="\"/opt/rustwide/target/debug/build/openssl-sys-953ba0da87114465/out/openssl-build/install/ssl\"" -DENGINESDIR="\"/opt/rustwide/target/debug/build/openssl-sys-953ba0da87114465/out/openssl-build/install/lib/engines-3\"" -DMODULESDIR="\"/opt/rustwide/target/debug/build/openssl-sys-953ba0da87114465/out/openssl-build/install/lib/ossl-modules\"" -DOPENSSL_BUILDING_OPENSSL -DNDEBUG  -MMD -MF crypto/asn1/libcrypto-lib-asn_mime.d.tmp -MT crypto/asn1/libcrypto-lib-asn_mime.o -c -o crypto/asn1/libcrypto-lib-asn_mime.o crypto/asn1/asn_mime.c
[INFO] [stderr]   cc  -I. -Iinclude -Iproviders/common/include -Iproviders/implementations/include  -DAES_ASM -DBSAES_ASM -DECP_NISTZ256_ASM -DGHASH_ASM -DKECCAK1600_ASM -DMD5_ASM -DOPENSSL_BN_ASM_GF2m -DOPENSSL_BN_ASM_MONT -DOPENSSL_BN_ASM_MONT5 -DOPENSSL_CPUID_OBJ -DOPENSSL_IA32_SSE2 -DPADLOCK_ASM -DPOLY1305_ASM -DSHA1_ASM -DSHA256_ASM -DSHA512_ASM -DVPAES_ASM -DWHIRLPOOL_ASM -DX25519_ASM -fPIC -pthread -m64 -Wa,--noexecstack -Wall -O3 -O2 -ffunction-sections -fdata-sections -fPIC -g -fno-omit-frame-pointer -m64 -DOPENSSL_USE_NODELETE -DL_ENDIAN -DOPENSSL_PIC -DOPENSSLDIR="\"/opt/rustwide/target/debug/build/openssl-sys-953ba0da87114465/out/openssl-build/install/ssl\"" -DENGINESDIR="\"/opt/rustwide/target/debug/build/openssl-sys-953ba0da87114465/out/openssl-build/install/lib/engines-3\"" -DMODULESDIR="\"/opt/rustwide/target/debug/build/openssl-sys-953ba0da87114465/out/openssl-build/install/lib/ossl-modules\"" -DOPENSSL_BUILDING_OPENSSL -DNDEBUG  -MMD -MF crypto/asn1/libcrypto-lib-asn_moid.d.tmp -MT crypto/asn1/libcrypto-lib-asn_moid.o -c -o crypto/asn1/libcrypto-lib-asn_moid.o crypto/asn1/asn_moid.c
[INFO] [stderr]   cc  -I. -Iinclude -Iproviders/common/include -Iproviders/implementations/include  -DAES_ASM -DBSAES_ASM -DECP_NISTZ256_ASM -DGHASH_ASM -DKECCAK1600_ASM -DMD5_ASM -DOPENSSL_BN_ASM_GF2m -DOPENSSL_BN_ASM_MONT -DOPENSSL_BN_ASM_MONT5 -DOPENSSL_CPUID_OBJ -DOPENSSL_IA32_SSE2 -DPADLOCK_ASM -DPOLY1305_ASM -DSHA1_ASM -DSHA256_ASM -DSHA512_ASM -DVPAES_ASM -DWHIRLPOOL_ASM -DX25519_ASM -fPIC -pthread -m64 -Wa,--noexecstack -Wall -O3 -O2 -ffunction-sections -fdata-sections -fPIC -g -fno-omit-frame-pointer -m64 -DOPENSSL_USE_NODELETE -DL_ENDIAN -DOPENSSL_PIC -DOPENSSLDIR="\"/opt/rustwide/target/debug/build/openssl-sys-953ba0da87114465/out/openssl-build/install/ssl\"" -DENGINESDIR="\"/opt/rustwide/target/debug/build/openssl-sys-953ba0da87114465/out/openssl-build/install/lib/engines-3\"" -DMODULESDIR="\"/opt/rustwide/target/debug/build/openssl-sys-953ba0da87114465/out/openssl-build/install/lib/ossl-modules\"" -DOPENSSL_BUILDING_OPENSSL -DNDEBUG  -MMD -MF crypto/asn1/libcrypto-lib-asn_mstbl.d.tmp -MT crypto/asn1/libcrypto-lib-asn_mstbl.o -c -o crypto/asn1/libcrypto-lib-asn_mstbl.o crypto/asn1/asn_mstbl.c
[INFO] [stderr]   cc  -I. -Iinclude -Iproviders/common/include -Iproviders/implementations/include  -DAES_ASM -DBSAES_ASM -DECP_NISTZ256_ASM -DGHASH_ASM -DKECCAK1600_ASM -DMD5_ASM -DOPENSSL_BN_ASM_GF2m -DOPENSSL_BN_ASM_MONT -DOPENSSL_BN_ASM_MONT5 -DOPENSSL_CPUID_OBJ -DOPENSSL_IA32_SSE2 -DPADLOCK_ASM -DPOLY1305_ASM -DSHA1_ASM -DSHA256_ASM -DSHA512_ASM -DVPAES_ASM -DWHIRLPOOL_ASM -DX25519_ASM -fPIC -pthread -m64 -Wa,--noexecstack -Wall -O3 -O2 -ffunction-sections -fdata-sections -fPIC -g -fno-omit-frame-pointer -m64 -DOPENSSL_USE_NODELETE -DL_ENDIAN -DOPENSSL_PIC -DOPENSSLDIR="\"/opt/rustwide/target/debug/build/openssl-sys-953ba0da87114465/out/openssl-build/install/ssl\"" -DENGINESDIR="\"/opt/rustwide/target/debug/build/openssl-sys-953ba0da87114465/out/openssl-build/install/lib/engines-3\"" -DMODULESDIR="\"/opt/rustwide/target/debug/build/openssl-sys-953ba0da87114465/out/openssl-build/install/lib/ossl-modules\"" -DOPENSSL_BUILDING_OPENSSL -DNDEBUG  -MMD -MF crypto/asn1/libcrypto-lib-asn_pack.d.tmp -MT crypto/asn1/libcrypto-lib-asn_pack.o -c -o crypto/asn1/libcrypto-lib-asn_pack.o crypto/asn1/asn_pack.c
[INFO] [stderr]   cc  -I. -Iinclude -Iproviders/common/include -Iproviders/implementations/include  -DAES_ASM -DBSAES_ASM -DECP_NISTZ256_ASM -DGHASH_ASM -DKECCAK1600_ASM -DMD5_ASM -DOPENSSL_BN_ASM_GF2m -DOPENSSL_BN_ASM_MONT -DOPENSSL_BN_ASM_MONT5 -DOPENSSL_CPUID_OBJ -DOPENSSL_IA32_SSE2 -DPADLOCK_ASM -DPOLY1305_ASM -DSHA1_ASM -DSHA256_ASM -DSHA512_ASM -DVPAES_ASM -DWHIRLPOOL_ASM -DX25519_ASM -fPIC -pthread -m64 -Wa,--noexecstack -Wall -O3 -O2 -ffunction-sections -fdata-sections -fPIC -g -fno-omit-frame-pointer -m64 -DOPENSSL_USE_NODELETE -DL_ENDIAN -DOPENSSL_PIC -DOPENSSLDIR="\"/opt/rustwide/target/debug/build/openssl-sys-953ba0da87114465/out/openssl-build/install/ssl\"" -DENGINESDIR="\"/opt/rustwide/target/debug/build/openssl-sys-953ba0da87114465/out/openssl-build/install/lib/engines-3\"" -DMODULESDIR="\"/opt/rustwide/target/debug/build/openssl-sys-953ba0da87114465/out/openssl-build/install/lib/ossl-modules\"" -DOPENSSL_BUILDING_OPENSSL -DNDEBUG  -MMD -MF crypto/asn1/libcrypto-lib-bio_asn1.d.tmp -MT crypto/asn1/libcrypto-lib-bio_asn1.o -c -o crypto/asn1/libcrypto-lib-bio_asn1.o crypto/asn1/bio_asn1.c
[INFO] [stderr]   cc  -I. -Iinclude -Iproviders/common/include -Iproviders/implementations/include  -DAES_ASM -DBSAES_ASM -DECP_NISTZ256_ASM -DGHASH_ASM -DKECCAK1600_ASM -DMD5_ASM -DOPENSSL_BN_ASM_GF2m -DOPENSSL_BN_ASM_MONT -DOPENSSL_BN_ASM_MONT5 -DOPENSSL_CPUID_OBJ -DOPENSSL_IA32_SSE2 -DPADLOCK_ASM -DPOLY1305_ASM -DSHA1_ASM -DSHA256_ASM -DSHA512_ASM -DVPAES_ASM -DWHIRLPOOL_ASM -DX25519_ASM -fPIC -pthread -m64 -Wa,--noexecstack -Wall -O3 -O2 -ffunction-sections -fdata-sections -fPIC -g -fno-omit-frame-pointer -m64 -DOPENSSL_USE_NODELETE -DL_ENDIAN -DOPENSSL_PIC -DOPENSSLDIR="\"/opt/rustwide/target/debug/build/openssl-sys-953ba0da87114465/out/openssl-build/install/ssl\"" -DENGINESDIR="\"/opt/rustwide/target/debug/build/openssl-sys-953ba0da87114465/out/openssl-build/install/lib/engines-3\"" -DMODULESDIR="\"/opt/rustwide/target/debug/build/openssl-sys-953ba0da87114465/out/openssl-build/install/lib/ossl-modules\"" -DOPENSSL_BUILDING_OPENSSL -DNDEBUG  -MMD -MF crypto/asn1/libcrypto-lib-bio_ndef.d.tmp -MT crypto/asn1/libcrypto-lib-bio_ndef.o -c -o crypto/asn1/libcrypto-lib-bio_ndef.o crypto/asn1/bio_ndef.c
[INFO] [stderr]   cc  -I. -Iinclude -Iproviders/common/include -Iproviders/implementations/include  -DAES_ASM -DBSAES_ASM -DECP_NISTZ256_ASM -DGHASH_ASM -DKECCAK1600_ASM -DMD5_ASM -DOPENSSL_BN_ASM_GF2m -DOPENSSL_BN_ASM_MONT -DOPENSSL_BN_ASM_MONT5 -DOPENSSL_CPUID_OBJ -DOPENSSL_IA32_SSE2 -DPADLOCK_ASM -DPOLY1305_ASM -DSHA1_ASM -DSHA256_ASM -DSHA512_ASM -DVPAES_ASM -DWHIRLPOOL_ASM -DX25519_ASM -fPIC -pthread -m64 -Wa,--noexecstack -Wall -O3 -O2 -ffunction-sections -fdata-sections -fPIC -g -fno-omit-frame-pointer -m64 -DOPENSSL_USE_NODELETE -DL_ENDIAN -DOPENSSL_PIC -DOPENSSLDIR="\"/opt/rustwide/target/debug/build/openssl-sys-953ba0da87114465/out/openssl-build/install/ssl\"" -DENGINESDIR="\"/opt/rustwide/target/debug/build/openssl-sys-953ba0da87114465/out/openssl-build/install/lib/engines-3\"" -DMODULESDIR="\"/opt/rustwide/target/debug/build/openssl-sys-953ba0da87114465/out/openssl-build/install/lib/ossl-modules\"" -DOPENSSL_BUILDING_OPENSSL -DNDEBUG  -MMD -MF crypto/asn1/libcrypto-lib-d2i_param.d.tmp -MT crypto/asn1/libcrypto-lib-d2i_param.o -c -o crypto/asn1/libcrypto-lib-d2i_param.o crypto/asn1/d2i_param.c
[INFO] [stderr]   cc  -I. -Iinclude -Iproviders/common/include -Iproviders/implementations/include  -DAES_ASM -DBSAES_ASM -DECP_NISTZ256_ASM -DGHASH_ASM -DKECCAK1600_ASM -DMD5_ASM -DOPENSSL_BN_ASM_GF2m -DOPENSSL_BN_ASM_MONT -DOPENSSL_BN_ASM_MONT5 -DOPENSSL_CPUID_OBJ -DOPENSSL_IA32_SSE2 -DPADLOCK_ASM -DPOLY1305_ASM -DSHA1_ASM -DSHA256_ASM -DSHA512_ASM -DVPAES_ASM -DWHIRLPOOL_ASM -DX25519_ASM -fPIC -pthread -m64 -Wa,--noexecstack -Wall -O3 -O2 -ffunction-sections -fdata-sections -fPIC -g -fno-omit-frame-pointer -m64 -DOPENSSL_USE_NODELETE -DL_ENDIAN -DOPENSSL_PIC -DOPENSSLDIR="\"/opt/rustwide/target/debug/build/openssl-sys-953ba0da87114465/out/openssl-build/install/ssl\"" -DENGINESDIR="\"/opt/rustwide/target/debug/build/openssl-sys-953ba0da87114465/out/openssl-build/install/lib/engines-3\"" -DMODULESDIR="\"/opt/rustwide/target/debug/build/openssl-sys-953ba0da87114465/out/openssl-build/install/lib/ossl-modules\"" -DOPENSSL_BUILDING_OPENSSL -DNDEBUG  -MMD -MF crypto/asn1/libcrypto-lib-d2i_pr.d.tmp -MT crypto/asn1/libcrypto-lib-d2i_pr.o -c -o crypto/asn1/libcrypto-lib-d2i_pr.o crypto/asn1/d2i_pr.c
[INFO] [stderr]   cc  -I. -Iinclude -Iproviders/common/include -Iproviders/implementations/include  -DAES_ASM -DBSAES_ASM -DECP_NISTZ256_ASM -DGHASH_ASM -DKECCAK1600_ASM -DMD5_ASM -DOPENSSL_BN_ASM_GF2m -DOPENSSL_BN_ASM_MONT -DOPENSSL_BN_ASM_MONT5 -DOPENSSL_CPUID_OBJ -DOPENSSL_IA32_SSE2 -DPADLOCK_ASM -DPOLY1305_ASM -DSHA1_ASM -DSHA256_ASM -DSHA512_ASM -DVPAES_ASM -DWHIRLPOOL_ASM -DX25519_ASM -fPIC -pthread -m64 -Wa,--noexecstack -Wall -O3 -O2 -ffunction-sections -fdata-sections -fPIC -g -fno-omit-frame-pointer -m64 -DOPENSSL_USE_NODELETE -DL_ENDIAN -DOPENSSL_PIC -DOPENSSLDIR="\"/opt/rustwide/target/debug/build/openssl-sys-953ba0da87114465/out/openssl-build/install/ssl\"" -DENGINESDIR="\"/opt/rustwide/target/debug/build/openssl-sys-953ba0da87114465/out/openssl-build/install/lib/engines-3\"" -DMODULESDIR="\"/opt/rustwide/target/debug/build/openssl-sys-953ba0da87114465/out/openssl-build/install/lib/ossl-modules\"" -DOPENSSL_BUILDING_OPENSSL -DNDEBUG  -MMD -MF crypto/asn1/libcrypto-lib-d2i_pu.d.tmp -MT crypto/asn1/libcrypto-lib-d2i_pu.o -c -o crypto/asn1/libcrypto-lib-d2i_pu.o crypto/asn1/d2i_pu.c
[INFO] [stderr]   cc  -I. -Iinclude -Iproviders/common/include -Iproviders/implementations/include  -DAES_ASM -DBSAES_ASM -DECP_NISTZ256_ASM -DGHASH_ASM -DKECCAK1600_ASM -DMD5_ASM -DOPENSSL_BN_ASM_GF2m -DOPENSSL_BN_ASM_MONT -DOPENSSL_BN_ASM_MONT5 -DOPENSSL_CPUID_OBJ -DOPENSSL_IA32_SSE2 -DPADLOCK_ASM -DPOLY1305_ASM -DSHA1_ASM -DSHA256_ASM -DSHA512_ASM -DVPAES_ASM -DWHIRLPOOL_ASM -DX25519_ASM -fPIC -pthread -m64 -Wa,--noexecstack -Wall -O3 -O2 -ffunction-sections -fdata-sections -fPIC -g -fno-omit-frame-pointer -m64 -DOPENSSL_USE_NODELETE -DL_ENDIAN -DOPENSSL_PIC -DOPENSSLDIR="\"/opt/rustwide/target/debug/build/openssl-sys-953ba0da87114465/out/openssl-build/install/ssl\"" -DENGINESDIR="\"/opt/rustwide/target/debug/build/openssl-sys-953ba0da87114465/out/openssl-build/install/lib/engines-3\"" -DMODULESDIR="\"/opt/rustwide/target/debug/build/openssl-sys-953ba0da87114465/out/openssl-build/install/lib/ossl-modules\"" -DOPENSSL_BUILDING_OPENSSL -DNDEBUG  -MMD -MF crypto/asn1/libcrypto-lib-evp_asn1.d.tmp -MT crypto/asn1/libcrypto-lib-evp_asn1.o -c -o crypto/asn1/libcrypto-lib-evp_asn1.o crypto/asn1/evp_asn1.c
[INFO] [stderr]   cc  -I. -Iinclude -Iproviders/common/include -Iproviders/implementations/include  -DAES_ASM -DBSAES_ASM -DECP_NISTZ256_ASM -DGHASH_ASM -DKECCAK1600_ASM -DMD5_ASM -DOPENSSL_BN_ASM_GF2m -DOPENSSL_BN_ASM_MONT -DOPENSSL_BN_ASM_MONT5 -DOPENSSL_CPUID_OBJ -DOPENSSL_IA32_SSE2 -DPADLOCK_ASM -DPOLY1305_ASM -DSHA1_ASM -DSHA256_ASM -DSHA512_ASM -DVPAES_ASM -DWHIRLPOOL_ASM -DX25519_ASM -fPIC -pthread -m64 -Wa,--noexecstack -Wall -O3 -O2 -ffunction-sections -fdata-sections -fPIC -g -fno-omit-frame-pointer -m64 -DOPENSSL_USE_NODELETE -DL_ENDIAN -DOPENSSL_PIC -DOPENSSLDIR="\"/opt/rustwide/target/debug/build/openssl-sys-953ba0da87114465/out/openssl-build/install/ssl\"" -DENGINESDIR="\"/opt/rustwide/target/debug/build/openssl-sys-953ba0da87114465/out/openssl-build/install/lib/engines-3\"" -DMODULESDIR="\"/opt/rustwide/target/debug/build/openssl-sys-953ba0da87114465/out/openssl-build/install/lib/ossl-modules\"" -DOPENSSL_BUILDING_OPENSSL -DNDEBUG  -MMD -MF crypto/asn1/libcrypto-lib-f_int.d.tmp -MT crypto/asn1/libcrypto-lib-f_int.o -c -o crypto/asn1/libcrypto-lib-f_int.o crypto/asn1/f_int.c
[INFO] [stderr]   cc  -I. -Iinclude -Iproviders/common/include -Iproviders/implementations/include  -DAES_ASM -DBSAES_ASM -DECP_NISTZ256_ASM -DGHASH_ASM -DKECCAK1600_ASM -DMD5_ASM -DOPENSSL_BN_ASM_GF2m -DOPENSSL_BN_ASM_MONT -DOPENSSL_BN_ASM_MONT5 -DOPENSSL_CPUID_OBJ -DOPENSSL_IA32_SSE2 -DPADLOCK_ASM -DPOLY1305_ASM -DSHA1_ASM -DSHA256_ASM -DSHA512_ASM -DVPAES_ASM -DWHIRLPOOL_ASM -DX25519_ASM -fPIC -pthread -m64 -Wa,--noexecstack -Wall -O3 -O2 -ffunction-sections -fdata-sections -fPIC -g -fno-omit-frame-pointer -m64 -DOPENSSL_USE_NODELETE -DL_ENDIAN -DOPENSSL_PIC -DOPENSSLDIR="\"/opt/rustwide/target/debug/build/openssl-sys-953ba0da87114465/out/openssl-build/install/ssl\"" -DENGINESDIR="\"/opt/rustwide/target/debug/build/openssl-sys-953ba0da87114465/out/openssl-build/install/lib/engines-3\"" -DMODULESDIR="\"/opt/rustwide/target/debug/build/openssl-sys-953ba0da87114465/out/openssl-build/install/lib/ossl-modules\"" -DOPENSSL_BUILDING_OPENSSL -DNDEBUG  -MMD -MF crypto/asn1/libcrypto-lib-f_string.d.tmp -MT crypto/asn1/libcrypto-lib-f_string.o -c -o crypto/asn1/libcrypto-lib-f_string.o crypto/asn1/f_string.c
[INFO] [stderr]   cc  -I. -Iinclude -Iproviders/common/include -Iproviders/implementations/include  -DAES_ASM -DBSAES_ASM -DECP_NISTZ256_ASM -DGHASH_ASM -DKECCAK1600_ASM -DMD5_ASM -DOPENSSL_BN_ASM_GF2m -DOPENSSL_BN_ASM_MONT -DOPENSSL_BN_ASM_MONT5 -DOPENSSL_CPUID_OBJ -DOPENSSL_IA32_SSE2 -DPADLOCK_ASM -DPOLY1305_ASM -DSHA1_ASM -DSHA256_ASM -DSHA512_ASM -DVPAES_ASM -DWHIRLPOOL_ASM -DX25519_ASM -fPIC -pthread -m64 -Wa,--noexecstack -Wall -O3 -O2 -ffunction-sections -fdata-sections -fPIC -g -fno-omit-frame-pointer -m64 -DOPENSSL_USE_NODELETE -DL_ENDIAN -DOPENSSL_PIC -DOPENSSLDIR="\"/opt/rustwide/target/debug/build/openssl-sys-953ba0da87114465/out/openssl-build/install/ssl\"" -DENGINESDIR="\"/opt/rustwide/target/debug/build/openssl-sys-953ba0da87114465/out/openssl-build/install/lib/engines-3\"" -DMODULESDIR="\"/opt/rustwide/target/debug/build/openssl-sys-953ba0da87114465/out/openssl-build/install/lib/ossl-modules\"" -DOPENSSL_BUILDING_OPENSSL -DNDEBUG  -MMD -MF crypto/asn1/libcrypto-lib-i2d_evp.d.tmp -MT crypto/asn1/libcrypto-lib-i2d_evp.o -c -o crypto/asn1/libcrypto-lib-i2d_evp.o crypto/asn1/i2d_evp.c
[INFO] [stderr]   cc  -I. -Iinclude -Iproviders/common/include -Iproviders/implementations/include  -DAES_ASM -DBSAES_ASM -DECP_NISTZ256_ASM -DGHASH_ASM -DKECCAK1600_ASM -DMD5_ASM -DOPENSSL_BN_ASM_GF2m -DOPENSSL_BN_ASM_MONT -DOPENSSL_BN_ASM_MONT5 -DOPENSSL_CPUID_OBJ -DOPENSSL_IA32_SSE2 -DPADLOCK_ASM -DPOLY1305_ASM -DSHA1_ASM -DSHA256_ASM -DSHA512_ASM -DVPAES_ASM -DWHIRLPOOL_ASM -DX25519_ASM -fPIC -pthread -m64 -Wa,--noexecstack -Wall -O3 -O2 -ffunction-sections -fdata-sections -fPIC -g -fno-omit-frame-pointer -m64 -DOPENSSL_USE_NODELETE -DL_ENDIAN -DOPENSSL_PIC -DOPENSSLDIR="\"/opt/rustwide/target/debug/build/openssl-sys-953ba0da87114465/out/openssl-build/install/ssl\"" -DENGINESDIR="\"/opt/rustwide/target/debug/build/openssl-sys-953ba0da87114465/out/openssl-build/install/lib/engines-3\"" -DMODULESDIR="\"/opt/rustwide/target/debug/build/openssl-sys-953ba0da87114465/out/openssl-build/install/lib/ossl-modules\"" -DOPENSSL_BUILDING_OPENSSL -DNDEBUG  -MMD -MF crypto/asn1/libcrypto-lib-n_pkey.d.tmp -MT crypto/asn1/libcrypto-lib-n_pkey.o -c -o crypto/asn1/libcrypto-lib-n_pkey.o crypto/asn1/n_pkey.c
[INFO] [stderr]   cc  -I. -Iinclude -Iproviders/common/include -Iproviders/implementations/include  -DAES_ASM -DBSAES_ASM -DECP_NISTZ256_ASM -DGHASH_ASM -DKECCAK1600_ASM -DMD5_ASM -DOPENSSL_BN_ASM_GF2m -DOPENSSL_BN_ASM_MONT -DOPENSSL_BN_ASM_MONT5 -DOPENSSL_CPUID_OBJ -DOPENSSL_IA32_SSE2 -DPADLOCK_ASM -DPOLY1305_ASM -DSHA1_ASM -DSHA256_ASM -DSHA512_ASM -DVPAES_ASM -DWHIRLPOOL_ASM -DX25519_ASM -fPIC -pthread -m64 -Wa,--noexecstack -Wall -O3 -O2 -ffunction-sections -fdata-sections -fPIC -g -fno-omit-frame-pointer -m64 -DOPENSSL_USE_NODELETE -DL_ENDIAN -DOPENSSL_PIC -DOPENSSLDIR="\"/opt/rustwide/target/debug/build/openssl-sys-953ba0da87114465/out/openssl-build/install/ssl\"" -DENGINESDIR="\"/opt/rustwide/target/debug/build/openssl-sys-953ba0da87114465/out/openssl-build/install/lib/engines-3\"" -DMODULESDIR="\"/opt/rustwide/target/debug/build/openssl-sys-953ba0da87114465/out/openssl-build/install/lib/ossl-modules\"" -DOPENSSL_BUILDING_OPENSSL -DNDEBUG  -MMD -MF crypto/asn1/libcrypto-lib-nsseq.d.tmp -MT crypto/asn1/libcrypto-lib-nsseq.o -c -o crypto/asn1/libcrypto-lib-nsseq.o crypto/asn1/nsseq.c
[INFO] [stderr]   cc  -I. -Iinclude -Iproviders/common/include -Iproviders/implementations/include  -DAES_ASM -DBSAES_ASM -DECP_NISTZ256_ASM -DGHASH_ASM -DKECCAK1600_ASM -DMD5_ASM -DOPENSSL_BN_ASM_GF2m -DOPENSSL_BN_ASM_MONT -DOPENSSL_BN_ASM_MONT5 -DOPENSSL_CPUID_OBJ -DOPENSSL_IA32_SSE2 -DPADLOCK_ASM -DPOLY1305_ASM -DSHA1_ASM -DSHA256_ASM -DSHA512_ASM -DVPAES_ASM -DWHIRLPOOL_ASM -DX25519_ASM -fPIC -pthread -m64 -Wa,--noexecstack -Wall -O3 -O2 -ffunction-sections -fdata-sections -fPIC -g -fno-omit-frame-pointer -m64 -DOPENSSL_USE_NODELETE -DL_ENDIAN -DOPENSSL_PIC -DOPENSSLDIR="\"/opt/rustwide/target/debug/build/openssl-sys-953ba0da87114465/out/openssl-build/install/ssl\"" -DENGINESDIR="\"/opt/rustwide/target/debug/build/openssl-sys-953ba0da87114465/out/openssl-build/install/lib/engines-3\"" -DMODULESDIR="\"/opt/rustwide/target/debug/build/openssl-sys-953ba0da87114465/out/openssl-build/install/lib/ossl-modules\"" -DOPENSSL_BUILDING_OPENSSL -DNDEBUG  -MMD -MF crypto/asn1/libcrypto-lib-p5_pbe.d.tmp -MT crypto/asn1/libcrypto-lib-p5_pbe.o -c -o crypto/asn1/libcrypto-lib-p5_pbe.o crypto/asn1/p5_pbe.c
[INFO] [stderr]   cc  -I. -Iinclude -Iproviders/common/include -Iproviders/implementations/include  -DAES_ASM -DBSAES_ASM -DECP_NISTZ256_ASM -DGHASH_ASM -DKECCAK1600_ASM -DMD5_ASM -DOPENSSL_BN_ASM_GF2m -DOPENSSL_BN_ASM_MONT -DOPENSSL_BN_ASM_MONT5 -DOPENSSL_CPUID_OBJ -DOPENSSL_IA32_SSE2 -DPADLOCK_ASM -DPOLY1305_ASM -DSHA1_ASM -DSHA256_ASM -DSHA512_ASM -DVPAES_ASM -DWHIRLPOOL_ASM -DX25519_ASM -fPIC -pthread -m64 -Wa,--noexecstack -Wall -O3 -O2 -ffunction-sections -fdata-sections -fPIC -g -fno-omit-frame-pointer -m64 -DOPENSSL_USE_NODELETE -DL_ENDIAN -DOPENSSL_PIC -DOPENSSLDIR="\"/opt/rustwide/target/debug/build/openssl-sys-953ba0da87114465/out/openssl-build/install/ssl\"" -DENGINESDIR="\"/opt/rustwide/target/debug/build/openssl-sys-953ba0da87114465/out/openssl-build/install/lib/engines-3\"" -DMODULESDIR="\"/opt/rustwide/target/debug/build/openssl-sys-953ba0da87114465/out/openssl-build/install/lib/ossl-modules\"" -DOPENSSL_BUILDING_OPENSSL -DNDEBUG  -MMD -MF crypto/asn1/libcrypto-lib-p5_pbev2.d.tmp -MT crypto/asn1/libcrypto-lib-p5_pbev2.o -c -o crypto/asn1/libcrypto-lib-p5_pbev2.o crypto/asn1/p5_pbev2.c
[INFO] [stderr]   cc  -I. -Iinclude -Iproviders/common/include -Iproviders/implementations/include  -DAES_ASM -DBSAES_ASM -DECP_NISTZ256_ASM -DGHASH_ASM -DKECCAK1600_ASM -DMD5_ASM -DOPENSSL_BN_ASM_GF2m -DOPENSSL_BN_ASM_MONT -DOPENSSL_BN_ASM_MONT5 -DOPENSSL_CPUID_OBJ -DOPENSSL_IA32_SSE2 -DPADLOCK_ASM -DPOLY1305_ASM -DSHA1_ASM -DSHA256_ASM -DSHA512_ASM -DVPAES_ASM -DWHIRLPOOL_ASM -DX25519_ASM -fPIC -pthread -m64 -Wa,--noexecstack -Wall -O3 -O2 -ffunction-sections -fdata-sections -fPIC -g -fno-omit-frame-pointer -m64 -DOPENSSL_USE_NODELETE -DL_ENDIAN -DOPENSSL_PIC -DOPENSSLDIR="\"/opt/rustwide/target/debug/build/openssl-sys-953ba0da87114465/out/openssl-build/install/ssl\"" -DENGINESDIR="\"/opt/rustwide/target/debug/build/openssl-sys-953ba0da87114465/out/openssl-build/install/lib/engines-3\"" -DMODULESDIR="\"/opt/rustwide/target/debug/build/openssl-sys-953ba0da87114465/out/openssl-build/install/lib/ossl-modules\"" -DOPENSSL_BUILDING_OPENSSL -DNDEBUG  -MMD -MF crypto/asn1/libcrypto-lib-p5_scrypt.d.tmp -MT crypto/asn1/libcrypto-lib-p5_scrypt.o -c -o crypto/asn1/libcrypto-lib-p5_scrypt.o crypto/asn1/p5_scrypt.c
[INFO] [stderr]   cc  -I. -Iinclude -Iproviders/common/include -Iproviders/implementations/include  -DAES_ASM -DBSAES_ASM -DECP_NISTZ256_ASM -DGHASH_ASM -DKECCAK1600_ASM -DMD5_ASM -DOPENSSL_BN_ASM_GF2m -DOPENSSL_BN_ASM_MONT -DOPENSSL_BN_ASM_MONT5 -DOPENSSL_CPUID_OBJ -DOPENSSL_IA32_SSE2 -DPADLOCK_ASM -DPOLY1305_ASM -DSHA1_ASM -DSHA256_ASM -DSHA512_ASM -DVPAES_ASM -DWHIRLPOOL_ASM -DX25519_ASM -fPIC -pthread -m64 -Wa,--noexecstack -Wall -O3 -O2 -ffunction-sections -fdata-sections -fPIC -g -fno-omit-frame-pointer -m64 -DOPENSSL_USE_NODELETE -DL_ENDIAN -DOPENSSL_PIC -DOPENSSLDIR="\"/opt/rustwide/target/debug/build/openssl-sys-953ba0da87114465/out/openssl-build/install/ssl\"" -DENGINESDIR="\"/opt/rustwide/target/debug/build/openssl-sys-953ba0da87114465/out/openssl-build/install/lib/engines-3\"" -DMODULESDIR="\"/opt/rustwide/target/debug/build/openssl-sys-953ba0da87114465/out/openssl-build/install/lib/ossl-modules\"" -DOPENSSL_BUILDING_OPENSSL -DNDEBUG  -MMD -MF crypto/asn1/libcrypto-lib-p8_pkey.d.tmp -MT crypto/asn1/libcrypto-lib-p8_pkey.o -c -o crypto/asn1/libcrypto-lib-p8_pkey.o crypto/asn1/p8_pkey.c
[INFO] [stderr]   cc  -I. -Iinclude -Iproviders/common/include -Iproviders/implementations/include  -DAES_ASM -DBSAES_ASM -DECP_NISTZ256_ASM -DGHASH_ASM -DKECCAK1600_ASM -DMD5_ASM -DOPENSSL_BN_ASM_GF2m -DOPENSSL_BN_ASM_MONT -DOPENSSL_BN_ASM_MONT5 -DOPENSSL_CPUID_OBJ -DOPENSSL_IA32_SSE2 -DPADLOCK_ASM -DPOLY1305_ASM -DSHA1_ASM -DSHA256_ASM -DSHA512_ASM -DVPAES_ASM -DWHIRLPOOL_ASM -DX25519_ASM -fPIC -pthread -m64 -Wa,--noexecstack -Wall -O3 -O2 -ffunction-sections -fdata-sections -fPIC -g -fno-omit-frame-pointer -m64 -DOPENSSL_USE_NODELETE -DL_ENDIAN -DOPENSSL_PIC -DOPENSSLDIR="\"/opt/rustwide/target/debug/build/openssl-sys-953ba0da87114465/out/openssl-build/install/ssl\"" -DENGINESDIR="\"/opt/rustwide/target/debug/build/openssl-sys-953ba0da87114465/out/openssl-build/install/lib/engines-3\"" -DMODULESDIR="\"/opt/rustwide/target/debug/build/openssl-sys-953ba0da87114465/out/openssl-build/install/lib/ossl-modules\"" -DOPENSSL_BUILDING_OPENSSL -DNDEBUG  -MMD -MF crypto/asn1/libcrypto-lib-t_bitst.d.tmp -MT crypto/asn1/libcrypto-lib-t_bitst.o -c -o crypto/asn1/libcrypto-lib-t_bitst.o crypto/asn1/t_bitst.c
[INFO] [stderr]   cc  -I. -Iinclude -Iproviders/common/include -Iproviders/implementations/include  -DAES_ASM -DBSAES_ASM -DECP_NISTZ256_ASM -DGHASH_ASM -DKECCAK1600_ASM -DMD5_ASM -DOPENSSL_BN_ASM_GF2m -DOPENSSL_BN_ASM_MONT -DOPENSSL_BN_ASM_MONT5 -DOPENSSL_CPUID_OBJ -DOPENSSL_IA32_SSE2 -DPADLOCK_ASM -DPOLY1305_ASM -DSHA1_ASM -DSHA256_ASM -DSHA512_ASM -DVPAES_ASM -DWHIRLPOOL_ASM -DX25519_ASM -fPIC -pthread -m64 -Wa,--noexecstack -Wall -O3 -O2 -ffunction-sections -fdata-sections -fPIC -g -fno-omit-frame-pointer -m64 -DOPENSSL_USE_NODELETE -DL_ENDIAN -DOPENSSL_PIC -DOPENSSLDIR="\"/opt/rustwide/target/debug/build/openssl-sys-953ba0da87114465/out/openssl-build/install/ssl\"" -DENGINESDIR="\"/opt/rustwide/target/debug/build/openssl-sys-953ba0da87114465/out/openssl-build/install/lib/engines-3\"" -DMODULESDIR="\"/opt/rustwide/target/debug/build/openssl-sys-953ba0da87114465/out/openssl-build/install/lib/ossl-modules\"" -DOPENSSL_BUILDING_OPENSSL -DNDEBUG  -MMD -MF crypto/asn1/libcrypto-lib-t_pkey.d.tmp -MT crypto/asn1/libcrypto-lib-t_pkey.o -c -o crypto/asn1/libcrypto-lib-t_pkey.o crypto/asn1/t_pkey.c
[INFO] [stderr]   cc  -I. -Iinclude -Iproviders/common/include -Iproviders/implementations/include  -DAES_ASM -DBSAES_ASM -DECP_NISTZ256_ASM -DGHASH_ASM -DKECCAK1600_ASM -DMD5_ASM -DOPENSSL_BN_ASM_GF2m -DOPENSSL_BN_ASM_MONT -DOPENSSL_BN_ASM_MONT5 -DOPENSSL_CPUID_OBJ -DOPENSSL_IA32_SSE2 -DPADLOCK_ASM -DPOLY1305_ASM -DSHA1_ASM -DSHA256_ASM -DSHA512_ASM -DVPAES_ASM -DWHIRLPOOL_ASM -DX25519_ASM -fPIC -pthread -m64 -Wa,--noexecstack -Wall -O3 -O2 -ffunction-sections -fdata-sections -fPIC -g -fno-omit-frame-pointer -m64 -DOPENSSL_USE_NODELETE -DL_ENDIAN -DOPENSSL_PIC -DOPENSSLDIR="\"/opt/rustwide/target/debug/build/openssl-sys-953ba0da87114465/out/openssl-build/install/ssl\"" -DENGINESDIR="\"/opt/rustwide/target/debug/build/openssl-sys-953ba0da87114465/out/openssl-build/install/lib/engines-3\"" -DMODULESDIR="\"/opt/rustwide/target/debug/build/openssl-sys-953ba0da87114465/out/openssl-build/install/lib/ossl-modules\"" -DOPENSSL_BUILDING_OPENSSL -DNDEBUG  -MMD -MF crypto/asn1/libcrypto-lib-t_spki.d.tmp -MT crypto/asn1/libcrypto-lib-t_spki.o -c -o crypto/asn1/libcrypto-lib-t_spki.o crypto/asn1/t_spki.c
[INFO] [stderr]   cc  -I. -Iinclude -Iproviders/common/include -Iproviders/implementations/include  -DAES_ASM -DBSAES_ASM -DECP_NISTZ256_ASM -DGHASH_ASM -DKECCAK1600_ASM -DMD5_ASM -DOPENSSL_BN_ASM_GF2m -DOPENSSL_BN_ASM_MONT -DOPENSSL_BN_ASM_MONT5 -DOPENSSL_CPUID_OBJ -DOPENSSL_IA32_SSE2 -DPADLOCK_ASM -DPOLY1305_ASM -DSHA1_ASM -DSHA256_ASM -DSHA512_ASM -DVPAES_ASM -DWHIRLPOOL_ASM -DX25519_ASM -fPIC -pthread -m64 -Wa,--noexecstack -Wall -O3 -O2 -ffunction-sections -fdata-sections -fPIC -g -fno-omit-frame-pointer -m64 -DOPENSSL_USE_NODELETE -DL_ENDIAN -DOPENSSL_PIC -DOPENSSLDIR="\"/opt/rustwide/target/debug/build/openssl-sys-953ba0da87114465/out/openssl-build/install/ssl\"" -DENGINESDIR="\"/opt/rustwide/target/debug/build/openssl-sys-953ba0da87114465/out/openssl-build/install/lib/engines-3\"" -DMODULESDIR="\"/opt/rustwide/target/debug/build/openssl-sys-953ba0da87114465/out/openssl-build/install/lib/ossl-modules\"" -DOPENSSL_BUILDING_OPENSSL -DNDEBUG  -MMD -MF crypto/asn1/libcrypto-lib-tasn_dec.d.tmp -MT crypto/asn1/libcrypto-lib-tasn_dec.o -c -o crypto/asn1/libcrypto-lib-tasn_dec.o crypto/asn1/tasn_dec.c
[INFO] [stderr]   cc  -I. -Iinclude -Iproviders/common/include -Iproviders/implementations/include  -DAES_ASM -DBSAES_ASM -DECP_NISTZ256_ASM -DGHASH_ASM -DKECCAK1600_ASM -DMD5_ASM -DOPENSSL_BN_ASM_GF2m -DOPENSSL_BN_ASM_MONT -DOPENSSL_BN_ASM_MONT5 -DOPENSSL_CPUID_OBJ -DOPENSSL_IA32_SSE2 -DPADLOCK_ASM -DPOLY1305_ASM -DSHA1_ASM -DSHA256_ASM -DSHA512_ASM -DVPAES_ASM -DWHIRLPOOL_ASM -DX25519_ASM -fPIC -pthread -m64 -Wa,--noexecstack -Wall -O3 -O2 -ffunction-sections -fdata-sections -fPIC -g -fno-omit-frame-pointer -m64 -DOPENSSL_USE_NODELETE -DL_ENDIAN -DOPENSSL_PIC -DOPENSSLDIR="\"/opt/rustwide/target/debug/build/openssl-sys-953ba0da87114465/out/openssl-build/install/ssl\"" -DENGINESDIR="\"/opt/rustwide/target/debug/build/openssl-sys-953ba0da87114465/out/openssl-build/install/lib/engines-3\"" -DMODULESDIR="\"/opt/rustwide/target/debug/build/openssl-sys-953ba0da87114465/out/openssl-build/install/lib/ossl-modules\"" -DOPENSSL_BUILDING_OPENSSL -DNDEBUG  -MMD -MF crypto/asn1/libcrypto-lib-tasn_enc.d.tmp -MT crypto/asn1/libcrypto-lib-tasn_enc.o -c -o crypto/asn1/libcrypto-lib-tasn_enc.o crypto/asn1/tasn_enc.c
[INFO] [stderr]   cc  -I. -Iinclude -Iproviders/common/include -Iproviders/implementations/include  -DAES_ASM -DBSAES_ASM -DECP_NISTZ256_ASM -DGHASH_ASM -DKECCAK1600_ASM -DMD5_ASM -DOPENSSL_BN_ASM_GF2m -DOPENSSL_BN_ASM_MONT -DOPENSSL_BN_ASM_MONT5 -DOPENSSL_CPUID_OBJ -DOPENSSL_IA32_SSE2 -DPADLOCK_ASM -DPOLY1305_ASM -DSHA1_ASM -DSHA256_ASM -DSHA512_ASM -DVPAES_ASM -DWHIRLPOOL_ASM -DX25519_ASM -fPIC -pthread -m64 -Wa,--noexecstack -Wall -O3 -O2 -ffunction-sections -fdata-sections -fPIC -g -fno-omit-frame-pointer -m64 -DOPENSSL_USE_NODELETE -DL_ENDIAN -DOPENSSL_PIC -DOPENSSLDIR="\"/opt/rustwide/target/debug/build/openssl-sys-953ba0da87114465/out/openssl-build/install/ssl\"" -DENGINESDIR="\"/opt/rustwide/target/debug/build/openssl-sys-953ba0da87114465/out/openssl-build/install/lib/engines-3\"" -DMODULESDIR="\"/opt/rustwide/target/debug/build/openssl-sys-953ba0da87114465/out/openssl-build/install/lib/ossl-modules\"" -DOPENSSL_BUILDING_OPENSSL -DNDEBUG  -MMD -MF crypto/asn1/libcrypto-lib-tasn_fre.d.tmp -MT crypto/asn1/libcrypto-lib-tasn_fre.o -c -o crypto/asn1/libcrypto-lib-tasn_fre.o crypto/asn1/tasn_fre.c
[INFO] [stderr]   cc  -I. -Iinclude -Iproviders/common/include -Iproviders/implementations/include  -DAES_ASM -DBSAES_ASM -DECP_NISTZ256_ASM -DGHASH_ASM -DKECCAK1600_ASM -DMD5_ASM -DOPENSSL_BN_ASM_GF2m -DOPENSSL_BN_ASM_MONT -DOPENSSL_BN_ASM_MONT5 -DOPENSSL_CPUID_OBJ -DOPENSSL_IA32_SSE2 -DPADLOCK_ASM -DPOLY1305_ASM -DSHA1_ASM -DSHA256_ASM -DSHA512_ASM -DVPAES_ASM -DWHIRLPOOL_ASM -DX25519_ASM -fPIC -pthread -m64 -Wa,--noexecstack -Wall -O3 -O2 -ffunction-sections -fdata-sections -fPIC -g -fno-omit-frame-pointer -m64 -DOPENSSL_USE_NODELETE -DL_ENDIAN -DOPENSSL_PIC -DOPENSSLDIR="\"/opt/rustwide/target/debug/build/openssl-sys-953ba0da87114465/out/openssl-build/install/ssl\"" -DENGINESDIR="\"/opt/rustwide/target/debug/build/openssl-sys-953ba0da87114465/out/openssl-build/install/lib/engines-3\"" -DMODULESDIR="\"/opt/rustwide/target/debug/build/openssl-sys-953ba0da87114465/out/openssl-build/install/lib/ossl-modules\"" -DOPENSSL_BUILDING_OPENSSL -DNDEBUG  -MMD -MF crypto/asn1/libcrypto-lib-tasn_new.d.tmp -MT crypto/asn1/libcrypto-lib-tasn_new.o -c -o crypto/asn1/libcrypto-lib-tasn_new.o crypto/asn1/tasn_new.c
[INFO] [stderr]   cc  -I. -Iinclude -Iproviders/common/include -Iproviders/implementations/include  -DAES_ASM -DBSAES_ASM -DECP_NISTZ256_ASM -DGHASH_ASM -DKECCAK1600_ASM -DMD5_ASM -DOPENSSL_BN_ASM_GF2m -DOPENSSL_BN_ASM_MONT -DOPENSSL_BN_ASM_MONT5 -DOPENSSL_CPUID_OBJ -DOPENSSL_IA32_SSE2 -DPADLOCK_ASM -DPOLY1305_ASM -DSHA1_ASM -DSHA256_ASM -DSHA512_ASM -DVPAES_ASM -DWHIRLPOOL_ASM -DX25519_ASM -fPIC -pthread -m64 -Wa,--noexecstack -Wall -O3 -O2 -ffunction-sections -fdata-sections -fPIC -g -fno-omit-frame-pointer -m64 -DOPENSSL_USE_NODELETE -DL_ENDIAN -DOPENSSL_PIC -DOPENSSLDIR="\"/opt/rustwide/target/debug/build/openssl-sys-953ba0da87114465/out/openssl-build/install/ssl\"" -DENGINESDIR="\"/opt/rustwide/target/debug/build/openssl-sys-953ba0da87114465/out/openssl-build/install/lib/engines-3\"" -DMODULESDIR="\"/opt/rustwide/target/debug/build/openssl-sys-953ba0da87114465/out/openssl-build/install/lib/ossl-modules\"" -DOPENSSL_BUILDING_OPENSSL -DNDEBUG  -MMD -MF crypto/asn1/libcrypto-lib-tasn_prn.d.tmp -MT crypto/asn1/libcrypto-lib-tasn_prn.o -c -o crypto/asn1/libcrypto-lib-tasn_prn.o crypto/asn1/tasn_prn.c
[INFO] [stderr]   cc  -I. -Iinclude -Iproviders/common/include -Iproviders/implementations/include  -DAES_ASM -DBSAES_ASM -DECP_NISTZ256_ASM -DGHASH_ASM -DKECCAK1600_ASM -DMD5_ASM -DOPENSSL_BN_ASM_GF2m -DOPENSSL_BN_ASM_MONT -DOPENSSL_BN_ASM_MONT5 -DOPENSSL_CPUID_OBJ -DOPENSSL_IA32_SSE2 -DPADLOCK_ASM -DPOLY1305_ASM -DSHA1_ASM -DSHA256_ASM -DSHA512_ASM -DVPAES_ASM -DWHIRLPOOL_ASM -DX25519_ASM -fPIC -pthread -m64 -Wa,--noexecstack -Wall -O3 -O2 -ffunction-sections -fdata-sections -fPIC -g -fno-omit-frame-pointer -m64 -DOPENSSL_USE_NODELETE -DL_ENDIAN -DOPENSSL_PIC -DOPENSSLDIR="\"/opt/rustwide/target/debug/build/openssl-sys-953ba0da87114465/out/openssl-build/install/ssl\"" -DENGINESDIR="\"/opt/rustwide/target/debug/build/openssl-sys-953ba0da87114465/out/openssl-build/install/lib/engines-3\"" -DMODULESDIR="\"/opt/rustwide/target/debug/build/openssl-sys-953ba0da87114465/out/openssl-build/install/lib/ossl-modules\"" -DOPENSSL_BUILDING_OPENSSL -DNDEBUG  -MMD -MF crypto/asn1/libcrypto-lib-tasn_scn.d.tmp -MT crypto/asn1/libcrypto-lib-tasn_scn.o -c -o crypto/asn1/libcrypto-lib-tasn_scn.o crypto/asn1/tasn_scn.c
[INFO] [stderr]   cc  -I. -Iinclude -Iproviders/common/include -Iproviders/implementations/include  -DAES_ASM -DBSAES_ASM -DECP_NISTZ256_ASM -DGHASH_ASM -DKECCAK1600_ASM -DMD5_ASM -DOPENSSL_BN_ASM_GF2m -DOPENSSL_BN_ASM_MONT -DOPENSSL_BN_ASM_MONT5 -DOPENSSL_CPUID_OBJ -DOPENSSL_IA32_SSE2 -DPADLOCK_ASM -DPOLY1305_ASM -DSHA1_ASM -DSHA256_ASM -DSHA512_ASM -DVPAES_ASM -DWHIRLPOOL_ASM -DX25519_ASM -fPIC -pthread -m64 -Wa,--noexecstack -Wall -O3 -O2 -ffunction-sections -fdata-sections -fPIC -g -fno-omit-frame-pointer -m64 -DOPENSSL_USE_NODELETE -DL_ENDIAN -DOPENSSL_PIC -DOPENSSLDIR="\"/opt/rustwide/target/debug/build/openssl-sys-953ba0da87114465/out/openssl-build/install/ssl\"" -DENGINESDIR="\"/opt/rustwide/target/debug/build/openssl-sys-953ba0da87114465/out/openssl-build/install/lib/engines-3\"" -DMODULESDIR="\"/opt/rustwide/target/debug/build/openssl-sys-953ba0da87114465/out/openssl-build/install/lib/ossl-modules\"" -DOPENSSL_BUILDING_OPENSSL -DNDEBUG  -MMD -MF crypto/asn1/libcrypto-lib-tasn_typ.d.tmp -MT crypto/asn1/libcrypto-lib-tasn_typ.o -c -o crypto/asn1/libcrypto-lib-tasn_typ.o crypto/asn1/tasn_typ.c
[INFO] [stderr]   cc  -I. -Iinclude -Iproviders/common/include -Iproviders/implementations/include  -DAES_ASM -DBSAES_ASM -DECP_NISTZ256_ASM -DGHASH_ASM -DKECCAK1600_ASM -DMD5_ASM -DOPENSSL_BN_ASM_GF2m -DOPENSSL_BN_ASM_MONT -DOPENSSL_BN_ASM_MONT5 -DOPENSSL_CPUID_OBJ -DOPENSSL_IA32_SSE2 -DPADLOCK_ASM -DPOLY1305_ASM -DSHA1_ASM -DSHA256_ASM -DSHA512_ASM -DVPAES_ASM -DWHIRLPOOL_ASM -DX25519_ASM -fPIC -pthread -m64 -Wa,--noexecstack -Wall -O3 -O2 -ffunction-sections -fdata-sections -fPIC -g -fno-omit-frame-pointer -m64 -DOPENSSL_USE_NODELETE -DL_ENDIAN -DOPENSSL_PIC -DOPENSSLDIR="\"/opt/rustwide/target/debug/build/openssl-sys-953ba0da87114465/out/openssl-build/install/ssl\"" -DENGINESDIR="\"/opt/rustwide/target/debug/build/openssl-sys-953ba0da87114465/out/openssl-build/install/lib/engines-3\"" -DMODULESDIR="\"/opt/rustwide/target/debug/build/openssl-sys-953ba0da87114465/out/openssl-build/install/lib/ossl-modules\"" -DOPENSSL_BUILDING_OPENSSL -DNDEBUG  -MMD -MF crypto/asn1/libcrypto-lib-tasn_utl.d.tmp -MT crypto/asn1/libcrypto-lib-tasn_utl.o -c -o crypto/asn1/libcrypto-lib-tasn_utl.o crypto/asn1/tasn_utl.c
[INFO] [stderr]   cc  -I. -Iinclude -Iproviders/common/include -Iproviders/implementations/include  -DAES_ASM -DBSAES_ASM -DECP_NISTZ256_ASM -DGHASH_ASM -DKECCAK1600_ASM -DMD5_ASM -DOPENSSL_BN_ASM_GF2m -DOPENSSL_BN_ASM_MONT -DOPENSSL_BN_ASM_MONT5 -DOPENSSL_CPUID_OBJ -DOPENSSL_IA32_SSE2 -DPADLOCK_ASM -DPOLY1305_ASM -DSHA1_ASM -DSHA256_ASM -DSHA512_ASM -DVPAES_ASM -DWHIRLPOOL_ASM -DX25519_ASM -fPIC -pthread -m64 -Wa,--noexecstack -Wall -O3 -O2 -ffunction-sections -fdata-sections -fPIC -g -fno-omit-frame-pointer -m64 -DOPENSSL_USE_NODELETE -DL_ENDIAN -DOPENSSL_PIC -DOPENSSLDIR="\"/opt/rustwide/target/debug/build/openssl-sys-953ba0da87114465/out/openssl-build/install/ssl\"" -DENGINESDIR="\"/opt/rustwide/target/debug/build/openssl-sys-953ba0da87114465/out/openssl-build/install/lib/engines-3\"" -DMODULESDIR="\"/opt/rustwide/target/debug/build/openssl-sys-953ba0da87114465/out/openssl-build/install/lib/ossl-modules\"" -DOPENSSL_BUILDING_OPENSSL -DNDEBUG  -MMD -MF crypto/asn1/libcrypto-lib-x_algor.d.tmp -MT crypto/asn1/libcrypto-lib-x_algor.o -c -o crypto/asn1/libcrypto-lib-x_algor.o crypto/asn1/x_algor.c
[INFO] [stderr]   cc  -I. -Iinclude -Iproviders/common/include -Iproviders/implementations/include  -DAES_ASM -DBSAES_ASM -DECP_NISTZ256_ASM -DGHASH_ASM -DKECCAK1600_ASM -DMD5_ASM -DOPENSSL_BN_ASM_GF2m -DOPENSSL_BN_ASM_MONT -DOPENSSL_BN_ASM_MONT5 -DOPENSSL_CPUID_OBJ -DOPENSSL_IA32_SSE2 -DPADLOCK_ASM -DPOLY1305_ASM -DSHA1_ASM -DSHA256_ASM -DSHA512_ASM -DVPAES_ASM -DWHIRLPOOL_ASM -DX25519_ASM -fPIC -pthread -m64 -Wa,--noexecstack -Wall -O3 -O2 -ffunction-sections -fdata-sections -fPIC -g -fno-omit-frame-pointer -m64 -DOPENSSL_USE_NODELETE -DL_ENDIAN -DOPENSSL_PIC -DOPENSSLDIR="\"/opt/rustwide/target/debug/build/openssl-sys-953ba0da87114465/out/openssl-build/install/ssl\"" -DENGINESDIR="\"/opt/rustwide/target/debug/build/openssl-sys-953ba0da87114465/out/openssl-build/install/lib/engines-3\"" -DMODULESDIR="\"/opt/rustwide/target/debug/build/openssl-sys-953ba0da87114465/out/openssl-build/install/lib/ossl-modules\"" -DOPENSSL_BUILDING_OPENSSL -DNDEBUG  -MMD -MF crypto/asn1/libcrypto-lib-x_bignum.d.tmp -MT crypto/asn1/libcrypto-lib-x_bignum.o -c -o crypto/asn1/libcrypto-lib-x_bignum.o crypto/asn1/x_bignum.c
[INFO] [stderr]   cc  -I. -Iinclude -Iproviders/common/include -Iproviders/implementations/include  -DAES_ASM -DBSAES_ASM -DECP_NISTZ256_ASM -DGHASH_ASM -DKECCAK1600_ASM -DMD5_ASM -DOPENSSL_BN_ASM_GF2m -DOPENSSL_BN_ASM_MONT -DOPENSSL_BN_ASM_MONT5 -DOPENSSL_CPUID_OBJ -DOPENSSL_IA32_SSE2 -DPADLOCK_ASM -DPOLY1305_ASM -DSHA1_ASM -DSHA256_ASM -DSHA512_ASM -DVPAES_ASM -DWHIRLPOOL_ASM -DX25519_ASM -fPIC -pthread -m64 -Wa,--noexecstack -Wall -O3 -O2 -ffunction-sections -fdata-sections -fPIC -g -fno-omit-frame-pointer -m64 -DOPENSSL_USE_NODELETE -DL_ENDIAN -DOPENSSL_PIC -DOPENSSLDIR="\"/opt/rustwide/target/debug/build/openssl-sys-953ba0da87114465/out/openssl-build/install/ssl\"" -DENGINESDIR="\"/opt/rustwide/target/debug/build/openssl-sys-953ba0da87114465/out/openssl-build/install/lib/engines-3\"" -DMODULESDIR="\"/opt/rustwide/target/debug/build/openssl-sys-953ba0da87114465/out/openssl-build/install/lib/ossl-modules\"" -DOPENSSL_BUILDING_OPENSSL -DNDEBUG  -MMD -MF crypto/asn1/libcrypto-lib-x_info.d.tmp -MT crypto/asn1/libcrypto-lib-x_info.o -c -o crypto/asn1/libcrypto-lib-x_info.o crypto/asn1/x_info.c
[INFO] [stderr]   cc  -I. -Iinclude -Iproviders/common/include -Iproviders/implementations/include  -DAES_ASM -DBSAES_ASM -DECP_NISTZ256_ASM -DGHASH_ASM -DKECCAK1600_ASM -DMD5_ASM -DOPENSSL_BN_ASM_GF2m -DOPENSSL_BN_ASM_MONT -DOPENSSL_BN_ASM_MONT5 -DOPENSSL_CPUID_OBJ -DOPENSSL_IA32_SSE2 -DPADLOCK_ASM -DPOLY1305_ASM -DSHA1_ASM -DSHA256_ASM -DSHA512_ASM -DVPAES_ASM -DWHIRLPOOL_ASM -DX25519_ASM -fPIC -pthread -m64 -Wa,--noexecstack -Wall -O3 -O2 -ffunction-sections -fdata-sections -fPIC -g -fno-omit-frame-pointer -m64 -DOPENSSL_USE_NODELETE -DL_ENDIAN -DOPENSSL_PIC -DOPENSSLDIR="\"/opt/rustwide/target/debug/build/openssl-sys-953ba0da87114465/out/openssl-build/install/ssl\"" -DENGINESDIR="\"/opt/rustwide/target/debug/build/openssl-sys-953ba0da87114465/out/openssl-build/install/lib/engines-3\"" -DMODULESDIR="\"/opt/rustwide/target/debug/build/openssl-sys-953ba0da87114465/out/openssl-build/install/lib/ossl-modules\"" -DOPENSSL_BUILDING_OPENSSL -DNDEBUG  -MMD -MF crypto/asn1/libcrypto-lib-x_int64.d.tmp -MT crypto/asn1/libcrypto-lib-x_int64.o -c -o crypto/asn1/libcrypto-lib-x_int64.o crypto/asn1/x_int64.c
[INFO] [stderr]   cc  -I. -Iinclude -Iproviders/common/include -Iproviders/implementations/include  -DAES_ASM -DBSAES_ASM -DECP_NISTZ256_ASM -DGHASH_ASM -DKECCAK1600_ASM -DMD5_ASM -DOPENSSL_BN_ASM_GF2m -DOPENSSL_BN_ASM_MONT -DOPENSSL_BN_ASM_MONT5 -DOPENSSL_CPUID_OBJ -DOPENSSL_IA32_SSE2 -DPADLOCK_ASM -DPOLY1305_ASM -DSHA1_ASM -DSHA256_ASM -DSHA512_ASM -DVPAES_ASM -DWHIRLPOOL_ASM -DX25519_ASM -fPIC -pthread -m64 -Wa,--noexecstack -Wall -O3 -O2 -ffunction-sections -fdata-sections -fPIC -g -fno-omit-frame-pointer -m64 -DOPENSSL_USE_NODELETE -DL_ENDIAN -DOPENSSL_PIC -DOPENSSLDIR="\"/opt/rustwide/target/debug/build/openssl-sys-953ba0da87114465/out/openssl-build/install/ssl\"" -DENGINESDIR="\"/opt/rustwide/target/debug/build/openssl-sys-953ba0da87114465/out/openssl-build/install/lib/engines-3\"" -DMODULESDIR="\"/opt/rustwide/target/debug/build/openssl-sys-953ba0da87114465/out/openssl-build/install/lib/ossl-modules\"" -DOPENSSL_BUILDING_OPENSSL -DNDEBUG  -MMD -MF crypto/asn1/libcrypto-lib-x_long.d.tmp -MT crypto/asn1/libcrypto-lib-x_long.o -c -o crypto/asn1/libcrypto-lib-x_long.o crypto/asn1/x_long.c
[INFO] [stderr]   cc  -I. -Iinclude -Iproviders/common/include -Iproviders/implementations/include  -DAES_ASM -DBSAES_ASM -DECP_NISTZ256_ASM -DGHASH_ASM -DKECCAK1600_ASM -DMD5_ASM -DOPENSSL_BN_ASM_GF2m -DOPENSSL_BN_ASM_MONT -DOPENSSL_BN_ASM_MONT5 -DOPENSSL_CPUID_OBJ -DOPENSSL_IA32_SSE2 -DPADLOCK_ASM -DPOLY1305_ASM -DSHA1_ASM -DSHA256_ASM -DSHA512_ASM -DVPAES_ASM -DWHIRLPOOL_ASM -DX25519_ASM -fPIC -pthread -m64 -Wa,--noexecstack -Wall -O3 -O2 -ffunction-sections -fdata-sections -fPIC -g -fno-omit-frame-pointer -m64 -DOPENSSL_USE_NODELETE -DL_ENDIAN -DOPENSSL_PIC -DOPENSSLDIR="\"/opt/rustwide/target/debug/build/openssl-sys-953ba0da87114465/out/openssl-build/install/ssl\"" -DENGINESDIR="\"/opt/rustwide/target/debug/build/openssl-sys-953ba0da87114465/out/openssl-build/install/lib/engines-3\"" -DMODULESDIR="\"/opt/rustwide/target/debug/build/openssl-sys-953ba0da87114465/out/openssl-build/install/lib/ossl-modules\"" -DOPENSSL_BUILDING_OPENSSL -DNDEBUG  -MMD -MF crypto/asn1/libcrypto-lib-x_pkey.d.tmp -MT crypto/asn1/libcrypto-lib-x_pkey.o -c -o crypto/asn1/libcrypto-lib-x_pkey.o crypto/asn1/x_pkey.c
[INFO] [stderr]   cc  -I. -Iinclude -Iproviders/common/include -Iproviders/implementations/include  -DAES_ASM -DBSAES_ASM -DECP_NISTZ256_ASM -DGHASH_ASM -DKECCAK1600_ASM -DMD5_ASM -DOPENSSL_BN_ASM_GF2m -DOPENSSL_BN_ASM_MONT -DOPENSSL_BN_ASM_MONT5 -DOPENSSL_CPUID_OBJ -DOPENSSL_IA32_SSE2 -DPADLOCK_ASM -DPOLY1305_ASM -DSHA1_ASM -DSHA256_ASM -DSHA512_ASM -DVPAES_ASM -DWHIRLPOOL_ASM -DX25519_ASM -fPIC -pthread -m64 -Wa,--noexecstack -Wall -O3 -O2 -ffunction-sections -fdata-sections -fPIC -g -fno-omit-frame-pointer -m64 -DOPENSSL_USE_NODELETE -DL_ENDIAN -DOPENSSL_PIC -DOPENSSLDIR="\"/opt/rustwide/target/debug/build/openssl-sys-953ba0da87114465/out/openssl-build/install/ssl\"" -DENGINESDIR="\"/opt/rustwide/target/debug/build/openssl-sys-953ba0da87114465/out/openssl-build/install/lib/engines-3\"" -DMODULESDIR="\"/opt/rustwide/target/debug/build/openssl-sys-953ba0da87114465/out/openssl-build/install/lib/ossl-modules\"" -DOPENSSL_BUILDING_OPENSSL -DNDEBUG  -MMD -MF crypto/asn1/libcrypto-lib-x_sig.d.tmp -MT crypto/asn1/libcrypto-lib-x_sig.o -c -o crypto/asn1/libcrypto-lib-x_sig.o crypto/asn1/x_sig.c
[INFO] [stderr]   cc  -I. -Iinclude -Iproviders/common/include -Iproviders/implementations/include  -DAES_ASM -DBSAES_ASM -DECP_NISTZ256_ASM -DGHASH_ASM -DKECCAK1600_ASM -DMD5_ASM -DOPENSSL_BN_ASM_GF2m -DOPENSSL_BN_ASM_MONT -DOPENSSL_BN_ASM_MONT5 -DOPENSSL_CPUID_OBJ -DOPENSSL_IA32_SSE2 -DPADLOCK_ASM -DPOLY1305_ASM -DSHA1_ASM -DSHA256_ASM -DSHA512_ASM -DVPAES_ASM -DWHIRLPOOL_ASM -DX25519_ASM -fPIC -pthread -m64 -Wa,--noexecstack -Wall -O3 -O2 -ffunction-sections -fdata-sections -fPIC -g -fno-omit-frame-pointer -m64 -DOPENSSL_USE_NODELETE -DL_ENDIAN -DOPENSSL_PIC -DOPENSSLDIR="\"/opt/rustwide/target/debug/build/openssl-sys-953ba0da87114465/out/openssl-build/install/ssl\"" -DENGINESDIR="\"/opt/rustwide/target/debug/build/openssl-sys-953ba0da87114465/out/openssl-build/install/lib/engines-3\"" -DMODULESDIR="\"/opt/rustwide/target/debug/build/openssl-sys-953ba0da87114465/out/openssl-build/install/lib/ossl-modules\"" -DOPENSSL_BUILDING_OPENSSL -DNDEBUG  -MMD -MF crypto/asn1/libcrypto-lib-x_spki.d.tmp -MT crypto/asn1/libcrypto-lib-x_spki.o -c -o crypto/asn1/libcrypto-lib-x_spki.o crypto/asn1/x_spki.c
[INFO] [stderr]   cc  -I. -Iinclude -Iproviders/common/include -Iproviders/implementations/include  -DAES_ASM -DBSAES_ASM -DECP_NISTZ256_ASM -DGHASH_ASM -DKECCAK1600_ASM -DMD5_ASM -DOPENSSL_BN_ASM_GF2m -DOPENSSL_BN_ASM_MONT -DOPENSSL_BN_ASM_MONT5 -DOPENSSL_CPUID_OBJ -DOPENSSL_IA32_SSE2 -DPADLOCK_ASM -DPOLY1305_ASM -DSHA1_ASM -DSHA256_ASM -DSHA512_ASM -DVPAES_ASM -DWHIRLPOOL_ASM -DX25519_ASM -fPIC -pthread -m64 -Wa,--noexecstack -Wall -O3 -O2 -ffunction-sections -fdata-sections -fPIC -g -fno-omit-frame-pointer -m64 -DOPENSSL_USE_NODELETE -DL_ENDIAN -DOPENSSL_PIC -DOPENSSLDIR="\"/opt/rustwide/target/debug/build/openssl-sys-953ba0da87114465/out/openssl-build/install/ssl\"" -DENGINESDIR="\"/opt/rustwide/target/debug/build/openssl-sys-953ba0da87114465/out/openssl-build/install/lib/engines-3\"" -DMODULESDIR="\"/opt/rustwide/target/debug/build/openssl-sys-953ba0da87114465/out/openssl-build/install/lib/ossl-modules\"" -DOPENSSL_BUILDING_OPENSSL -DNDEBUG  -MMD -MF crypto/asn1/libcrypto-lib-x_val.d.tmp -MT crypto/asn1/libcrypto-lib-x_val.o -c -o crypto/asn1/libcrypto-lib-x_val.o crypto/asn1/x_val.c
[INFO] [stderr]   cc  -I. -Iinclude -Iproviders/common/include -Iproviders/implementations/include  -DAES_ASM -DBSAES_ASM -DECP_NISTZ256_ASM -DGHASH_ASM -DKECCAK1600_ASM -DMD5_ASM -DOPENSSL_BN_ASM_GF2m -DOPENSSL_BN_ASM_MONT -DOPENSSL_BN_ASM_MONT5 -DOPENSSL_CPUID_OBJ -DOPENSSL_IA32_SSE2 -DPADLOCK_ASM -DPOLY1305_ASM -DSHA1_ASM -DSHA256_ASM -DSHA512_ASM -DVPAES_ASM -DWHIRLPOOL_ASM -DX25519_ASM -fPIC -pthread -m64 -Wa,--noexecstack -Wall -O3 -O2 -ffunction-sections -fdata-sections -fPIC -g -fno-omit-frame-pointer -m64 -DOPENSSL_USE_NODELETE -DL_ENDIAN -DOPENSSL_PIC -DOPENSSLDIR="\"/opt/rustwide/target/debug/build/openssl-sys-953ba0da87114465/out/openssl-build/install/ssl\"" -DENGINESDIR="\"/opt/rustwide/target/debug/build/openssl-sys-953ba0da87114465/out/openssl-build/install/lib/engines-3\"" -DMODULESDIR="\"/opt/rustwide/target/debug/build/openssl-sys-953ba0da87114465/out/openssl-build/install/lib/ossl-modules\"" -DOPENSSL_BUILDING_OPENSSL -DNDEBUG  -MMD -MF crypto/async/arch/libcrypto-lib-async_null.d.tmp -MT crypto/async/arch/libcrypto-lib-async_null.o -c -o crypto/async/arch/libcrypto-lib-async_null.o crypto/async/arch/async_null.c
[INFO] [stderr]   cc  -I. -Iinclude -Iproviders/common/include -Iproviders/implementations/include  -DAES_ASM -DBSAES_ASM -DECP_NISTZ256_ASM -DGHASH_ASM -DKECCAK1600_ASM -DMD5_ASM -DOPENSSL_BN_ASM_GF2m -DOPENSSL_BN_ASM_MONT -DOPENSSL_BN_ASM_MONT5 -DOPENSSL_CPUID_OBJ -DOPENSSL_IA32_SSE2 -DPADLOCK_ASM -DPOLY1305_ASM -DSHA1_ASM -DSHA256_ASM -DSHA512_ASM -DVPAES_ASM -DWHIRLPOOL_ASM -DX25519_ASM -fPIC -pthread -m64 -Wa,--noexecstack -Wall -O3 -O2 -ffunction-sections -fdata-sections -fPIC -g -fno-omit-frame-pointer -m64 -DOPENSSL_USE_NODELETE -DL_ENDIAN -DOPENSSL_PIC -DOPENSSLDIR="\"/opt/rustwide/target/debug/build/openssl-sys-953ba0da87114465/out/openssl-build/install/ssl\"" -DENGINESDIR="\"/opt/rustwide/target/debug/build/openssl-sys-953ba0da87114465/out/openssl-build/install/lib/engines-3\"" -DMODULESDIR="\"/opt/rustwide/target/debug/build/openssl-sys-953ba0da87114465/out/openssl-build/install/lib/ossl-modules\"" -DOPENSSL_BUILDING_OPENSSL -DNDEBUG  -MMD -MF crypto/async/arch/libcrypto-lib-async_posix.d.tmp -MT crypto/async/arch/libcrypto-lib-async_posix.o -c -o crypto/async/arch/libcrypto-lib-async_posix.o crypto/async/arch/async_posix.c
[INFO] [stderr]   cc  -I. -Iinclude -Iproviders/common/include -Iproviders/implementations/include  -DAES_ASM -DBSAES_ASM -DECP_NISTZ256_ASM -DGHASH_ASM -DKECCAK1600_ASM -DMD5_ASM -DOPENSSL_BN_ASM_GF2m -DOPENSSL_BN_ASM_MONT -DOPENSSL_BN_ASM_MONT5 -DOPENSSL_CPUID_OBJ -DOPENSSL_IA32_SSE2 -DPADLOCK_ASM -DPOLY1305_ASM -DSHA1_ASM -DSHA256_ASM -DSHA512_ASM -DVPAES_ASM -DWHIRLPOOL_ASM -DX25519_ASM -fPIC -pthread -m64 -Wa,--noexecstack -Wall -O3 -O2 -ffunction-sections -fdata-sections -fPIC -g -fno-omit-frame-pointer -m64 -DOPENSSL_USE_NODELETE -DL_ENDIAN -DOPENSSL_PIC -DOPENSSLDIR="\"/opt/rustwide/target/debug/build/openssl-sys-953ba0da87114465/out/openssl-build/install/ssl\"" -DENGINESDIR="\"/opt/rustwide/target/debug/build/openssl-sys-953ba0da87114465/out/openssl-build/install/lib/engines-3\"" -DMODULESDIR="\"/opt/rustwide/target/debug/build/openssl-sys-953ba0da87114465/out/openssl-build/install/lib/ossl-modules\"" -DOPENSSL_BUILDING_OPENSSL -DNDEBUG  -MMD -MF crypto/async/arch/libcrypto-lib-async_win.d.tmp -MT crypto/async/arch/libcrypto-lib-async_win.o -c -o crypto/async/arch/libcrypto-lib-async_win.o crypto/async/arch/async_win.c
[INFO] [stderr]   cc  -I. -Iinclude -Iproviders/common/include -Iproviders/implementations/include  -DAES_ASM -DBSAES_ASM -DECP_NISTZ256_ASM -DGHASH_ASM -DKECCAK1600_ASM -DMD5_ASM -DOPENSSL_BN_ASM_GF2m -DOPENSSL_BN_ASM_MONT -DOPENSSL_BN_ASM_MONT5 -DOPENSSL_CPUID_OBJ -DOPENSSL_IA32_SSE2 -DPADLOCK_ASM -DPOLY1305_ASM -DSHA1_ASM -DSHA256_ASM -DSHA512_ASM -DVPAES_ASM -DWHIRLPOOL_ASM -DX25519_ASM -fPIC -pthread -m64 -Wa,--noexecstack -Wall -O3 -O2 -ffunction-sections -fdata-sections -fPIC -g -fno-omit-frame-pointer -m64 -DOPENSSL_USE_NODELETE -DL_ENDIAN -DOPENSSL_PIC -DOPENSSLDIR="\"/opt/rustwide/target/debug/build/openssl-sys-953ba0da87114465/out/openssl-build/install/ssl\"" -DENGINESDIR="\"/opt/rustwide/target/debug/build/openssl-sys-953ba0da87114465/out/openssl-build/install/lib/engines-3\"" -DMODULESDIR="\"/opt/rustwide/target/debug/build/openssl-sys-953ba0da87114465/out/openssl-build/install/lib/ossl-modules\"" -DOPENSSL_BUILDING_OPENSSL -DNDEBUG  -MMD -MF crypto/async/libcrypto-lib-async.d.tmp -MT crypto/async/libcrypto-lib-async.o -c -o crypto/async/libcrypto-lib-async.o crypto/async/async.c
[INFO] [stderr]   cc  -I. -Iinclude -Iproviders/common/include -Iproviders/implementations/include  -DAES_ASM -DBSAES_ASM -DECP_NISTZ256_ASM -DGHASH_ASM -DKECCAK1600_ASM -DMD5_ASM -DOPENSSL_BN_ASM_GF2m -DOPENSSL_BN_ASM_MONT -DOPENSSL_BN_ASM_MONT5 -DOPENSSL_CPUID_OBJ -DOPENSSL_IA32_SSE2 -DPADLOCK_ASM -DPOLY1305_ASM -DSHA1_ASM -DSHA256_ASM -DSHA512_ASM -DVPAES_ASM -DWHIRLPOOL_ASM -DX25519_ASM -fPIC -pthread -m64 -Wa,--noexecstack -Wall -O3 -O2 -ffunction-sections -fdata-sections -fPIC -g -fno-omit-frame-pointer -m64 -DOPENSSL_USE_NODELETE -DL_ENDIAN -DOPENSSL_PIC -DOPENSSLDIR="\"/opt/rustwide/target/debug/build/openssl-sys-953ba0da87114465/out/openssl-build/install/ssl\"" -DENGINESDIR="\"/opt/rustwide/target/debug/build/openssl-sys-953ba0da87114465/out/openssl-build/install/lib/engines-3\"" -DMODULESDIR="\"/opt/rustwide/target/debug/build/openssl-sys-953ba0da87114465/out/openssl-build/install/lib/ossl-modules\"" -DOPENSSL_BUILDING_OPENSSL -DNDEBUG  -MMD -MF crypto/async/libcrypto-lib-async_err.d.tmp -MT crypto/async/libcrypto-lib-async_err.o -c -o crypto/async/libcrypto-lib-async_err.o crypto/async/async_err.c
[INFO] [stderr]   cc  -I. -Iinclude -Iproviders/common/include -Iproviders/implementations/include  -DAES_ASM -DBSAES_ASM -DECP_NISTZ256_ASM -DGHASH_ASM -DKECCAK1600_ASM -DMD5_ASM -DOPENSSL_BN_ASM_GF2m -DOPENSSL_BN_ASM_MONT -DOPENSSL_BN_ASM_MONT5 -DOPENSSL_CPUID_OBJ -DOPENSSL_IA32_SSE2 -DPADLOCK_ASM -DPOLY1305_ASM -DSHA1_ASM -DSHA256_ASM -DSHA512_ASM -DVPAES_ASM -DWHIRLPOOL_ASM -DX25519_ASM -fPIC -pthread -m64 -Wa,--noexecstack -Wall -O3 -O2 -ffunction-sections -fdata-sections -fPIC -g -fno-omit-frame-pointer -m64 -DOPENSSL_USE_NODELETE -DL_ENDIAN -DOPENSSL_PIC -DOPENSSLDIR="\"/opt/rustwide/target/debug/build/openssl-sys-953ba0da87114465/out/openssl-build/install/ssl\"" -DENGINESDIR="\"/opt/rustwide/target/debug/build/openssl-sys-953ba0da87114465/out/openssl-build/install/lib/engines-3\"" -DMODULESDIR="\"/opt/rustwide/target/debug/build/openssl-sys-953ba0da87114465/out/openssl-build/install/lib/ossl-modules\"" -DOPENSSL_BUILDING_OPENSSL -DNDEBUG  -MMD -MF crypto/async/libcrypto-lib-async_wait.d.tmp -MT crypto/async/libcrypto-lib-async_wait.o -c -o crypto/async/libcrypto-lib-async_wait.o crypto/async/async_wait.c
[INFO] [stderr]   cc  -I. -Iinclude -Iproviders/common/include -Iproviders/implementations/include  -DAES_ASM -DBSAES_ASM -DECP_NISTZ256_ASM -DGHASH_ASM -DKECCAK1600_ASM -DMD5_ASM -DOPENSSL_BN_ASM_GF2m -DOPENSSL_BN_ASM_MONT -DOPENSSL_BN_ASM_MONT5 -DOPENSSL_CPUID_OBJ -DOPENSSL_IA32_SSE2 -DPADLOCK_ASM -DPOLY1305_ASM -DSHA1_ASM -DSHA256_ASM -DSHA512_ASM -DVPAES_ASM -DWHIRLPOOL_ASM -DX25519_ASM -fPIC -pthread -m64 -Wa,--noexecstack -Wall -O3 -O2 -ffunction-sections -fdata-sections -fPIC -g -fno-omit-frame-pointer -m64 -DOPENSSL_USE_NODELETE -DL_ENDIAN -DOPENSSL_PIC -DOPENSSLDIR="\"/opt/rustwide/target/debug/build/openssl-sys-953ba0da87114465/out/openssl-build/install/ssl\"" -DENGINESDIR="\"/opt/rustwide/target/debug/build/openssl-sys-953ba0da87114465/out/openssl-build/install/lib/engines-3\"" -DMODULESDIR="\"/opt/rustwide/target/debug/build/openssl-sys-953ba0da87114465/out/openssl-build/install/lib/ossl-modules\"" -DOPENSSL_BUILDING_OPENSSL -DNDEBUG  -MMD -MF crypto/bf/libcrypto-lib-bf_cfb64.d.tmp -MT crypto/bf/libcrypto-lib-bf_cfb64.o -c -o crypto/bf/libcrypto-lib-bf_cfb64.o crypto/bf/bf_cfb64.c
[INFO] [stderr]   cc  -I. -Iinclude -Iproviders/common/include -Iproviders/implementations/include  -DAES_ASM -DBSAES_ASM -DECP_NISTZ256_ASM -DGHASH_ASM -DKECCAK1600_ASM -DMD5_ASM -DOPENSSL_BN_ASM_GF2m -DOPENSSL_BN_ASM_MONT -DOPENSSL_BN_ASM_MONT5 -DOPENSSL_CPUID_OBJ -DOPENSSL_IA32_SSE2 -DPADLOCK_ASM -DPOLY1305_ASM -DSHA1_ASM -DSHA256_ASM -DSHA512_ASM -DVPAES_ASM -DWHIRLPOOL_ASM -DX25519_ASM -fPIC -pthread -m64 -Wa,--noexecstack -Wall -O3 -O2 -ffunction-sections -fdata-sections -fPIC -g -fno-omit-frame-pointer -m64 -DOPENSSL_USE_NODELETE -DL_ENDIAN -DOPENSSL_PIC -DOPENSSLDIR="\"/opt/rustwide/target/debug/build/openssl-sys-953ba0da87114465/out/openssl-build/install/ssl\"" -DENGINESDIR="\"/opt/rustwide/target/debug/build/openssl-sys-953ba0da87114465/out/openssl-build/install/lib/engines-3\"" -DMODULESDIR="\"/opt/rustwide/target/debug/build/openssl-sys-953ba0da87114465/out/openssl-build/install/lib/ossl-modules\"" -DOPENSSL_BUILDING_OPENSSL -DNDEBUG  -MMD -MF crypto/bf/libcrypto-lib-bf_ecb.d.tmp -MT crypto/bf/libcrypto-lib-bf_ecb.o -c -o crypto/bf/libcrypto-lib-bf_ecb.o crypto/bf/bf_ecb.c
[INFO] [stderr]   cc  -I. -Iinclude -Iproviders/common/include -Iproviders/implementations/include  -DAES_ASM -DBSAES_ASM -DECP_NISTZ256_ASM -DGHASH_ASM -DKECCAK1600_ASM -DMD5_ASM -DOPENSSL_BN_ASM_GF2m -DOPENSSL_BN_ASM_MONT -DOPENSSL_BN_ASM_MONT5 -DOPENSSL_CPUID_OBJ -DOPENSSL_IA32_SSE2 -DPADLOCK_ASM -DPOLY1305_ASM -DSHA1_ASM -DSHA256_ASM -DSHA512_ASM -DVPAES_ASM -DWHIRLPOOL_ASM -DX25519_ASM -fPIC -pthread -m64 -Wa,--noexecstack -Wall -O3 -O2 -ffunction-sections -fdata-sections -fPIC -g -fno-omit-frame-pointer -m64 -DOPENSSL_USE_NODELETE -DL_ENDIAN -DOPENSSL_PIC -DOPENSSLDIR="\"/opt/rustwide/target/debug/build/openssl-sys-953ba0da87114465/out/openssl-build/install/ssl\"" -DENGINESDIR="\"/opt/rustwide/target/debug/build/openssl-sys-953ba0da87114465/out/openssl-build/install/lib/engines-3\"" -DMODULESDIR="\"/opt/rustwide/target/debug/build/openssl-sys-953ba0da87114465/out/openssl-build/install/lib/ossl-modules\"" -DOPENSSL_BUILDING_OPENSSL -DNDEBUG  -MMD -MF crypto/bf/libcrypto-lib-bf_enc.d.tmp -MT crypto/bf/libcrypto-lib-bf_enc.o -c -o crypto/bf/libcrypto-lib-bf_enc.o crypto/bf/bf_enc.c
[INFO] [stderr]   cc  -I. -Iinclude -Iproviders/common/include -Iproviders/implementations/include  -DAES_ASM -DBSAES_ASM -DECP_NISTZ256_ASM -DGHASH_ASM -DKECCAK1600_ASM -DMD5_ASM -DOPENSSL_BN_ASM_GF2m -DOPENSSL_BN_ASM_MONT -DOPENSSL_BN_ASM_MONT5 -DOPENSSL_CPUID_OBJ -DOPENSSL_IA32_SSE2 -DPADLOCK_ASM -DPOLY1305_ASM -DSHA1_ASM -DSHA256_ASM -DSHA512_ASM -DVPAES_ASM -DWHIRLPOOL_ASM -DX25519_ASM -fPIC -pthread -m64 -Wa,--noexecstack -Wall -O3 -O2 -ffunction-sections -fdata-sections -fPIC -g -fno-omit-frame-pointer -m64 -DOPENSSL_USE_NODELETE -DL_ENDIAN -DOPENSSL_PIC -DOPENSSLDIR="\"/opt/rustwide/target/debug/build/openssl-sys-953ba0da87114465/out/openssl-build/install/ssl\"" -DENGINESDIR="\"/opt/rustwide/target/debug/build/openssl-sys-953ba0da87114465/out/openssl-build/install/lib/engines-3\"" -DMODULESDIR="\"/opt/rustwide/target/debug/build/openssl-sys-953ba0da87114465/out/openssl-build/install/lib/ossl-modules\"" -DOPENSSL_BUILDING_OPENSSL -DNDEBUG  -MMD -MF crypto/bf/libcrypto-lib-bf_ofb64.d.tmp -MT crypto/bf/libcrypto-lib-bf_ofb64.o -c -o crypto/bf/libcrypto-lib-bf_ofb64.o crypto/bf/bf_ofb64.c
[INFO] [stderr]   cc  -I. -Iinclude -Iproviders/common/include -Iproviders/implementations/include  -DAES_ASM -DBSAES_ASM -DECP_NISTZ256_ASM -DGHASH_ASM -DKECCAK1600_ASM -DMD5_ASM -DOPENSSL_BN_ASM_GF2m -DOPENSSL_BN_ASM_MONT -DOPENSSL_BN_ASM_MONT5 -DOPENSSL_CPUID_OBJ -DOPENSSL_IA32_SSE2 -DPADLOCK_ASM -DPOLY1305_ASM -DSHA1_ASM -DSHA256_ASM -DSHA512_ASM -DVPAES_ASM -DWHIRLPOOL_ASM -DX25519_ASM -fPIC -pthread -m64 -Wa,--noexecstack -Wall -O3 -O2 -ffunction-sections -fdata-sections -fPIC -g -fno-omit-frame-pointer -m64 -DOPENSSL_USE_NODELETE -DL_ENDIAN -DOPENSSL_PIC -DOPENSSLDIR="\"/opt/rustwide/target/debug/build/openssl-sys-953ba0da87114465/out/openssl-build/install/ssl\"" -DENGINESDIR="\"/opt/rustwide/target/debug/build/openssl-sys-953ba0da87114465/out/openssl-build/install/lib/engines-3\"" -DMODULESDIR="\"/opt/rustwide/target/debug/build/openssl-sys-953ba0da87114465/out/openssl-build/install/lib/ossl-modules\"" -DOPENSSL_BUILDING_OPENSSL -DNDEBUG  -MMD -MF crypto/bf/libcrypto-lib-bf_skey.d.tmp -MT crypto/bf/libcrypto-lib-bf_skey.o -c -o crypto/bf/libcrypto-lib-bf_skey.o crypto/bf/bf_skey.c
[INFO] [stderr]   cc  -I. -Iinclude -Iproviders/common/include -Iproviders/implementations/include  -DAES_ASM -DBSAES_ASM -DECP_NISTZ256_ASM -DGHASH_ASM -DKECCAK1600_ASM -DMD5_ASM -DOPENSSL_BN_ASM_GF2m -DOPENSSL_BN_ASM_MONT -DOPENSSL_BN_ASM_MONT5 -DOPENSSL_CPUID_OBJ -DOPENSSL_IA32_SSE2 -DPADLOCK_ASM -DPOLY1305_ASM -DSHA1_ASM -DSHA256_ASM -DSHA512_ASM -DVPAES_ASM -DWHIRLPOOL_ASM -DX25519_ASM -fPIC -pthread -m64 -Wa,--noexecstack -Wall -O3 -O2 -ffunction-sections -fdata-sections -fPIC -g -fno-omit-frame-pointer -m64 -DOPENSSL_USE_NODELETE -DL_ENDIAN -DOPENSSL_PIC -DOPENSSLDIR="\"/opt/rustwide/target/debug/build/openssl-sys-953ba0da87114465/out/openssl-build/install/ssl\"" -DENGINESDIR="\"/opt/rustwide/target/debug/build/openssl-sys-953ba0da87114465/out/openssl-build/install/lib/engines-3\"" -DMODULESDIR="\"/opt/rustwide/target/debug/build/openssl-sys-953ba0da87114465/out/openssl-build/install/lib/ossl-modules\"" -DOPENSSL_BUILDING_OPENSSL -DNDEBUG  -MMD -MF crypto/bio/libcrypto-lib-bf_buff.d.tmp -MT crypto/bio/libcrypto-lib-bf_buff.o -c -o crypto/bio/libcrypto-lib-bf_buff.o crypto/bio/bf_buff.c
[INFO] [stderr]   cc  -I. -Iinclude -Iproviders/common/include -Iproviders/implementations/include  -DAES_ASM -DBSAES_ASM -DECP_NISTZ256_ASM -DGHASH_ASM -DKECCAK1600_ASM -DMD5_ASM -DOPENSSL_BN_ASM_GF2m -DOPENSSL_BN_ASM_MONT -DOPENSSL_BN_ASM_MONT5 -DOPENSSL_CPUID_OBJ -DOPENSSL_IA32_SSE2 -DPADLOCK_ASM -DPOLY1305_ASM -DSHA1_ASM -DSHA256_ASM -DSHA512_ASM -DVPAES_ASM -DWHIRLPOOL_ASM -DX25519_ASM -fPIC -pthread -m64 -Wa,--noexecstack -Wall -O3 -O2 -ffunction-sections -fdata-sections -fPIC -g -fno-omit-frame-pointer -m64 -DOPENSSL_USE_NODELETE -DL_ENDIAN -DOPENSSL_PIC -DOPENSSLDIR="\"/opt/rustwide/target/debug/build/openssl-sys-953ba0da87114465/out/openssl-build/install/ssl\"" -DENGINESDIR="\"/opt/rustwide/target/debug/build/openssl-sys-953ba0da87114465/out/openssl-build/install/lib/engines-3\"" -DMODULESDIR="\"/opt/rustwide/target/debug/build/openssl-sys-953ba0da87114465/out/openssl-build/install/lib/ossl-modules\"" -DOPENSSL_BUILDING_OPENSSL -DNDEBUG  -MMD -MF crypto/bio/libcrypto-lib-bf_lbuf.d.tmp -MT crypto/bio/libcrypto-lib-bf_lbuf.o -c -o crypto/bio/libcrypto-lib-bf_lbuf.o crypto/bio/bf_lbuf.c
[INFO] [stderr]   cc  -I. -Iinclude -Iproviders/common/include -Iproviders/implementations/include  -DAES_ASM -DBSAES_ASM -DECP_NISTZ256_ASM -DGHASH_ASM -DKECCAK1600_ASM -DMD5_ASM -DOPENSSL_BN_ASM_GF2m -DOPENSSL_BN_ASM_MONT -DOPENSSL_BN_ASM_MONT5 -DOPENSSL_CPUID_OBJ -DOPENSSL_IA32_SSE2 -DPADLOCK_ASM -DPOLY1305_ASM -DSHA1_ASM -DSHA256_ASM -DSHA512_ASM -DVPAES_ASM -DWHIRLPOOL_ASM -DX25519_ASM -fPIC -pthread -m64 -Wa,--noexecstack -Wall -O3 -O2 -ffunction-sections -fdata-sections -fPIC -g -fno-omit-frame-pointer -m64 -DOPENSSL_USE_NODELETE -DL_ENDIAN -DOPENSSL_PIC -DOPENSSLDIR="\"/opt/rustwide/target/debug/build/openssl-sys-953ba0da87114465/out/openssl-build/install/ssl\"" -DENGINESDIR="\"/opt/rustwide/target/debug/build/openssl-sys-953ba0da87114465/out/openssl-build/install/lib/engines-3\"" -DMODULESDIR="\"/opt/rustwide/target/debug/build/openssl-sys-953ba0da87114465/out/openssl-build/install/lib/ossl-modules\"" -DOPENSSL_BUILDING_OPENSSL -DNDEBUG  -MMD -MF crypto/bio/libcrypto-lib-bf_nbio.d.tmp -MT crypto/bio/libcrypto-lib-bf_nbio.o -c -o crypto/bio/libcrypto-lib-bf_nbio.o crypto/bio/bf_nbio.c
[INFO] [stderr]   cc  -I. -Iinclude -Iproviders/common/include -Iproviders/implementations/include  -DAES_ASM -DBSAES_ASM -DECP_NISTZ256_ASM -DGHASH_ASM -DKECCAK1600_ASM -DMD5_ASM -DOPENSSL_BN_ASM_GF2m -DOPENSSL_BN_ASM_MONT -DOPENSSL_BN_ASM_MONT5 -DOPENSSL_CPUID_OBJ -DOPENSSL_IA32_SSE2 -DPADLOCK_ASM -DPOLY1305_ASM -DSHA1_ASM -DSHA256_ASM -DSHA512_ASM -DVPAES_ASM -DWHIRLPOOL_ASM -DX25519_ASM -fPIC -pthread -m64 -Wa,--noexecstack -Wall -O3 -O2 -ffunction-sections -fdata-sections -fPIC -g -fno-omit-frame-pointer -m64 -DOPENSSL_USE_NODELETE -DL_ENDIAN -DOPENSSL_PIC -DOPENSSLDIR="\"/opt/rustwide/target/debug/build/openssl-sys-953ba0da87114465/out/openssl-build/install/ssl\"" -DENGINESDIR="\"/opt/rustwide/target/debug/build/openssl-sys-953ba0da87114465/out/openssl-build/install/lib/engines-3\"" -DMODULESDIR="\"/opt/rustwide/target/debug/build/openssl-sys-953ba0da87114465/out/openssl-build/install/lib/ossl-modules\"" -DOPENSSL_BUILDING_OPENSSL -DNDEBUG  -MMD -MF crypto/bio/libcrypto-lib-bf_null.d.tmp -MT crypto/bio/libcrypto-lib-bf_null.o -c -o crypto/bio/libcrypto-lib-bf_null.o crypto/bio/bf_null.c
[INFO] [stderr]   cc  -I. -Iinclude -Iproviders/common/include -Iproviders/implementations/include  -DAES_ASM -DBSAES_ASM -DECP_NISTZ256_ASM -DGHASH_ASM -DKECCAK1600_ASM -DMD5_ASM -DOPENSSL_BN_ASM_GF2m -DOPENSSL_BN_ASM_MONT -DOPENSSL_BN_ASM_MONT5 -DOPENSSL_CPUID_OBJ -DOPENSSL_IA32_SSE2 -DPADLOCK_ASM -DPOLY1305_ASM -DSHA1_ASM -DSHA256_ASM -DSHA512_ASM -DVPAES_ASM -DWHIRLPOOL_ASM -DX25519_ASM -fPIC -pthread -m64 -Wa,--noexecstack -Wall -O3 -O2 -ffunction-sections -fdata-sections -fPIC -g -fno-omit-frame-pointer -m64 -DOPENSSL_USE_NODELETE -DL_ENDIAN -DOPENSSL_PIC -DOPENSSLDIR="\"/opt/rustwide/target/debug/build/openssl-sys-953ba0da87114465/out/openssl-build/install/ssl\"" -DENGINESDIR="\"/opt/rustwide/target/debug/build/openssl-sys-953ba0da87114465/out/openssl-build/install/lib/engines-3\"" -DMODULESDIR="\"/opt/rustwide/target/debug/build/openssl-sys-953ba0da87114465/out/openssl-build/install/lib/ossl-modules\"" -DOPENSSL_BUILDING_OPENSSL -DNDEBUG  -MMD -MF crypto/bio/libcrypto-lib-bf_prefix.d.tmp -MT crypto/bio/libcrypto-lib-bf_prefix.o -c -o crypto/bio/libcrypto-lib-bf_prefix.o crypto/bio/bf_prefix.c
[INFO] [stderr]   cc  -I. -Iinclude -Iproviders/common/include -Iproviders/implementations/include  -DAES_ASM -DBSAES_ASM -DECP_NISTZ256_ASM -DGHASH_ASM -DKECCAK1600_ASM -DMD5_ASM -DOPENSSL_BN_ASM_GF2m -DOPENSSL_BN_ASM_MONT -DOPENSSL_BN_ASM_MONT5 -DOPENSSL_CPUID_OBJ -DOPENSSL_IA32_SSE2 -DPADLOCK_ASM -DPOLY1305_ASM -DSHA1_ASM -DSHA256_ASM -DSHA512_ASM -DVPAES_ASM -DWHIRLPOOL_ASM -DX25519_ASM -fPIC -pthread -m64 -Wa,--noexecstack -Wall -O3 -O2 -ffunction-sections -fdata-sections -fPIC -g -fno-omit-frame-pointer -m64 -DOPENSSL_USE_NODELETE -DL_ENDIAN -DOPENSSL_PIC -DOPENSSLDIR="\"/opt/rustwide/target/debug/build/openssl-sys-953ba0da87114465/out/openssl-build/install/ssl\"" -DENGINESDIR="\"/opt/rustwide/target/debug/build/openssl-sys-953ba0da87114465/out/openssl-build/install/lib/engines-3\"" -DMODULESDIR="\"/opt/rustwide/target/debug/build/openssl-sys-953ba0da87114465/out/openssl-build/install/lib/ossl-modules\"" -DOPENSSL_BUILDING_OPENSSL -DNDEBUG  -MMD -MF crypto/bio/libcrypto-lib-bf_readbuff.d.tmp -MT crypto/bio/libcrypto-lib-bf_readbuff.o -c -o crypto/bio/libcrypto-lib-bf_readbuff.o crypto/bio/bf_readbuff.c
[INFO] [stderr]   cc  -I. -Iinclude -Iproviders/common/include -Iproviders/implementations/include  -DAES_ASM -DBSAES_ASM -DECP_NISTZ256_ASM -DGHASH_ASM -DKECCAK1600_ASM -DMD5_ASM -DOPENSSL_BN_ASM_GF2m -DOPENSSL_BN_ASM_MONT -DOPENSSL_BN_ASM_MONT5 -DOPENSSL_CPUID_OBJ -DOPENSSL_IA32_SSE2 -DPADLOCK_ASM -DPOLY1305_ASM -DSHA1_ASM -DSHA256_ASM -DSHA512_ASM -DVPAES_ASM -DWHIRLPOOL_ASM -DX25519_ASM -fPIC -pthread -m64 -Wa,--noexecstack -Wall -O3 -O2 -ffunction-sections -fdata-sections -fPIC -g -fno-omit-frame-pointer -m64 -DOPENSSL_USE_NODELETE -DL_ENDIAN -DOPENSSL_PIC -DOPENSSLDIR="\"/opt/rustwide/target/debug/build/openssl-sys-953ba0da87114465/out/openssl-build/install/ssl\"" -DENGINESDIR="\"/opt/rustwide/target/debug/build/openssl-sys-953ba0da87114465/out/openssl-build/install/lib/engines-3\"" -DMODULESDIR="\"/opt/rustwide/target/debug/build/openssl-sys-953ba0da87114465/out/openssl-build/install/lib/ossl-modules\"" -DOPENSSL_BUILDING_OPENSSL -DNDEBUG  -MMD -MF crypto/bio/libcrypto-lib-bio_addr.d.tmp -MT crypto/bio/libcrypto-lib-bio_addr.o -c -o crypto/bio/libcrypto-lib-bio_addr.o crypto/bio/bio_addr.c
[INFO] [stderr]   cc  -I. -Iinclude -Iproviders/common/include -Iproviders/implementations/include  -DAES_ASM -DBSAES_ASM -DECP_NISTZ256_ASM -DGHASH_ASM -DKECCAK1600_ASM -DMD5_ASM -DOPENSSL_BN_ASM_GF2m -DOPENSSL_BN_ASM_MONT -DOPENSSL_BN_ASM_MONT5 -DOPENSSL_CPUID_OBJ -DOPENSSL_IA32_SSE2 -DPADLOCK_ASM -DPOLY1305_ASM -DSHA1_ASM -DSHA256_ASM -DSHA512_ASM -DVPAES_ASM -DWHIRLPOOL_ASM -DX25519_ASM -fPIC -pthread -m64 -Wa,--noexecstack -Wall -O3 -O2 -ffunction-sections -fdata-sections -fPIC -g -fno-omit-frame-pointer -m64 -DOPENSSL_USE_NODELETE -DL_ENDIAN -DOPENSSL_PIC -DOPENSSLDIR="\"/opt/rustwide/target/debug/build/openssl-sys-953ba0da87114465/out/openssl-build/install/ssl\"" -DENGINESDIR="\"/opt/rustwide/target/debug/build/openssl-sys-953ba0da87114465/out/openssl-build/install/lib/engines-3\"" -DMODULESDIR="\"/opt/rustwide/target/debug/build/openssl-sys-953ba0da87114465/out/openssl-build/install/lib/ossl-modules\"" -DOPENSSL_BUILDING_OPENSSL -DNDEBUG  -MMD -MF crypto/bio/libcrypto-lib-bio_cb.d.tmp -MT crypto/bio/libcrypto-lib-bio_cb.o -c -o crypto/bio/libcrypto-lib-bio_cb.o crypto/bio/bio_cb.c
[INFO] [stderr]   cc  -I. -Iinclude -Iproviders/common/include -Iproviders/implementations/include  -DAES_ASM -DBSAES_ASM -DECP_NISTZ256_ASM -DGHASH_ASM -DKECCAK1600_ASM -DMD5_ASM -DOPENSSL_BN_ASM_GF2m -DOPENSSL_BN_ASM_MONT -DOPENSSL_BN_ASM_MONT5 -DOPENSSL_CPUID_OBJ -DOPENSSL_IA32_SSE2 -DPADLOCK_ASM -DPOLY1305_ASM -DSHA1_ASM -DSHA256_ASM -DSHA512_ASM -DVPAES_ASM -DWHIRLPOOL_ASM -DX25519_ASM -fPIC -pthread -m64 -Wa,--noexecstack -Wall -O3 -O2 -ffunction-sections -fdata-sections -fPIC -g -fno-omit-frame-pointer -m64 -DOPENSSL_USE_NODELETE -DL_ENDIAN -DOPENSSL_PIC -DOPENSSLDIR="\"/opt/rustwide/target/debug/build/openssl-sys-953ba0da87114465/out/openssl-build/install/ssl\"" -DENGINESDIR="\"/opt/rustwide/target/debug/build/openssl-sys-953ba0da87114465/out/openssl-build/install/lib/engines-3\"" -DMODULESDIR="\"/opt/rustwide/target/debug/build/openssl-sys-953ba0da87114465/out/openssl-build/install/lib/ossl-modules\"" -DOPENSSL_BUILDING_OPENSSL -DNDEBUG  -MMD -MF crypto/bio/libcrypto-lib-bio_dump.d.tmp -MT crypto/bio/libcrypto-lib-bio_dump.o -c -o crypto/bio/libcrypto-lib-bio_dump.o crypto/bio/bio_dump.c
[INFO] [stderr]   cc  -I. -Iinclude -Iproviders/common/include -Iproviders/implementations/include  -DAES_ASM -DBSAES_ASM -DECP_NISTZ256_ASM -DGHASH_ASM -DKECCAK1600_ASM -DMD5_ASM -DOPENSSL_BN_ASM_GF2m -DOPENSSL_BN_ASM_MONT -DOPENSSL_BN_ASM_MONT5 -DOPENSSL_CPUID_OBJ -DOPENSSL_IA32_SSE2 -DPADLOCK_ASM -DPOLY1305_ASM -DSHA1_ASM -DSHA256_ASM -DSHA512_ASM -DVPAES_ASM -DWHIRLPOOL_ASM -DX25519_ASM -fPIC -pthread -m64 -Wa,--noexecstack -Wall -O3 -O2 -ffunction-sections -fdata-sections -fPIC -g -fno-omit-frame-pointer -m64 -DOPENSSL_USE_NODELETE -DL_ENDIAN -DOPENSSL_PIC -DOPENSSLDIR="\"/opt/rustwide/target/debug/build/openssl-sys-953ba0da87114465/out/openssl-build/install/ssl\"" -DENGINESDIR="\"/opt/rustwide/target/debug/build/openssl-sys-953ba0da87114465/out/openssl-build/install/lib/engines-3\"" -DMODULESDIR="\"/opt/rustwide/target/debug/build/openssl-sys-953ba0da87114465/out/openssl-build/install/lib/ossl-modules\"" -DOPENSSL_BUILDING_OPENSSL -DNDEBUG  -MMD -MF crypto/bio/libcrypto-lib-bio_err.d.tmp -MT crypto/bio/libcrypto-lib-bio_err.o -c -o crypto/bio/libcrypto-lib-bio_err.o crypto/bio/bio_err.c
[INFO] [stderr]   cc  -I. -Iinclude -Iproviders/common/include -Iproviders/implementations/include  -DAES_ASM -DBSAES_ASM -DECP_NISTZ256_ASM -DGHASH_ASM -DKECCAK1600_ASM -DMD5_ASM -DOPENSSL_BN_ASM_GF2m -DOPENSSL_BN_ASM_MONT -DOPENSSL_BN_ASM_MONT5 -DOPENSSL_CPUID_OBJ -DOPENSSL_IA32_SSE2 -DPADLOCK_ASM -DPOLY1305_ASM -DSHA1_ASM -DSHA256_ASM -DSHA512_ASM -DVPAES_ASM -DWHIRLPOOL_ASM -DX25519_ASM -fPIC -pthread -m64 -Wa,--noexecstack -Wall -O3 -O2 -ffunction-sections -fdata-sections -fPIC -g -fno-omit-frame-pointer -m64 -DOPENSSL_USE_NODELETE -DL_ENDIAN -DOPENSSL_PIC -DOPENSSLDIR="\"/opt/rustwide/target/debug/build/openssl-sys-953ba0da87114465/out/openssl-build/install/ssl\"" -DENGINESDIR="\"/opt/rustwide/target/debug/build/openssl-sys-953ba0da87114465/out/openssl-build/install/lib/engines-3\"" -DMODULESDIR="\"/opt/rustwide/target/debug/build/openssl-sys-953ba0da87114465/out/openssl-build/install/lib/ossl-modules\"" -DOPENSSL_BUILDING_OPENSSL -DNDEBUG  -MMD -MF crypto/bio/libcrypto-lib-bio_lib.d.tmp -MT crypto/bio/libcrypto-lib-bio_lib.o -c -o crypto/bio/libcrypto-lib-bio_lib.o crypto/bio/bio_lib.c
[INFO] [stderr]   cc  -I. -Iinclude -Iproviders/common/include -Iproviders/implementations/include  -DAES_ASM -DBSAES_ASM -DECP_NISTZ256_ASM -DGHASH_ASM -DKECCAK1600_ASM -DMD5_ASM -DOPENSSL_BN_ASM_GF2m -DOPENSSL_BN_ASM_MONT -DOPENSSL_BN_ASM_MONT5 -DOPENSSL_CPUID_OBJ -DOPENSSL_IA32_SSE2 -DPADLOCK_ASM -DPOLY1305_ASM -DSHA1_ASM -DSHA256_ASM -DSHA512_ASM -DVPAES_ASM -DWHIRLPOOL_ASM -DX25519_ASM -fPIC -pthread -m64 -Wa,--noexecstack -Wall -O3 -O2 -ffunction-sections -fdata-sections -fPIC -g -fno-omit-frame-pointer -m64 -DOPENSSL_USE_NODELETE -DL_ENDIAN -DOPENSSL_PIC -DOPENSSLDIR="\"/opt/rustwide/target/debug/build/openssl-sys-953ba0da87114465/out/openssl-build/install/ssl\"" -DENGINESDIR="\"/opt/rustwide/target/debug/build/openssl-sys-953ba0da87114465/out/openssl-build/install/lib/engines-3\"" -DMODULESDIR="\"/opt/rustwide/target/debug/build/openssl-sys-953ba0da87114465/out/openssl-build/install/lib/ossl-modules\"" -DOPENSSL_BUILDING_OPENSSL -DNDEBUG  -MMD -MF crypto/bio/libcrypto-lib-bio_meth.d.tmp -MT crypto/bio/libcrypto-lib-bio_meth.o -c -o crypto/bio/libcrypto-lib-bio_meth.o crypto/bio/bio_meth.c
[INFO] [stderr]   cc  -I. -Iinclude -Iproviders/common/include -Iproviders/implementations/include  -DAES_ASM -DBSAES_ASM -DECP_NISTZ256_ASM -DGHASH_ASM -DKECCAK1600_ASM -DMD5_ASM -DOPENSSL_BN_ASM_GF2m -DOPENSSL_BN_ASM_MONT -DOPENSSL_BN_ASM_MONT5 -DOPENSSL_CPUID_OBJ -DOPENSSL_IA32_SSE2 -DPADLOCK_ASM -DPOLY1305_ASM -DSHA1_ASM -DSHA256_ASM -DSHA512_ASM -DVPAES_ASM -DWHIRLPOOL_ASM -DX25519_ASM -fPIC -pthread -m64 -Wa,--noexecstack -Wall -O3 -O2 -ffunction-sections -fdata-sections -fPIC -g -fno-omit-frame-pointer -m64 -DOPENSSL_USE_NODELETE -DL_ENDIAN -DOPENSSL_PIC -DOPENSSLDIR="\"/opt/rustwide/target/debug/build/openssl-sys-953ba0da87114465/out/openssl-build/install/ssl\"" -DENGINESDIR="\"/opt/rustwide/target/debug/build/openssl-sys-953ba0da87114465/out/openssl-build/install/lib/engines-3\"" -DMODULESDIR="\"/opt/rustwide/target/debug/build/openssl-sys-953ba0da87114465/out/openssl-build/install/lib/ossl-modules\"" -DOPENSSL_BUILDING_OPENSSL -DNDEBUG  -MMD -MF crypto/bio/libcrypto-lib-bio_print.d.tmp -MT crypto/bio/libcrypto-lib-bio_print.o -c -o crypto/bio/libcrypto-lib-bio_print.o crypto/bio/bio_print.c
[INFO] [stderr]   cc  -I. -Iinclude -Iproviders/common/include -Iproviders/implementations/include  -DAES_ASM -DBSAES_ASM -DECP_NISTZ256_ASM -DGHASH_ASM -DKECCAK1600_ASM -DMD5_ASM -DOPENSSL_BN_ASM_GF2m -DOPENSSL_BN_ASM_MONT -DOPENSSL_BN_ASM_MONT5 -DOPENSSL_CPUID_OBJ -DOPENSSL_IA32_SSE2 -DPADLOCK_ASM -DPOLY1305_ASM -DSHA1_ASM -DSHA256_ASM -DSHA512_ASM -DVPAES_ASM -DWHIRLPOOL_ASM -DX25519_ASM -fPIC -pthread -m64 -Wa,--noexecstack -Wall -O3 -O2 -ffunction-sections -fdata-sections -fPIC -g -fno-omit-frame-pointer -m64 -DOPENSSL_USE_NODELETE -DL_ENDIAN -DOPENSSL_PIC -DOPENSSLDIR="\"/opt/rustwide/target/debug/build/openssl-sys-953ba0da87114465/out/openssl-build/install/ssl\"" -DENGINESDIR="\"/opt/rustwide/target/debug/build/openssl-sys-953ba0da87114465/out/openssl-build/install/lib/engines-3\"" -DMODULESDIR="\"/opt/rustwide/target/debug/build/openssl-sys-953ba0da87114465/out/openssl-build/install/lib/ossl-modules\"" -DOPENSSL_BUILDING_OPENSSL -DNDEBUG  -MMD -MF crypto/bio/libcrypto-lib-bio_sock.d.tmp -MT crypto/bio/libcrypto-lib-bio_sock.o -c -o crypto/bio/libcrypto-lib-bio_sock.o crypto/bio/bio_sock.c
[INFO] [stderr]   cc  -I. -Iinclude -Iproviders/common/include -Iproviders/implementations/include  -DAES_ASM -DBSAES_ASM -DECP_NISTZ256_ASM -DGHASH_ASM -DKECCAK1600_ASM -DMD5_ASM -DOPENSSL_BN_ASM_GF2m -DOPENSSL_BN_ASM_MONT -DOPENSSL_BN_ASM_MONT5 -DOPENSSL_CPUID_OBJ -DOPENSSL_IA32_SSE2 -DPADLOCK_ASM -DPOLY1305_ASM -DSHA1_ASM -DSHA256_ASM -DSHA512_ASM -DVPAES_ASM -DWHIRLPOOL_ASM -DX25519_ASM -fPIC -pthread -m64 -Wa,--noexecstack -Wall -O3 -O2 -ffunction-sections -fdata-sections -fPIC -g -fno-omit-frame-pointer -m64 -DOPENSSL_USE_NODELETE -DL_ENDIAN -DOPENSSL_PIC -DOPENSSLDIR="\"/opt/rustwide/target/debug/build/openssl-sys-953ba0da87114465/out/openssl-build/install/ssl\"" -DENGINESDIR="\"/opt/rustwide/target/debug/build/openssl-sys-953ba0da87114465/out/openssl-build/install/lib/engines-3\"" -DMODULESDIR="\"/opt/rustwide/target/debug/build/openssl-sys-953ba0da87114465/out/openssl-build/install/lib/ossl-modules\"" -DOPENSSL_BUILDING_OPENSSL -DNDEBUG  -MMD -MF crypto/bio/libcrypto-lib-bio_sock2.d.tmp -MT crypto/bio/libcrypto-lib-bio_sock2.o -c -o crypto/bio/libcrypto-lib-bio_sock2.o crypto/bio/bio_sock2.c
[INFO] [stderr]   cc  -I. -Iinclude -Iproviders/common/include -Iproviders/implementations/include  -DAES_ASM -DBSAES_ASM -DECP_NISTZ256_ASM -DGHASH_ASM -DKECCAK1600_ASM -DMD5_ASM -DOPENSSL_BN_ASM_GF2m -DOPENSSL_BN_ASM_MONT -DOPENSSL_BN_ASM_MONT5 -DOPENSSL_CPUID_OBJ -DOPENSSL_IA32_SSE2 -DPADLOCK_ASM -DPOLY1305_ASM -DSHA1_ASM -DSHA256_ASM -DSHA512_ASM -DVPAES_ASM -DWHIRLPOOL_ASM -DX25519_ASM -fPIC -pthread -m64 -Wa,--noexecstack -Wall -O3 -O2 -ffunction-sections -fdata-sections -fPIC -g -fno-omit-frame-pointer -m64 -DOPENSSL_USE_NODELETE -DL_ENDIAN -DOPENSSL_PIC -DOPENSSLDIR="\"/opt/rustwide/target/debug/build/openssl-sys-953ba0da87114465/out/openssl-build/install/ssl\"" -DENGINESDIR="\"/opt/rustwide/target/debug/build/openssl-sys-953ba0da87114465/out/openssl-build/install/lib/engines-3\"" -DMODULESDIR="\"/opt/rustwide/target/debug/build/openssl-sys-953ba0da87114465/out/openssl-build/install/lib/ossl-modules\"" -DOPENSSL_BUILDING_OPENSSL -DNDEBUG  -MMD -MF crypto/bio/libcrypto-lib-bss_acpt.d.tmp -MT crypto/bio/libcrypto-lib-bss_acpt.o -c -o crypto/bio/libcrypto-lib-bss_acpt.o crypto/bio/bss_acpt.c
[INFO] [stderr]   cc  -I. -Iinclude -Iproviders/common/include -Iproviders/implementations/include  -DAES_ASM -DBSAES_ASM -DECP_NISTZ256_ASM -DGHASH_ASM -DKECCAK1600_ASM -DMD5_ASM -DOPENSSL_BN_ASM_GF2m -DOPENSSL_BN_ASM_MONT -DOPENSSL_BN_ASM_MONT5 -DOPENSSL_CPUID_OBJ -DOPENSSL_IA32_SSE2 -DPADLOCK_ASM -DPOLY1305_ASM -DSHA1_ASM -DSHA256_ASM -DSHA512_ASM -DVPAES_ASM -DWHIRLPOOL_ASM -DX25519_ASM -fPIC -pthread -m64 -Wa,--noexecstack -Wall -O3 -O2 -ffunction-sections -fdata-sections -fPIC -g -fno-omit-frame-pointer -m64 -DOPENSSL_USE_NODELETE -DL_ENDIAN -DOPENSSL_PIC -DOPENSSLDIR="\"/opt/rustwide/target/debug/build/openssl-sys-953ba0da87114465/out/openssl-build/install/ssl\"" -DENGINESDIR="\"/opt/rustwide/target/debug/build/openssl-sys-953ba0da87114465/out/openssl-build/install/lib/engines-3\"" -DMODULESDIR="\"/opt/rustwide/target/debug/build/openssl-sys-953ba0da87114465/out/openssl-build/install/lib/ossl-modules\"" -DOPENSSL_BUILDING_OPENSSL -DNDEBUG  -MMD -MF crypto/bio/libcrypto-lib-bss_bio.d.tmp -MT crypto/bio/libcrypto-lib-bss_bio.o -c -o crypto/bio/libcrypto-lib-bss_bio.o crypto/bio/bss_bio.c
[INFO] [stderr]   cc  -I. -Iinclude -Iproviders/common/include -Iproviders/implementations/include  -DAES_ASM -DBSAES_ASM -DECP_NISTZ256_ASM -DGHASH_ASM -DKECCAK1600_ASM -DMD5_ASM -DOPENSSL_BN_ASM_GF2m -DOPENSSL_BN_ASM_MONT -DOPENSSL_BN_ASM_MONT5 -DOPENSSL_CPUID_OBJ -DOPENSSL_IA32_SSE2 -DPADLOCK_ASM -DPOLY1305_ASM -DSHA1_ASM -DSHA256_ASM -DSHA512_ASM -DVPAES_ASM -DWHIRLPOOL_ASM -DX25519_ASM -fPIC -pthread -m64 -Wa,--noexecstack -Wall -O3 -O2 -ffunction-sections -fdata-sections -fPIC -g -fno-omit-frame-pointer -m64 -DOPENSSL_USE_NODELETE -DL_ENDIAN -DOPENSSL_PIC -DOPENSSLDIR="\"/opt/rustwide/target/debug/build/openssl-sys-953ba0da87114465/out/openssl-build/install/ssl\"" -DENGINESDIR="\"/opt/rustwide/target/debug/build/openssl-sys-953ba0da87114465/out/openssl-build/install/lib/engines-3\"" -DMODULESDIR="\"/opt/rustwide/target/debug/build/openssl-sys-953ba0da87114465/out/openssl-build/install/lib/ossl-modules\"" -DOPENSSL_BUILDING_OPENSSL -DNDEBUG  -MMD -MF crypto/bio/libcrypto-lib-bss_conn.d.tmp -MT crypto/bio/libcrypto-lib-bss_conn.o -c -o crypto/bio/libcrypto-lib-bss_conn.o crypto/bio/bss_conn.c
[INFO] [stderr]   cc  -I. -Iinclude -Iproviders/common/include -Iproviders/implementations/include  -DAES_ASM -DBSAES_ASM -DECP_NISTZ256_ASM -DGHASH_ASM -DKECCAK1600_ASM -DMD5_ASM -DOPENSSL_BN_ASM_GF2m -DOPENSSL_BN_ASM_MONT -DOPENSSL_BN_ASM_MONT5 -DOPENSSL_CPUID_OBJ -DOPENSSL_IA32_SSE2 -DPADLOCK_ASM -DPOLY1305_ASM -DSHA1_ASM -DSHA256_ASM -DSHA512_ASM -DVPAES_ASM -DWHIRLPOOL_ASM -DX25519_ASM -fPIC -pthread -m64 -Wa,--noexecstack -Wall -O3 -O2 -ffunction-sections -fdata-sections -fPIC -g -fno-omit-frame-pointer -m64 -DOPENSSL_USE_NODELETE -DL_ENDIAN -DOPENSSL_PIC -DOPENSSLDIR="\"/opt/rustwide/target/debug/build/openssl-sys-953ba0da87114465/out/openssl-build/install/ssl\"" -DENGINESDIR="\"/opt/rustwide/target/debug/build/openssl-sys-953ba0da87114465/out/openssl-build/install/lib/engines-3\"" -DMODULESDIR="\"/opt/rustwide/target/debug/build/openssl-sys-953ba0da87114465/out/openssl-build/install/lib/ossl-modules\"" -DOPENSSL_BUILDING_OPENSSL -DNDEBUG  -MMD -MF crypto/bio/libcrypto-lib-bss_core.d.tmp -MT crypto/bio/libcrypto-lib-bss_core.o -c -o crypto/bio/libcrypto-lib-bss_core.o crypto/bio/bss_core.c
[INFO] [stderr]   cc  -I. -Iinclude -Iproviders/common/include -Iproviders/implementations/include  -DAES_ASM -DBSAES_ASM -DECP_NISTZ256_ASM -DGHASH_ASM -DKECCAK1600_ASM -DMD5_ASM -DOPENSSL_BN_ASM_GF2m -DOPENSSL_BN_ASM_MONT -DOPENSSL_BN_ASM_MONT5 -DOPENSSL_CPUID_OBJ -DOPENSSL_IA32_SSE2 -DPADLOCK_ASM -DPOLY1305_ASM -DSHA1_ASM -DSHA256_ASM -DSHA512_ASM -DVPAES_ASM -DWHIRLPOOL_ASM -DX25519_ASM -fPIC -pthread -m64 -Wa,--noexecstack -Wall -O3 -O2 -ffunction-sections -fdata-sections -fPIC -g -fno-omit-frame-pointer -m64 -DOPENSSL_USE_NODELETE -DL_ENDIAN -DOPENSSL_PIC -DOPENSSLDIR="\"/opt/rustwide/target/debug/build/openssl-sys-953ba0da87114465/out/openssl-build/install/ssl\"" -DENGINESDIR="\"/opt/rustwide/target/debug/build/openssl-sys-953ba0da87114465/out/openssl-build/install/lib/engines-3\"" -DMODULESDIR="\"/opt/rustwide/target/debug/build/openssl-sys-953ba0da87114465/out/openssl-build/install/lib/ossl-modules\"" -DOPENSSL_BUILDING_OPENSSL -DNDEBUG  -MMD -MF crypto/bio/libcrypto-lib-bss_dgram.d.tmp -MT crypto/bio/libcrypto-lib-bss_dgram.o -c -o crypto/bio/libcrypto-lib-bss_dgram.o crypto/bio/bss_dgram.c
[INFO] [stderr]   cc  -I. -Iinclude -Iproviders/common/include -Iproviders/implementations/include  -DAES_ASM -DBSAES_ASM -DECP_NISTZ256_ASM -DGHASH_ASM -DKECCAK1600_ASM -DMD5_ASM -DOPENSSL_BN_ASM_GF2m -DOPENSSL_BN_ASM_MONT -DOPENSSL_BN_ASM_MONT5 -DOPENSSL_CPUID_OBJ -DOPENSSL_IA32_SSE2 -DPADLOCK_ASM -DPOLY1305_ASM -DSHA1_ASM -DSHA256_ASM -DSHA512_ASM -DVPAES_ASM -DWHIRLPOOL_ASM -DX25519_ASM -fPIC -pthread -m64 -Wa,--noexecstack -Wall -O3 -O2 -ffunction-sections -fdata-sections -fPIC -g -fno-omit-frame-pointer -m64 -DOPENSSL_USE_NODELETE -DL_ENDIAN -DOPENSSL_PIC -DOPENSSLDIR="\"/opt/rustwide/target/debug/build/openssl-sys-953ba0da87114465/out/openssl-build/install/ssl\"" -DENGINESDIR="\"/opt/rustwide/target/debug/build/openssl-sys-953ba0da87114465/out/openssl-build/install/lib/engines-3\"" -DMODULESDIR="\"/opt/rustwide/target/debug/build/openssl-sys-953ba0da87114465/out/openssl-build/install/lib/ossl-modules\"" -DOPENSSL_BUILDING_OPENSSL -DNDEBUG  -MMD -MF crypto/bio/libcrypto-lib-bss_fd.d.tmp -MT crypto/bio/libcrypto-lib-bss_fd.o -c -o crypto/bio/libcrypto-lib-bss_fd.o crypto/bio/bss_fd.c
[INFO] [stderr]   cc  -I. -Iinclude -Iproviders/common/include -Iproviders/implementations/include  -DAES_ASM -DBSAES_ASM -DECP_NISTZ256_ASM -DGHASH_ASM -DKECCAK1600_ASM -DMD5_ASM -DOPENSSL_BN_ASM_GF2m -DOPENSSL_BN_ASM_MONT -DOPENSSL_BN_ASM_MONT5 -DOPENSSL_CPUID_OBJ -DOPENSSL_IA32_SSE2 -DPADLOCK_ASM -DPOLY1305_ASM -DSHA1_ASM -DSHA256_ASM -DSHA512_ASM -DVPAES_ASM -DWHIRLPOOL_ASM -DX25519_ASM -fPIC -pthread -m64 -Wa,--noexecstack -Wall -O3 -O2 -ffunction-sections -fdata-sections -fPIC -g -fno-omit-frame-pointer -m64 -DOPENSSL_USE_NODELETE -DL_ENDIAN -DOPENSSL_PIC -DOPENSSLDIR="\"/opt/rustwide/target/debug/build/openssl-sys-953ba0da87114465/out/openssl-build/install/ssl\"" -DENGINESDIR="\"/opt/rustwide/target/debug/build/openssl-sys-953ba0da87114465/out/openssl-build/install/lib/engines-3\"" -DMODULESDIR="\"/opt/rustwide/target/debug/build/openssl-sys-953ba0da87114465/out/openssl-build/install/lib/ossl-modules\"" -DOPENSSL_BUILDING_OPENSSL -DNDEBUG  -MMD -MF crypto/bio/libcrypto-lib-bss_file.d.tmp -MT crypto/bio/libcrypto-lib-bss_file.o -c -o crypto/bio/libcrypto-lib-bss_file.o crypto/bio/bss_file.c
[INFO] [stderr]   cc  -I. -Iinclude -Iproviders/common/include -Iproviders/implementations/include  -DAES_ASM -DBSAES_ASM -DECP_NISTZ256_ASM -DGHASH_ASM -DKECCAK1600_ASM -DMD5_ASM -DOPENSSL_BN_ASM_GF2m -DOPENSSL_BN_ASM_MONT -DOPENSSL_BN_ASM_MONT5 -DOPENSSL_CPUID_OBJ -DOPENSSL_IA32_SSE2 -DPADLOCK_ASM -DPOLY1305_ASM -DSHA1_ASM -DSHA256_ASM -DSHA512_ASM -DVPAES_ASM -DWHIRLPOOL_ASM -DX25519_ASM -fPIC -pthread -m64 -Wa,--noexecstack -Wall -O3 -O2 -ffunction-sections -fdata-sections -fPIC -g -fno-omit-frame-pointer -m64 -DOPENSSL_USE_NODELETE -DL_ENDIAN -DOPENSSL_PIC -DOPENSSLDIR="\"/opt/rustwide/target/debug/build/openssl-sys-953ba0da87114465/out/openssl-build/install/ssl\"" -DENGINESDIR="\"/opt/rustwide/target/debug/build/openssl-sys-953ba0da87114465/out/openssl-build/install/lib/engines-3\"" -DMODULESDIR="\"/opt/rustwide/target/debug/build/openssl-sys-953ba0da87114465/out/openssl-build/install/lib/ossl-modules\"" -DOPENSSL_BUILDING_OPENSSL -DNDEBUG  -MMD -MF crypto/bio/libcrypto-lib-bss_log.d.tmp -MT crypto/bio/libcrypto-lib-bss_log.o -c -o crypto/bio/libcrypto-lib-bss_log.o crypto/bio/bss_log.c
[INFO] [stderr]   cc  -I. -Iinclude -Iproviders/common/include -Iproviders/implementations/include  -DAES_ASM -DBSAES_ASM -DECP_NISTZ256_ASM -DGHASH_ASM -DKECCAK1600_ASM -DMD5_ASM -DOPENSSL_BN_ASM_GF2m -DOPENSSL_BN_ASM_MONT -DOPENSSL_BN_ASM_MONT5 -DOPENSSL_CPUID_OBJ -DOPENSSL_IA32_SSE2 -DPADLOCK_ASM -DPOLY1305_ASM -DSHA1_ASM -DSHA256_ASM -DSHA512_ASM -DVPAES_ASM -DWHIRLPOOL_ASM -DX25519_ASM -fPIC -pthread -m64 -Wa,--noexecstack -Wall -O3 -O2 -ffunction-sections -fdata-sections -fPIC -g -fno-omit-frame-pointer -m64 -DOPENSSL_USE_NODELETE -DL_ENDIAN -DOPENSSL_PIC -DOPENSSLDIR="\"/opt/rustwide/target/debug/build/openssl-sys-953ba0da87114465/out/openssl-build/install/ssl\"" -DENGINESDIR="\"/opt/rustwide/target/debug/build/openssl-sys-953ba0da87114465/out/openssl-build/install/lib/engines-3\"" -DMODULESDIR="\"/opt/rustwide/target/debug/build/openssl-sys-953ba0da87114465/out/openssl-build/install/lib/ossl-modules\"" -DOPENSSL_BUILDING_OPENSSL -DNDEBUG  -MMD -MF crypto/bio/libcrypto-lib-bss_mem.d.tmp -MT crypto/bio/libcrypto-lib-bss_mem.o -c -o crypto/bio/libcrypto-lib-bss_mem.o crypto/bio/bss_mem.c
[INFO] [stderr]   cc  -I. -Iinclude -Iproviders/common/include -Iproviders/implementations/include  -DAES_ASM -DBSAES_ASM -DECP_NISTZ256_ASM -DGHASH_ASM -DKECCAK1600_ASM -DMD5_ASM -DOPENSSL_BN_ASM_GF2m -DOPENSSL_BN_ASM_MONT -DOPENSSL_BN_ASM_MONT5 -DOPENSSL_CPUID_OBJ -DOPENSSL_IA32_SSE2 -DPADLOCK_ASM -DPOLY1305_ASM -DSHA1_ASM -DSHA256_ASM -DSHA512_ASM -DVPAES_ASM -DWHIRLPOOL_ASM -DX25519_ASM -fPIC -pthread -m64 -Wa,--noexecstack -Wall -O3 -O2 -ffunction-sections -fdata-sections -fPIC -g -fno-omit-frame-pointer -m64 -DOPENSSL_USE_NODELETE -DL_ENDIAN -DOPENSSL_PIC -DOPENSSLDIR="\"/opt/rustwide/target/debug/build/openssl-sys-953ba0da87114465/out/openssl-build/install/ssl\"" -DENGINESDIR="\"/opt/rustwide/target/debug/build/openssl-sys-953ba0da87114465/out/openssl-build/install/lib/engines-3\"" -DMODULESDIR="\"/opt/rustwide/target/debug/build/openssl-sys-953ba0da87114465/out/openssl-build/install/lib/ossl-modules\"" -DOPENSSL_BUILDING_OPENSSL -DNDEBUG  -MMD -MF crypto/bio/libcrypto-lib-bss_null.d.tmp -MT crypto/bio/libcrypto-lib-bss_null.o -c -o crypto/bio/libcrypto-lib-bss_null.o crypto/bio/bss_null.c
[INFO] [stderr]   cc  -I. -Iinclude -Iproviders/common/include -Iproviders/implementations/include  -DAES_ASM -DBSAES_ASM -DECP_NISTZ256_ASM -DGHASH_ASM -DKECCAK1600_ASM -DMD5_ASM -DOPENSSL_BN_ASM_GF2m -DOPENSSL_BN_ASM_MONT -DOPENSSL_BN_ASM_MONT5 -DOPENSSL_CPUID_OBJ -DOPENSSL_IA32_SSE2 -DPADLOCK_ASM -DPOLY1305_ASM -DSHA1_ASM -DSHA256_ASM -DSHA512_ASM -DVPAES_ASM -DWHIRLPOOL_ASM -DX25519_ASM -fPIC -pthread -m64 -Wa,--noexecstack -Wall -O3 -O2 -ffunction-sections -fdata-sections -fPIC -g -fno-omit-frame-pointer -m64 -DOPENSSL_USE_NODELETE -DL_ENDIAN -DOPENSSL_PIC -DOPENSSLDIR="\"/opt/rustwide/target/debug/build/openssl-sys-953ba0da87114465/out/openssl-build/install/ssl\"" -DENGINESDIR="\"/opt/rustwide/target/debug/build/openssl-sys-953ba0da87114465/out/openssl-build/install/lib/engines-3\"" -DMODULESDIR="\"/opt/rustwide/target/debug/build/openssl-sys-953ba0da87114465/out/openssl-build/install/lib/ossl-modules\"" -DOPENSSL_BUILDING_OPENSSL -DNDEBUG  -MMD -MF crypto/bio/libcrypto-lib-bss_sock.d.tmp -MT crypto/bio/libcrypto-lib-bss_sock.o -c -o crypto/bio/libcrypto-lib-bss_sock.o crypto/bio/bss_sock.c
[INFO] [stderr]   cc  -I. -Iinclude -Iproviders/common/include -Iproviders/implementations/include  -DAES_ASM -DBSAES_ASM -DECP_NISTZ256_ASM -DGHASH_ASM -DKECCAK1600_ASM -DMD5_ASM -DOPENSSL_BN_ASM_GF2m -DOPENSSL_BN_ASM_MONT -DOPENSSL_BN_ASM_MONT5 -DOPENSSL_CPUID_OBJ -DOPENSSL_IA32_SSE2 -DPADLOCK_ASM -DPOLY1305_ASM -DSHA1_ASM -DSHA256_ASM -DSHA512_ASM -DVPAES_ASM -DWHIRLPOOL_ASM -DX25519_ASM -fPIC -pthread -m64 -Wa,--noexecstack -Wall -O3 -O2 -ffunction-sections -fdata-sections -fPIC -g -fno-omit-frame-pointer -m64 -DOPENSSL_USE_NODELETE -DL_ENDIAN -DOPENSSL_PIC -DOPENSSLDIR="\"/opt/rustwide/target/debug/build/openssl-sys-953ba0da87114465/out/openssl-build/install/ssl\"" -DENGINESDIR="\"/opt/rustwide/target/debug/build/openssl-sys-953ba0da87114465/out/openssl-build/install/lib/engines-3\"" -DMODULESDIR="\"/opt/rustwide/target/debug/build/openssl-sys-953ba0da87114465/out/openssl-build/install/lib/ossl-modules\"" -DOPENSSL_BUILDING_OPENSSL -DNDEBUG  -MMD -MF crypto/bio/libcrypto-lib-ossl_core_bio.d.tmp -MT crypto/bio/libcrypto-lib-ossl_core_bio.o -c -o crypto/bio/libcrypto-lib-ossl_core_bio.o crypto/bio/ossl_core_bio.c
[INFO] [stderr]   cc  -I. -Iinclude -Iproviders/common/include -Iproviders/implementations/include  -DAES_ASM -DBSAES_ASM -DECP_NISTZ256_ASM -DGHASH_ASM -DKECCAK1600_ASM -DMD5_ASM -DOPENSSL_BN_ASM_GF2m -DOPENSSL_BN_ASM_MONT -DOPENSSL_BN_ASM_MONT5 -DOPENSSL_CPUID_OBJ -DOPENSSL_IA32_SSE2 -DPADLOCK_ASM -DPOLY1305_ASM -DSHA1_ASM -DSHA256_ASM -DSHA512_ASM -DVPAES_ASM -DWHIRLPOOL_ASM -DX25519_ASM -fPIC -pthread -m64 -Wa,--noexecstack -Wall -O3 -O2 -ffunction-sections -fdata-sections -fPIC -g -fno-omit-frame-pointer -m64 -DOPENSSL_USE_NODELETE -DL_ENDIAN -DOPENSSL_PIC -DOPENSSLDIR="\"/opt/rustwide/target/debug/build/openssl-sys-953ba0da87114465/out/openssl-build/install/ssl\"" -DENGINESDIR="\"/opt/rustwide/target/debug/build/openssl-sys-953ba0da87114465/out/openssl-build/install/lib/engines-3\"" -DMODULESDIR="\"/opt/rustwide/target/debug/build/openssl-sys-953ba0da87114465/out/openssl-build/install/lib/ossl-modules\"" -DOPENSSL_BUILDING_OPENSSL -DNDEBUG  -MMD -MF crypto/bn/asm/libcrypto-lib-x86_64-gcc.d.tmp -MT crypto/bn/asm/libcrypto-lib-x86_64-gcc.o -c -o crypto/bn/asm/libcrypto-lib-x86_64-gcc.o crypto/bn/asm/x86_64-gcc.c
[INFO] [stderr]   cc  -I. -Iinclude -Iproviders/common/include -Iproviders/implementations/include  -DAES_ASM -DBSAES_ASM -DECP_NISTZ256_ASM -DGHASH_ASM -DKECCAK1600_ASM -DMD5_ASM -DOPENSSL_BN_ASM_GF2m -DOPENSSL_BN_ASM_MONT -DOPENSSL_BN_ASM_MONT5 -DOPENSSL_CPUID_OBJ -DOPENSSL_IA32_SSE2 -DPADLOCK_ASM -DPOLY1305_ASM -DSHA1_ASM -DSHA256_ASM -DSHA512_ASM -DVPAES_ASM -DWHIRLPOOL_ASM -DX25519_ASM -fPIC -pthread -m64 -Wa,--noexecstack -Wall -O3 -O2 -ffunction-sections -fdata-sections -fPIC -g -fno-omit-frame-pointer -m64 -DOPENSSL_USE_NODELETE -DL_ENDIAN -DOPENSSL_PIC -DOPENSSLDIR="\"/opt/rustwide/target/debug/build/openssl-sys-953ba0da87114465/out/openssl-build/install/ssl\"" -DENGINESDIR="\"/opt/rustwide/target/debug/build/openssl-sys-953ba0da87114465/out/openssl-build/install/lib/engines-3\"" -DMODULESDIR="\"/opt/rustwide/target/debug/build/openssl-sys-953ba0da87114465/out/openssl-build/install/lib/ossl-modules\"" -DOPENSSL_BUILDING_OPENSSL -DNDEBUG  -MMD -MF crypto/bn/libcrypto-lib-bn_add.d.tmp -MT crypto/bn/libcrypto-lib-bn_add.o -c -o crypto/bn/libcrypto-lib-bn_add.o crypto/bn/bn_add.c
[INFO] [stderr]   cc  -I. -Iinclude -Iproviders/common/include -Iproviders/implementations/include  -DAES_ASM -DBSAES_ASM -DECP_NISTZ256_ASM -DGHASH_ASM -DKECCAK1600_ASM -DMD5_ASM -DOPENSSL_BN_ASM_GF2m -DOPENSSL_BN_ASM_MONT -DOPENSSL_BN_ASM_MONT5 -DOPENSSL_CPUID_OBJ -DOPENSSL_IA32_SSE2 -DPADLOCK_ASM -DPOLY1305_ASM -DSHA1_ASM -DSHA256_ASM -DSHA512_ASM -DVPAES_ASM -DWHIRLPOOL_ASM -DX25519_ASM -fPIC -pthread -m64 -Wa,--noexecstack -Wall -O3 -O2 -ffunction-sections -fdata-sections -fPIC -g -fno-omit-frame-pointer -m64 -DOPENSSL_USE_NODELETE -DL_ENDIAN -DOPENSSL_PIC -DOPENSSLDIR="\"/opt/rustwide/target/debug/build/openssl-sys-953ba0da87114465/out/openssl-build/install/ssl\"" -DENGINESDIR="\"/opt/rustwide/target/debug/build/openssl-sys-953ba0da87114465/out/openssl-build/install/lib/engines-3\"" -DMODULESDIR="\"/opt/rustwide/target/debug/build/openssl-sys-953ba0da87114465/out/openssl-build/install/lib/ossl-modules\"" -DOPENSSL_BUILDING_OPENSSL -DNDEBUG  -MMD -MF crypto/bn/libcrypto-lib-bn_blind.d.tmp -MT crypto/bn/libcrypto-lib-bn_blind.o -c -o crypto/bn/libcrypto-lib-bn_blind.o crypto/bn/bn_blind.c
[INFO] [stderr]   cc  -I. -Iinclude -Iproviders/common/include -Iproviders/implementations/include  -DAES_ASM -DBSAES_ASM -DECP_NISTZ256_ASM -DGHASH_ASM -DKECCAK1600_ASM -DMD5_ASM -DOPENSSL_BN_ASM_GF2m -DOPENSSL_BN_ASM_MONT -DOPENSSL_BN_ASM_MONT5 -DOPENSSL_CPUID_OBJ -DOPENSSL_IA32_SSE2 -DPADLOCK_ASM -DPOLY1305_ASM -DSHA1_ASM -DSHA256_ASM -DSHA512_ASM -DVPAES_ASM -DWHIRLPOOL_ASM -DX25519_ASM -fPIC -pthread -m64 -Wa,--noexecstack -Wall -O3 -O2 -ffunction-sections -fdata-sections -fPIC -g -fno-omit-frame-pointer -m64 -DOPENSSL_USE_NODELETE -DL_ENDIAN -DOPENSSL_PIC -DOPENSSLDIR="\"/opt/rustwide/target/debug/build/openssl-sys-953ba0da87114465/out/openssl-build/install/ssl\"" -DENGINESDIR="\"/opt/rustwide/target/debug/build/openssl-sys-953ba0da87114465/out/openssl-build/install/lib/engines-3\"" -DMODULESDIR="\"/opt/rustwide/target/debug/build/openssl-sys-953ba0da87114465/out/openssl-build/install/lib/ossl-modules\"" -DOPENSSL_BUILDING_OPENSSL -DNDEBUG  -MMD -MF crypto/bn/libcrypto-lib-bn_const.d.tmp -MT crypto/bn/libcrypto-lib-bn_const.o -c -o crypto/bn/libcrypto-lib-bn_const.o crypto/bn/bn_const.c
[INFO] [stderr]   cc  -I. -Iinclude -Iproviders/common/include -Iproviders/implementations/include  -DAES_ASM -DBSAES_ASM -DECP_NISTZ256_ASM -DGHASH_ASM -DKECCAK1600_ASM -DMD5_ASM -DOPENSSL_BN_ASM_GF2m -DOPENSSL_BN_ASM_MONT -DOPENSSL_BN_ASM_MONT5 -DOPENSSL_CPUID_OBJ -DOPENSSL_IA32_SSE2 -DPADLOCK_ASM -DPOLY1305_ASM -DSHA1_ASM -DSHA256_ASM -DSHA512_ASM -DVPAES_ASM -DWHIRLPOOL_ASM -DX25519_ASM -fPIC -pthread -m64 -Wa,--noexecstack -Wall -O3 -O2 -ffunction-sections -fdata-sections -fPIC -g -fno-omit-frame-pointer -m64 -DOPENSSL_USE_NODELETE -DL_ENDIAN -DOPENSSL_PIC -DOPENSSLDIR="\"/opt/rustwide/target/debug/build/openssl-sys-953ba0da87114465/out/openssl-build/install/ssl\"" -DENGINESDIR="\"/opt/rustwide/target/debug/build/openssl-sys-953ba0da87114465/out/openssl-build/install/lib/engines-3\"" -DMODULESDIR="\"/opt/rustwide/target/debug/build/openssl-sys-953ba0da87114465/out/openssl-build/install/lib/ossl-modules\"" -DOPENSSL_BUILDING_OPENSSL -DNDEBUG  -MMD -MF crypto/bn/libcrypto-lib-bn_conv.d.tmp -MT crypto/bn/libcrypto-lib-bn_conv.o -c -o crypto/bn/libcrypto-lib-bn_conv.o crypto/bn/bn_conv.c
[INFO] [stderr]   cc  -I. -Iinclude -Iproviders/common/include -Iproviders/implementations/include  -DAES_ASM -DBSAES_ASM -DECP_NISTZ256_ASM -DGHASH_ASM -DKECCAK1600_ASM -DMD5_ASM -DOPENSSL_BN_ASM_GF2m -DOPENSSL_BN_ASM_MONT -DOPENSSL_BN_ASM_MONT5 -DOPENSSL_CPUID_OBJ -DOPENSSL_IA32_SSE2 -DPADLOCK_ASM -DPOLY1305_ASM -DSHA1_ASM -DSHA256_ASM -DSHA512_ASM -DVPAES_ASM -DWHIRLPOOL_ASM -DX25519_ASM -fPIC -pthread -m64 -Wa,--noexecstack -Wall -O3 -O2 -ffunction-sections -fdata-sections -fPIC -g -fno-omit-frame-pointer -m64 -DOPENSSL_USE_NODELETE -DL_ENDIAN -DOPENSSL_PIC -DOPENSSLDIR="\"/opt/rustwide/target/debug/build/openssl-sys-953ba0da87114465/out/openssl-build/install/ssl\"" -DENGINESDIR="\"/opt/rustwide/target/debug/build/openssl-sys-953ba0da87114465/out/openssl-build/install/lib/engines-3\"" -DMODULESDIR="\"/opt/rustwide/target/debug/build/openssl-sys-953ba0da87114465/out/openssl-build/install/lib/ossl-modules\"" -DOPENSSL_BUILDING_OPENSSL -DNDEBUG  -MMD -MF crypto/bn/libcrypto-lib-bn_ctx.d.tmp -MT crypto/bn/libcrypto-lib-bn_ctx.o -c -o crypto/bn/libcrypto-lib-bn_ctx.o crypto/bn/bn_ctx.c
[INFO] [stderr]   cc  -I. -Iinclude -Iproviders/common/include -Iproviders/implementations/include  -DAES_ASM -DBSAES_ASM -DECP_NISTZ256_ASM -DGHASH_ASM -DKECCAK1600_ASM -DMD5_ASM -DOPENSSL_BN_ASM_GF2m -DOPENSSL_BN_ASM_MONT -DOPENSSL_BN_ASM_MONT5 -DOPENSSL_CPUID_OBJ -DOPENSSL_IA32_SSE2 -DPADLOCK_ASM -DPOLY1305_ASM -DSHA1_ASM -DSHA256_ASM -DSHA512_ASM -DVPAES_ASM -DWHIRLPOOL_ASM -DX25519_ASM -fPIC -pthread -m64 -Wa,--noexecstack -Wall -O3 -O2 -ffunction-sections -fdata-sections -fPIC -g -fno-omit-frame-pointer -m64 -DOPENSSL_USE_NODELETE -DL_ENDIAN -DOPENSSL_PIC -DOPENSSLDIR="\"/opt/rustwide/target/debug/build/openssl-sys-953ba0da87114465/out/openssl-build/install/ssl\"" -DENGINESDIR="\"/opt/rustwide/target/debug/build/openssl-sys-953ba0da87114465/out/openssl-build/install/lib/engines-3\"" -DMODULESDIR="\"/opt/rustwide/target/debug/build/openssl-sys-953ba0da87114465/out/openssl-build/install/lib/ossl-modules\"" -DOPENSSL_BUILDING_OPENSSL -DNDEBUG  -MMD -MF crypto/bn/libcrypto-lib-bn_depr.d.tmp -MT crypto/bn/libcrypto-lib-bn_depr.o -c -o crypto/bn/libcrypto-lib-bn_depr.o crypto/bn/bn_depr.c
[INFO] [stderr]   cc  -I. -Iinclude -Iproviders/common/include -Iproviders/implementations/include  -DAES_ASM -DBSAES_ASM -DECP_NISTZ256_ASM -DGHASH_ASM -DKECCAK1600_ASM -DMD5_ASM -DOPENSSL_BN_ASM_GF2m -DOPENSSL_BN_ASM_MONT -DOPENSSL_BN_ASM_MONT5 -DOPENSSL_CPUID_OBJ -DOPENSSL_IA32_SSE2 -DPADLOCK_ASM -DPOLY1305_ASM -DSHA1_ASM -DSHA256_ASM -DSHA512_ASM -DVPAES_ASM -DWHIRLPOOL_ASM -DX25519_ASM -fPIC -pthread -m64 -Wa,--noexecstack -Wall -O3 -O2 -ffunction-sections -fdata-sections -fPIC -g -fno-omit-frame-pointer -m64 -DOPENSSL_USE_NODELETE -DL_ENDIAN -DOPENSSL_PIC -DOPENSSLDIR="\"/opt/rustwide/target/debug/build/openssl-sys-953ba0da87114465/out/openssl-build/install/ssl\"" -DENGINESDIR="\"/opt/rustwide/target/debug/build/openssl-sys-953ba0da87114465/out/openssl-build/install/lib/engines-3\"" -DMODULESDIR="\"/opt/rustwide/target/debug/build/openssl-sys-953ba0da87114465/out/openssl-build/install/lib/ossl-modules\"" -DOPENSSL_BUILDING_OPENSSL -DNDEBUG  -MMD -MF crypto/bn/libcrypto-lib-bn_dh.d.tmp -MT crypto/bn/libcrypto-lib-bn_dh.o -c -o crypto/bn/libcrypto-lib-bn_dh.o crypto/bn/bn_dh.c
[INFO] [stderr]   cc  -I. -Iinclude -Iproviders/common/include -Iproviders/implementations/include  -DAES_ASM -DBSAES_ASM -DECP_NISTZ256_ASM -DGHASH_ASM -DKECCAK1600_ASM -DMD5_ASM -DOPENSSL_BN_ASM_GF2m -DOPENSSL_BN_ASM_MONT -DOPENSSL_BN_ASM_MONT5 -DOPENSSL_CPUID_OBJ -DOPENSSL_IA32_SSE2 -DPADLOCK_ASM -DPOLY1305_ASM -DSHA1_ASM -DSHA256_ASM -DSHA512_ASM -DVPAES_ASM -DWHIRLPOOL_ASM -DX25519_ASM -fPIC -pthread -m64 -Wa,--noexecstack -Wall -O3 -O2 -ffunction-sections -fdata-sections -fPIC -g -fno-omit-frame-pointer -m64 -DOPENSSL_USE_NODELETE -DL_ENDIAN -DOPENSSL_PIC -DOPENSSLDIR="\"/opt/rustwide/target/debug/build/openssl-sys-953ba0da87114465/out/openssl-build/install/ssl\"" -DENGINESDIR="\"/opt/rustwide/target/debug/build/openssl-sys-953ba0da87114465/out/openssl-build/install/lib/engines-3\"" -DMODULESDIR="\"/opt/rustwide/target/debug/build/openssl-sys-953ba0da87114465/out/openssl-build/install/lib/ossl-modules\"" -DOPENSSL_BUILDING_OPENSSL -DNDEBUG  -MMD -MF crypto/bn/libcrypto-lib-bn_div.d.tmp -MT crypto/bn/libcrypto-lib-bn_div.o -c -o crypto/bn/libcrypto-lib-bn_div.o crypto/bn/bn_div.c
[INFO] [stderr]   cc  -I. -Iinclude -Iproviders/common/include -Iproviders/implementations/include  -DAES_ASM -DBSAES_ASM -DECP_NISTZ256_ASM -DGHASH_ASM -DKECCAK1600_ASM -DMD5_ASM -DOPENSSL_BN_ASM_GF2m -DOPENSSL_BN_ASM_MONT -DOPENSSL_BN_ASM_MONT5 -DOPENSSL_CPUID_OBJ -DOPENSSL_IA32_SSE2 -DPADLOCK_ASM -DPOLY1305_ASM -DSHA1_ASM -DSHA256_ASM -DSHA512_ASM -DVPAES_ASM -DWHIRLPOOL_ASM -DX25519_ASM -fPIC -pthread -m64 -Wa,--noexecstack -Wall -O3 -O2 -ffunction-sections -fdata-sections -fPIC -g -fno-omit-frame-pointer -m64 -DOPENSSL_USE_NODELETE -DL_ENDIAN -DOPENSSL_PIC -DOPENSSLDIR="\"/opt/rustwide/target/debug/build/openssl-sys-953ba0da87114465/out/openssl-build/install/ssl\"" -DENGINESDIR="\"/opt/rustwide/target/debug/build/openssl-sys-953ba0da87114465/out/openssl-build/install/lib/engines-3\"" -DMODULESDIR="\"/opt/rustwide/target/debug/build/openssl-sys-953ba0da87114465/out/openssl-build/install/lib/ossl-modules\"" -DOPENSSL_BUILDING_OPENSSL -DNDEBUG  -MMD -MF crypto/bn/libcrypto-lib-bn_err.d.tmp -MT crypto/bn/libcrypto-lib-bn_err.o -c -o crypto/bn/libcrypto-lib-bn_err.o crypto/bn/bn_err.c
[INFO] [stderr]   cc  -Icrypto -I. -Iinclude -Iproviders/common/include -Iproviders/implementations/include  -DAES_ASM -DBSAES_ASM -DECP_NISTZ256_ASM -DGHASH_ASM -DKECCAK1600_ASM -DMD5_ASM -DOPENSSL_BN_ASM_GF2m -DOPENSSL_BN_ASM_MONT -DOPENSSL_BN_ASM_MONT5 -DOPENSSL_CPUID_OBJ -DOPENSSL_IA32_SSE2 -DPADLOCK_ASM -DPOLY1305_ASM -DSHA1_ASM -DSHA256_ASM -DSHA512_ASM -DVPAES_ASM -DWHIRLPOOL_ASM -DX25519_ASM -fPIC -pthread -m64 -Wa,--noexecstack -Wall -O3 -O2 -ffunction-sections -fdata-sections -fPIC -g -fno-omit-frame-pointer -m64 -DOPENSSL_USE_NODELETE -DL_ENDIAN -DOPENSSL_PIC -DOPENSSLDIR="\"/opt/rustwide/target/debug/build/openssl-sys-953ba0da87114465/out/openssl-build/install/ssl\"" -DENGINESDIR="\"/opt/rustwide/target/debug/build/openssl-sys-953ba0da87114465/out/openssl-build/install/lib/engines-3\"" -DMODULESDIR="\"/opt/rustwide/target/debug/build/openssl-sys-953ba0da87114465/out/openssl-build/install/lib/ossl-modules\"" -DOPENSSL_BUILDING_OPENSSL -DNDEBUG  -MMD -MF crypto/bn/libcrypto-lib-bn_exp.d.tmp -MT crypto/bn/libcrypto-lib-bn_exp.o -c -o crypto/bn/libcrypto-lib-bn_exp.o crypto/bn/bn_exp.c
[INFO] [stderr]   cc  -I. -Iinclude -Iproviders/common/include -Iproviders/implementations/include  -DAES_ASM -DBSAES_ASM -DECP_NISTZ256_ASM -DGHASH_ASM -DKECCAK1600_ASM -DMD5_ASM -DOPENSSL_BN_ASM_GF2m -DOPENSSL_BN_ASM_MONT -DOPENSSL_BN_ASM_MONT5 -DOPENSSL_CPUID_OBJ -DOPENSSL_IA32_SSE2 -DPADLOCK_ASM -DPOLY1305_ASM -DSHA1_ASM -DSHA256_ASM -DSHA512_ASM -DVPAES_ASM -DWHIRLPOOL_ASM -DX25519_ASM -fPIC -pthread -m64 -Wa,--noexecstack -Wall -O3 -O2 -ffunction-sections -fdata-sections -fPIC -g -fno-omit-frame-pointer -m64 -DOPENSSL_USE_NODELETE -DL_ENDIAN -DOPENSSL_PIC -DOPENSSLDIR="\"/opt/rustwide/target/debug/build/openssl-sys-953ba0da87114465/out/openssl-build/install/ssl\"" -DENGINESDIR="\"/opt/rustwide/target/debug/build/openssl-sys-953ba0da87114465/out/openssl-build/install/lib/engines-3\"" -DMODULESDIR="\"/opt/rustwide/target/debug/build/openssl-sys-953ba0da87114465/out/openssl-build/install/lib/ossl-modules\"" -DOPENSSL_BUILDING_OPENSSL -DNDEBUG  -MMD -MF crypto/bn/libcrypto-lib-bn_exp2.d.tmp -MT crypto/bn/libcrypto-lib-bn_exp2.o -c -o crypto/bn/libcrypto-lib-bn_exp2.o crypto/bn/bn_exp2.c
[INFO] [stderr]   cc  -I. -Iinclude -Iproviders/common/include -Iproviders/implementations/include  -DAES_ASM -DBSAES_ASM -DECP_NISTZ256_ASM -DGHASH_ASM -DKECCAK1600_ASM -DMD5_ASM -DOPENSSL_BN_ASM_GF2m -DOPENSSL_BN_ASM_MONT -DOPENSSL_BN_ASM_MONT5 -DOPENSSL_CPUID_OBJ -DOPENSSL_IA32_SSE2 -DPADLOCK_ASM -DPOLY1305_ASM -DSHA1_ASM -DSHA256_ASM -DSHA512_ASM -DVPAES_ASM -DWHIRLPOOL_ASM -DX25519_ASM -fPIC -pthread -m64 -Wa,--noexecstack -Wall -O3 -O2 -ffunction-sections -fdata-sections -fPIC -g -fno-omit-frame-pointer -m64 -DOPENSSL_USE_NODELETE -DL_ENDIAN -DOPENSSL_PIC -DOPENSSLDIR="\"/opt/rustwide/target/debug/build/openssl-sys-953ba0da87114465/out/openssl-build/install/ssl\"" -DENGINESDIR="\"/opt/rustwide/target/debug/build/openssl-sys-953ba0da87114465/out/openssl-build/install/lib/engines-3\"" -DMODULESDIR="\"/opt/rustwide/target/debug/build/openssl-sys-953ba0da87114465/out/openssl-build/install/lib/ossl-modules\"" -DOPENSSL_BUILDING_OPENSSL -DNDEBUG  -MMD -MF crypto/bn/libcrypto-lib-bn_gcd.d.tmp -MT crypto/bn/libcrypto-lib-bn_gcd.o -c -o crypto/bn/libcrypto-lib-bn_gcd.o crypto/bn/bn_gcd.c
[INFO] [stderr]   cc  -I. -Iinclude -Iproviders/common/include -Iproviders/implementations/include  -DAES_ASM -DBSAES_ASM -DECP_NISTZ256_ASM -DGHASH_ASM -DKECCAK1600_ASM -DMD5_ASM -DOPENSSL_BN_ASM_GF2m -DOPENSSL_BN_ASM_MONT -DOPENSSL_BN_ASM_MONT5 -DOPENSSL_CPUID_OBJ -DOPENSSL_IA32_SSE2 -DPADLOCK_ASM -DPOLY1305_ASM -DSHA1_ASM -DSHA256_ASM -DSHA512_ASM -DVPAES_ASM -DWHIRLPOOL_ASM -DX25519_ASM -fPIC -pthread -m64 -Wa,--noexecstack -Wall -O3 -O2 -ffunction-sections -fdata-sections -fPIC -g -fno-omit-frame-pointer -m64 -DOPENSSL_USE_NODELETE -DL_ENDIAN -DOPENSSL_PIC -DOPENSSLDIR="\"/opt/rustwide/target/debug/build/openssl-sys-953ba0da87114465/out/openssl-build/install/ssl\"" -DENGINESDIR="\"/opt/rustwide/target/debug/build/openssl-sys-953ba0da87114465/out/openssl-build/install/lib/engines-3\"" -DMODULESDIR="\"/opt/rustwide/target/debug/build/openssl-sys-953ba0da87114465/out/openssl-build/install/lib/ossl-modules\"" -DOPENSSL_BUILDING_OPENSSL -DNDEBUG  -MMD -MF crypto/bn/libcrypto-lib-bn_gf2m.d.tmp -MT crypto/bn/libcrypto-lib-bn_gf2m.o -c -o crypto/bn/libcrypto-lib-bn_gf2m.o crypto/bn/bn_gf2m.c
[INFO] [stderr]   cc  -I. -Iinclude -Iproviders/common/include -Iproviders/implementations/include  -DAES_ASM -DBSAES_ASM -DECP_NISTZ256_ASM -DGHASH_ASM -DKECCAK1600_ASM -DMD5_ASM -DOPENSSL_BN_ASM_GF2m -DOPENSSL_BN_ASM_MONT -DOPENSSL_BN_ASM_MONT5 -DOPENSSL_CPUID_OBJ -DOPENSSL_IA32_SSE2 -DPADLOCK_ASM -DPOLY1305_ASM -DSHA1_ASM -DSHA256_ASM -DSHA512_ASM -DVPAES_ASM -DWHIRLPOOL_ASM -DX25519_ASM -fPIC -pthread -m64 -Wa,--noexecstack -Wall -O3 -O2 -ffunction-sections -fdata-sections -fPIC -g -fno-omit-frame-pointer -m64 -DOPENSSL_USE_NODELETE -DL_ENDIAN -DOPENSSL_PIC -DOPENSSLDIR="\"/opt/rustwide/target/debug/build/openssl-sys-953ba0da87114465/out/openssl-build/install/ssl\"" -DENGINESDIR="\"/opt/rustwide/target/debug/build/openssl-sys-953ba0da87114465/out/openssl-build/install/lib/engines-3\"" -DMODULESDIR="\"/opt/rustwide/target/debug/build/openssl-sys-953ba0da87114465/out/openssl-build/install/lib/ossl-modules\"" -DOPENSSL_BUILDING_OPENSSL -DNDEBUG  -MMD -MF crypto/bn/libcrypto-lib-bn_intern.d.tmp -MT crypto/bn/libcrypto-lib-bn_intern.o -c -o crypto/bn/libcrypto-lib-bn_intern.o crypto/bn/bn_intern.c
[INFO] [stderr]   cc  -I. -Iinclude -Iproviders/common/include -Iproviders/implementations/include  -DAES_ASM -DBSAES_ASM -DECP_NISTZ256_ASM -DGHASH_ASM -DKECCAK1600_ASM -DMD5_ASM -DOPENSSL_BN_ASM_GF2m -DOPENSSL_BN_ASM_MONT -DOPENSSL_BN_ASM_MONT5 -DOPENSSL_CPUID_OBJ -DOPENSSL_IA32_SSE2 -DPADLOCK_ASM -DPOLY1305_ASM -DSHA1_ASM -DSHA256_ASM -DSHA512_ASM -DVPAES_ASM -DWHIRLPOOL_ASM -DX25519_ASM -fPIC -pthread -m64 -Wa,--noexecstack -Wall -O3 -O2 -ffunction-sections -fdata-sections -fPIC -g -fno-omit-frame-pointer -m64 -DOPENSSL_USE_NODELETE -DL_ENDIAN -DOPENSSL_PIC -DOPENSSLDIR="\"/opt/rustwide/target/debug/build/openssl-sys-953ba0da87114465/out/openssl-build/install/ssl\"" -DENGINESDIR="\"/opt/rustwide/target/debug/build/openssl-sys-953ba0da87114465/out/openssl-build/install/lib/engines-3\"" -DMODULESDIR="\"/opt/rustwide/target/debug/build/openssl-sys-953ba0da87114465/out/openssl-build/install/lib/ossl-modules\"" -DOPENSSL_BUILDING_OPENSSL -DNDEBUG  -MMD -MF crypto/bn/libcrypto-lib-bn_kron.d.tmp -MT crypto/bn/libcrypto-lib-bn_kron.o -c -o crypto/bn/libcrypto-lib-bn_kron.o crypto/bn/bn_kron.c
[INFO] [stderr]   cc  -I. -Iinclude -Iproviders/common/include -Iproviders/implementations/include  -DAES_ASM -DBSAES_ASM -DECP_NISTZ256_ASM -DGHASH_ASM -DKECCAK1600_ASM -DMD5_ASM -DOPENSSL_BN_ASM_GF2m -DOPENSSL_BN_ASM_MONT -DOPENSSL_BN_ASM_MONT5 -DOPENSSL_CPUID_OBJ -DOPENSSL_IA32_SSE2 -DPADLOCK_ASM -DPOLY1305_ASM -DSHA1_ASM -DSHA256_ASM -DSHA512_ASM -DVPAES_ASM -DWHIRLPOOL_ASM -DX25519_ASM -fPIC -pthread -m64 -Wa,--noexecstack -Wall -O3 -O2 -ffunction-sections -fdata-sections -fPIC -g -fno-omit-frame-pointer -m64 -DOPENSSL_USE_NODELETE -DL_ENDIAN -DOPENSSL_PIC -DOPENSSLDIR="\"/opt/rustwide/target/debug/build/openssl-sys-953ba0da87114465/out/openssl-build/install/ssl\"" -DENGINESDIR="\"/opt/rustwide/target/debug/build/openssl-sys-953ba0da87114465/out/openssl-build/install/lib/engines-3\"" -DMODULESDIR="\"/opt/rustwide/target/debug/build/openssl-sys-953ba0da87114465/out/openssl-build/install/lib/ossl-modules\"" -DOPENSSL_BUILDING_OPENSSL -DNDEBUG  -MMD -MF crypto/bn/libcrypto-lib-bn_lib.d.tmp -MT crypto/bn/libcrypto-lib-bn_lib.o -c -o crypto/bn/libcrypto-lib-bn_lib.o crypto/bn/bn_lib.c
[INFO] [stderr]   make[1]: Leaving directory '/opt/rustwide/target/debug/build/openssl-sys-953ba0da87114465/out/openssl-build/build/src'
[INFO] [stderr] 
[INFO] [stderr]   --- stderr
[INFO] [stderr]   crypto/bio/bio_print.c:940:1: fatal error: error closing /tmp/ccvnVWnK.s: No space left on device
[INFO] [stderr]     940 | }
[INFO] [stderr]         | ^
[INFO] [stderr]   compilation terminated.
[INFO] [stderr]   crypto/bn/bn_ctx.c:370:1: fatal error: error writing to /tmp/ccsDgEzR.s: No space left on device
[INFO] [stderr]     370 | }
[INFO] [stderr]         | ^
[INFO] [stderr]   compilation terminated.
[INFO] [stderr]   make[1]: *** [Makefile:4856: crypto/bio/libcrypto-lib-bio_print.o] Error 1
[INFO] [stderr]   make[1]: *** Waiting for unfinished jobs....
[INFO] [stderr]   make[1]: *** [Makefile:5016: crypto/bn/libcrypto-lib-bn_ctx.o] Error 1
[INFO] [stderr]   crypto/bn/bn_blind.c:312:1: fatal error: error writing to /tmp/ccFKdnkm.s: No space left on device
[INFO] [stderr]     312 | }
[INFO] [stderr]         | ^
[INFO] [stderr]   compilation terminated.
[INFO] [stderr]   make[1]: *** [Makefile:4992: crypto/bn/libcrypto-lib-bn_blind.o] Error 1
[INFO] [stderr]   /tmp/cc2DLhpO.s: Assembler messages:
[INFO] [stderr]   /tmp/cc2DLhpO.s: Fatal error: can't write 54 bytes to section .text.bn_div_fixed_top of crypto/bn/libcrypto-lib-bn_div.o: 'No space left on device'
[INFO] [stderr]   /tmp/cc2DLhpO.s: Fatal error: crypto/bn/libcrypto-lib-bn_div.o: No space left on device
[INFO] [stderr]   make[1]: *** [Makefile:5040: crypto/bn/libcrypto-lib-bn_div.o] Error 1
[INFO] [stderr]   crypto/bn/asm/x86_64-gcc.c:641:1: fatal error: error writing to /tmp/cc81K1T7.s: No space left on device
[INFO] [stderr]     641 | }
[INFO] [stderr]         | ^
[INFO] [stderr]   compilation terminated.
[INFO] [stderr]   /tmp/ccE28qMT.s: Assembler messages:
[INFO] [stderr]   /tmp/ccE28qMT.s: Fatal error: can't write 62 bytes to section .text.BN_kronecker of crypto/bn/libcrypto-lib-bn_kron.o: 'No space left on device'
[INFO] [stderr]   /tmp/ccE28qMT.s: Fatal error: crypto/bn/libcrypto-lib-bn_kron.o: No space left on device
[INFO] [stderr]   make[1]: *** [Makefile:5096: crypto/bn/libcrypto-lib-bn_kron.o] Error 1
[INFO] [stderr]   make[1]: *** [Makefile:4976: crypto/bn/asm/libcrypto-lib-x86_64-gcc.o] Error 1
[INFO] [stderr]   crypto/bn/bn_intern.c:199:1: fatal error: error writing to /tmp/ccgc3gNw.s: No space left on device
[INFO] [stderr]     199 | }
[INFO] [stderr]         | ^
[INFO] [stderr]   compilation terminated.
[INFO] [stderr]   make[1]: *** [Makefile:5088: crypto/bn/libcrypto-lib-bn_intern.o] Error 1
[INFO] [stderr]   make: *** [Makefile:2086: build_libs] Error 2
[INFO] [stderr]   thread 'main' panicked at '
[INFO] [stderr] 
[INFO] [stderr] 
[INFO] [stderr]   Error building OpenSSL:
[INFO] [stderr]       Command: cd "/opt/rustwide/target/debug/build/openssl-sys-953ba0da87114465/out/openssl-build/build/src" && MAKEFLAGS="-j --jobserver-fds=9,10 --jobserver-auth=9,10" "make" "build_libs"
[INFO] [stderr]       Exit status: exit status: 2
[INFO] [stderr] 
[INFO] [stderr] 
[INFO] [stderr]       ', /opt/rustwide/cargo-home/registry/src/github.com-1ecc6299db9ec823/openssl-src-300.0.2+3.0.0/src/lib.rs:492:13
[INFO] [stderr]   stack backtrace:
[INFO] [stderr]      0:     0x5598183931ea - std::backtrace_rs::backtrace::libunwind::trace::ha9053a9a07ca49cb
[INFO] [stderr]                                  at /rustc/84c898d65adf2f39a5a98507f1fe0ce10a2b8dbc/library/std/src/../../backtrace/src/backtrace/libunwind.rs:93:5
[INFO] [stderr]      1:     0x5598183931ea - std::backtrace_rs::backtrace::trace_unsynchronized::h9c2852a457ad564e
[INFO] [stderr]                                  at /rustc/84c898d65adf2f39a5a98507f1fe0ce10a2b8dbc/library/std/src/../../backtrace/src/backtrace/mod.rs:66:5
[INFO] [stderr]      2:     0x5598183931ea - std::sys_common::backtrace::_print_fmt::h457936fbfaa0070f
[INFO] [stderr]                                  at /rustc/84c898d65adf2f39a5a98507f1fe0ce10a2b8dbc/library/std/src/sys_common/backtrace.rs:65:5
[INFO] [stderr]      3:     0x5598183931ea - <std::sys_common::backtrace::_print::DisplayBacktrace as core::fmt::Display>::fmt::h5779d7bf7f70cb0c
[INFO] [stderr]                                  at /rustc/84c898d65adf2f39a5a98507f1fe0ce10a2b8dbc/library/std/src/sys_common/backtrace.rs:44:22
[INFO] [stderr]      4:     0x5598183b49ae - core::fmt::write::h5a4baaff1bcd3eb5
[INFO] [stderr]                                  at /rustc/84c898d65adf2f39a5a98507f1fe0ce10a2b8dbc/library/core/src/fmt/mod.rs:1232:17
[INFO] [stderr]      5:     0x559818390055 - std::io::Write::write_fmt::h4bc1f301cb9e9cce
[INFO] [stderr]                                  at /rustc/84c898d65adf2f39a5a98507f1fe0ce10a2b8dbc/library/std/src/io/mod.rs:1684:15
[INFO] [stderr]      6:     0x559818392fb5 - std::sys_common::backtrace::_print::h5fcdc36060f177e8
[INFO] [stderr]                                  at /rustc/84c898d65adf2f39a5a98507f1fe0ce10a2b8dbc/library/std/src/sys_common/backtrace.rs:47:5
[INFO] [stderr]      7:     0x559818392fb5 - std::sys_common::backtrace::print::h54ca9458b876c8bf
[INFO] [stderr]                                  at /rustc/84c898d65adf2f39a5a98507f1fe0ce10a2b8dbc/library/std/src/sys_common/backtrace.rs:34:9
[INFO] [stderr]      8:     0x559818394fbf - std::panicking::default_hook::{{closure}}::hbe471161c7664ed6
[INFO] [stderr]                                  at /rustc/84c898d65adf2f39a5a98507f1fe0ce10a2b8dbc/library/std/src/panicking.rs:271:22
[INFO] [stderr]      9:     0x559818394cfb - std::panicking::default_hook::ha3500da57aa4ac4f
[INFO] [stderr]                                  at /rustc/84c898d65adf2f39a5a98507f1fe0ce10a2b8dbc/library/std/src/panicking.rs:290:9
[INFO] [stderr]     10:     0x559818395568 - std::panicking::rust_panic_with_hook::h50c09d000dc561d2
[INFO] [stderr]                                  at /rustc/84c898d65adf2f39a5a98507f1fe0ce10a2b8dbc/library/std/src/panicking.rs:692:13
[INFO] [stderr]     11:     0x559818395469 - std::panicking::begin_panic_handler::{{closure}}::h9e2b2176e00e0d9c
[INFO] [stderr]                                  at /rustc/84c898d65adf2f39a5a98507f1fe0ce10a2b8dbc/library/std/src/panicking.rs:583:13
[INFO] [stderr]     12:     0x559818393656 - std::sys_common::backtrace::__rust_end_short_backtrace::h5739b8e512c09d02
[INFO] [stderr]                                  at /rustc/84c898d65adf2f39a5a98507f1fe0ce10a2b8dbc/library/std/src/sys_common/backtrace.rs:150:18
[INFO] [stderr]     13:     0x559818395172 - rust_begin_unwind
[INFO] [stderr]                                  at /rustc/84c898d65adf2f39a5a98507f1fe0ce10a2b8dbc/library/std/src/panicking.rs:579:5
[INFO] [stderr]     14:     0x5598182e8b73 - core::panicking::panic_fmt::hf33a1475b4dc5c3e
[INFO] [stderr]                                  at /rustc/84c898d65adf2f39a5a98507f1fe0ce10a2b8dbc/library/core/src/panicking.rs:64:14
[INFO] [stderr]     15:     0x55981831a0dd - openssl_src::Build::run_command::h1accd6673b06c29b
[INFO] [stderr]     16:     0x5598183196bc - openssl_src::Build::build::hd5d6bc93253f53ea
[INFO] [stderr]     17:     0x5598182f0563 - build_script_main::find_vendored::get_openssl::h39794ce0d7e5ae9d
[INFO] [stderr]     18:     0x5598182eab38 - build_script_main::find_openssl::hc97fbf33c2c063a1
[INFO] [stderr]     19:     0x5598182eac91 - build_script_main::main::h24b2dd828c3eab99
[INFO] [stderr]     20:     0x5598182f5603 - core::ops::function::FnOnce::call_once::hbc243ed5ea84f995
[INFO] [stderr]     21:     0x5598182efa59 - std::sys_common::backtrace::__rust_begin_short_backtrace::hbc21f5a50df9eea8
[INFO] [stderr]     22:     0x5598182efad9 - std::rt::lang_start::{{closure}}::h375101267d38d21e
[INFO] [stderr]     23:     0x55981838c02c - core::ops::function::impls::<impl core::ops::function::FnOnce<A> for &F>::call_once::hd6efcd3bec896f2c
[INFO] [stderr]                                  at /rustc/84c898d65adf2f39a5a98507f1fe0ce10a2b8dbc/library/core/src/ops/function.rs:287:13
[INFO] [stderr]     24:     0x55981838c02c - std::panicking::try::do_call::hce04e543bb1f4cbb
[INFO] [stderr]                                  at /rustc/84c898d65adf2f39a5a98507f1fe0ce10a2b8dbc/library/std/src/panicking.rs:487:40
[INFO] [stderr]     25:     0x55981838c02c - std::panicking::try::h3342dd4e1f680968
[INFO] [stderr]                                  at /rustc/84c898d65adf2f39a5a98507f1fe0ce10a2b8dbc/library/std/src/panicking.rs:451:19
[INFO] [stderr]     26:     0x55981838c02c - std::panic::catch_unwind::h148ce1e59ac0cee7
[INFO] [stderr]                                  at /rustc/84c898d65adf2f39a5a98507f1fe0ce10a2b8dbc/library/std/src/panic.rs:140:14
[INFO] [stderr]     27:     0x55981838c02c - std::rt::lang_start_internal::{{closure}}::h25f9dda2057a67fe
[INFO] [stderr]                                  at /rustc/84c898d65adf2f39a5a98507f1fe0ce10a2b8dbc/library/std/src/rt.rs:148:48
[INFO] [stderr]     28:     0x55981838c02c - std::panicking::try::do_call::h7caaaeaf9401650b
[INFO] [stderr]                                  at /rustc/84c898d65adf2f39a5a98507f1fe0ce10a2b8dbc/library/std/src/panicking.rs:487:40
[INFO] [stderr]     29:     0x55981838c02c - std::panicking::try::he7d15285746cbbc2
[INFO] [stderr]                                  at /rustc/84c898d65adf2f39a5a98507f1fe0ce10a2b8dbc/library/std/src/panicking.rs:451:19
[INFO] [stderr]     30:     0x55981838c02c - std::panic::catch_unwind::h89fb4f50c0301fe0
[INFO] [stderr]                                  at /rustc/84c898d65adf2f39a5a98507f1fe0ce10a2b8dbc/library/std/src/panic.rs:140:14
[INFO] [stderr]     31:     0x55981838c02c - std::rt::lang_start_internal::h078acd489417d3c1
[INFO] [stderr]                                  at /rustc/84c898d65adf2f39a5a98507f1fe0ce10a2b8dbc/library/std/src/rt.rs:148:20
[INFO] [stderr]     32:     0x5598182efab7 - std::rt::lang_start::hbab6a3a5b3e0c4aa
[INFO] [stderr]     33:     0x5598182ee515 - main
[INFO] [stderr]     34:     0x7f842eccbd90 - <unknown>
[INFO] [stderr]     35:     0x7f842eccbe40 - __libc_start_main
[INFO] [stderr]     36:     0x5598182e90f5 - _start
[INFO] [stderr]     37:                0x0 - <unknown>
[INFO] running `Command { std: "docker" "inspect" "4ed3a96d772ebd0a74a9b1841ee71e6658e8bdfa1bbe5be9307f0d4e5628c4a8", kill_on_drop: false }`
[INFO] running `Command { std: "docker" "rm" "-f" "4ed3a96d772ebd0a74a9b1841ee71e6658e8bdfa1bbe5be9307f0d4e5628c4a8", kill_on_drop: false }`
[INFO] [stdout] 4ed3a96d772ebd0a74a9b1841ee71e6658e8bdfa1bbe5be9307f0d4e5628c4a8
