[INFO] cloning repository https://github.com/andrewdavidmackenzie/libproc-rs
[INFO] running `Command { std: "git" "-c" "credential.helper=" "-c" "credential.helper=/workspace/cargo-home/bin/git-credential-null" "clone" "--bare" "https://github.com/andrewdavidmackenzie/libproc-rs" "/workspace/cache/git-repos/https%3A%2F%2Fgithub.com%2Fandrewdavidmackenzie%2Flibproc-rs", kill_on_drop: false }`
[INFO] [stderr] Cloning into bare repository '/workspace/cache/git-repos/https%3A%2F%2Fgithub.com%2Fandrewdavidmackenzie%2Flibproc-rs'...
[INFO] [stderr] fatal: write error: No space left on device
[INFO] [stderr] fatal: index-pack failed
[WARN] Retrying crate fetch in 3 seconds (attempt 1)
[INFO] cloning repository https://github.com/andrewdavidmackenzie/libproc-rs
[INFO] running `Command { std: "git" "-c" "credential.helper=" "-c" "credential.helper=/workspace/cargo-home/bin/git-credential-null" "clone" "--bare" "https://github.com/andrewdavidmackenzie/libproc-rs" "/workspace/cache/git-repos/https%3A%2F%2Fgithub.com%2Fandrewdavidmackenzie%2Flibproc-rs", kill_on_drop: false }`
[INFO] [stderr] Cloning into bare repository '/workspace/cache/git-repos/https%3A%2F%2Fgithub.com%2Fandrewdavidmackenzie%2Flibproc-rs'...
[INFO] [stderr] fatal: write error: No space left on device
[INFO] [stderr] fatal: index-pack failed
[WARN] Retrying crate fetch in 3 seconds (attempt 2)
[INFO] cloning repository https://github.com/andrewdavidmackenzie/libproc-rs
[INFO] running `Command { std: "git" "-c" "credential.helper=" "-c" "credential.helper=/workspace/cargo-home/bin/git-credential-null" "clone" "--bare" "https://github.com/andrewdavidmackenzie/libproc-rs" "/workspace/cache/git-repos/https%3A%2F%2Fgithub.com%2Fandrewdavidmackenzie%2Flibproc-rs", kill_on_drop: false }`
[INFO] [stderr] Cloning into bare repository '/workspace/cache/git-repos/https%3A%2F%2Fgithub.com%2Fandrewdavidmackenzie%2Flibproc-rs'...
[INFO] [stderr] fatal: write error: No space left on device
[INFO] [stderr] fatal: index-pack failed
[WARN] Retrying crate fetch in 3 seconds (attempt 3)
[INFO] cloning repository https://github.com/andrewdavidmackenzie/libproc-rs
[INFO] running `Command { std: "git" "-c" "credential.helper=" "-c" "credential.helper=/workspace/cargo-home/bin/git-credential-null" "clone" "--bare" "https://github.com/andrewdavidmackenzie/libproc-rs" "/workspace/cache/git-repos/https%3A%2F%2Fgithub.com%2Fandrewdavidmackenzie%2Flibproc-rs", kill_on_drop: false }`
[INFO] [stderr] Cloning into bare repository '/workspace/cache/git-repos/https%3A%2F%2Fgithub.com%2Fandrewdavidmackenzie%2Flibproc-rs'...
[INFO] [stderr] fatal: write error: No space left on device
[INFO] [stderr] fatal: index-pack failed
[WARN] Retrying crate fetch in 3 seconds (attempt 4)
[INFO] cloning repository https://github.com/andrewdavidmackenzie/libproc-rs
[INFO] running `Command { std: "git" "-c" "credential.helper=" "-c" "credential.helper=/workspace/cargo-home/bin/git-credential-null" "clone" "--bare" "https://github.com/andrewdavidmackenzie/libproc-rs" "/workspace/cache/git-repos/https%3A%2F%2Fgithub.com%2Fandrewdavidmackenzie%2Flibproc-rs", kill_on_drop: false }`
[INFO] [stderr] Cloning into bare repository '/workspace/cache/git-repos/https%3A%2F%2Fgithub.com%2Fandrewdavidmackenzie%2Flibproc-rs'...
[INFO] [stderr] fatal: write error: No space left on device
[INFO] [stderr] fatal: index-pack failed
[WARN] Retrying crate fetch in 3 seconds (attempt 5)
[INFO] cloning repository https://github.com/andrewdavidmackenzie/libproc-rs
[INFO] running `Command { std: "git" "-c" "credential.helper=" "-c" "credential.helper=/workspace/cargo-home/bin/git-credential-null" "clone" "--bare" "https://github.com/andrewdavidmackenzie/libproc-rs" "/workspace/cache/git-repos/https%3A%2F%2Fgithub.com%2Fandrewdavidmackenzie%2Flibproc-rs", kill_on_drop: false }`
[INFO] [stderr] Cloning into bare repository '/workspace/cache/git-repos/https%3A%2F%2Fgithub.com%2Fandrewdavidmackenzie%2Flibproc-rs'...
[INFO] [stderr] fatal: write error: No space left on device
[INFO] [stderr] fatal: index-pack failed
[WARN] Retrying crate fetch in 3 seconds (attempt 6)
[INFO] cloning repository https://github.com/andrewdavidmackenzie/libproc-rs
[INFO] running `Command { std: "git" "-c" "credential.helper=" "-c" "credential.helper=/workspace/cargo-home/bin/git-credential-null" "clone" "--bare" "https://github.com/andrewdavidmackenzie/libproc-rs" "/workspace/cache/git-repos/https%3A%2F%2Fgithub.com%2Fandrewdavidmackenzie%2Flibproc-rs", kill_on_drop: false }`
[INFO] [stderr] Cloning into bare repository '/workspace/cache/git-repos/https%3A%2F%2Fgithub.com%2Fandrewdavidmackenzie%2Flibproc-rs'...
[INFO] [stderr] fatal: write error: No space left on device
[INFO] [stderr] fatal: index-pack failed
[WARN] Retrying crate fetch in 3 seconds (attempt 7)
[INFO] cloning repository https://github.com/andrewdavidmackenzie/libproc-rs
[INFO] running `Command { std: "git" "-c" "credential.helper=" "-c" "credential.helper=/workspace/cargo-home/bin/git-credential-null" "clone" "--bare" "https://github.com/andrewdavidmackenzie/libproc-rs" "/workspace/cache/git-repos/https%3A%2F%2Fgithub.com%2Fandrewdavidmackenzie%2Flibproc-rs", kill_on_drop: false }`
[INFO] [stderr] Cloning into bare repository '/workspace/cache/git-repos/https%3A%2F%2Fgithub.com%2Fandrewdavidmackenzie%2Flibproc-rs'...
[INFO] running `Command { std: "git" "rev-parse" "HEAD", kill_on_drop: false }`
[INFO] [stdout] 7919df0073f75e72b7d5d7efbf43c9d450dd5b10
[INFO] testing andrewdavidmackenzie/libproc-rs against 1.69.0 for beta-1.70-1
[INFO] running `Command { std: "git" "clone" "/workspace/cache/git-repos/https%3A%2F%2Fgithub.com%2Fandrewdavidmackenzie%2Flibproc-rs" "/workspace/builds/worker-0-tc1/source", kill_on_drop: false }`
[INFO] [stderr] Cloning into '/workspace/builds/worker-0-tc1/source'...
[INFO] [stderr] done.
[INFO] validating manifest of git repo https://github.com/andrewdavidmackenzie/libproc-rs on toolchain 1.69.0
[INFO] running `Command { std: CARGO_HOME="/workspace/cargo-home" RUSTUP_HOME="/workspace/rustup-home" "/workspace/cargo-home/bin/cargo" "+1.69.0" "metadata" "--manifest-path" "Cargo.toml" "--no-deps", kill_on_drop: false }`
[INFO] started tweaking git repo https://github.com/andrewdavidmackenzie/libproc-rs
[INFO] finished tweaking git repo https://github.com/andrewdavidmackenzie/libproc-rs
[INFO] tweaked toml for git repo https://github.com/andrewdavidmackenzie/libproc-rs written to /workspace/builds/worker-0-tc1/source/Cargo.toml
[INFO] running `Command { std: CARGO_HOME="/workspace/cargo-home" RUSTUP_HOME="/workspace/rustup-home" __CARGO_TEST_CHANNEL_OVERRIDE_DO_NOT_USE_THIS="nightly" "/workspace/cargo-home/bin/cargo" "+1.69.0" "generate-lockfile" "--manifest-path" "Cargo.toml" "-Zno-index-update", kill_on_drop: false }`
[INFO] running `Command { std: CARGO_HOME="/workspace/cargo-home" RUSTUP_HOME="/workspace/rustup-home" "/workspace/cargo-home/bin/cargo" "+1.69.0" "fetch" "--manifest-path" "Cargo.toml", kill_on_drop: false }`
[INFO] [stderr]  Downloading crates ...
[INFO] [stderr]   Downloaded procfs v0.15.1
[INFO] running `Command { std: "docker" "create" "-v" "/var/lib/crater-agent-workspace/builds/worker-0-tc1/target:/opt/rustwide/target:rw,Z" "-v" "/var/lib/crater-agent-workspace/builds/worker-0-tc1/source:/opt/rustwide/workdir:ro,Z" "-v" "/var/lib/crater-agent-workspace/cargo-home:/opt/rustwide/cargo-home:ro,Z" "-v" "/var/lib/crater-agent-workspace/rustup-home:/opt/rustwide/rustup-home:ro,Z" "-e" "SOURCE_DIR=/opt/rustwide/workdir" "-e" "CARGO_TARGET_DIR=/opt/rustwide/target" "-e" "CARGO_HOME=/opt/rustwide/cargo-home" "-e" "RUSTUP_HOME=/opt/rustwide/rustup-home" "-w" "/opt/rustwide/workdir" "-m" "1610612736" "--user" "0:0" "--network" "none" "ghcr.io/rust-lang/crates-build-env/linux@sha256:97d61d7686bf65f8ecb15491ab51835e82dc9176a96a831f143a431b191fc501" "/opt/rustwide/cargo-home/bin/cargo" "+1.69.0" "metadata" "--no-deps" "--format-version=1", kill_on_drop: false }`
[INFO] [stdout] 0f3b59603fc9f5e19637878cd8e5983553dddc9dc91a510eee2df2bc2322dcb6
[INFO] running `Command { std: "docker" "start" "-a" "0f3b59603fc9f5e19637878cd8e5983553dddc9dc91a510eee2df2bc2322dcb6", kill_on_drop: false }`
[INFO] running `Command { std: "docker" "inspect" "0f3b59603fc9f5e19637878cd8e5983553dddc9dc91a510eee2df2bc2322dcb6", kill_on_drop: false }`
[INFO] running `Command { std: "docker" "rm" "-f" "0f3b59603fc9f5e19637878cd8e5983553dddc9dc91a510eee2df2bc2322dcb6", kill_on_drop: false }`
[INFO] [stdout] 0f3b59603fc9f5e19637878cd8e5983553dddc9dc91a510eee2df2bc2322dcb6
[INFO] running `Command { std: "docker" "create" "-v" "/var/lib/crater-agent-workspace/builds/worker-0-tc1/target:/opt/rustwide/target:rw,Z" "-v" "/var/lib/crater-agent-workspace/builds/worker-0-tc1/source:/opt/rustwide/workdir:ro,Z" "-v" "/var/lib/crater-agent-workspace/cargo-home:/opt/rustwide/cargo-home:ro,Z" "-v" "/var/lib/crater-agent-workspace/rustup-home:/opt/rustwide/rustup-home:ro,Z" "-e" "SOURCE_DIR=/opt/rustwide/workdir" "-e" "CARGO_TARGET_DIR=/opt/rustwide/target" "-e" "CARGO_INCREMENTAL=0" "-e" "RUST_BACKTRACE=full" "-e" "RUSTFLAGS=--cap-lints=warn" "-e" "RUSTDOCFLAGS=--cap-lints=warn" "-e" "CARGO_HOME=/opt/rustwide/cargo-home" "-e" "RUSTUP_HOME=/opt/rustwide/rustup-home" "-w" "/opt/rustwide/workdir" "-m" "1610612736" "--user" "0:0" "--network" "none" "ghcr.io/rust-lang/crates-build-env/linux@sha256:97d61d7686bf65f8ecb15491ab51835e82dc9176a96a831f143a431b191fc501" "/opt/rustwide/cargo-home/bin/cargo" "+1.69.0" "build" "--frozen" "--message-format=json", kill_on_drop: false }`
[INFO] [stdout] 56c3fcc9122180fdae90d0b18391198c5b713991ce7e87e9c96531449277456b
[INFO] running `Command { std: "docker" "start" "-a" "56c3fcc9122180fdae90d0b18391198c5b713991ce7e87e9c96531449277456b", kill_on_drop: false }`
[INFO] [stderr]    Compiling proc-macro2 v1.0.56
[INFO] [stderr]    Compiling libc v0.2.142
[INFO] [stderr]    Compiling memchr v2.5.0
[INFO] [stderr]    Compiling glob v0.3.1
[INFO] [stderr]    Compiling quote v1.0.26
[INFO] [stderr]    Compiling unicode-ident v1.0.8
[INFO] [stderr]    Compiling prettyplease v0.2.4
[INFO] [stderr]    Compiling minimal-lexical v0.2.1
[INFO] [stderr]    Compiling cfg-if v1.0.0
[INFO] [stderr]    Compiling regex-syntax v0.7.1
[INFO] [stderr]    Compiling bindgen v0.65.1
[INFO] [stderr]    Compiling bitflags v1.3.2
[INFO] [stderr]    Compiling shlex v1.1.0
[INFO] [stderr]    Compiling lazycell v1.3.0
[INFO] [stderr]    Compiling peeking_take_while v0.1.2
[INFO] [stderr]    Compiling rustc-hash v1.1.0
[INFO] [stderr]    Compiling libloading v0.7.4
[INFO] [stderr]    Compiling lazy_static v1.4.0
[INFO] [stderr] LLVM ERROR: IO failure on output stream: No space left on device
[INFO] [stderr] LLVM ERROR: IO failure on output stream: No space left on device
[INFO] [stdout] error: linking with `cc` failed: exit status: 1
[INFO] [stdout]   |
[INFO] [stdout]   = note: LC_ALL="C" PATH="/opt/rustwide/rustup-home/toolchains/1.69.0-x86_64-unknown-linux-gnu/lib/rustlib/x86_64-unknown-linux-gnu/bin:/opt/rustwide/cargo-home/bin:/usr/local/sbin:/usr/local/bin:/usr/sbin:/usr/bin:/sbin:/bin" VSLANG="1033" "cc" "-m64" "/tmp/rustcjgOURV/symbols.o" "/opt/rustwide/target/debug/build/memchr-397c716305b927da/build_script_build-397c716305b927da.build_script_build.cd37bb76-cgu.0.rcgu.o" "/opt/rustwide/target/debug/build/memchr-397c716305b927da/build_script_build-397c716305b927da.build_script_build.cd37bb76-cgu.1.rcgu.o" "/opt/rustwide/target/debug/build/memchr-397c716305b927da/build_script_build-397c716305b927da.build_script_build.cd37bb76-cgu.10.rcgu.o" "/opt/rustwide/target/debug/build/memchr-397c716305b927da/build_script_build-397c716305b927da.build_script_build.cd37bb76-cgu.11.rcgu.o" "/opt/rustwide/target/debug/build/memchr-397c716305b927da/build_script_build-397c716305b927da.build_script_build.cd37bb76-cgu.12.rcgu.o" "/opt/rustwide/target/debug/build/memchr-397c716305b927da/build_script_build-397c716305b927da.build_script_build.cd37bb76-cgu.13.rcgu.o" "/opt/rustwide/target/debug/build/memchr-397c716305b927da/build_script_build-397c716305b927da.build_script_build.cd37bb76-cgu.14.rcgu.o" "/opt/rustwide/target/debug/build/memchr-397c716305b927da/build_script_build-397c716305b927da.build_script_build.cd37bb76-cgu.15.rcgu.o" "/opt/rustwide/target/debug/build/memchr-397c716305b927da/build_script_build-397c716305b927da.build_script_build.cd37bb76-cgu.2.rcgu.o" "/opt/rustwide/target/debug/build/memchr-397c716305b927da/build_script_build-397c716305b927da.build_script_build.cd37bb76-cgu.3.rcgu.o" "/opt/rustwide/target/debug/build/memchr-397c716305b927da/build_script_build-397c716305b927da.build_script_build.cd37bb76-cgu.4.rcgu.o" "/opt/rustwide/target/debug/build/memchr-397c716305b927da/build_script_build-397c716305b927da.build_script_build.cd37bb76-cgu.5.rcgu.o" "/opt/rustwide/target/debug/build/memchr-397c716305b927da/build_script_build-397c716305b927da.build_script_build.cd37bb76-cgu.6.rcgu.o" "/opt/rustwide/target/debug/build/memchr-397c716305b927da/build_script_build-397c716305b927da.build_script_build.cd37bb76-cgu.7.rcgu.o" "/opt/rustwide/target/debug/build/memchr-397c716305b927da/build_script_build-397c716305b927da.build_script_build.cd37bb76-cgu.8.rcgu.o" "/opt/rustwide/target/debug/build/memchr-397c716305b927da/build_script_build-397c716305b927da.build_script_build.cd37bb76-cgu.9.rcgu.o" "/opt/rustwide/target/debug/build/memchr-397c716305b927da/build_script_build-397c716305b927da.3objqekm5g5tw25v.rcgu.o" "-Wl,--as-needed" "-L" "/opt/rustwide/target/debug/deps" "-L" "/opt/rustwide/rustup-home/toolchains/1.69.0-x86_64-unknown-linux-gnu/lib/rustlib/x86_64-unknown-linux-gnu/lib" "-Wl,-Bstatic" "/opt/rustwide/rustup-home/toolchains/1.69.0-x86_64-unknown-linux-gnu/lib/rustlib/x86_64-unknown-linux-gnu/lib/libstd-89bc084783fdc439.rlib" "/opt/rustwide/rustup-home/toolchains/1.69.0-x86_64-unknown-linux-gnu/lib/rustlib/x86_64-unknown-linux-gnu/lib/libpanic_unwind-8bee4b287d4367c1.rlib" "/opt/rustwide/rustup-home/toolchains/1.69.0-x86_64-unknown-linux-gnu/lib/rustlib/x86_64-unknown-linux-gnu/lib/libobject-d61707aed80694c0.rlib" "/opt/rustwide/rustup-home/toolchains/1.69.0-x86_64-unknown-linux-gnu/lib/rustlib/x86_64-unknown-linux-gnu/lib/libmemchr-d85366256f22345b.rlib" "/opt/rustwide/rustup-home/toolchains/1.69.0-x86_64-unknown-linux-gnu/lib/rustlib/x86_64-unknown-linux-gnu/lib/libaddr2line-96069b86b8a8cae9.rlib" "/opt/rustwide/rustup-home/toolchains/1.69.0-x86_64-unknown-linux-gnu/lib/rustlib/x86_64-unknown-linux-gnu/lib/libgimli-d19d53abf68dfa6c.rlib" "/opt/rustwide/rustup-home/toolchains/1.69.0-x86_64-unknown-linux-gnu/lib/rustlib/x86_64-unknown-linux-gnu/lib/librustc_demangle-787cbccd19d64ac6.rlib" "/opt/rustwide/rustup-home/toolchains/1.69.0-x86_64-unknown-linux-gnu/lib/rustlib/x86_64-unknown-linux-gnu/lib/libstd_detect-b3837a36b830e0d0.rlib" "/opt/rustwide/rustup-home/toolchains/1.69.0-x86_64-unknown-linux-gnu/lib/rustlib/x86_64-unknown-linux-gnu/lib/libhashbrown-e3deb0e7e3f04966.rlib" "/opt/rustwide/rustup-home/toolchains/1.69.0-x86_64-unknown-linux-gnu/lib/rustlib/x86_64-unknown-linux-gnu/lib/libminiz_oxide-dabbb79c9815def4.rlib" "/opt/rustwide/rustup-home/toolchains/1.69.0-x86_64-unknown-linux-gnu/lib/rustlib/x86_64-unknown-linux-gnu/lib/libadler-305b01f34c9409f2.rlib" "/opt/rustwide/rustup-home/toolchains/1.69.0-x86_64-unknown-linux-gnu/lib/rustlib/x86_64-unknown-linux-gnu/lib/librustc_std_workspace_alloc-f833521df6074e73.rlib" "/opt/rustwide/rustup-home/toolchains/1.69.0-x86_64-unknown-linux-gnu/lib/rustlib/x86_64-unknown-linux-gnu/lib/libunwind-9ac333113350d171.rlib" "/opt/rustwide/rustup-home/toolchains/1.69.0-x86_64-unknown-linux-gnu/lib/rustlib/x86_64-unknown-linux-gnu/lib/libcfg_if-1c126114322d0eee.rlib" "/opt/rustwide/rustup-home/toolchains/1.69.0-x86_64-unknown-linux-gnu/lib/rustlib/x86_64-unknown-linux-gnu/lib/liblibc-bad9164fdeeecf92.rlib" "/opt/rustwide/rustup-home/toolchains/1.69.0-x86_64-unknown-linux-gnu/lib/rustlib/x86_64-unknown-linux-gnu/lib/liballoc-f9374b1e480fa681.rlib" "/opt/rustwide/rustup-home/toolchains/1.69.0-x86_64-unknown-linux-gnu/lib/rustlib/x86_64-unknown-linux-gnu/lib/librustc_std_workspace_core-207f06e41d9603af.rlib" "/opt/rustwide/rustup-home/toolchains/1.69.0-x86_64-unknown-linux-gnu/lib/rustlib/x86_64-unknown-linux-gnu/lib/libcore-7e2768e66e984e85.rlib" "/opt/rustwide/rustup-home/toolchains/1.69.0-x86_64-unknown-linux-gnu/lib/rustlib/x86_64-unknown-linux-gnu/lib/libcompiler_builtins-957b4aff41f8cd46.rlib" "-Wl,-Bdynamic" "-lgcc_s" "-lutil" "-lrt" "-lpthread" "-lm" "-ldl" "-lc" "-Wl,--eh-frame-hdr" "-Wl,-z,noexecstack" "-L" "/opt/rustwide/rustup-home/toolchains/1.69.0-x86_64-unknown-linux-gnu/lib/rustlib/x86_64-unknown-linux-gnu/lib" "-o" "/opt/rustwide/target/debug/build/memchr-397c716305b927da/build_script_build-397c716305b927da" "-Wl,--gc-sections" "-pie" "-Wl,-z,relro,-z,now" "-nodefaultlibs"
[INFO] [stdout]   = note: /usr/bin/ld: final link failed: No space left on device
[INFO] [stdout]           collect2: error: ld returned 1 exit status
[INFO] [stdout]           
[INFO] [stdout] 
[INFO] [stdout] 
[INFO] [stdout] error: aborting due to previous error
[INFO] [stdout] 
[INFO] [stdout] 
[INFO] [stdout] error: linking with `cc` failed: exit status: 1
[INFO] [stdout]   |
[INFO] [stdout]   = note: LC_ALL="C" PATH="/opt/rustwide/rustup-home/toolchains/1.69.0-x86_64-unknown-linux-gnu/lib/rustlib/x86_64-unknown-linux-gnu/bin:/opt/rustwide/cargo-home/bin:/usr/local/sbin:/usr/local/bin:/usr/sbin:/usr/bin:/sbin:/bin" VSLANG="1033" "cc" "-m64" "/tmp/rustcFj8uOv/symbols.o" "/opt/rustwide/target/debug/build/quote-d12b327ff9eae41d/build_script_build-d12b327ff9eae41d.build_script_build.3674dba0-cgu.0.rcgu.o" "/opt/rustwide/target/debug/build/quote-d12b327ff9eae41d/build_script_build-d12b327ff9eae41d.build_script_build.3674dba0-cgu.1.rcgu.o" "/opt/rustwide/target/debug/build/quote-d12b327ff9eae41d/build_script_build-d12b327ff9eae41d.build_script_build.3674dba0-cgu.10.rcgu.o" "/opt/rustwide/target/debug/build/quote-d12b327ff9eae41d/build_script_build-d12b327ff9eae41d.build_script_build.3674dba0-cgu.11.rcgu.o" "/opt/rustwide/target/debug/build/quote-d12b327ff9eae41d/build_script_build-d12b327ff9eae41d.build_script_build.3674dba0-cgu.12.rcgu.o" "/opt/rustwide/target/debug/build/quote-d12b327ff9eae41d/build_script_build-d12b327ff9eae41d.build_script_build.3674dba0-cgu.13.rcgu.o" "/opt/rustwide/target/debug/build/quote-d12b327ff9eae41d/build_script_build-d12b327ff9eae41d.build_script_build.3674dba0-cgu.14.rcgu.o" "/opt/rustwide/target/debug/build/quote-d12b327ff9eae41d/build_script_build-d12b327ff9eae41d.build_script_build.3674dba0-cgu.15.rcgu.o" "/opt/rustwide/target/debug/build/quote-d12b327ff9eae41d/build_script_build-d12b327ff9eae41d.build_script_build.3674dba0-cgu.2.rcgu.o" "/opt/rustwide/target/debug/build/quote-d12b327ff9eae41d/build_script_build-d12b327ff9eae41d.build_script_build.3674dba0-cgu.3.rcgu.o" "/opt/rustwide/target/debug/build/quote-d12b327ff9eae41d/build_script_build-d12b327ff9eae41d.build_script_build.3674dba0-cgu.4.rcgu.o" "/opt/rustwide/target/debug/build/quote-d12b327ff9eae41d/build_script_build-d12b327ff9eae41d.build_script_build.3674dba0-cgu.5.rcgu.o" "/opt/rustwide/target/debug/build/quote-d12b327ff9eae41d/build_script_build-d12b327ff9eae41d.build_script_build.3674dba0-cgu.6.rcgu.o" "/opt/rustwide/target/debug/build/quote-d12b327ff9eae41d/build_script_build-d12b327ff9eae41d.build_script_build.3674dba0-cgu.7.rcgu.o" "/opt/rustwide/target/debug/build/quote-d12b327ff9eae41d/build_script_build-d12b327ff9eae41d.build_script_build.3674dba0-cgu.8.rcgu.o" "/opt/rustwide/target/debug/build/quote-d12b327ff9eae41d/build_script_build-d12b327ff9eae41d.build_script_build.3674dba0-cgu.9.rcgu.o" "/opt/rustwide/target/debug/build/quote-d12b327ff9eae41d/build_script_build-d12b327ff9eae41d.n2tp9og6qeg4a2r.rcgu.o" "-Wl,--as-needed" "-L" "/opt/rustwide/target/debug/deps" "-L" "/opt/rustwide/rustup-home/toolchains/1.69.0-x86_64-unknown-linux-gnu/lib/rustlib/x86_64-unknown-linux-gnu/lib" "-Wl,-Bstatic" "/opt/rustwide/rustup-home/toolchains/1.69.0-x86_64-unknown-linux-gnu/lib/rustlib/x86_64-unknown-linux-gnu/lib/libstd-89bc084783fdc439.rlib" "/opt/rustwide/rustup-home/toolchains/1.69.0-x86_64-unknown-linux-gnu/lib/rustlib/x86_64-unknown-linux-gnu/lib/libpanic_unwind-8bee4b287d4367c1.rlib" "/opt/rustwide/rustup-home/toolchains/1.69.0-x86_64-unknown-linux-gnu/lib/rustlib/x86_64-unknown-linux-gnu/lib/libobject-d61707aed80694c0.rlib" "/opt/rustwide/rustup-home/toolchains/1.69.0-x86_64-unknown-linux-gnu/lib/rustlib/x86_64-unknown-linux-gnu/lib/libmemchr-d85366256f22345b.rlib" "/opt/rustwide/rustup-home/toolchains/1.69.0-x86_64-unknown-linux-gnu/lib/rustlib/x86_64-unknown-linux-gnu/lib/libaddr2line-96069b86b8a8cae9.rlib" "/opt/rustwide/rustup-home/toolchains/1.69.0-x86_64-unknown-linux-gnu/lib/rustlib/x86_64-unknown-linux-gnu/lib/libgimli-d19d53abf68dfa6c.rlib" "/opt/rustwide/rustup-home/toolchains/1.69.0-x86_64-unknown-linux-gnu/lib/rustlib/x86_64-unknown-linux-gnu/lib/librustc_demangle-787cbccd19d64ac6.rlib" "/opt/rustwide/rustup-home/toolchains/1.69.0-x86_64-unknown-linux-gnu/lib/rustlib/x86_64-unknown-linux-gnu/lib/libstd_detect-b3837a36b830e0d0.rlib" "/opt/rustwide/rustup-home/toolchains/1.69.0-x86_64-unknown-linux-gnu/lib/rustlib/x86_64-unknown-linux-gnu/lib/libhashbrown-e3deb0e7e3f04966.rlib" "/opt/rustwide/rustup-home/toolchains/1.69.0-x86_64-unknown-linux-gnu/lib/rustlib/x86_64-unknown-linux-gnu/lib/libminiz_oxide-dabbb79c9815def4.rlib" "/opt/rustwide/rustup-home/toolchains/1.69.0-x86_64-unknown-linux-gnu/lib/rustlib/x86_64-unknown-linux-gnu/lib/libadler-305b01f34c9409f2.rlib" "/opt/rustwide/rustup-home/toolchains/1.69.0-x86_64-unknown-linux-gnu/lib/rustlib/x86_64-unknown-linux-gnu/lib/librustc_std_workspace_alloc-f833521df6074e73.rlib" "/opt/rustwide/rustup-home/toolchains/1.69.0-x86_64-unknown-linux-gnu/lib/rustlib/x86_64-unknown-linux-gnu/lib/libunwind-9ac333113350d171.rlib" "/opt/rustwide/rustup-home/toolchains/1.69.0-x86_64-unknown-linux-gnu/lib/rustlib/x86_64-unknown-linux-gnu/lib/libcfg_if-1c126114322d0eee.rlib" "/opt/rustwide/rustup-home/toolchains/1.69.0-x86_64-unknown-linux-gnu/lib/rustlib/x86_64-unknown-linux-gnu/lib/liblibc-bad9164fdeeecf92.rlib" "/opt/rustwide/rustup-home/toolchains/1.69.0-x86_64-unknown-linux-gnu/lib/rustlib/x86_64-unknown-linux-gnu/lib/liballoc-f9374b1e480fa681.rlib" "/opt/rustwide/rustup-home/toolchains/1.69.0-x86_64-unknown-linux-gnu/lib/rustlib/x86_64-unknown-linux-gnu/lib/librustc_std_workspace_core-207f06e41d9603af.rlib" "/opt/rustwide/rustup-home/toolchains/1.69.0-x86_64-unknown-linux-gnu/lib/rustlib/x86_64-unknown-linux-gnu/lib/libcore-7e2768e66e984e85.rlib" "/opt/rustwide/rustup-home/toolchains/1.69.0-x86_64-unknown-linux-gnu/lib/rustlib/x86_64-unknown-linux-gnu/lib/libcompiler_builtins-957b4aff41f8cd46.rlib" "-Wl,-Bdynamic" "-lgcc_s" "-lutil" "-lrt" "-lpthread" "-lm" "-ldl" "-lc" "-Wl,--eh-frame-hdr" "-Wl,-z,noexecstack" "-L" "/opt/rustwide/rustup-home/toolchains/1.69.0-x86_64-unknown-linux-gnu/lib/rustlib/x86_64-unknown-linux-gnu/lib" "-o" "/opt/rustwide/target/debug/build/quote-d12b327ff9eae41d/build_script_build-d12b327ff9eae41d" "-Wl,--gc-sections" "-pie" "-Wl,-z,relro,-z,now" "-nodefaultlibs"
[INFO] [stdout]   = note: /usr/bin/ld: final link failed: No space left on device
[INFO] [stdout]           collect2: error: ld returned 1 exit status
[INFO] [stdout]           
[INFO] [stdout] 
[INFO] [stdout] 
[INFO] [stdout] error: aborting due to previous error
[INFO] [stdout] 
[INFO] [stdout] 
[INFO] [stderr] error: could not compile `minimal-lexical`
[INFO] [stderr] warning: build failed, waiting for other jobs to finish...
[INFO] [stderr] error: could not compile `glob`
[INFO] [stderr] error: could not compile `memchr` due to 2 previous errors
[INFO] [stderr] error: could not compile `quote` due to 2 previous errors
[INFO] [stdout] error: linking with `cc` failed: exit status: 1
[INFO] [stdout]   |
[INFO] [stdout]   = note: LC_ALL="C" PATH="/opt/rustwide/rustup-home/toolchains/1.69.0-x86_64-unknown-linux-gnu/lib/rustlib/x86_64-unknown-linux-gnu/bin:/opt/rustwide/cargo-home/bin:/usr/local/sbin:/usr/local/bin:/usr/sbin:/usr/bin:/sbin:/bin" VSLANG="1033" "cc" "-m64" "/tmp/rustcW697m1/symbols.o" "/opt/rustwide/target/debug/build/libc-2933cbcf85616270/build_script_build-2933cbcf85616270.build_script_build.bd2dbc45-cgu.0.rcgu.o" "/opt/rustwide/target/debug/build/libc-2933cbcf85616270/build_script_build-2933cbcf85616270.build_script_build.bd2dbc45-cgu.1.rcgu.o" "/opt/rustwide/target/debug/build/libc-2933cbcf85616270/build_script_build-2933cbcf85616270.build_script_build.bd2dbc45-cgu.10.rcgu.o" "/opt/rustwide/target/debug/build/libc-2933cbcf85616270/build_script_build-2933cbcf85616270.build_script_build.bd2dbc45-cgu.11.rcgu.o" "/opt/rustwide/target/debug/build/libc-2933cbcf85616270/build_script_build-2933cbcf85616270.build_script_build.bd2dbc45-cgu.12.rcgu.o" "/opt/rustwide/target/debug/build/libc-2933cbcf85616270/build_script_build-2933cbcf85616270.build_script_build.bd2dbc45-cgu.13.rcgu.o" "/opt/rustwide/target/debug/build/libc-2933cbcf85616270/build_script_build-2933cbcf85616270.build_script_build.bd2dbc45-cgu.14.rcgu.o" "/opt/rustwide/target/debug/build/libc-2933cbcf85616270/build_script_build-2933cbcf85616270.build_script_build.bd2dbc45-cgu.15.rcgu.o" "/opt/rustwide/target/debug/build/libc-2933cbcf85616270/build_script_build-2933cbcf85616270.build_script_build.bd2dbc45-cgu.2.rcgu.o" "/opt/rustwide/target/debug/build/libc-2933cbcf85616270/build_script_build-2933cbcf85616270.build_script_build.bd2dbc45-cgu.3.rcgu.o" "/opt/rustwide/target/debug/build/libc-2933cbcf85616270/build_script_build-2933cbcf85616270.build_script_build.bd2dbc45-cgu.4.rcgu.o" "/opt/rustwide/target/debug/build/libc-2933cbcf85616270/build_script_build-2933cbcf85616270.build_script_build.bd2dbc45-cgu.5.rcgu.o" "/opt/rustwide/target/debug/build/libc-2933cbcf85616270/build_script_build-2933cbcf85616270.build_script_build.bd2dbc45-cgu.6.rcgu.o" "/opt/rustwide/target/debug/build/libc-2933cbcf85616270/build_script_build-2933cbcf85616270.build_script_build.bd2dbc45-cgu.7.rcgu.o" "/opt/rustwide/target/debug/build/libc-2933cbcf85616270/build_script_build-2933cbcf85616270.build_script_build.bd2dbc45-cgu.8.rcgu.o" "/opt/rustwide/target/debug/build/libc-2933cbcf85616270/build_script_build-2933cbcf85616270.build_script_build.bd2dbc45-cgu.9.rcgu.o" "/opt/rustwide/target/debug/build/libc-2933cbcf85616270/build_script_build-2933cbcf85616270.15j5ju2how3d5ecv.rcgu.o" "-Wl,--as-needed" "-L" "/opt/rustwide/target/debug/deps" "-L" "/opt/rustwide/rustup-home/toolchains/1.69.0-x86_64-unknown-linux-gnu/lib/rustlib/x86_64-unknown-linux-gnu/lib" "-Wl,-Bstatic" "/opt/rustwide/rustup-home/toolchains/1.69.0-x86_64-unknown-linux-gnu/lib/rustlib/x86_64-unknown-linux-gnu/lib/libstd-89bc084783fdc439.rlib" "/opt/rustwide/rustup-home/toolchains/1.69.0-x86_64-unknown-linux-gnu/lib/rustlib/x86_64-unknown-linux-gnu/lib/libpanic_unwind-8bee4b287d4367c1.rlib" "/opt/rustwide/rustup-home/toolchains/1.69.0-x86_64-unknown-linux-gnu/lib/rustlib/x86_64-unknown-linux-gnu/lib/libobject-d61707aed80694c0.rlib" "/opt/rustwide/rustup-home/toolchains/1.69.0-x86_64-unknown-linux-gnu/lib/rustlib/x86_64-unknown-linux-gnu/lib/libmemchr-d85366256f22345b.rlib" "/opt/rustwide/rustup-home/toolchains/1.69.0-x86_64-unknown-linux-gnu/lib/rustlib/x86_64-unknown-linux-gnu/lib/libaddr2line-96069b86b8a8cae9.rlib" "/opt/rustwide/rustup-home/toolchains/1.69.0-x86_64-unknown-linux-gnu/lib/rustlib/x86_64-unknown-linux-gnu/lib/libgimli-d19d53abf68dfa6c.rlib" "/opt/rustwide/rustup-home/toolchains/1.69.0-x86_64-unknown-linux-gnu/lib/rustlib/x86_64-unknown-linux-gnu/lib/librustc_demangle-787cbccd19d64ac6.rlib" "/opt/rustwide/rustup-home/toolchains/1.69.0-x86_64-unknown-linux-gnu/lib/rustlib/x86_64-unknown-linux-gnu/lib/libstd_detect-b3837a36b830e0d0.rlib" "/opt/rustwide/rustup-home/toolchains/1.69.0-x86_64-unknown-linux-gnu/lib/rustlib/x86_64-unknown-linux-gnu/lib/libhashbrown-e3deb0e7e3f04966.rlib" "/opt/rustwide/rustup-home/toolchains/1.69.0-x86_64-unknown-linux-gnu/lib/rustlib/x86_64-unknown-linux-gnu/lib/libminiz_oxide-dabbb79c9815def4.rlib" "/opt/rustwide/rustup-home/toolchains/1.69.0-x86_64-unknown-linux-gnu/lib/rustlib/x86_64-unknown-linux-gnu/lib/libadler-305b01f34c9409f2.rlib" "/opt/rustwide/rustup-home/toolchains/1.69.0-x86_64-unknown-linux-gnu/lib/rustlib/x86_64-unknown-linux-gnu/lib/librustc_std_workspace_alloc-f833521df6074e73.rlib" "/opt/rustwide/rustup-home/toolchains/1.69.0-x86_64-unknown-linux-gnu/lib/rustlib/x86_64-unknown-linux-gnu/lib/libunwind-9ac333113350d171.rlib" "/opt/rustwide/rustup-home/toolchains/1.69.0-x86_64-unknown-linux-gnu/lib/rustlib/x86_64-unknown-linux-gnu/lib/libcfg_if-1c126114322d0eee.rlib" "/opt/rustwide/rustup-home/toolchains/1.69.0-x86_64-unknown-linux-gnu/lib/rustlib/x86_64-unknown-linux-gnu/lib/liblibc-bad9164fdeeecf92.rlib" "/opt/rustwide/rustup-home/toolchains/1.69.0-x86_64-unknown-linux-gnu/lib/rustlib/x86_64-unknown-linux-gnu/lib/liballoc-f9374b1e480fa681.rlib" "/opt/rustwide/rustup-home/toolchains/1.69.0-x86_64-unknown-linux-gnu/lib/rustlib/x86_64-unknown-linux-gnu/lib/librustc_std_workspace_core-207f06e41d9603af.rlib" "/opt/rustwide/rustup-home/toolchains/1.69.0-x86_64-unknown-linux-gnu/lib/rustlib/x86_64-unknown-linux-gnu/lib/libcore-7e2768e66e984e85.rlib" "/opt/rustwide/rustup-home/toolchains/1.69.0-x86_64-unknown-linux-gnu/lib/rustlib/x86_64-unknown-linux-gnu/lib/libcompiler_builtins-957b4aff41f8cd46.rlib" "-Wl,-Bdynamic" "-lgcc_s" "-lutil" "-lrt" "-lpthread" "-lm" "-ldl" "-lc" "-Wl,--eh-frame-hdr" "-Wl,-z,noexecstack" "-L" "/opt/rustwide/rustup-home/toolchains/1.69.0-x86_64-unknown-linux-gnu/lib/rustlib/x86_64-unknown-linux-gnu/lib" "-o" "/opt/rustwide/target/debug/build/libc-2933cbcf85616270/build_script_build-2933cbcf85616270" "-Wl,--gc-sections" "-pie" "-Wl,-z,relro,-z,now" "-nodefaultlibs"
[INFO] [stdout]   = note: /usr/bin/ld: final link failed: No space left on device
[INFO] [stdout]           collect2: error: ld returned 1 exit status
[INFO] [stdout]           
[INFO] [stdout] 
[INFO] [stdout] 
[INFO] [stdout] error: aborting due to previous error
[INFO] [stdout] 
[INFO] [stdout] 
[INFO] [stderr] error: could not compile `libc` due to 2 previous errors
[INFO] [stdout] error: linking with `cc` failed: exit status: 1
[INFO] [stdout]   |
[INFO] [stdout]   = note: LC_ALL="C" PATH="/opt/rustwide/rustup-home/toolchains/1.69.0-x86_64-unknown-linux-gnu/lib/rustlib/x86_64-unknown-linux-gnu/bin:/opt/rustwide/cargo-home/bin:/usr/local/sbin:/usr/local/bin:/usr/sbin:/usr/bin:/sbin:/bin" VSLANG="1033" "cc" "-m64" "/tmp/rustcRKBNRn/symbols.o" "/opt/rustwide/target/debug/build/proc-macro2-1ab3ed28b4b3b8b5/build_script_build-1ab3ed28b4b3b8b5.build_script_build.3890b420-cgu.0.rcgu.o" "/opt/rustwide/target/debug/build/proc-macro2-1ab3ed28b4b3b8b5/build_script_build-1ab3ed28b4b3b8b5.build_script_build.3890b420-cgu.1.rcgu.o" "/opt/rustwide/target/debug/build/proc-macro2-1ab3ed28b4b3b8b5/build_script_build-1ab3ed28b4b3b8b5.build_script_build.3890b420-cgu.10.rcgu.o" "/opt/rustwide/target/debug/build/proc-macro2-1ab3ed28b4b3b8b5/build_script_build-1ab3ed28b4b3b8b5.build_script_build.3890b420-cgu.11.rcgu.o" "/opt/rustwide/target/debug/build/proc-macro2-1ab3ed28b4b3b8b5/build_script_build-1ab3ed28b4b3b8b5.build_script_build.3890b420-cgu.12.rcgu.o" "/opt/rustwide/target/debug/build/proc-macro2-1ab3ed28b4b3b8b5/build_script_build-1ab3ed28b4b3b8b5.build_script_build.3890b420-cgu.13.rcgu.o" "/opt/rustwide/target/debug/build/proc-macro2-1ab3ed28b4b3b8b5/build_script_build-1ab3ed28b4b3b8b5.build_script_build.3890b420-cgu.14.rcgu.o" "/opt/rustwide/target/debug/build/proc-macro2-1ab3ed28b4b3b8b5/build_script_build-1ab3ed28b4b3b8b5.build_script_build.3890b420-cgu.15.rcgu.o" "/opt/rustwide/target/debug/build/proc-macro2-1ab3ed28b4b3b8b5/build_script_build-1ab3ed28b4b3b8b5.build_script_build.3890b420-cgu.2.rcgu.o" "/opt/rustwide/target/debug/build/proc-macro2-1ab3ed28b4b3b8b5/build_script_build-1ab3ed28b4b3b8b5.build_script_build.3890b420-cgu.3.rcgu.o" "/opt/rustwide/target/debug/build/proc-macro2-1ab3ed28b4b3b8b5/build_script_build-1ab3ed28b4b3b8b5.build_script_build.3890b420-cgu.4.rcgu.o" "/opt/rustwide/target/debug/build/proc-macro2-1ab3ed28b4b3b8b5/build_script_build-1ab3ed28b4b3b8b5.build_script_build.3890b420-cgu.5.rcgu.o" "/opt/rustwide/target/debug/build/proc-macro2-1ab3ed28b4b3b8b5/build_script_build-1ab3ed28b4b3b8b5.build_script_build.3890b420-cgu.6.rcgu.o" "/opt/rustwide/target/debug/build/proc-macro2-1ab3ed28b4b3b8b5/build_script_build-1ab3ed28b4b3b8b5.build_script_build.3890b420-cgu.7.rcgu.o" "/opt/rustwide/target/debug/build/proc-macro2-1ab3ed28b4b3b8b5/build_script_build-1ab3ed28b4b3b8b5.build_script_build.3890b420-cgu.8.rcgu.o" "/opt/rustwide/target/debug/build/proc-macro2-1ab3ed28b4b3b8b5/build_script_build-1ab3ed28b4b3b8b5.build_script_build.3890b420-cgu.9.rcgu.o" "/opt/rustwide/target/debug/build/proc-macro2-1ab3ed28b4b3b8b5/build_script_build-1ab3ed28b4b3b8b5.3glng9000tysf1uz.rcgu.o" "-Wl,--as-needed" "-L" "/opt/rustwide/target/debug/deps" "-L" "/opt/rustwide/rustup-home/toolchains/1.69.0-x86_64-unknown-linux-gnu/lib/rustlib/x86_64-unknown-linux-gnu/lib" "-Wl,-Bstatic" "/opt/rustwide/rustup-home/toolchains/1.69.0-x86_64-unknown-linux-gnu/lib/rustlib/x86_64-unknown-linux-gnu/lib/libstd-89bc084783fdc439.rlib" "/opt/rustwide/rustup-home/toolchains/1.69.0-x86_64-unknown-linux-gnu/lib/rustlib/x86_64-unknown-linux-gnu/lib/libpanic_unwind-8bee4b287d4367c1.rlib" "/opt/rustwide/rustup-home/toolchains/1.69.0-x86_64-unknown-linux-gnu/lib/rustlib/x86_64-unknown-linux-gnu/lib/libobject-d61707aed80694c0.rlib" "/opt/rustwide/rustup-home/toolchains/1.69.0-x86_64-unknown-linux-gnu/lib/rustlib/x86_64-unknown-linux-gnu/lib/libmemchr-d85366256f22345b.rlib" "/opt/rustwide/rustup-home/toolchains/1.69.0-x86_64-unknown-linux-gnu/lib/rustlib/x86_64-unknown-linux-gnu/lib/libaddr2line-96069b86b8a8cae9.rlib" "/opt/rustwide/rustup-home/toolchains/1.69.0-x86_64-unknown-linux-gnu/lib/rustlib/x86_64-unknown-linux-gnu/lib/libgimli-d19d53abf68dfa6c.rlib" "/opt/rustwide/rustup-home/toolchains/1.69.0-x86_64-unknown-linux-gnu/lib/rustlib/x86_64-unknown-linux-gnu/lib/librustc_demangle-787cbccd19d64ac6.rlib" "/opt/rustwide/rustup-home/toolchains/1.69.0-x86_64-unknown-linux-gnu/lib/rustlib/x86_64-unknown-linux-gnu/lib/libstd_detect-b3837a36b830e0d0.rlib" "/opt/rustwide/rustup-home/toolchains/1.69.0-x86_64-unknown-linux-gnu/lib/rustlib/x86_64-unknown-linux-gnu/lib/libhashbrown-e3deb0e7e3f04966.rlib" "/opt/rustwide/rustup-home/toolchains/1.69.0-x86_64-unknown-linux-gnu/lib/rustlib/x86_64-unknown-linux-gnu/lib/libminiz_oxide-dabbb79c9815def4.rlib" "/opt/rustwide/rustup-home/toolchains/1.69.0-x86_64-unknown-linux-gnu/lib/rustlib/x86_64-unknown-linux-gnu/lib/libadler-305b01f34c9409f2.rlib" "/opt/rustwide/rustup-home/toolchains/1.69.0-x86_64-unknown-linux-gnu/lib/rustlib/x86_64-unknown-linux-gnu/lib/librustc_std_workspace_alloc-f833521df6074e73.rlib" "/opt/rustwide/rustup-home/toolchains/1.69.0-x86_64-unknown-linux-gnu/lib/rustlib/x86_64-unknown-linux-gnu/lib/libunwind-9ac333113350d171.rlib" "/opt/rustwide/rustup-home/toolchains/1.69.0-x86_64-unknown-linux-gnu/lib/rustlib/x86_64-unknown-linux-gnu/lib/libcfg_if-1c126114322d0eee.rlib" "/opt/rustwide/rustup-home/toolchains/1.69.0-x86_64-unknown-linux-gnu/lib/rustlib/x86_64-unknown-linux-gnu/lib/liblibc-bad9164fdeeecf92.rlib" "/opt/rustwide/rustup-home/toolchains/1.69.0-x86_64-unknown-linux-gnu/lib/rustlib/x86_64-unknown-linux-gnu/lib/liballoc-f9374b1e480fa681.rlib" "/opt/rustwide/rustup-home/toolchains/1.69.0-x86_64-unknown-linux-gnu/lib/rustlib/x86_64-unknown-linux-gnu/lib/librustc_std_workspace_core-207f06e41d9603af.rlib" "/opt/rustwide/rustup-home/toolchains/1.69.0-x86_64-unknown-linux-gnu/lib/rustlib/x86_64-unknown-linux-gnu/lib/libcore-7e2768e66e984e85.rlib" "/opt/rustwide/rustup-home/toolchains/1.69.0-x86_64-unknown-linux-gnu/lib/rustlib/x86_64-unknown-linux-gnu/lib/libcompiler_builtins-957b4aff41f8cd46.rlib" "-Wl,-Bdynamic" "-lgcc_s" "-lutil" "-lrt" "-lpthread" "-lm" "-ldl" "-lc" "-Wl,--eh-frame-hdr" "-Wl,-z,noexecstack" "-L" "/opt/rustwide/rustup-home/toolchains/1.69.0-x86_64-unknown-linux-gnu/lib/rustlib/x86_64-unknown-linux-gnu/lib" "-o" "/opt/rustwide/target/debug/build/proc-macro2-1ab3ed28b4b3b8b5/build_script_build-1ab3ed28b4b3b8b5" "-Wl,--gc-sections" "-pie" "-Wl,-z,relro,-z,now" "-nodefaultlibs"
[INFO] [stdout]   = note: /usr/bin/ld: final link failed: No space left on device
[INFO] [stdout]           collect2: error: ld returned 1 exit status
[INFO] [stdout]           
[INFO] [stdout] 
[INFO] [stdout] 
[INFO] [stdout] error: aborting due to previous error
[INFO] [stdout] 
[INFO] [stdout] 
[INFO] [stderr] error: could not compile `proc-macro2` due to 2 previous errors
[INFO] [stderr] thread 'rustc' panicked at 'assertion failed: pos.get() <= self.position()', compiler/rustc_metadata/src/rmeta/encoder.rs:435:9
[INFO] [stderr] error: could not compile `regex-syntax`
[INFO] running `Command { std: "docker" "inspect" "56c3fcc9122180fdae90d0b18391198c5b713991ce7e87e9c96531449277456b", kill_on_drop: false }`
[INFO] running `Command { std: "docker" "rm" "-f" "56c3fcc9122180fdae90d0b18391198c5b713991ce7e87e9c96531449277456b", kill_on_drop: false }`
[INFO] [stdout] 56c3fcc9122180fdae90d0b18391198c5b713991ce7e87e9c96531449277456b
