[INFO] cloning repository https://github.com/akofke/hackattic_problems
[INFO] running `Command { std: "git" "-c" "credential.helper=" "-c" "credential.helper=/workspace/cargo-home/bin/git-credential-null" "clone" "--bare" "https://github.com/akofke/hackattic_problems" "/workspace/cache/git-repos/https%3A%2F%2Fgithub.com%2Fakofke%2Fhackattic_problems", kill_on_drop: false }`
[INFO] [stderr] Cloning into bare repository '/workspace/cache/git-repos/https%3A%2F%2Fgithub.com%2Fakofke%2Fhackattic_problems'...
[INFO] running `Command { std: "git" "rev-parse" "HEAD", kill_on_drop: false }`
[INFO] [stdout] 8507e60410a9ecda87ee0cd9fb672c43f1686efa
[INFO] testing akofke/hackattic_problems against 1.69.0 for beta-1.70-1
[INFO] running `Command { std: "git" "clone" "/workspace/cache/git-repos/https%3A%2F%2Fgithub.com%2Fakofke%2Fhackattic_problems" "/workspace/builds/worker-6-tc1/source", kill_on_drop: false }`
[INFO] [stderr] Cloning into '/workspace/builds/worker-6-tc1/source'...
[INFO] [stderr] done.
[INFO] validating manifest of git repo https://github.com/akofke/hackattic_problems on toolchain 1.69.0
[INFO] running `Command { std: CARGO_HOME="/workspace/cargo-home" RUSTUP_HOME="/workspace/rustup-home" "/workspace/cargo-home/bin/cargo" "+1.69.0" "metadata" "--manifest-path" "Cargo.toml" "--no-deps", kill_on_drop: false }`
[INFO] started tweaking git repo https://github.com/akofke/hackattic_problems
[INFO] finished tweaking git repo https://github.com/akofke/hackattic_problems
[INFO] tweaked toml for git repo https://github.com/akofke/hackattic_problems written to /workspace/builds/worker-6-tc1/source/Cargo.toml
[INFO] crate git repo https://github.com/akofke/hackattic_problems already has a lockfile, it will not be regenerated
[INFO] running `Command { std: CARGO_HOME="/workspace/cargo-home" RUSTUP_HOME="/workspace/rustup-home" "/workspace/cargo-home/bin/cargo" "+1.69.0" "fetch" "--manifest-path" "Cargo.toml", kill_on_drop: false }`
[INFO] [stderr]     Updating git repository `https://github.com/housleyjk/ws-rs`
[INFO] [stderr]  Downloading crates ...
[INFO] [stderr]   Downloaded serde_derive v1.0.55
[INFO] [stderr]   Downloaded arrayref v0.3.4
[INFO] [stderr]   Downloaded tokio-threadpool v0.1.3
[INFO] [stderr]   Downloaded openssl-sys v0.9.30
[INFO] [stderr]   Downloaded bytes v0.4.7
[INFO] [stderr]   Downloaded cc v1.0.15
[INFO] [stderr]   Downloaded serde v1.0.55
[INFO] [stderr]   Downloaded tokio v0.1.6
[INFO] [stderr]   Downloaded schannel v0.1.12
[INFO] [stderr]   Downloaded syn v0.13.10
[INFO] [stderr]   Downloaded tokio-timer v0.2.3
[INFO] [stderr]   Downloaded reqwest v0.8.5
[INFO] [stderr]   Downloaded base64 v0.9.1
[INFO] [stderr]   Downloaded hyper v0.11.26
[INFO] running `Command { std: "docker" "create" "-v" "/var/lib/crater-agent-workspace/builds/worker-6-tc1/target:/opt/rustwide/target:rw,Z" "-v" "/var/lib/crater-agent-workspace/builds/worker-6-tc1/source:/opt/rustwide/workdir:ro,Z" "-v" "/var/lib/crater-agent-workspace/cargo-home:/opt/rustwide/cargo-home:ro,Z" "-v" "/var/lib/crater-agent-workspace/rustup-home:/opt/rustwide/rustup-home:ro,Z" "-e" "SOURCE_DIR=/opt/rustwide/workdir" "-e" "CARGO_TARGET_DIR=/opt/rustwide/target" "-e" "CARGO_HOME=/opt/rustwide/cargo-home" "-e" "RUSTUP_HOME=/opt/rustwide/rustup-home" "-w" "/opt/rustwide/workdir" "-m" "1610612736" "--user" "0:0" "--network" "none" "ghcr.io/rust-lang/crates-build-env/linux@sha256:97d61d7686bf65f8ecb15491ab51835e82dc9176a96a831f143a431b191fc501" "/opt/rustwide/cargo-home/bin/cargo" "+1.69.0" "metadata" "--no-deps" "--format-version=1", kill_on_drop: false }`
[INFO] [stdout] 92def75a0db870e75433bc1f1a96c2230e2da2a3fdd388c935228f489b6a19db
[INFO] running `Command { std: "docker" "start" "-a" "92def75a0db870e75433bc1f1a96c2230e2da2a3fdd388c935228f489b6a19db", kill_on_drop: false }`
[INFO] running `Command { std: "docker" "inspect" "92def75a0db870e75433bc1f1a96c2230e2da2a3fdd388c935228f489b6a19db", kill_on_drop: false }`
[INFO] running `Command { std: "docker" "rm" "-f" "92def75a0db870e75433bc1f1a96c2230e2da2a3fdd388c935228f489b6a19db", kill_on_drop: false }`
[INFO] [stdout] 92def75a0db870e75433bc1f1a96c2230e2da2a3fdd388c935228f489b6a19db
[INFO] running `Command { std: "docker" "create" "-v" "/var/lib/crater-agent-workspace/builds/worker-6-tc1/target:/opt/rustwide/target:rw,Z" "-v" "/var/lib/crater-agent-workspace/builds/worker-6-tc1/source:/opt/rustwide/workdir:ro,Z" "-v" "/var/lib/crater-agent-workspace/cargo-home:/opt/rustwide/cargo-home:ro,Z" "-v" "/var/lib/crater-agent-workspace/rustup-home:/opt/rustwide/rustup-home:ro,Z" "-e" "SOURCE_DIR=/opt/rustwide/workdir" "-e" "CARGO_TARGET_DIR=/opt/rustwide/target" "-e" "CARGO_INCREMENTAL=0" "-e" "RUST_BACKTRACE=full" "-e" "RUSTFLAGS=--cap-lints=warn" "-e" "RUSTDOCFLAGS=--cap-lints=warn" "-e" "CARGO_HOME=/opt/rustwide/cargo-home" "-e" "RUSTUP_HOME=/opt/rustwide/rustup-home" "-w" "/opt/rustwide/workdir" "-m" "1610612736" "--user" "0:0" "--network" "none" "ghcr.io/rust-lang/crates-build-env/linux@sha256:97d61d7686bf65f8ecb15491ab51835e82dc9176a96a831f143a431b191fc501" "/opt/rustwide/cargo-home/bin/cargo" "+1.69.0" "build" "--frozen" "--message-format=json", kill_on_drop: false }`
[INFO] [stdout] d2531ea13bc9307d414c11b129082f68d01aa0dbc77d5aa95ee0a624cc813808
[INFO] running `Command { std: "docker" "start" "-a" "d2531ea13bc9307d414c11b129082f68d01aa0dbc77d5aa95ee0a624cc813808", kill_on_drop: false }`
[INFO] [stderr]    Compiling libc v0.2.40
[INFO] [stderr]    Compiling version_check v0.1.4
[INFO] [stderr]    Compiling cfg-if v0.1.3
[INFO] [stderr]    Compiling futures v0.1.21
[INFO] [stderr]    Compiling byteorder v1.2.3
[INFO] [stderr]    Compiling lazycell v0.6.0
[INFO] [stderr]    Compiling slab v0.4.0
[INFO] [stderr]    Compiling nodrop v0.1.12
[INFO] [stderr]    Compiling scopeguard v0.3.3
[INFO] [stderr]    Compiling memoffset v0.2.1
[INFO] [stderr]    Compiling cc v1.0.15
[INFO] [stderr]    Compiling pkg-config v0.3.11
[INFO] [stderr]    Compiling siphasher v0.2.2
[INFO] [stderr]    Compiling openssl v0.9.24
[INFO] [stderr]    Compiling foreign-types-shared v0.1.1
[INFO] [stderr]    Compiling percent-encoding v1.0.1
[INFO] [stderr]    Compiling log v0.4.1
[INFO] [stderr]    Compiling arrayvec v0.4.7
[INFO] [stderr]    Compiling crossbeam-utils v0.3.2
[INFO] [stderr]    Compiling foreign-types v0.3.2
[INFO] [stderr]    Compiling scoped-tls v0.1.2
[INFO] [stderr]    Compiling matches v0.1.6
[INFO] [stderr]    Compiling bitflags v0.9.1
[INFO] [stderr]    Compiling build_const v0.2.1
[INFO] [stderr]    Compiling unicode-bidi v0.3.4
[INFO] [stderr]    Compiling unicode-normalization v0.1.7
[INFO] [stderr]    Compiling log v0.3.9
[INFO] [stderr]    Compiling slab v0.3.0
[INFO] [stderr]    Compiling unicode-xid v0.1.0
[INFO] [stderr]    Compiling take v0.1.0
[INFO] [stdout] error: failed to write /tmp/rustcstKZas/lib.rmeta: No space left on device (os error 28)
[INFO] [stdout] 
[INFO] [stdout] 
[INFO] [stdout] error: aborting due to previous error
[INFO] [stdout] 
[INFO] [stdout] 
[INFO] [stdout] error: linking with `cc` failed: exit status: 1
[INFO] [stdout]   |
[INFO] [stdout]   = note: LC_ALL="C" PATH="/opt/rustwide/rustup-home/toolchains/1.69.0-x86_64-unknown-linux-gnu/lib/rustlib/x86_64-unknown-linux-gnu/bin:/opt/rustwide/cargo-home/bin:/usr/local/sbin:/usr/local/bin:/usr/sbin:/usr/bin:/sbin:/bin" VSLANG="1033" "cc" "-m64" "/tmp/rustcmI8OJu/symbols.o" "/opt/rustwide/target/debug/build/openssl-2d6d8ebbb0bd12ce/build_script_build-2d6d8ebbb0bd12ce.build_script_build.3d405d48-cgu.0.rcgu.o" "/opt/rustwide/target/debug/build/openssl-2d6d8ebbb0bd12ce/build_script_build-2d6d8ebbb0bd12ce.build_script_build.3d405d48-cgu.1.rcgu.o" "/opt/rustwide/target/debug/build/openssl-2d6d8ebbb0bd12ce/build_script_build-2d6d8ebbb0bd12ce.build_script_build.3d405d48-cgu.10.rcgu.o" "/opt/rustwide/target/debug/build/openssl-2d6d8ebbb0bd12ce/build_script_build-2d6d8ebbb0bd12ce.build_script_build.3d405d48-cgu.11.rcgu.o" "/opt/rustwide/target/debug/build/openssl-2d6d8ebbb0bd12ce/build_script_build-2d6d8ebbb0bd12ce.build_script_build.3d405d48-cgu.12.rcgu.o" "/opt/rustwide/target/debug/build/openssl-2d6d8ebbb0bd12ce/build_script_build-2d6d8ebbb0bd12ce.build_script_build.3d405d48-cgu.13.rcgu.o" "/opt/rustwide/target/debug/build/openssl-2d6d8ebbb0bd12ce/build_script_build-2d6d8ebbb0bd12ce.build_script_build.3d405d48-cgu.14.rcgu.o" "/opt/rustwide/target/debug/build/openssl-2d6d8ebbb0bd12ce/build_script_build-2d6d8ebbb0bd12ce.build_script_build.3d405d48-cgu.15.rcgu.o" "/opt/rustwide/target/debug/build/openssl-2d6d8ebbb0bd12ce/build_script_build-2d6d8ebbb0bd12ce.build_script_build.3d405d48-cgu.2.rcgu.o" "/opt/rustwide/target/debug/build/openssl-2d6d8ebbb0bd12ce/build_script_build-2d6d8ebbb0bd12ce.build_script_build.3d405d48-cgu.3.rcgu.o" "/opt/rustwide/target/debug/build/openssl-2d6d8ebbb0bd12ce/build_script_build-2d6d8ebbb0bd12ce.build_script_build.3d405d48-cgu.4.rcgu.o" "/opt/rustwide/target/debug/build/openssl-2d6d8ebbb0bd12ce/build_script_build-2d6d8ebbb0bd12ce.build_script_build.3d405d48-cgu.5.rcgu.o" "/opt/rustwide/target/debug/build/openssl-2d6d8ebbb0bd12ce/build_script_build-2d6d8ebbb0bd12ce.build_script_build.3d405d48-cgu.6.rcgu.o" "/opt/rustwide/target/debug/build/openssl-2d6d8ebbb0bd12ce/build_script_build-2d6d8ebbb0bd12ce.build_script_build.3d405d48-cgu.7.rcgu.o" "/opt/rustwide/target/debug/build/openssl-2d6d8ebbb0bd12ce/build_script_build-2d6d8ebbb0bd12ce.build_script_build.3d405d48-cgu.8.rcgu.o" "/opt/rustwide/target/debug/build/openssl-2d6d8ebbb0bd12ce/build_script_build-2d6d8ebbb0bd12ce.build_script_build.3d405d48-cgu.9.rcgu.o" "/opt/rustwide/target/debug/build/openssl-2d6d8ebbb0bd12ce/build_script_build-2d6d8ebbb0bd12ce.4d31fegxx4u6lk84.rcgu.o" "-Wl,--as-needed" "-L" "/opt/rustwide/target/debug/deps" "-L" "/opt/rustwide/rustup-home/toolchains/1.69.0-x86_64-unknown-linux-gnu/lib/rustlib/x86_64-unknown-linux-gnu/lib" "-Wl,-Bstatic" "/opt/rustwide/rustup-home/toolchains/1.69.0-x86_64-unknown-linux-gnu/lib/rustlib/x86_64-unknown-linux-gnu/lib/libstd-89bc084783fdc439.rlib" "/opt/rustwide/rustup-home/toolchains/1.69.0-x86_64-unknown-linux-gnu/lib/rustlib/x86_64-unknown-linux-gnu/lib/libpanic_unwind-8bee4b287d4367c1.rlib" "/opt/rustwide/rustup-home/toolchains/1.69.0-x86_64-unknown-linux-gnu/lib/rustlib/x86_64-unknown-linux-gnu/lib/libobject-d61707aed80694c0.rlib" "/opt/rustwide/rustup-home/toolchains/1.69.0-x86_64-unknown-linux-gnu/lib/rustlib/x86_64-unknown-linux-gnu/lib/libmemchr-d85366256f22345b.rlib" "/opt/rustwide/rustup-home/toolchains/1.69.0-x86_64-unknown-linux-gnu/lib/rustlib/x86_64-unknown-linux-gnu/lib/libaddr2line-96069b86b8a8cae9.rlib" "/opt/rustwide/rustup-home/toolchains/1.69.0-x86_64-unknown-linux-gnu/lib/rustlib/x86_64-unknown-linux-gnu/lib/libgimli-d19d53abf68dfa6c.rlib" "/opt/rustwide/rustup-home/toolchains/1.69.0-x86_64-unknown-linux-gnu/lib/rustlib/x86_64-unknown-linux-gnu/lib/librustc_demangle-787cbccd19d64ac6.rlib" "/opt/rustwide/rustup-home/toolchains/1.69.0-x86_64-unknown-linux-gnu/lib/rustlib/x86_64-unknown-linux-gnu/lib/libstd_detect-b3837a36b830e0d0.rlib" "/opt/rustwide/rustup-home/toolchains/1.69.0-x86_64-unknown-linux-gnu/lib/rustlib/x86_64-unknown-linux-gnu/lib/libhashbrown-e3deb0e7e3f04966.rlib" "/opt/rustwide/rustup-home/toolchains/1.69.0-x86_64-unknown-linux-gnu/lib/rustlib/x86_64-unknown-linux-gnu/lib/libminiz_oxide-dabbb79c9815def4.rlib" "/opt/rustwide/rustup-home/toolchains/1.69.0-x86_64-unknown-linux-gnu/lib/rustlib/x86_64-unknown-linux-gnu/lib/libadler-305b01f34c9409f2.rlib" "/opt/rustwide/rustup-home/toolchains/1.69.0-x86_64-unknown-linux-gnu/lib/rustlib/x86_64-unknown-linux-gnu/lib/librustc_std_workspace_alloc-f833521df6074e73.rlib" "/opt/rustwide/rustup-home/toolchains/1.69.0-x86_64-unknown-linux-gnu/lib/rustlib/x86_64-unknown-linux-gnu/lib/libunwind-9ac333113350d171.rlib" "/opt/rustwide/rustup-home/toolchains/1.69.0-x86_64-unknown-linux-gnu/lib/rustlib/x86_64-unknown-linux-gnu/lib/libcfg_if-1c126114322d0eee.rlib" "/opt/rustwide/rustup-home/toolchains/1.69.0-x86_64-unknown-linux-gnu/lib/rustlib/x86_64-unknown-linux-gnu/lib/liblibc-bad9164fdeeecf92.rlib" "/opt/rustwide/rustup-home/toolchains/1.69.0-x86_64-unknown-linux-gnu/lib/rustlib/x86_64-unknown-linux-gnu/lib/liballoc-f9374b1e480fa681.rlib" "/opt/rustwide/rustup-home/toolchains/1.69.0-x86_64-unknown-linux-gnu/lib/rustlib/x86_64-unknown-linux-gnu/lib/librustc_std_workspace_core-207f06e41d9603af.rlib" "/opt/rustwide/rustup-home/toolchains/1.69.0-x86_64-unknown-linux-gnu/lib/rustlib/x86_64-unknown-linux-gnu/lib/libcore-7e2768e66e984e85.rlib" "/opt/rustwide/rustup-home/toolchains/1.69.0-x86_64-unknown-linux-gnu/lib/rustlib/x86_64-unknown-linux-gnu/lib/libcompiler_builtins-957b4aff41f8cd46.rlib" "-Wl,-Bdynamic" "-lgcc_s" "-lutil" "-lrt" "-lpthread" "-lm" "-ldl" "-lc" "-Wl,--eh-frame-hdr" "-Wl,-z,noexecstack" "-L" "/opt/rustwide/rustup-home/toolchains/1.69.0-x86_64-unknown-linux-gnu/lib/rustlib/x86_64-unknown-linux-gnu/lib" "-o" "/opt/rustwide/target/debug/build/openssl-2d6d8ebbb0bd12ce/build_script_build-2d6d8ebbb0bd12ce" "-Wl,--gc-sections" "-pie" "-Wl,-z,relro,-z,now" "-nodefaultlibs"
[INFO] [stdout]   = note: /usr/bin/ld: final link failed: No space left on device
[INFO] [stdout]           collect2: error: ld returned 1 exit status
[INFO] [stdout]           
[INFO] [stdout] 
[INFO] [stdout] 
[INFO] [stdout] error: aborting due to previous error
[INFO] [stdout] 
[INFO] [stdout] 
[INFO] [stderr] error: could not compile `byteorder` due to 2 previous errors
[INFO] [stderr] warning: build failed, waiting for other jobs to finish...
[INFO] [stderr] error: could not compile `openssl` due to 2 previous errors
[INFO] [stderr] LLVM ERROR: IO failure on output stream: No space left on device
[INFO] [stdout] error: failed to write /tmp/rustcIpU762/lib.rmeta: No space left on device (os error 28)
[INFO] [stdout] 
[INFO] [stdout] 
[INFO] [stderr] error: could not compile `arrayvec` due to previous error
[INFO] [stderr] error: could not compile `pkg-config`
[INFO] [stderr] LLVM ERROR: IO failure on output stream: No space left on device
[INFO] [stderr] LLVM ERROR: IO failure on output stream: No space left on device
[INFO] [stderr] error: could not compile `unicode-xid`
[INFO] [stderr] error: could not compile `take`
[INFO] [stdout] error: couldn't create a temp dir: No space left on device (os error 28) at path "/opt/rustwide/target/debug/deps/rmetaYwNOrq"
[INFO] [stdout] 
[INFO] [stdout] 
[INFO] [stdout] error: couldn't create a temp dir: No space left on device (os error 28) at path "/opt/rustwide/target/debug/deps/rmetaTYCP1G"
[INFO] [stdout] 
[INFO] [stdout] 
[INFO] [stderr] error: could not compile `slab` due to previous error
[INFO] [stderr] error: could not compile `log` due to previous error
[INFO] [stdout] error: couldn't create a temp dir: No space left on device (os error 28) at path "/opt/rustwide/target/debug/deps/rmetaysblMe"
[INFO] [stdout] 
[INFO] [stdout] 
[INFO] [stderr] thread 'rustc' panicked at 'assertion failed: pos.get() <= self.position()', compiler/rustc_metadata/src/rmeta/encoder.rs:454:9
[INFO] [stderr] error: could not compile `libc` due to previous error
[INFO] [stdout] error: couldn't create a temp dir: No space left on device (os error 28) at path "/opt/rustwide/target/debug/deps/rmetaC0COuk"
[INFO] [stdout] 
[INFO] [stdout] 
[INFO] [stderr] error: could not compile `unicode-bidi` due to previous error
[INFO] [stderr] error: could not compile `cc`
[INFO] [stderr] thread 'rustc' panicked at 'assertion failed: pos.get() <= self.position()', compiler/rustc_metadata/src/rmeta/encoder.rs:435:9
[INFO] [stderr] error: could not compile `futures`
[INFO] [stderr] thread 'rustc' panicked at 'assertion failed: pos.get() <= self.position()', compiler/rustc_metadata/src/rmeta/encoder.rs:435:9
[INFO] [stderr] error: could not compile `unicode-normalization`
[INFO] running `Command { std: "docker" "inspect" "d2531ea13bc9307d414c11b129082f68d01aa0dbc77d5aa95ee0a624cc813808", kill_on_drop: false }`
[INFO] running `Command { std: "docker" "rm" "-f" "d2531ea13bc9307d414c11b129082f68d01aa0dbc77d5aa95ee0a624cc813808", kill_on_drop: false }`
[INFO] [stdout] d2531ea13bc9307d414c11b129082f68d01aa0dbc77d5aa95ee0a624cc813808
