[INFO] cloning repository https://github.com/ahmad-reza619/snake-game
[INFO] running `Command { std: "git" "-c" "credential.helper=" "-c" "credential.helper=/workspace/cargo-home/bin/git-credential-null" "clone" "--bare" "https://github.com/ahmad-reza619/snake-game" "/workspace/cache/git-repos/https%3A%2F%2Fgithub.com%2Fahmad-reza619%2Fsnake-game", kill_on_drop: false }`
[INFO] [stderr] Cloning into bare repository '/workspace/cache/git-repos/https%3A%2F%2Fgithub.com%2Fahmad-reza619%2Fsnake-game'...
[INFO] [stderr] /workspace/cache/git-repos/https%3A%2F%2Fgithub.com%2Fahmad-reza619%2Fsnake-game: No space left on device
[WARN] Retrying crate fetch in 3 seconds (attempt 1)
[INFO] cloning repository https://github.com/ahmad-reza619/snake-game
[INFO] running `Command { std: "git" "-c" "credential.helper=" "-c" "credential.helper=/workspace/cargo-home/bin/git-credential-null" "clone" "--bare" "https://github.com/ahmad-reza619/snake-game" "/workspace/cache/git-repos/https%3A%2F%2Fgithub.com%2Fahmad-reza619%2Fsnake-game", kill_on_drop: false }`
[INFO] [stderr] Cloning into bare repository '/workspace/cache/git-repos/https%3A%2F%2Fgithub.com%2Fahmad-reza619%2Fsnake-game'...
[INFO] [stderr] /workspace/cache/git-repos/https%3A%2F%2Fgithub.com%2Fahmad-reza619%2Fsnake-game: No space left on device
[WARN] Retrying crate fetch in 3 seconds (attempt 2)
[INFO] cloning repository https://github.com/ahmad-reza619/snake-game
[INFO] running `Command { std: "git" "-c" "credential.helper=" "-c" "credential.helper=/workspace/cargo-home/bin/git-credential-null" "clone" "--bare" "https://github.com/ahmad-reza619/snake-game" "/workspace/cache/git-repos/https%3A%2F%2Fgithub.com%2Fahmad-reza619%2Fsnake-game", kill_on_drop: false }`
[INFO] [stderr] Cloning into bare repository '/workspace/cache/git-repos/https%3A%2F%2Fgithub.com%2Fahmad-reza619%2Fsnake-game'...
[INFO] [stderr] /workspace/cache/git-repos/https%3A%2F%2Fgithub.com%2Fahmad-reza619%2Fsnake-game: No space left on device
[WARN] Retrying crate fetch in 3 seconds (attempt 3)
[INFO] cloning repository https://github.com/ahmad-reza619/snake-game
[INFO] running `Command { std: "git" "-c" "credential.helper=" "-c" "credential.helper=/workspace/cargo-home/bin/git-credential-null" "clone" "--bare" "https://github.com/ahmad-reza619/snake-game" "/workspace/cache/git-repos/https%3A%2F%2Fgithub.com%2Fahmad-reza619%2Fsnake-game", kill_on_drop: false }`
[INFO] [stderr] Cloning into bare repository '/workspace/cache/git-repos/https%3A%2F%2Fgithub.com%2Fahmad-reza619%2Fsnake-game'...
[INFO] [stderr] /workspace/cache/git-repos/https%3A%2F%2Fgithub.com%2Fahmad-reza619%2Fsnake-game: No space left on device
[WARN] Retrying crate fetch in 3 seconds (attempt 4)
[INFO] cloning repository https://github.com/ahmad-reza619/snake-game
[INFO] running `Command { std: "git" "-c" "credential.helper=" "-c" "credential.helper=/workspace/cargo-home/bin/git-credential-null" "clone" "--bare" "https://github.com/ahmad-reza619/snake-game" "/workspace/cache/git-repos/https%3A%2F%2Fgithub.com%2Fahmad-reza619%2Fsnake-game", kill_on_drop: false }`
[INFO] [stderr] Cloning into bare repository '/workspace/cache/git-repos/https%3A%2F%2Fgithub.com%2Fahmad-reza619%2Fsnake-game'...
[INFO] [stderr] /workspace/cache/git-repos/https%3A%2F%2Fgithub.com%2Fahmad-reza619%2Fsnake-game: No space left on device
[WARN] Retrying crate fetch in 3 seconds (attempt 5)
[INFO] cloning repository https://github.com/ahmad-reza619/snake-game
[INFO] running `Command { std: "git" "-c" "credential.helper=" "-c" "credential.helper=/workspace/cargo-home/bin/git-credential-null" "clone" "--bare" "https://github.com/ahmad-reza619/snake-game" "/workspace/cache/git-repos/https%3A%2F%2Fgithub.com%2Fahmad-reza619%2Fsnake-game", kill_on_drop: false }`
[INFO] [stderr] Cloning into bare repository '/workspace/cache/git-repos/https%3A%2F%2Fgithub.com%2Fahmad-reza619%2Fsnake-game'...
[INFO] [stderr] /workspace/cache/git-repos/https%3A%2F%2Fgithub.com%2Fahmad-reza619%2Fsnake-game: No space left on device
[WARN] Retrying crate fetch in 3 seconds (attempt 6)
[INFO] cloning repository https://github.com/ahmad-reza619/snake-game
[INFO] running `Command { std: "git" "-c" "credential.helper=" "-c" "credential.helper=/workspace/cargo-home/bin/git-credential-null" "clone" "--bare" "https://github.com/ahmad-reza619/snake-game" "/workspace/cache/git-repos/https%3A%2F%2Fgithub.com%2Fahmad-reza619%2Fsnake-game", kill_on_drop: false }`
[INFO] [stderr] Cloning into bare repository '/workspace/cache/git-repos/https%3A%2F%2Fgithub.com%2Fahmad-reza619%2Fsnake-game'...
[INFO] [stderr] /workspace/cache/git-repos/https%3A%2F%2Fgithub.com%2Fahmad-reza619%2Fsnake-game: No space left on device
[WARN] Retrying crate fetch in 3 seconds (attempt 7)
[INFO] cloning repository https://github.com/ahmad-reza619/snake-game
[INFO] running `Command { std: "git" "-c" "credential.helper=" "-c" "credential.helper=/workspace/cargo-home/bin/git-credential-null" "clone" "--bare" "https://github.com/ahmad-reza619/snake-game" "/workspace/cache/git-repos/https%3A%2F%2Fgithub.com%2Fahmad-reza619%2Fsnake-game", kill_on_drop: false }`
[INFO] [stderr] Cloning into bare repository '/workspace/cache/git-repos/https%3A%2F%2Fgithub.com%2Fahmad-reza619%2Fsnake-game'...
[INFO] [stderr] /workspace/cache/git-repos/https%3A%2F%2Fgithub.com%2Fahmad-reza619%2Fsnake-game: No space left on device
[WARN] Retrying crate fetch in 3 seconds (attempt 8)
[INFO] cloning repository https://github.com/ahmad-reza619/snake-game
[INFO] running `Command { std: "git" "-c" "credential.helper=" "-c" "credential.helper=/workspace/cargo-home/bin/git-credential-null" "clone" "--bare" "https://github.com/ahmad-reza619/snake-game" "/workspace/cache/git-repos/https%3A%2F%2Fgithub.com%2Fahmad-reza619%2Fsnake-game", kill_on_drop: false }`
[INFO] [stderr] Cloning into bare repository '/workspace/cache/git-repos/https%3A%2F%2Fgithub.com%2Fahmad-reza619%2Fsnake-game'...
[INFO] [stderr] /workspace/cache/git-repos/https%3A%2F%2Fgithub.com%2Fahmad-reza619%2Fsnake-game: No space left on device
[WARN] Retrying crate fetch in 3 seconds (attempt 9)
[INFO] cloning repository https://github.com/ahmad-reza619/snake-game
[INFO] running `Command { std: "git" "-c" "credential.helper=" "-c" "credential.helper=/workspace/cargo-home/bin/git-credential-null" "clone" "--bare" "https://github.com/ahmad-reza619/snake-game" "/workspace/cache/git-repos/https%3A%2F%2Fgithub.com%2Fahmad-reza619%2Fsnake-game", kill_on_drop: false }`
[INFO] [stderr] Cloning into bare repository '/workspace/cache/git-repos/https%3A%2F%2Fgithub.com%2Fahmad-reza619%2Fsnake-game'...
[INFO] [stderr] /workspace/cache/git-repos/https%3A%2F%2Fgithub.com%2Fahmad-reza619%2Fsnake-game: No space left on device
[WARN] Retrying crate fetch in 3 seconds (attempt 10)
[INFO] cloning repository https://github.com/ahmad-reza619/snake-game
[INFO] running `Command { std: "git" "-c" "credential.helper=" "-c" "credential.helper=/workspace/cargo-home/bin/git-credential-null" "clone" "--bare" "https://github.com/ahmad-reza619/snake-game" "/workspace/cache/git-repos/https%3A%2F%2Fgithub.com%2Fahmad-reza619%2Fsnake-game", kill_on_drop: false }`
[INFO] [stderr] Cloning into bare repository '/workspace/cache/git-repos/https%3A%2F%2Fgithub.com%2Fahmad-reza619%2Fsnake-game'...
[INFO] [stderr] /workspace/cache/git-repos/https%3A%2F%2Fgithub.com%2Fahmad-reza619%2Fsnake-game: No space left on device
[WARN] Retrying crate fetch in 3 seconds (attempt 11)
[INFO] cloning repository https://github.com/ahmad-reza619/snake-game
[INFO] running `Command { std: "git" "-c" "credential.helper=" "-c" "credential.helper=/workspace/cargo-home/bin/git-credential-null" "clone" "--bare" "https://github.com/ahmad-reza619/snake-game" "/workspace/cache/git-repos/https%3A%2F%2Fgithub.com%2Fahmad-reza619%2Fsnake-game", kill_on_drop: false }`
[INFO] [stderr] Cloning into bare repository '/workspace/cache/git-repos/https%3A%2F%2Fgithub.com%2Fahmad-reza619%2Fsnake-game'...
[INFO] [stderr] /workspace/cache/git-repos/https%3A%2F%2Fgithub.com%2Fahmad-reza619%2Fsnake-game: No space left on device
[WARN] Retrying crate fetch in 3 seconds (attempt 12)
[INFO] cloning repository https://github.com/ahmad-reza619/snake-game
[INFO] running `Command { std: "git" "-c" "credential.helper=" "-c" "credential.helper=/workspace/cargo-home/bin/git-credential-null" "clone" "--bare" "https://github.com/ahmad-reza619/snake-game" "/workspace/cache/git-repos/https%3A%2F%2Fgithub.com%2Fahmad-reza619%2Fsnake-game", kill_on_drop: false }`
[INFO] [stderr] Cloning into bare repository '/workspace/cache/git-repos/https%3A%2F%2Fgithub.com%2Fahmad-reza619%2Fsnake-game'...
[INFO] [stderr] /workspace/cache/git-repos/https%3A%2F%2Fgithub.com%2Fahmad-reza619%2Fsnake-game: No space left on device
[WARN] Retrying crate fetch in 3 seconds (attempt 13)
[INFO] cloning repository https://github.com/ahmad-reza619/snake-game
[INFO] running `Command { std: "git" "-c" "credential.helper=" "-c" "credential.helper=/workspace/cargo-home/bin/git-credential-null" "clone" "--bare" "https://github.com/ahmad-reza619/snake-game" "/workspace/cache/git-repos/https%3A%2F%2Fgithub.com%2Fahmad-reza619%2Fsnake-game", kill_on_drop: false }`
[INFO] [stderr] Cloning into bare repository '/workspace/cache/git-repos/https%3A%2F%2Fgithub.com%2Fahmad-reza619%2Fsnake-game'...
[INFO] running `Command { std: "git" "rev-parse" "HEAD", kill_on_drop: false }`
[INFO] [stdout] 7593f53d2d60afaf23bb9f50a9f0aa2b576d5c10
[INFO] testing ahmad-reza619/snake-game against 1.69.0 for beta-1.70-1
[INFO] running `Command { std: "git" "clone" "/workspace/cache/git-repos/https%3A%2F%2Fgithub.com%2Fahmad-reza619%2Fsnake-game" "/workspace/builds/worker-6-tc1/source", kill_on_drop: false }`
[INFO] [stderr] Cloning into '/workspace/builds/worker-6-tc1/source'...
[INFO] [stderr] done.
[INFO] validating manifest of git repo https://github.com/ahmad-reza619/snake-game on toolchain 1.69.0
[INFO] running `Command { std: CARGO_HOME="/workspace/cargo-home" RUSTUP_HOME="/workspace/rustup-home" "/workspace/cargo-home/bin/cargo" "+1.69.0" "metadata" "--manifest-path" "Cargo.toml" "--no-deps", kill_on_drop: false }`
[INFO] started tweaking git repo https://github.com/ahmad-reza619/snake-game
[INFO] finished tweaking git repo https://github.com/ahmad-reza619/snake-game
[INFO] tweaked toml for git repo https://github.com/ahmad-reza619/snake-game written to /workspace/builds/worker-6-tc1/source/Cargo.toml
[INFO] crate git repo https://github.com/ahmad-reza619/snake-game already has a lockfile, it will not be regenerated
[INFO] running `Command { std: CARGO_HOME="/workspace/cargo-home" RUSTUP_HOME="/workspace/rustup-home" "/workspace/cargo-home/bin/cargo" "+1.69.0" "fetch" "--manifest-path" "Cargo.toml", kill_on_drop: false }`
[INFO] [stderr]  Downloading crates ...
[INFO] [stderr]   Downloaded piston v0.53.0
[INFO] [stderr]   Downloaded piston2d-gfx_graphics v0.73.0
[INFO] [stderr]   Downloaded pistoncore-event_loop v0.53.0
[INFO] [stderr]   Downloaded piston_window v0.120.0
[INFO] [stderr]   Downloaded piston2d-graphics v0.40.0
[INFO] running `Command { std: "docker" "create" "-v" "/var/lib/crater-agent-workspace/builds/worker-6-tc1/target:/opt/rustwide/target:rw,Z" "-v" "/var/lib/crater-agent-workspace/builds/worker-6-tc1/source:/opt/rustwide/workdir:ro,Z" "-v" "/var/lib/crater-agent-workspace/cargo-home:/opt/rustwide/cargo-home:ro,Z" "-v" "/var/lib/crater-agent-workspace/rustup-home:/opt/rustwide/rustup-home:ro,Z" "-e" "SOURCE_DIR=/opt/rustwide/workdir" "-e" "CARGO_TARGET_DIR=/opt/rustwide/target" "-e" "CARGO_HOME=/opt/rustwide/cargo-home" "-e" "RUSTUP_HOME=/opt/rustwide/rustup-home" "-w" "/opt/rustwide/workdir" "-m" "1610612736" "--user" "0:0" "--network" "none" "ghcr.io/rust-lang/crates-build-env/linux@sha256:97d61d7686bf65f8ecb15491ab51835e82dc9176a96a831f143a431b191fc501" "/opt/rustwide/cargo-home/bin/cargo" "+1.69.0" "metadata" "--no-deps" "--format-version=1", kill_on_drop: false }`
[INFO] [stdout] fd6a3eea5ad692a9ee5909dab5eff0dc572769f094f17a7cab6e540508ec6ed8
[INFO] running `Command { std: "docker" "start" "-a" "fd6a3eea5ad692a9ee5909dab5eff0dc572769f094f17a7cab6e540508ec6ed8", kill_on_drop: false }`
[INFO] running `Command { std: "docker" "inspect" "fd6a3eea5ad692a9ee5909dab5eff0dc572769f094f17a7cab6e540508ec6ed8", kill_on_drop: false }`
[INFO] running `Command { std: "docker" "rm" "-f" "fd6a3eea5ad692a9ee5909dab5eff0dc572769f094f17a7cab6e540508ec6ed8", kill_on_drop: false }`
[INFO] [stdout] fd6a3eea5ad692a9ee5909dab5eff0dc572769f094f17a7cab6e540508ec6ed8
[INFO] running `Command { std: "docker" "create" "-v" "/var/lib/crater-agent-workspace/builds/worker-6-tc1/target:/opt/rustwide/target:rw,Z" "-v" "/var/lib/crater-agent-workspace/builds/worker-6-tc1/source:/opt/rustwide/workdir:ro,Z" "-v" "/var/lib/crater-agent-workspace/cargo-home:/opt/rustwide/cargo-home:ro,Z" "-v" "/var/lib/crater-agent-workspace/rustup-home:/opt/rustwide/rustup-home:ro,Z" "-e" "SOURCE_DIR=/opt/rustwide/workdir" "-e" "CARGO_TARGET_DIR=/opt/rustwide/target" "-e" "CARGO_INCREMENTAL=0" "-e" "RUST_BACKTRACE=full" "-e" "RUSTFLAGS=--cap-lints=warn" "-e" "RUSTDOCFLAGS=--cap-lints=warn" "-e" "CARGO_HOME=/opt/rustwide/cargo-home" "-e" "RUSTUP_HOME=/opt/rustwide/rustup-home" "-w" "/opt/rustwide/workdir" "-m" "1610612736" "--user" "0:0" "--network" "none" "ghcr.io/rust-lang/crates-build-env/linux@sha256:97d61d7686bf65f8ecb15491ab51835e82dc9176a96a831f143a431b191fc501" "/opt/rustwide/cargo-home/bin/cargo" "+1.69.0" "build" "--frozen" "--message-format=json", kill_on_drop: false }`
[INFO] [stdout] 150979c6595849f48716eac749df2b1f46134ae9cc61f09a17667da54e2587f1
[INFO] running `Command { std: "docker" "start" "-a" "150979c6595849f48716eac749df2b1f46134ae9cc61f09a17667da54e2587f1", kill_on_drop: false }`
[INFO] [stderr]    Compiling cfg-if v1.0.0
[INFO] [stderr]    Compiling libc v0.2.98
[INFO] [stderr]    Compiling autocfg v1.0.1
[INFO] [stderr]    Compiling xml-rs v0.8.3
[INFO] [stderr]    Compiling log v0.4.14
[INFO] [stderr]    Compiling bitflags v1.2.1
[INFO] [stderr]    Compiling lazy_static v1.4.0
[INFO] [stderr]    Compiling proc-macro2 v1.0.28
[INFO] [stderr]    Compiling unicode-xid v0.2.2
[INFO] [stderr]    Compiling khronos_api v3.1.0
[INFO] [stderr]    Compiling pkg-config v0.3.19
[INFO] [stderr]    Compiling scopeguard v1.1.0
[INFO] [stderr]    Compiling crossbeam-utils v0.8.5
[INFO] [stderr]    Compiling smallvec v1.6.1
[INFO] [stderr]    Compiling crossbeam-epoch v0.9.5
[INFO] [stderr]    Compiling cfg-if v0.1.10
[INFO] [stderr]    Compiling libloading v0.7.0
[INFO] [stderr]    Compiling memchr v2.3.4
[INFO] [stderr]    Compiling ttf-parser v0.6.2
[INFO] [stderr]    Compiling version_check v0.9.3
[INFO] [stderr]    Compiling once_cell v1.8.0
[INFO] [stderr]    Compiling dlib v0.5.0
[INFO] [stderr] LLVM ERROR: IO failure on output stream: No space left on device
[INFO] [stderr] LLVM ERROR: IO failure on output stream: No space left on device
[INFO] [stderr] thread 'rustc' panicked at 'assertion failed: pos.get() <= self.position()', compiler/rustc_metadata/src/rmeta/encoder.rs:435:9
[INFO] [stdout] error: linking with `cc` failed: exit status: 1
[INFO] [stdout]   |
[INFO] [stdout]   = note: LC_ALL="C" PATH="/opt/rustwide/rustup-home/toolchains/1.69.0-x86_64-unknown-linux-gnu/lib/rustlib/x86_64-unknown-linux-gnu/bin:/opt/rustwide/cargo-home/bin:/usr/local/sbin:/usr/local/bin:/usr/sbin:/usr/bin:/sbin:/bin" VSLANG="1033" "cc" "-m64" "/tmp/rustc2VT0oB/symbols.o" "/opt/rustwide/target/debug/build/crossbeam-epoch-8e4434e8141c619e/build_script_build-8e4434e8141c619e.build_script_build.560b44b9-cgu.0.rcgu.o" "/opt/rustwide/target/debug/build/crossbeam-epoch-8e4434e8141c619e/build_script_build-8e4434e8141c619e.build_script_build.560b44b9-cgu.1.rcgu.o" "/opt/rustwide/target/debug/build/crossbeam-epoch-8e4434e8141c619e/build_script_build-8e4434e8141c619e.build_script_build.560b44b9-cgu.10.rcgu.o" "/opt/rustwide/target/debug/build/crossbeam-epoch-8e4434e8141c619e/build_script_build-8e4434e8141c619e.build_script_build.560b44b9-cgu.11.rcgu.o" "/opt/rustwide/target/debug/build/crossbeam-epoch-8e4434e8141c619e/build_script_build-8e4434e8141c619e.build_script_build.560b44b9-cgu.12.rcgu.o" "/opt/rustwide/target/debug/build/crossbeam-epoch-8e4434e8141c619e/build_script_build-8e4434e8141c619e.build_script_build.560b44b9-cgu.13.rcgu.o" "/opt/rustwide/target/debug/build/crossbeam-epoch-8e4434e8141c619e/build_script_build-8e4434e8141c619e.build_script_build.560b44b9-cgu.14.rcgu.o" "/opt/rustwide/target/debug/build/crossbeam-epoch-8e4434e8141c619e/build_script_build-8e4434e8141c619e.build_script_build.560b44b9-cgu.15.rcgu.o" "/opt/rustwide/target/debug/build/crossbeam-epoch-8e4434e8141c619e/build_script_build-8e4434e8141c619e.build_script_build.560b44b9-cgu.2.rcgu.o" "/opt/rustwide/target/debug/build/crossbeam-epoch-8e4434e8141c619e/build_script_build-8e4434e8141c619e.build_script_build.560b44b9-cgu.3.rcgu.o" "/opt/rustwide/target/debug/build/crossbeam-epoch-8e4434e8141c619e/build_script_build-8e4434e8141c619e.build_script_build.560b44b9-cgu.4.rcgu.o" "/opt/rustwide/target/debug/build/crossbeam-epoch-8e4434e8141c619e/build_script_build-8e4434e8141c619e.build_script_build.560b44b9-cgu.5.rcgu.o" "/opt/rustwide/target/debug/build/crossbeam-epoch-8e4434e8141c619e/build_script_build-8e4434e8141c619e.build_script_build.560b44b9-cgu.6.rcgu.o" "/opt/rustwide/target/debug/build/crossbeam-epoch-8e4434e8141c619e/build_script_build-8e4434e8141c619e.build_script_build.560b44b9-cgu.7.rcgu.o" "/opt/rustwide/target/debug/build/crossbeam-epoch-8e4434e8141c619e/build_script_build-8e4434e8141c619e.build_script_build.560b44b9-cgu.8.rcgu.o" "/opt/rustwide/target/debug/build/crossbeam-epoch-8e4434e8141c619e/build_script_build-8e4434e8141c619e.build_script_build.560b44b9-cgu.9.rcgu.o" "/opt/rustwide/target/debug/build/crossbeam-epoch-8e4434e8141c619e/build_script_build-8e4434e8141c619e.cj5zecivswor0hp.rcgu.o" "-Wl,--as-needed" "-L" "/opt/rustwide/target/debug/deps" "-L" "/opt/rustwide/rustup-home/toolchains/1.69.0-x86_64-unknown-linux-gnu/lib/rustlib/x86_64-unknown-linux-gnu/lib" "-Wl,-Bstatic" "/opt/rustwide/rustup-home/toolchains/1.69.0-x86_64-unknown-linux-gnu/lib/rustlib/x86_64-unknown-linux-gnu/lib/libstd-89bc084783fdc439.rlib" "/opt/rustwide/rustup-home/toolchains/1.69.0-x86_64-unknown-linux-gnu/lib/rustlib/x86_64-unknown-linux-gnu/lib/libpanic_unwind-8bee4b287d4367c1.rlib" "/opt/rustwide/rustup-home/toolchains/1.69.0-x86_64-unknown-linux-gnu/lib/rustlib/x86_64-unknown-linux-gnu/lib/libobject-d61707aed80694c0.rlib" "/opt/rustwide/rustup-home/toolchains/1.69.0-x86_64-unknown-linux-gnu/lib/rustlib/x86_64-unknown-linux-gnu/lib/libmemchr-d85366256f22345b.rlib" "/opt/rustwide/rustup-home/toolchains/1.69.0-x86_64-unknown-linux-gnu/lib/rustlib/x86_64-unknown-linux-gnu/lib/libaddr2line-96069b86b8a8cae9.rlib" "/opt/rustwide/rustup-home/toolchains/1.69.0-x86_64-unknown-linux-gnu/lib/rustlib/x86_64-unknown-linux-gnu/lib/libgimli-d19d53abf68dfa6c.rlib" "/opt/rustwide/rustup-home/toolchains/1.69.0-x86_64-unknown-linux-gnu/lib/rustlib/x86_64-unknown-linux-gnu/lib/librustc_demangle-787cbccd19d64ac6.rlib" "/opt/rustwide/rustup-home/toolchains/1.69.0-x86_64-unknown-linux-gnu/lib/rustlib/x86_64-unknown-linux-gnu/lib/libstd_detect-b3837a36b830e0d0.rlib" "/opt/rustwide/rustup-home/toolchains/1.69.0-x86_64-unknown-linux-gnu/lib/rustlib/x86_64-unknown-linux-gnu/lib/libhashbrown-e3deb0e7e3f04966.rlib" "/opt/rustwide/rustup-home/toolchains/1.69.0-x86_64-unknown-linux-gnu/lib/rustlib/x86_64-unknown-linux-gnu/lib/libminiz_oxide-dabbb79c9815def4.rlib" "/opt/rustwide/rustup-home/toolchains/1.69.0-x86_64-unknown-linux-gnu/lib/rustlib/x86_64-unknown-linux-gnu/lib/libadler-305b01f34c9409f2.rlib" "/opt/rustwide/rustup-home/toolchains/1.69.0-x86_64-unknown-linux-gnu/lib/rustlib/x86_64-unknown-linux-gnu/lib/librustc_std_workspace_alloc-f833521df6074e73.rlib" "/opt/rustwide/rustup-home/toolchains/1.69.0-x86_64-unknown-linux-gnu/lib/rustlib/x86_64-unknown-linux-gnu/lib/libunwind-9ac333113350d171.rlib" "/opt/rustwide/rustup-home/toolchains/1.69.0-x86_64-unknown-linux-gnu/lib/rustlib/x86_64-unknown-linux-gnu/lib/libcfg_if-1c126114322d0eee.rlib" "/opt/rustwide/rustup-home/toolchains/1.69.0-x86_64-unknown-linux-gnu/lib/rustlib/x86_64-unknown-linux-gnu/lib/liblibc-bad9164fdeeecf92.rlib" "/opt/rustwide/rustup-home/toolchains/1.69.0-x86_64-unknown-linux-gnu/lib/rustlib/x86_64-unknown-linux-gnu/lib/liballoc-f9374b1e480fa681.rlib" "/opt/rustwide/rustup-home/toolchains/1.69.0-x86_64-unknown-linux-gnu/lib/rustlib/x86_64-unknown-linux-gnu/lib/librustc_std_workspace_core-207f06e41d9603af.rlib" "/opt/rustwide/rustup-home/toolchains/1.69.0-x86_64-unknown-linux-gnu/lib/rustlib/x86_64-unknown-linux-gnu/lib/libcore-7e2768e66e984e85.rlib" "/opt/rustwide/rustup-home/toolchains/1.69.0-x86_64-unknown-linux-gnu/lib/rustlib/x86_64-unknown-linux-gnu/lib/libcompiler_builtins-957b4aff41f8cd46.rlib" "-Wl,-Bdynamic" "-lgcc_s" "-lutil" "-lrt" "-lpthread" "-lm" "-ldl" "-lc" "-Wl,--eh-frame-hdr" "-Wl,-z,noexecstack" "-L" "/opt/rustwide/rustup-home/toolchains/1.69.0-x86_64-unknown-linux-gnu/lib/rustlib/x86_64-unknown-linux-gnu/lib" "-o" "/opt/rustwide/target/debug/build/crossbeam-epoch-8e4434e8141c619e/build_script_build-8e4434e8141c619e" "-Wl,--gc-sections" "-pie" "-Wl,-z,relro,-z,now" "-nodefaultlibs"
[INFO] [stdout]   = note: /usr/bin/ld: final link failed: No space left on device
[INFO] [stdout]           collect2: error: ld returned 1 exit status
[INFO] [stdout]           
[INFO] [stdout] 
[INFO] [stdout] 
[INFO] [stdout] error: aborting due to previous error
[INFO] [stdout] 
[INFO] [stdout] 
[INFO] [stderr] error: could not compile `autocfg`
[INFO] [stderr] warning: build failed, waiting for other jobs to finish...
[INFO] [stderr] error: could not compile `crossbeam-epoch` due to 2 previous errors
[INFO] [stderr] error: could not compile `proc-macro2`
[INFO] [stderr] LLVM ERROR: IO failure on output stream: No space left on device
[INFO] [stdout] error: linking with `cc` failed: exit status: 1
[INFO] [stdout]   |
[INFO] [stdout]   = note: LC_ALL="C" PATH="/opt/rustwide/rustup-home/toolchains/1.69.0-x86_64-unknown-linux-gnu/lib/rustlib/x86_64-unknown-linux-gnu/bin:/opt/rustwide/cargo-home/bin:/usr/local/sbin:/usr/local/bin:/usr/sbin:/usr/bin:/sbin:/bin" VSLANG="1033" "cc" "-m64" "/tmp/rustcU4G5VT/symbols.o" "/opt/rustwide/target/debug/build/crossbeam-utils-87b6c9a4863888e2/build_script_build-87b6c9a4863888e2.build_script_build.12654f24-cgu.0.rcgu.o" "/opt/rustwide/target/debug/build/crossbeam-utils-87b6c9a4863888e2/build_script_build-87b6c9a4863888e2.build_script_build.12654f24-cgu.1.rcgu.o" "/opt/rustwide/target/debug/build/crossbeam-utils-87b6c9a4863888e2/build_script_build-87b6c9a4863888e2.build_script_build.12654f24-cgu.10.rcgu.o" "/opt/rustwide/target/debug/build/crossbeam-utils-87b6c9a4863888e2/build_script_build-87b6c9a4863888e2.build_script_build.12654f24-cgu.11.rcgu.o" "/opt/rustwide/target/debug/build/crossbeam-utils-87b6c9a4863888e2/build_script_build-87b6c9a4863888e2.build_script_build.12654f24-cgu.12.rcgu.o" "/opt/rustwide/target/debug/build/crossbeam-utils-87b6c9a4863888e2/build_script_build-87b6c9a4863888e2.build_script_build.12654f24-cgu.13.rcgu.o" "/opt/rustwide/target/debug/build/crossbeam-utils-87b6c9a4863888e2/build_script_build-87b6c9a4863888e2.build_script_build.12654f24-cgu.14.rcgu.o" "/opt/rustwide/target/debug/build/crossbeam-utils-87b6c9a4863888e2/build_script_build-87b6c9a4863888e2.build_script_build.12654f24-cgu.15.rcgu.o" "/opt/rustwide/target/debug/build/crossbeam-utils-87b6c9a4863888e2/build_script_build-87b6c9a4863888e2.build_script_build.12654f24-cgu.2.rcgu.o" "/opt/rustwide/target/debug/build/crossbeam-utils-87b6c9a4863888e2/build_script_build-87b6c9a4863888e2.build_script_build.12654f24-cgu.3.rcgu.o" "/opt/rustwide/target/debug/build/crossbeam-utils-87b6c9a4863888e2/build_script_build-87b6c9a4863888e2.build_script_build.12654f24-cgu.4.rcgu.o" "/opt/rustwide/target/debug/build/crossbeam-utils-87b6c9a4863888e2/build_script_build-87b6c9a4863888e2.build_script_build.12654f24-cgu.5.rcgu.o" "/opt/rustwide/target/debug/build/crossbeam-utils-87b6c9a4863888e2/build_script_build-87b6c9a4863888e2.build_script_build.12654f24-cgu.6.rcgu.o" "/opt/rustwide/target/debug/build/crossbeam-utils-87b6c9a4863888e2/build_script_build-87b6c9a4863888e2.build_script_build.12654f24-cgu.7.rcgu.o" "/opt/rustwide/target/debug/build/crossbeam-utils-87b6c9a4863888e2/build_script_build-87b6c9a4863888e2.build_script_build.12654f24-cgu.8.rcgu.o" "/opt/rustwide/target/debug/build/crossbeam-utils-87b6c9a4863888e2/build_script_build-87b6c9a4863888e2.build_script_build.12654f24-cgu.9.rcgu.o" "/opt/rustwide/target/debug/build/crossbeam-utils-87b6c9a4863888e2/build_script_build-87b6c9a4863888e2.2hsszx3n3t1bvrsd.rcgu.o" "-Wl,--as-needed" "-L" "/opt/rustwide/target/debug/deps" "-L" "/opt/rustwide/rustup-home/toolchains/1.69.0-x86_64-unknown-linux-gnu/lib/rustlib/x86_64-unknown-linux-gnu/lib" "-Wl,-Bstatic" "/opt/rustwide/rustup-home/toolchains/1.69.0-x86_64-unknown-linux-gnu/lib/rustlib/x86_64-unknown-linux-gnu/lib/libstd-89bc084783fdc439.rlib" "/opt/rustwide/rustup-home/toolchains/1.69.0-x86_64-unknown-linux-gnu/lib/rustlib/x86_64-unknown-linux-gnu/lib/libpanic_unwind-8bee4b287d4367c1.rlib" "/opt/rustwide/rustup-home/toolchains/1.69.0-x86_64-unknown-linux-gnu/lib/rustlib/x86_64-unknown-linux-gnu/lib/libobject-d61707aed80694c0.rlib" "/opt/rustwide/rustup-home/toolchains/1.69.0-x86_64-unknown-linux-gnu/lib/rustlib/x86_64-unknown-linux-gnu/lib/libmemchr-d85366256f22345b.rlib" "/opt/rustwide/rustup-home/toolchains/1.69.0-x86_64-unknown-linux-gnu/lib/rustlib/x86_64-unknown-linux-gnu/lib/libaddr2line-96069b86b8a8cae9.rlib" "/opt/rustwide/rustup-home/toolchains/1.69.0-x86_64-unknown-linux-gnu/lib/rustlib/x86_64-unknown-linux-gnu/lib/libgimli-d19d53abf68dfa6c.rlib" "/opt/rustwide/rustup-home/toolchains/1.69.0-x86_64-unknown-linux-gnu/lib/rustlib/x86_64-unknown-linux-gnu/lib/librustc_demangle-787cbccd19d64ac6.rlib" "/opt/rustwide/rustup-home/toolchains/1.69.0-x86_64-unknown-linux-gnu/lib/rustlib/x86_64-unknown-linux-gnu/lib/libstd_detect-b3837a36b830e0d0.rlib" "/opt/rustwide/rustup-home/toolchains/1.69.0-x86_64-unknown-linux-gnu/lib/rustlib/x86_64-unknown-linux-gnu/lib/libhashbrown-e3deb0e7e3f04966.rlib" "/opt/rustwide/rustup-home/toolchains/1.69.0-x86_64-unknown-linux-gnu/lib/rustlib/x86_64-unknown-linux-gnu/lib/libminiz_oxide-dabbb79c9815def4.rlib" "/opt/rustwide/rustup-home/toolchains/1.69.0-x86_64-unknown-linux-gnu/lib/rustlib/x86_64-unknown-linux-gnu/lib/libadler-305b01f34c9409f2.rlib" "/opt/rustwide/rustup-home/toolchains/1.69.0-x86_64-unknown-linux-gnu/lib/rustlib/x86_64-unknown-linux-gnu/lib/librustc_std_workspace_alloc-f833521df6074e73.rlib" "/opt/rustwide/rustup-home/toolchains/1.69.0-x86_64-unknown-linux-gnu/lib/rustlib/x86_64-unknown-linux-gnu/lib/libunwind-9ac333113350d171.rlib" "/opt/rustwide/rustup-home/toolchains/1.69.0-x86_64-unknown-linux-gnu/lib/rustlib/x86_64-unknown-linux-gnu/lib/libcfg_if-1c126114322d0eee.rlib" "/opt/rustwide/rustup-home/toolchains/1.69.0-x86_64-unknown-linux-gnu/lib/rustlib/x86_64-unknown-linux-gnu/lib/liblibc-bad9164fdeeecf92.rlib" "/opt/rustwide/rustup-home/toolchains/1.69.0-x86_64-unknown-linux-gnu/lib/rustlib/x86_64-unknown-linux-gnu/lib/liballoc-f9374b1e480fa681.rlib" "/opt/rustwide/rustup-home/toolchains/1.69.0-x86_64-unknown-linux-gnu/lib/rustlib/x86_64-unknown-linux-gnu/lib/librustc_std_workspace_core-207f06e41d9603af.rlib" "/opt/rustwide/rustup-home/toolchains/1.69.0-x86_64-unknown-linux-gnu/lib/rustlib/x86_64-unknown-linux-gnu/lib/libcore-7e2768e66e984e85.rlib" "/opt/rustwide/rustup-home/toolchains/1.69.0-x86_64-unknown-linux-gnu/lib/rustlib/x86_64-unknown-linux-gnu/lib/libcompiler_builtins-957b4aff41f8cd46.rlib" "-Wl,-Bdynamic" "-lgcc_s" "-lutil" "-lrt" "-lpthread" "-lm" "-ldl" "-lc" "-Wl,--eh-frame-hdr" "-Wl,-z,noexecstack" "-L" "/opt/rustwide/rustup-home/toolchains/1.69.0-x86_64-unknown-linux-gnu/lib/rustlib/x86_64-unknown-linux-gnu/lib" "-o" "/opt/rustwide/target/debug/build/crossbeam-utils-87b6c9a4863888e2/build_script_build-87b6c9a4863888e2" "-Wl,--gc-sections" "-pie" "-Wl,-z,relro,-z,now" "-nodefaultlibs"
[INFO] [stdout]   = note: /usr/bin/ld: final link failed: No space left on device
[INFO] [stdout]           collect2: error: ld returned 1 exit status
[INFO] [stdout]           
[INFO] [stdout] 
[INFO] [stdout] 
[INFO] [stdout] error: aborting due to previous error
[INFO] [stdout] 
[INFO] [stdout] 
[INFO] [stdout] error: linking with `cc` failed: exit status: 1
[INFO] [stdout]   |
[INFO] [stdout]   = note: LC_ALL="C" PATH="/opt/rustwide/rustup-home/toolchains/1.69.0-x86_64-unknown-linux-gnu/lib/rustlib/x86_64-unknown-linux-gnu/bin:/opt/rustwide/cargo-home/bin:/usr/local/sbin:/usr/local/bin:/usr/sbin:/usr/bin:/sbin:/bin" VSLANG="1033" "cc" "-m64" "/tmp/rustc2cKnHg/symbols.o" "/opt/rustwide/target/debug/build/khronos_api-6a4269fe47cbee49/build_script_build-6a4269fe47cbee49.build_script_build.75e1dd17-cgu.0.rcgu.o" "/opt/rustwide/target/debug/build/khronos_api-6a4269fe47cbee49/build_script_build-6a4269fe47cbee49.build_script_build.75e1dd17-cgu.1.rcgu.o" "/opt/rustwide/target/debug/build/khronos_api-6a4269fe47cbee49/build_script_build-6a4269fe47cbee49.build_script_build.75e1dd17-cgu.10.rcgu.o" "/opt/rustwide/target/debug/build/khronos_api-6a4269fe47cbee49/build_script_build-6a4269fe47cbee49.build_script_build.75e1dd17-cgu.11.rcgu.o" "/opt/rustwide/target/debug/build/khronos_api-6a4269fe47cbee49/build_script_build-6a4269fe47cbee49.build_script_build.75e1dd17-cgu.12.rcgu.o" "/opt/rustwide/target/debug/build/khronos_api-6a4269fe47cbee49/build_script_build-6a4269fe47cbee49.build_script_build.75e1dd17-cgu.13.rcgu.o" "/opt/rustwide/target/debug/build/khronos_api-6a4269fe47cbee49/build_script_build-6a4269fe47cbee49.build_script_build.75e1dd17-cgu.14.rcgu.o" "/opt/rustwide/target/debug/build/khronos_api-6a4269fe47cbee49/build_script_build-6a4269fe47cbee49.build_script_build.75e1dd17-cgu.15.rcgu.o" "/opt/rustwide/target/debug/build/khronos_api-6a4269fe47cbee49/build_script_build-6a4269fe47cbee49.build_script_build.75e1dd17-cgu.2.rcgu.o" "/opt/rustwide/target/debug/build/khronos_api-6a4269fe47cbee49/build_script_build-6a4269fe47cbee49.build_script_build.75e1dd17-cgu.3.rcgu.o" "/opt/rustwide/target/debug/build/khronos_api-6a4269fe47cbee49/build_script_build-6a4269fe47cbee49.build_script_build.75e1dd17-cgu.4.rcgu.o" "/opt/rustwide/target/debug/build/khronos_api-6a4269fe47cbee49/build_script_build-6a4269fe47cbee49.build_script_build.75e1dd17-cgu.5.rcgu.o" "/opt/rustwide/target/debug/build/khronos_api-6a4269fe47cbee49/build_script_build-6a4269fe47cbee49.build_script_build.75e1dd17-cgu.6.rcgu.o" "/opt/rustwide/target/debug/build/khronos_api-6a4269fe47cbee49/build_script_build-6a4269fe47cbee49.build_script_build.75e1dd17-cgu.7.rcgu.o" "/opt/rustwide/target/debug/build/khronos_api-6a4269fe47cbee49/build_script_build-6a4269fe47cbee49.build_script_build.75e1dd17-cgu.8.rcgu.o" "/opt/rustwide/target/debug/build/khronos_api-6a4269fe47cbee49/build_script_build-6a4269fe47cbee49.build_script_build.75e1dd17-cgu.9.rcgu.o" "/opt/rustwide/target/debug/build/khronos_api-6a4269fe47cbee49/build_script_build-6a4269fe47cbee49.2tgwmhrl7dmykmzk.rcgu.o" "-Wl,--as-needed" "-L" "/opt/rustwide/target/debug/deps" "-L" "/opt/rustwide/rustup-home/toolchains/1.69.0-x86_64-unknown-linux-gnu/lib/rustlib/x86_64-unknown-linux-gnu/lib" "-Wl,-Bstatic" "/opt/rustwide/rustup-home/toolchains/1.69.0-x86_64-unknown-linux-gnu/lib/rustlib/x86_64-unknown-linux-gnu/lib/libstd-89bc084783fdc439.rlib" "/opt/rustwide/rustup-home/toolchains/1.69.0-x86_64-unknown-linux-gnu/lib/rustlib/x86_64-unknown-linux-gnu/lib/libpanic_unwind-8bee4b287d4367c1.rlib" "/opt/rustwide/rustup-home/toolchains/1.69.0-x86_64-unknown-linux-gnu/lib/rustlib/x86_64-unknown-linux-gnu/lib/libobject-d61707aed80694c0.rlib" "/opt/rustwide/rustup-home/toolchains/1.69.0-x86_64-unknown-linux-gnu/lib/rustlib/x86_64-unknown-linux-gnu/lib/libmemchr-d85366256f22345b.rlib" "/opt/rustwide/rustup-home/toolchains/1.69.0-x86_64-unknown-linux-gnu/lib/rustlib/x86_64-unknown-linux-gnu/lib/libaddr2line-96069b86b8a8cae9.rlib" "/opt/rustwide/rustup-home/toolchains/1.69.0-x86_64-unknown-linux-gnu/lib/rustlib/x86_64-unknown-linux-gnu/lib/libgimli-d19d53abf68dfa6c.rlib" "/opt/rustwide/rustup-home/toolchains/1.69.0-x86_64-unknown-linux-gnu/lib/rustlib/x86_64-unknown-linux-gnu/lib/librustc_demangle-787cbccd19d64ac6.rlib" "/opt/rustwide/rustup-home/toolchains/1.69.0-x86_64-unknown-linux-gnu/lib/rustlib/x86_64-unknown-linux-gnu/lib/libstd_detect-b3837a36b830e0d0.rlib" "/opt/rustwide/rustup-home/toolchains/1.69.0-x86_64-unknown-linux-gnu/lib/rustlib/x86_64-unknown-linux-gnu/lib/libhashbrown-e3deb0e7e3f04966.rlib" "/opt/rustwide/rustup-home/toolchains/1.69.0-x86_64-unknown-linux-gnu/lib/rustlib/x86_64-unknown-linux-gnu/lib/libminiz_oxide-dabbb79c9815def4.rlib" "/opt/rustwide/rustup-home/toolchains/1.69.0-x86_64-unknown-linux-gnu/lib/rustlib/x86_64-unknown-linux-gnu/lib/libadler-305b01f34c9409f2.rlib" "/opt/rustwide/rustup-home/toolchains/1.69.0-x86_64-unknown-linux-gnu/lib/rustlib/x86_64-unknown-linux-gnu/lib/librustc_std_workspace_alloc-f833521df6074e73.rlib" "/opt/rustwide/rustup-home/toolchains/1.69.0-x86_64-unknown-linux-gnu/lib/rustlib/x86_64-unknown-linux-gnu/lib/libunwind-9ac333113350d171.rlib" "/opt/rustwide/rustup-home/toolchains/1.69.0-x86_64-unknown-linux-gnu/lib/rustlib/x86_64-unknown-linux-gnu/lib/libcfg_if-1c126114322d0eee.rlib" "/opt/rustwide/rustup-home/toolchains/1.69.0-x86_64-unknown-linux-gnu/lib/rustlib/x86_64-unknown-linux-gnu/lib/liblibc-bad9164fdeeecf92.rlib" "/opt/rustwide/rustup-home/toolchains/1.69.0-x86_64-unknown-linux-gnu/lib/rustlib/x86_64-unknown-linux-gnu/lib/liballoc-f9374b1e480fa681.rlib" "/opt/rustwide/rustup-home/toolchains/1.69.0-x86_64-unknown-linux-gnu/lib/rustlib/x86_64-unknown-linux-gnu/lib/librustc_std_workspace_core-207f06e41d9603af.rlib" "/opt/rustwide/rustup-home/toolchains/1.69.0-x86_64-unknown-linux-gnu/lib/rustlib/x86_64-unknown-linux-gnu/lib/libcore-7e2768e66e984e85.rlib" "/opt/rustwide/rustup-home/toolchains/1.69.0-x86_64-unknown-linux-gnu/lib/rustlib/x86_64-unknown-linux-gnu/lib/libcompiler_builtins-957b4aff41f8cd46.rlib" "-Wl,-Bdynamic" "-lgcc_s" "-lutil" "-lrt" "-lpthread" "-lm" "-ldl" "-lc" "-Wl,--eh-frame-hdr" "-Wl,-z,noexecstack" "-L" "/opt/rustwide/rustup-home/toolchains/1.69.0-x86_64-unknown-linux-gnu/lib/rustlib/x86_64-unknown-linux-gnu/lib" "-o" "/opt/rustwide/target/debug/build/khronos_api-6a4269fe47cbee49/build_script_build-6a4269fe47cbee49" "-Wl,--gc-sections" "-pie" "-Wl,-z,relro,-z,now" "-nodefaultlibs"
[INFO] [stdout]   = note: /usr/bin/ld: final link failed: No space left on device
[INFO] [stdout]           collect2: error: ld returned 1 exit status
[INFO] [stdout]           
[INFO] [stdout] 
[INFO] [stdout] 
[INFO] [stdout] error: aborting due to previous error
[INFO] [stdout] 
[INFO] [stdout] 
[INFO] [stderr] error: could not compile `libloading`
[INFO] [stderr] error: could not compile `crossbeam-utils` due to 2 previous errors
[INFO] [stderr] error: could not compile `khronos_api` due to 2 previous errors
[INFO] [stdout] error: linking with `cc` failed: exit status: 1
[INFO] [stdout]   |
[INFO] [stdout]   = note: LC_ALL="C" PATH="/opt/rustwide/rustup-home/toolchains/1.69.0-x86_64-unknown-linux-gnu/lib/rustlib/x86_64-unknown-linux-gnu/bin:/opt/rustwide/cargo-home/bin:/usr/local/sbin:/usr/local/bin:/usr/sbin:/usr/bin:/sbin:/bin" VSLANG="1033" "cc" "-m64" "/tmp/rustcGz8924/symbols.o" "/opt/rustwide/target/debug/build/bitflags-dd524883b75aa422/build_script_build-dd524883b75aa422.build_script_build.734da6b5-cgu.0.rcgu.o" "/opt/rustwide/target/debug/build/bitflags-dd524883b75aa422/build_script_build-dd524883b75aa422.build_script_build.734da6b5-cgu.1.rcgu.o" "/opt/rustwide/target/debug/build/bitflags-dd524883b75aa422/build_script_build-dd524883b75aa422.build_script_build.734da6b5-cgu.10.rcgu.o" "/opt/rustwide/target/debug/build/bitflags-dd524883b75aa422/build_script_build-dd524883b75aa422.build_script_build.734da6b5-cgu.11.rcgu.o" "/opt/rustwide/target/debug/build/bitflags-dd524883b75aa422/build_script_build-dd524883b75aa422.build_script_build.734da6b5-cgu.12.rcgu.o" "/opt/rustwide/target/debug/build/bitflags-dd524883b75aa422/build_script_build-dd524883b75aa422.build_script_build.734da6b5-cgu.13.rcgu.o" "/opt/rustwide/target/debug/build/bitflags-dd524883b75aa422/build_script_build-dd524883b75aa422.build_script_build.734da6b5-cgu.14.rcgu.o" "/opt/rustwide/target/debug/build/bitflags-dd524883b75aa422/build_script_build-dd524883b75aa422.build_script_build.734da6b5-cgu.15.rcgu.o" "/opt/rustwide/target/debug/build/bitflags-dd524883b75aa422/build_script_build-dd524883b75aa422.build_script_build.734da6b5-cgu.2.rcgu.o" "/opt/rustwide/target/debug/build/bitflags-dd524883b75aa422/build_script_build-dd524883b75aa422.build_script_build.734da6b5-cgu.3.rcgu.o" "/opt/rustwide/target/debug/build/bitflags-dd524883b75aa422/build_script_build-dd524883b75aa422.build_script_build.734da6b5-cgu.4.rcgu.o" "/opt/rustwide/target/debug/build/bitflags-dd524883b75aa422/build_script_build-dd524883b75aa422.build_script_build.734da6b5-cgu.5.rcgu.o" "/opt/rustwide/target/debug/build/bitflags-dd524883b75aa422/build_script_build-dd524883b75aa422.build_script_build.734da6b5-cgu.6.rcgu.o" "/opt/rustwide/target/debug/build/bitflags-dd524883b75aa422/build_script_build-dd524883b75aa422.build_script_build.734da6b5-cgu.7.rcgu.o" "/opt/rustwide/target/debug/build/bitflags-dd524883b75aa422/build_script_build-dd524883b75aa422.build_script_build.734da6b5-cgu.8.rcgu.o" "/opt/rustwide/target/debug/build/bitflags-dd524883b75aa422/build_script_build-dd524883b75aa422.build_script_build.734da6b5-cgu.9.rcgu.o" "/opt/rustwide/target/debug/build/bitflags-dd524883b75aa422/build_script_build-dd524883b75aa422.135vj3djft1tiw7n.rcgu.o" "-Wl,--as-needed" "-L" "/opt/rustwide/target/debug/deps" "-L" "/opt/rustwide/rustup-home/toolchains/1.69.0-x86_64-unknown-linux-gnu/lib/rustlib/x86_64-unknown-linux-gnu/lib" "-Wl,-Bstatic" "/opt/rustwide/rustup-home/toolchains/1.69.0-x86_64-unknown-linux-gnu/lib/rustlib/x86_64-unknown-linux-gnu/lib/libstd-89bc084783fdc439.rlib" "/opt/rustwide/rustup-home/toolchains/1.69.0-x86_64-unknown-linux-gnu/lib/rustlib/x86_64-unknown-linux-gnu/lib/libpanic_unwind-8bee4b287d4367c1.rlib" "/opt/rustwide/rustup-home/toolchains/1.69.0-x86_64-unknown-linux-gnu/lib/rustlib/x86_64-unknown-linux-gnu/lib/libobject-d61707aed80694c0.rlib" "/opt/rustwide/rustup-home/toolchains/1.69.0-x86_64-unknown-linux-gnu/lib/rustlib/x86_64-unknown-linux-gnu/lib/libmemchr-d85366256f22345b.rlib" "/opt/rustwide/rustup-home/toolchains/1.69.0-x86_64-unknown-linux-gnu/lib/rustlib/x86_64-unknown-linux-gnu/lib/libaddr2line-96069b86b8a8cae9.rlib" "/opt/rustwide/rustup-home/toolchains/1.69.0-x86_64-unknown-linux-gnu/lib/rustlib/x86_64-unknown-linux-gnu/lib/libgimli-d19d53abf68dfa6c.rlib" "/opt/rustwide/rustup-home/toolchains/1.69.0-x86_64-unknown-linux-gnu/lib/rustlib/x86_64-unknown-linux-gnu/lib/librustc_demangle-787cbccd19d64ac6.rlib" "/opt/rustwide/rustup-home/toolchains/1.69.0-x86_64-unknown-linux-gnu/lib/rustlib/x86_64-unknown-linux-gnu/lib/libstd_detect-b3837a36b830e0d0.rlib" "/opt/rustwide/rustup-home/toolchains/1.69.0-x86_64-unknown-linux-gnu/lib/rustlib/x86_64-unknown-linux-gnu/lib/libhashbrown-e3deb0e7e3f04966.rlib" "/opt/rustwide/rustup-home/toolchains/1.69.0-x86_64-unknown-linux-gnu/lib/rustlib/x86_64-unknown-linux-gnu/lib/libminiz_oxide-dabbb79c9815def4.rlib" "/opt/rustwide/rustup-home/toolchains/1.69.0-x86_64-unknown-linux-gnu/lib/rustlib/x86_64-unknown-linux-gnu/lib/libadler-305b01f34c9409f2.rlib" "/opt/rustwide/rustup-home/toolchains/1.69.0-x86_64-unknown-linux-gnu/lib/rustlib/x86_64-unknown-linux-gnu/lib/librustc_std_workspace_alloc-f833521df6074e73.rlib" "/opt/rustwide/rustup-home/toolchains/1.69.0-x86_64-unknown-linux-gnu/lib/rustlib/x86_64-unknown-linux-gnu/lib/libunwind-9ac333113350d171.rlib" "/opt/rustwide/rustup-home/toolchains/1.69.0-x86_64-unknown-linux-gnu/lib/rustlib/x86_64-unknown-linux-gnu/lib/libcfg_if-1c126114322d0eee.rlib" "/opt/rustwide/rustup-home/toolchains/1.69.0-x86_64-unknown-linux-gnu/lib/rustlib/x86_64-unknown-linux-gnu/lib/liblibc-bad9164fdeeecf92.rlib" "/opt/rustwide/rustup-home/toolchains/1.69.0-x86_64-unknown-linux-gnu/lib/rustlib/x86_64-unknown-linux-gnu/lib/liballoc-f9374b1e480fa681.rlib" "/opt/rustwide/rustup-home/toolchains/1.69.0-x86_64-unknown-linux-gnu/lib/rustlib/x86_64-unknown-linux-gnu/lib/librustc_std_workspace_core-207f06e41d9603af.rlib" "/opt/rustwide/rustup-home/toolchains/1.69.0-x86_64-unknown-linux-gnu/lib/rustlib/x86_64-unknown-linux-gnu/lib/libcore-7e2768e66e984e85.rlib" "/opt/rustwide/rustup-home/toolchains/1.69.0-x86_64-unknown-linux-gnu/lib/rustlib/x86_64-unknown-linux-gnu/lib/libcompiler_builtins-957b4aff41f8cd46.rlib" "-Wl,-Bdynamic" "-lgcc_s" "-lutil" "-lrt" "-lpthread" "-lm" "-ldl" "-lc" "-Wl,--eh-frame-hdr" "-Wl,-z,noexecstack" "-L" "/opt/rustwide/rustup-home/toolchains/1.69.0-x86_64-unknown-linux-gnu/lib/rustlib/x86_64-unknown-linux-gnu/lib" "-o" "/opt/rustwide/target/debug/build/bitflags-dd524883b75aa422/build_script_build-dd524883b75aa422" "-Wl,--gc-sections" "-pie" "-Wl,-z,relro,-z,now" "-nodefaultlibs"
[INFO] [stdout]   = note: /usr/bin/ld: final link failed: No space left on device
[INFO] [stdout]           collect2: error: ld returned 1 exit status
[INFO] [stdout]           
[INFO] [stdout] 
[INFO] [stdout] 
[INFO] [stdout] error: aborting due to previous error
[INFO] [stdout] 
[INFO] [stdout] 
[INFO] [stderr] error: could not compile `bitflags` due to 2 previous errors
[INFO] [stderr] error: could not compile `once_cell`
[INFO] [stderr] LLVM ERROR: IO failure on output stream: No space left on device
[INFO] [stderr] LLVM ERROR: IO failure on output stream: No space left on device
[INFO] [stderr] LLVM ERROR: IO failure on output stream: No space left on device
[INFO] [stdout] error: linking with `cc` failed: exit status: 1
[INFO] [stdout]   |
[INFO] [stdout]   = note: LC_ALL="C" PATH="/opt/rustwide/rustup-home/toolchains/1.69.0-x86_64-unknown-linux-gnu/lib/rustlib/x86_64-unknown-linux-gnu/bin:/opt/rustwide/cargo-home/bin:/usr/local/sbin:/usr/local/bin:/usr/sbin:/usr/bin:/sbin:/bin" VSLANG="1033" "cc" "-m64" "/tmp/rustcsR3Lcs/symbols.o" "/opt/rustwide/target/debug/build/libc-03021ab984c81e2a/build_script_build-03021ab984c81e2a.build_script_build.71afb3ca-cgu.0.rcgu.o" "/opt/rustwide/target/debug/build/libc-03021ab984c81e2a/build_script_build-03021ab984c81e2a.build_script_build.71afb3ca-cgu.1.rcgu.o" "/opt/rustwide/target/debug/build/libc-03021ab984c81e2a/build_script_build-03021ab984c81e2a.build_script_build.71afb3ca-cgu.10.rcgu.o" "/opt/rustwide/target/debug/build/libc-03021ab984c81e2a/build_script_build-03021ab984c81e2a.build_script_build.71afb3ca-cgu.11.rcgu.o" "/opt/rustwide/target/debug/build/libc-03021ab984c81e2a/build_script_build-03021ab984c81e2a.build_script_build.71afb3ca-cgu.12.rcgu.o" "/opt/rustwide/target/debug/build/libc-03021ab984c81e2a/build_script_build-03021ab984c81e2a.build_script_build.71afb3ca-cgu.13.rcgu.o" "/opt/rustwide/target/debug/build/libc-03021ab984c81e2a/build_script_build-03021ab984c81e2a.build_script_build.71afb3ca-cgu.14.rcgu.o" "/opt/rustwide/target/debug/build/libc-03021ab984c81e2a/build_script_build-03021ab984c81e2a.build_script_build.71afb3ca-cgu.15.rcgu.o" "/opt/rustwide/target/debug/build/libc-03021ab984c81e2a/build_script_build-03021ab984c81e2a.build_script_build.71afb3ca-cgu.2.rcgu.o" "/opt/rustwide/target/debug/build/libc-03021ab984c81e2a/build_script_build-03021ab984c81e2a.build_script_build.71afb3ca-cgu.3.rcgu.o" "/opt/rustwide/target/debug/build/libc-03021ab984c81e2a/build_script_build-03021ab984c81e2a.build_script_build.71afb3ca-cgu.4.rcgu.o" "/opt/rustwide/target/debug/build/libc-03021ab984c81e2a/build_script_build-03021ab984c81e2a.build_script_build.71afb3ca-cgu.5.rcgu.o" "/opt/rustwide/target/debug/build/libc-03021ab984c81e2a/build_script_build-03021ab984c81e2a.build_script_build.71afb3ca-cgu.6.rcgu.o" "/opt/rustwide/target/debug/build/libc-03021ab984c81e2a/build_script_build-03021ab984c81e2a.build_script_build.71afb3ca-cgu.7.rcgu.o" "/opt/rustwide/target/debug/build/libc-03021ab984c81e2a/build_script_build-03021ab984c81e2a.build_script_build.71afb3ca-cgu.8.rcgu.o" "/opt/rustwide/target/debug/build/libc-03021ab984c81e2a/build_script_build-03021ab984c81e2a.build_script_build.71afb3ca-cgu.9.rcgu.o" "/opt/rustwide/target/debug/build/libc-03021ab984c81e2a/build_script_build-03021ab984c81e2a.2ia0ta37aup3psaq.rcgu.o" "-Wl,--as-needed" "-L" "/opt/rustwide/target/debug/deps" "-L" "/opt/rustwide/rustup-home/toolchains/1.69.0-x86_64-unknown-linux-gnu/lib/rustlib/x86_64-unknown-linux-gnu/lib" "-Wl,-Bstatic" "/opt/rustwide/rustup-home/toolchains/1.69.0-x86_64-unknown-linux-gnu/lib/rustlib/x86_64-unknown-linux-gnu/lib/libstd-89bc084783fdc439.rlib" "/opt/rustwide/rustup-home/toolchains/1.69.0-x86_64-unknown-linux-gnu/lib/rustlib/x86_64-unknown-linux-gnu/lib/libpanic_unwind-8bee4b287d4367c1.rlib" "/opt/rustwide/rustup-home/toolchains/1.69.0-x86_64-unknown-linux-gnu/lib/rustlib/x86_64-unknown-linux-gnu/lib/libobject-d61707aed80694c0.rlib" "/opt/rustwide/rustup-home/toolchains/1.69.0-x86_64-unknown-linux-gnu/lib/rustlib/x86_64-unknown-linux-gnu/lib/libmemchr-d85366256f22345b.rlib" "/opt/rustwide/rustup-home/toolchains/1.69.0-x86_64-unknown-linux-gnu/lib/rustlib/x86_64-unknown-linux-gnu/lib/libaddr2line-96069b86b8a8cae9.rlib" "/opt/rustwide/rustup-home/toolchains/1.69.0-x86_64-unknown-linux-gnu/lib/rustlib/x86_64-unknown-linux-gnu/lib/libgimli-d19d53abf68dfa6c.rlib" "/opt/rustwide/rustup-home/toolchains/1.69.0-x86_64-unknown-linux-gnu/lib/rustlib/x86_64-unknown-linux-gnu/lib/librustc_demangle-787cbccd19d64ac6.rlib" "/opt/rustwide/rustup-home/toolchains/1.69.0-x86_64-unknown-linux-gnu/lib/rustlib/x86_64-unknown-linux-gnu/lib/libstd_detect-b3837a36b830e0d0.rlib" "/opt/rustwide/rustup-home/toolchains/1.69.0-x86_64-unknown-linux-gnu/lib/rustlib/x86_64-unknown-linux-gnu/lib/libhashbrown-e3deb0e7e3f04966.rlib" "/opt/rustwide/rustup-home/toolchains/1.69.0-x86_64-unknown-linux-gnu/lib/rustlib/x86_64-unknown-linux-gnu/lib/libminiz_oxide-dabbb79c9815def4.rlib" "/opt/rustwide/rustup-home/toolchains/1.69.0-x86_64-unknown-linux-gnu/lib/rustlib/x86_64-unknown-linux-gnu/lib/libadler-305b01f34c9409f2.rlib" "/opt/rustwide/rustup-home/toolchains/1.69.0-x86_64-unknown-linux-gnu/lib/rustlib/x86_64-unknown-linux-gnu/lib/librustc_std_workspace_alloc-f833521df6074e73.rlib" "/opt/rustwide/rustup-home/toolchains/1.69.0-x86_64-unknown-linux-gnu/lib/rustlib/x86_64-unknown-linux-gnu/lib/libunwind-9ac333113350d171.rlib" "/opt/rustwide/rustup-home/toolchains/1.69.0-x86_64-unknown-linux-gnu/lib/rustlib/x86_64-unknown-linux-gnu/lib/libcfg_if-1c126114322d0eee.rlib" "/opt/rustwide/rustup-home/toolchains/1.69.0-x86_64-unknown-linux-gnu/lib/rustlib/x86_64-unknown-linux-gnu/lib/liblibc-bad9164fdeeecf92.rlib" "/opt/rustwide/rustup-home/toolchains/1.69.0-x86_64-unknown-linux-gnu/lib/rustlib/x86_64-unknown-linux-gnu/lib/liballoc-f9374b1e480fa681.rlib" "/opt/rustwide/rustup-home/toolchains/1.69.0-x86_64-unknown-linux-gnu/lib/rustlib/x86_64-unknown-linux-gnu/lib/librustc_std_workspace_core-207f06e41d9603af.rlib" "/opt/rustwide/rustup-home/toolchains/1.69.0-x86_64-unknown-linux-gnu/lib/rustlib/x86_64-unknown-linux-gnu/lib/libcore-7e2768e66e984e85.rlib" "/opt/rustwide/rustup-home/toolchains/1.69.0-x86_64-unknown-linux-gnu/lib/rustlib/x86_64-unknown-linux-gnu/lib/libcompiler_builtins-957b4aff41f8cd46.rlib" "-Wl,-Bdynamic" "-lgcc_s" "-lutil" "-lrt" "-lpthread" "-lm" "-ldl" "-lc" "-Wl,--eh-frame-hdr" "-Wl,-z,noexecstack" "-L" "/opt/rustwide/rustup-home/toolchains/1.69.0-x86_64-unknown-linux-gnu/lib/rustlib/x86_64-unknown-linux-gnu/lib" "-o" "/opt/rustwide/target/debug/build/libc-03021ab984c81e2a/build_script_build-03021ab984c81e2a" "-Wl,--gc-sections" "-pie" "-Wl,-z,relro,-z,now" "-nodefaultlibs"
[INFO] [stdout]   = note: /usr/bin/ld: final link failed: No space left on device
[INFO] [stdout]           collect2: error: ld returned 1 exit status
[INFO] [stdout]           
[INFO] [stdout] 
[INFO] [stdout] 
[INFO] [stderr] error: could not compile `dlib`
[INFO] [stdout] error: aborting due to previous error
[INFO] [stdout] 
[INFO] [stdout] 
[INFO] [stderr] error: could not compile `version_check`
[INFO] [stderr] error: could not compile `libc` due to 2 previous errors
[INFO] [stdout] error: linking with `cc` failed: exit status: 1
[INFO] [stdout]   |
[INFO] [stdout]   = note: LC_ALL="C" PATH="/opt/rustwide/rustup-home/toolchains/1.69.0-x86_64-unknown-linux-gnu/lib/rustlib/x86_64-unknown-linux-gnu/bin:/opt/rustwide/cargo-home/bin:/usr/local/sbin:/usr/local/bin:/usr/sbin:/usr/bin:/sbin:/bin" VSLANG="1033" "cc" "-m64" "/tmp/rustcrCNoZT/symbols.o" "/opt/rustwide/target/debug/build/memchr-d67b238890011ee8/build_script_build-d67b238890011ee8.build_script_build.92eae02d-cgu.0.rcgu.o" "/opt/rustwide/target/debug/build/memchr-d67b238890011ee8/build_script_build-d67b238890011ee8.build_script_build.92eae02d-cgu.1.rcgu.o" "/opt/rustwide/target/debug/build/memchr-d67b238890011ee8/build_script_build-d67b238890011ee8.build_script_build.92eae02d-cgu.10.rcgu.o" "/opt/rustwide/target/debug/build/memchr-d67b238890011ee8/build_script_build-d67b238890011ee8.build_script_build.92eae02d-cgu.11.rcgu.o" "/opt/rustwide/target/debug/build/memchr-d67b238890011ee8/build_script_build-d67b238890011ee8.build_script_build.92eae02d-cgu.12.rcgu.o" "/opt/rustwide/target/debug/build/memchr-d67b238890011ee8/build_script_build-d67b238890011ee8.build_script_build.92eae02d-cgu.13.rcgu.o" "/opt/rustwide/target/debug/build/memchr-d67b238890011ee8/build_script_build-d67b238890011ee8.build_script_build.92eae02d-cgu.14.rcgu.o" "/opt/rustwide/target/debug/build/memchr-d67b238890011ee8/build_script_build-d67b238890011ee8.build_script_build.92eae02d-cgu.15.rcgu.o" "/opt/rustwide/target/debug/build/memchr-d67b238890011ee8/build_script_build-d67b238890011ee8.build_script_build.92eae02d-cgu.2.rcgu.o" "/opt/rustwide/target/debug/build/memchr-d67b238890011ee8/build_script_build-d67b238890011ee8.build_script_build.92eae02d-cgu.3.rcgu.o" "/opt/rustwide/target/debug/build/memchr-d67b238890011ee8/build_script_build-d67b238890011ee8.build_script_build.92eae02d-cgu.4.rcgu.o" "/opt/rustwide/target/debug/build/memchr-d67b238890011ee8/build_script_build-d67b238890011ee8.build_script_build.92eae02d-cgu.5.rcgu.o" "/opt/rustwide/target/debug/build/memchr-d67b238890011ee8/build_script_build-d67b238890011ee8.build_script_build.92eae02d-cgu.6.rcgu.o" "/opt/rustwide/target/debug/build/memchr-d67b238890011ee8/build_script_build-d67b238890011ee8.build_script_build.92eae02d-cgu.7.rcgu.o" "/opt/rustwide/target/debug/build/memchr-d67b238890011ee8/build_script_build-d67b238890011ee8.build_script_build.92eae02d-cgu.8.rcgu.o" "/opt/rustwide/target/debug/build/memchr-d67b238890011ee8/build_script_build-d67b238890011ee8.build_script_build.92eae02d-cgu.9.rcgu.o" "/opt/rustwide/target/debug/build/memchr-d67b238890011ee8/build_script_build-d67b238890011ee8.1y1oqnbm602qh5ft.rcgu.o" "-Wl,--as-needed" "-L" "/opt/rustwide/target/debug/deps" "-L" "/opt/rustwide/rustup-home/toolchains/1.69.0-x86_64-unknown-linux-gnu/lib/rustlib/x86_64-unknown-linux-gnu/lib" "-Wl,-Bstatic" "/opt/rustwide/rustup-home/toolchains/1.69.0-x86_64-unknown-linux-gnu/lib/rustlib/x86_64-unknown-linux-gnu/lib/libstd-89bc084783fdc439.rlib" "/opt/rustwide/rustup-home/toolchains/1.69.0-x86_64-unknown-linux-gnu/lib/rustlib/x86_64-unknown-linux-gnu/lib/libpanic_unwind-8bee4b287d4367c1.rlib" "/opt/rustwide/rustup-home/toolchains/1.69.0-x86_64-unknown-linux-gnu/lib/rustlib/x86_64-unknown-linux-gnu/lib/libobject-d61707aed80694c0.rlib" "/opt/rustwide/rustup-home/toolchains/1.69.0-x86_64-unknown-linux-gnu/lib/rustlib/x86_64-unknown-linux-gnu/lib/libmemchr-d85366256f22345b.rlib" "/opt/rustwide/rustup-home/toolchains/1.69.0-x86_64-unknown-linux-gnu/lib/rustlib/x86_64-unknown-linux-gnu/lib/libaddr2line-96069b86b8a8cae9.rlib" "/opt/rustwide/rustup-home/toolchains/1.69.0-x86_64-unknown-linux-gnu/lib/rustlib/x86_64-unknown-linux-gnu/lib/libgimli-d19d53abf68dfa6c.rlib" "/opt/rustwide/rustup-home/toolchains/1.69.0-x86_64-unknown-linux-gnu/lib/rustlib/x86_64-unknown-linux-gnu/lib/librustc_demangle-787cbccd19d64ac6.rlib" "/opt/rustwide/rustup-home/toolchains/1.69.0-x86_64-unknown-linux-gnu/lib/rustlib/x86_64-unknown-linux-gnu/lib/libstd_detect-b3837a36b830e0d0.rlib" "/opt/rustwide/rustup-home/toolchains/1.69.0-x86_64-unknown-linux-gnu/lib/rustlib/x86_64-unknown-linux-gnu/lib/libhashbrown-e3deb0e7e3f04966.rlib" "/opt/rustwide/rustup-home/toolchains/1.69.0-x86_64-unknown-linux-gnu/lib/rustlib/x86_64-unknown-linux-gnu/lib/libminiz_oxide-dabbb79c9815def4.rlib" "/opt/rustwide/rustup-home/toolchains/1.69.0-x86_64-unknown-linux-gnu/lib/rustlib/x86_64-unknown-linux-gnu/lib/libadler-305b01f34c9409f2.rlib" "/opt/rustwide/rustup-home/toolchains/1.69.0-x86_64-unknown-linux-gnu/lib/rustlib/x86_64-unknown-linux-gnu/lib/librustc_std_workspace_alloc-f833521df6074e73.rlib" "/opt/rustwide/rustup-home/toolchains/1.69.0-x86_64-unknown-linux-gnu/lib/rustlib/x86_64-unknown-linux-gnu/lib/libunwind-9ac333113350d171.rlib" "/opt/rustwide/rustup-home/toolchains/1.69.0-x86_64-unknown-linux-gnu/lib/rustlib/x86_64-unknown-linux-gnu/lib/libcfg_if-1c126114322d0eee.rlib" "/opt/rustwide/rustup-home/toolchains/1.69.0-x86_64-unknown-linux-gnu/lib/rustlib/x86_64-unknown-linux-gnu/lib/liblibc-bad9164fdeeecf92.rlib" "/opt/rustwide/rustup-home/toolchains/1.69.0-x86_64-unknown-linux-gnu/lib/rustlib/x86_64-unknown-linux-gnu/lib/liballoc-f9374b1e480fa681.rlib" "/opt/rustwide/rustup-home/toolchains/1.69.0-x86_64-unknown-linux-gnu/lib/rustlib/x86_64-unknown-linux-gnu/lib/librustc_std_workspace_core-207f06e41d9603af.rlib" "/opt/rustwide/rustup-home/toolchains/1.69.0-x86_64-unknown-linux-gnu/lib/rustlib/x86_64-unknown-linux-gnu/lib/libcore-7e2768e66e984e85.rlib" "/opt/rustwide/rustup-home/toolchains/1.69.0-x86_64-unknown-linux-gnu/lib/rustlib/x86_64-unknown-linux-gnu/lib/libcompiler_builtins-957b4aff41f8cd46.rlib" "-Wl,-Bdynamic" "-lgcc_s" "-lutil" "-lrt" "-lpthread" "-lm" "-ldl" "-lc" "-Wl,--eh-frame-hdr" "-Wl,-z,noexecstack" "-L" "/opt/rustwide/rustup-home/toolchains/1.69.0-x86_64-unknown-linux-gnu/lib/rustlib/x86_64-unknown-linux-gnu/lib" "-o" "/opt/rustwide/target/debug/build/memchr-d67b238890011ee8/build_script_build-d67b238890011ee8" "-Wl,--gc-sections" "-pie" "-Wl,-z,relro,-z,now" "-nodefaultlibs"
[INFO] [stdout]   = note: /usr/bin/ld: final link failed: No space left on device
[INFO] [stdout]           collect2: error: ld returned 1 exit status
[INFO] [stdout]           
[INFO] [stdout] 
[INFO] [stdout] 
[INFO] [stdout] error: aborting due to previous error
[INFO] [stdout] 
[INFO] [stdout] 
[INFO] [stderr] error: could not compile `memchr` due to 2 previous errors
[INFO] [stderr] thread 'rustc' panicked at 'assertion failed: pos.get() <= self.position()', compiler/rustc_metadata/src/rmeta/encoder.rs:435:9
[INFO] [stderr] error: could not compile `pkg-config`
[INFO] [stderr] 
[INFO] [stderr] Caused by:
[INFO] [stderr]   No space left on device (os error 28)
[INFO] [stderr] 
[INFO] [stderr] Caused by:
[INFO] [stderr]   failed to parse process output: `rustc --crate-name pkg_config /opt/rustwide/cargo-home/registry/src/github.com-1ecc6299db9ec823/pkg-config-0.3.19/src/lib.rs --error-format=json --json=diagnostic-rendered-ansi,artifacts,future-incompat --crate-type lib --emit=dep-info,metadata,link -C embed-bitcode=no -C metadata=0d8f57faba30ba1c -C extra-filename=-0d8f57faba30ba1c --out-dir /opt/rustwide/target/debug/deps -L dependency=/opt/rustwide/target/debug/deps --cap-lints allow --cap-lints=warn` (signal: 11, SIGSEGV: invalid memory reference)
[INFO] [stderr] error: could not compile `xml-rs`
[INFO] [stderr] thread 'rustc' panicked at 'assertion failed: pos.get() <= self.position()', compiler/rustc_metadata/src/rmeta/encoder.rs:435:9
[INFO] [stderr] error: could not compile `ttf-parser`
[INFO] running `Command { std: "docker" "inspect" "150979c6595849f48716eac749df2b1f46134ae9cc61f09a17667da54e2587f1", kill_on_drop: false }`
[INFO] running `Command { std: "docker" "rm" "-f" "150979c6595849f48716eac749df2b1f46134ae9cc61f09a17667da54e2587f1", kill_on_drop: false }`
[INFO] [stdout] 150979c6595849f48716eac749df2b1f46134ae9cc61f09a17667da54e2587f1
