[INFO] cloning repository https://github.com/aburd/FruitCatcher
[INFO] running `Command { std: "git" "-c" "credential.helper=" "-c" "credential.helper=/workspace/cargo-home/bin/git-credential-null" "clone" "--bare" "https://github.com/aburd/FruitCatcher" "/workspace/cache/git-repos/https%3A%2F%2Fgithub.com%2Faburd%2FFruitCatcher", kill_on_drop: false }`
[INFO] [stderr] Cloning into bare repository '/workspace/cache/git-repos/https%3A%2F%2Fgithub.com%2Faburd%2FFruitCatcher'...
[INFO] running `Command { std: "git" "rev-parse" "HEAD", kill_on_drop: false }`
[INFO] [stdout] c27980216b31bb8c7b0b3bededb87a280e678e13
[INFO] testing aburd/FruitCatcher against 1.69.0 for beta-1.70-1
[INFO] running `Command { std: "git" "clone" "/workspace/cache/git-repos/https%3A%2F%2Fgithub.com%2Faburd%2FFruitCatcher" "/workspace/builds/worker-3-tc1/source", kill_on_drop: false }`
[INFO] [stderr] Cloning into '/workspace/builds/worker-3-tc1/source'...
[INFO] [stderr] done.
[INFO] validating manifest of git repo https://github.com/aburd/FruitCatcher on toolchain 1.69.0
[INFO] running `Command { std: CARGO_HOME="/workspace/cargo-home" RUSTUP_HOME="/workspace/rustup-home" "/workspace/cargo-home/bin/cargo" "+1.69.0" "metadata" "--manifest-path" "Cargo.toml" "--no-deps", kill_on_drop: false }`
[INFO] started tweaking git repo https://github.com/aburd/FruitCatcher
[INFO] finished tweaking git repo https://github.com/aburd/FruitCatcher
[INFO] tweaked toml for git repo https://github.com/aburd/FruitCatcher written to /workspace/builds/worker-3-tc1/source/Cargo.toml
[INFO] crate git repo https://github.com/aburd/FruitCatcher already has a lockfile, it will not be regenerated
[INFO] running `Command { std: CARGO_HOME="/workspace/cargo-home" RUSTUP_HOME="/workspace/rustup-home" "/workspace/cargo-home/bin/cargo" "+1.69.0" "fetch" "--manifest-path" "Cargo.toml", kill_on_drop: false }`
[INFO] [stderr]  Downloading crates ...
[INFO] [stderr]   Downloaded lyon v0.13.4
[INFO] [stderr]   Downloaded gleam v0.6.18
[INFO] [stderr]   Downloaded wasm-bindgen-shared v0.2.48
[INFO] [stderr]   Downloaded stdweb-internal-runtime v0.1.4
[INFO] [stderr]   Downloaded mint v0.5.1
[INFO] [stderr]   Downloaded stdweb-derive v0.5.1
[INFO] [stderr]   Downloaded coreaudio-sys v0.2.2
[INFO] [stderr]   Downloaded glyph_brush_layout v0.1.6
[INFO] [stderr]   Downloaded wasm-bindgen-backend v0.2.48
[INFO] [stderr]   Downloaded wasm-bindgen-macro-support v0.2.48
[INFO] [stderr]   Downloaded glyph_brush v0.4.3
[INFO] [stderr]   Downloaded gif v0.10.2
[INFO] [stderr]   Downloaded stdweb-internal-macros v0.2.7
[INFO] [stderr]   Downloaded wasm-bindgen-macro v0.2.48
[INFO] [stderr]   Downloaded gfx_core v0.9.1
[INFO] [stderr]   Downloaded matrixmultiply v0.2.2
[INFO] [stderr]   Downloaded gfx v0.18.1
[INFO] [stderr]   Downloaded alga v0.9.1
[INFO] [stderr]   Downloaded gfx_device_gl v0.16.1
[INFO] [stderr]   Downloaded cgmath v0.14.1
[INFO] [stderr]   Downloaded claxon v0.3.3
[INFO] [stderr]   Downloaded rusttype v0.7.7
[INFO] [stderr]   Downloaded winit v0.19.1
[INFO] [stderr]   Downloaded bumpalo v2.5.0
[INFO] [stderr]   Downloaded image v0.21.2
[INFO] [stderr]   Downloaded lyon_tessellation v0.13.3
[INFO] [stderr]   Downloaded wasm-bindgen v0.2.48
[INFO] [stderr]   Downloaded stdweb v0.4.17
[INFO] [stderr]   Downloaded nalgebra v0.18.0
[INFO] [stderr]   Downloaded rodio v0.8.1
[INFO] [stderr]   Downloaded glutin v0.20.0
[INFO] [stderr]   Downloaded gilrs-core v0.2.2
[INFO] [stderr]   Downloaded gilrs v0.7.1
[INFO] [stderr]   Downloaded ggez v0.5.0-rc.2
[INFO] running `Command { std: "docker" "create" "-v" "/var/lib/crater-agent-workspace/builds/worker-3-tc1/target:/opt/rustwide/target:rw,Z" "-v" "/var/lib/crater-agent-workspace/builds/worker-3-tc1/source:/opt/rustwide/workdir:ro,Z" "-v" "/var/lib/crater-agent-workspace/cargo-home:/opt/rustwide/cargo-home:ro,Z" "-v" "/var/lib/crater-agent-workspace/rustup-home:/opt/rustwide/rustup-home:ro,Z" "-e" "SOURCE_DIR=/opt/rustwide/workdir" "-e" "CARGO_TARGET_DIR=/opt/rustwide/target" "-e" "CARGO_HOME=/opt/rustwide/cargo-home" "-e" "RUSTUP_HOME=/opt/rustwide/rustup-home" "-w" "/opt/rustwide/workdir" "-m" "1610612736" "--user" "0:0" "--network" "none" "ghcr.io/rust-lang/crates-build-env/linux@sha256:97d61d7686bf65f8ecb15491ab51835e82dc9176a96a831f143a431b191fc501" "/opt/rustwide/cargo-home/bin/cargo" "+1.69.0" "metadata" "--no-deps" "--format-version=1", kill_on_drop: false }`
[INFO] [stdout] 57e92f7e1426ba21f142a807857635fe433ccc8f8942d41615e22eaad27fb625
[INFO] running `Command { std: "docker" "start" "-a" "57e92f7e1426ba21f142a807857635fe433ccc8f8942d41615e22eaad27fb625", kill_on_drop: false }`
[INFO] running `Command { std: "docker" "inspect" "57e92f7e1426ba21f142a807857635fe433ccc8f8942d41615e22eaad27fb625", kill_on_drop: false }`
[INFO] running `Command { std: "docker" "rm" "-f" "57e92f7e1426ba21f142a807857635fe433ccc8f8942d41615e22eaad27fb625", kill_on_drop: false }`
[INFO] [stdout] 57e92f7e1426ba21f142a807857635fe433ccc8f8942d41615e22eaad27fb625
[INFO] running `Command { std: "docker" "create" "-v" "/var/lib/crater-agent-workspace/builds/worker-3-tc1/target:/opt/rustwide/target:rw,Z" "-v" "/var/lib/crater-agent-workspace/builds/worker-3-tc1/source:/opt/rustwide/workdir:ro,Z" "-v" "/var/lib/crater-agent-workspace/cargo-home:/opt/rustwide/cargo-home:ro,Z" "-v" "/var/lib/crater-agent-workspace/rustup-home:/opt/rustwide/rustup-home:ro,Z" "-e" "SOURCE_DIR=/opt/rustwide/workdir" "-e" "CARGO_TARGET_DIR=/opt/rustwide/target" "-e" "CARGO_INCREMENTAL=0" "-e" "RUST_BACKTRACE=full" "-e" "RUSTFLAGS=--cap-lints=warn" "-e" "RUSTDOCFLAGS=--cap-lints=warn" "-e" "CARGO_HOME=/opt/rustwide/cargo-home" "-e" "RUSTUP_HOME=/opt/rustwide/rustup-home" "-w" "/opt/rustwide/workdir" "-m" "1610612736" "--user" "0:0" "--network" "none" "ghcr.io/rust-lang/crates-build-env/linux@sha256:97d61d7686bf65f8ecb15491ab51835e82dc9176a96a831f143a431b191fc501" "/opt/rustwide/cargo-home/bin/cargo" "+1.69.0" "build" "--frozen" "--message-format=json", kill_on_drop: false }`
[INFO] [stdout] db3dc488067b70270756c1ef08c004f165c9085a0e14175e6bb94bfabf1a29c2
[INFO] running `Command { std: "docker" "start" "-a" "db3dc488067b70270756c1ef08c004f165c9085a0e14175e6bb94bfabf1a29c2", kill_on_drop: false }`
[INFO] [stderr]    Compiling autocfg v0.1.4
[INFO] [stderr]    Compiling libc v0.2.59
[INFO] [stderr]    Compiling cfg-if v0.1.9
[INFO] [stderr]    Compiling proc-macro2 v0.4.30
[INFO] [stderr]    Compiling unicode-xid v0.1.0
[INFO] [stderr]    Compiling cc v1.0.37
[INFO] [stderr]    Compiling bitflags v1.1.0
[INFO] [stderr]    Compiling syn v0.15.39
[INFO] [stderr]    Compiling xml-rs v0.8.0
[INFO] [stderr]    Compiling log v0.4.7
[INFO] [stderr]    Compiling lazy_static v1.3.0
[INFO] [stderr]    Compiling byteorder v1.3.2
[INFO] [stderr]    Compiling rand_core v0.4.0
[INFO] [stderr]    Compiling serde v1.0.94
[INFO] [stderr]    Compiling arrayvec v0.4.11
[INFO] [stderr]    Compiling pkg-config v0.3.14
[INFO] [stderr]    Compiling nodrop v0.1.13
[INFO] [stderr]    Compiling khronos_api v3.1.0
[INFO] [stderr]    Compiling semver-parser v0.7.0
[INFO] [stderr]    Compiling scopeguard v0.3.3
[INFO] [stderr]    Compiling rand_core v0.3.1
[INFO] [stderr]    Compiling void v1.0.2
[INFO] [stderr]    Compiling rand_isaac v0.1.1
[INFO] [stderr]    Compiling num-traits v0.2.8
[INFO] [stderr]    Compiling rand_pcg v0.1.2
[INFO] [stderr]    Compiling rand_chacha v0.1.1
[INFO] [stderr]    Compiling rand v0.6.5
[INFO] [stderr]    Compiling rand_xorshift v0.1.1
[INFO] [stderr]    Compiling gl_generator v0.11.0
[INFO] [stderr]    Compiling rand_hc v0.1.0
[INFO] [stderr]    Compiling rand_jitter v0.1.4
[INFO] [stderr]    Compiling crossbeam-utils v0.6.5
[INFO] [stderr]    Compiling memoffset v0.2.1
[INFO] [stderr]    Compiling nix v0.14.1
[INFO] [stderr]    Compiling same-file v1.0.4
[INFO] [stderr]    Compiling rustc-hash v1.0.1
[INFO] [stderr]    Compiling stb_truetype v0.2.6
[INFO] [stderr]    Compiling linked-hash-map v0.5.2
[INFO] [stderr]    Compiling quote v0.6.13
[INFO] [stderr]    Compiling rand_os v0.1.3
[INFO] [stderr]    Compiling walkdir v2.2.8
[INFO] [stderr]    Compiling num_cpus v1.10.1
[INFO] [stderr]    Compiling rand v0.4.6
[INFO] [stderr]    Compiling wayland-scanner v0.21.13
[INFO] [stderr]    Compiling libloading v0.5.2
[INFO] [stderr]    Compiling crossbeam-epoch v0.7.1
[INFO] [stderr]    Compiling backtrace-sys v0.1.30
[INFO] [stderr]    Compiling version_check v0.1.5
[INFO] [stderr]    Compiling ryu v1.0.0
[INFO] [stderr]    Compiling smallvec v0.6.10
[INFO] [stderr]    Compiling crossbeam-deque v0.7.1
[INFO] [stderr] thread 'rustc' panicked at 'assertion failed: pos.get() <= self.position()', compiler/rustc_metadata/src/rmeta/encoder.rs:435:9
[INFO] [stderr] stack backtrace:
[INFO] [stderr]    0:     0x7f0af2be731a - std::backtrace_rs::backtrace::libunwind::trace::ha9053a9a07ca49cb
[INFO] [stderr]                                at /rustc/84c898d65adf2f39a5a98507f1fe0ce10a2b8dbc/library/std/src/../../backtrace/src/backtrace/libunwind.rs:93:5
[INFO] [stdout] error: linking with `cc` failed: exit status: 1
[INFO] [stdout]   |
[INFO] [stdout]   = note: LC_ALL="C" PATH="/opt/rustwide/rustup-home/toolchains/1.69.0-x86_64-unknown-linux-gnu/lib/rustlib/x86_64-unknown-linux-gnu/bin:/opt/rustwide/cargo-home/bin:/usr/local/sbin:/usr/local/bin:/usr/sbin:/usr/bin:/sbin:/bin" VSLANG="1033" "cc" "-m64" "/tmp/rustcFKD6Ax/symbols.o" "/opt/rustwide/target/debug/build/backtrace-sys-2797718b236ed7cb/build_script_build-2797718b236ed7cb.build_script_build.85ffa7b7-cgu.0.rcgu.o" "/opt/rustwide/target/debug/build/backtrace-sys-2797718b236ed7cb/build_script_build-2797718b236ed7cb.build_script_build.85ffa7b7-cgu.1.rcgu.o" "/opt/rustwide/target/debug/build/backtrace-sys-2797718b236ed7cb/build_script_build-2797718b236ed7cb.build_script_build.85ffa7b7-cgu.10.rcgu.o" "/opt/rustwide/target/debug/build/backtrace-sys-2797718b236ed7cb/build_script_build-2797718b236ed7cb.build_script_build.85ffa7b7-cgu.11.rcgu.o" "/opt/rustwide/target/debug/build/backtrace-sys-2797718b236ed7cb/build_script_build-2797718b236ed7cb.build_script_build.85ffa7b7-cgu.12.rcgu.o" "/opt/rustwide/target/debug/build/backtrace-sys-2797718b236ed7cb/build_script_build-2797718b236ed7cb.build_script_build.85ffa7b7-cgu.13.rcgu.o" "/opt/rustwide/target/debug/build/backtrace-sys-2797718b236ed7cb/build_script_build-2797718b236ed7cb.build_script_build.85ffa7b7-cgu.14.rcgu.o" "/opt/rustwide/target/debug/build/backtrace-sys-2797718b236ed7cb/build_script_build-2797718b236ed7cb.build_script_build.85ffa7b7-cgu.15.rcgu.o" "/opt/rustwide/target/debug/build/backtrace-sys-2797718b236ed7cb/build_script_build-2797718b236ed7cb.build_script_build.85ffa7b7-cgu.2.rcgu.o" "/opt/rustwide/target/debug/build/backtrace-sys-2797718b236ed7cb/build_script_build-2797718b236ed7cb.build_script_build.85ffa7b7-cgu.3.rcgu.o" "/opt/rustwide/target/debug/build/backtrace-sys-2797718b236ed7cb/build_script_build-2797718b236ed7cb.build_script_build.85ffa7b7-cgu.4.rcgu.o" "/opt/rustwide/target/debug/build/backtrace-sys-2797718b236ed7cb/build_script_build-2797718b236ed7cb.build_script_build.85ffa7b7-cgu.5.rcgu.o" "/opt/rustwide/target/debug/build/backtrace-sys-2797718b236ed7cb/build_script_build-2797718b236ed7cb.build_script_build.85ffa7b7-cgu.6.rcgu.o" "/opt/rustwide/target/debug/build/backtrace-sys-2797718b236ed7cb/build_script_build-2797718b236ed7cb.build_script_build.85ffa7b7-cgu.7.rcgu.o" "/opt/rustwide/target/debug/build/backtrace-sys-2797718b236ed7cb/build_script_build-2797718b236ed7cb.build_script_build.85ffa7b7-cgu.8.rcgu.o" "/opt/rustwide/target/debug/build/backtrace-sys-2797718b236ed7cb/build_script_build-2797718b236ed7cb.build_script_build.85ffa7b7-cgu.9.rcgu.o" "/opt/rustwide/target/debug/build/backtrace-sys-2797718b236ed7cb/build_script_build-2797718b236ed7cb.1crsn7t8id3nn64a.rcgu.o" "-Wl,--as-needed" "-L" "/opt/rustwide/target/debug/deps" "-L" "/opt/rustwide/rustup-home/toolchains/1.69.0-x86_64-unknown-linux-gnu/lib/rustlib/x86_64-unknown-linux-gnu/lib" "-Wl,-Bstatic" "/opt/rustwide/target/debug/deps/libcc-fb02cc565f689bdf.rlib" "/opt/rustwide/rustup-home/toolchains/1.69.0-x86_64-unknown-linux-gnu/lib/rustlib/x86_64-unknown-linux-gnu/lib/libstd-89bc084783fdc439.rlib" "/opt/rustwide/rustup-home/toolchains/1.69.0-x86_64-unknown-linux-gnu/lib/rustlib/x86_64-unknown-linux-gnu/lib/libpanic_unwind-8bee4b287d4367c1.rlib" "/opt/rustwide/rustup-home/toolchains/1.69.0-x86_64-unknown-linux-gnu/lib/rustlib/x86_64-unknown-linux-gnu/lib/libobject-d61707aed80694c0.rlib" "/opt/rustwide/rustup-home/toolchains/1.69.0-x86_64-unknown-linux-gnu/lib/rustlib/x86_64-unknown-linux-gnu/lib/libmemchr-d85366256f22345b.rlib" "/opt/rustwide/rustup-home/toolchains/1.69.0-x86_64-unknown-linux-gnu/lib/rustlib/x86_64-unknown-linux-gnu/lib/libaddr2line-96069b86b8a8cae9.rlib" "/opt/rustwide/rustup-home/toolchains/1.69.0-x86_64-unknown-linux-gnu/lib/rustlib/x86_64-unknown-linux-gnu/lib/libgimli-d19d53abf68dfa6c.rlib" "/opt/rustwide/rustup-home/toolchains/1.69.0-x86_64-unknown-linux-gnu/lib/rustlib/x86_64-unknown-linux-gnu/lib/librustc_demangle-787cbccd19d64ac6.rlib" "/opt/rustwide/rustup-home/toolchains/1.69.0-x86_64-unknown-linux-gnu/lib/rustlib/x86_64-unknown-linux-gnu/lib/libstd_detect-b3837a36b830e0d0.rlib" "/opt/rustwide/rustup-home/toolchains/1.69.0-x86_64-unknown-linux-gnu/lib/rustlib/x86_64-unknown-linux-gnu/lib/libhashbrown-e3deb0e7e3f04966.rlib" "/opt/rustwide/rustup-home/toolchains/1.69.0-x86_64-unknown-linux-gnu/lib/rustlib/x86_64-unknown-linux-gnu/lib/libminiz_oxide-dabbb79c9815def4.rlib" "/opt/rustwide/rustup-home/toolchains/1.69.0-x86_64-unknown-linux-gnu/lib/rustlib/x86_64-unknown-linux-gnu/lib/libadler-305b01f34c9409f2.rlib" "/opt/rustwide/rustup-home/toolchains/1.69.0-x86_64-unknown-linux-gnu/lib/rustlib/x86_64-unknown-linux-gnu/lib/librustc_std_workspace_alloc-f833521df6074e73.rlib" "/opt/rustwide/rustup-home/toolchains/1.69.0-x86_64-unknown-linux-gnu/lib/rustlib/x86_64-unknown-linux-gnu/lib/libunwind-9ac333113350d171.rlib" "/opt/rustwide/rustup-home/toolchains/1.69.0-x86_64-unknown-linux-gnu/lib/rustlib/x86_64-unknown-linux-gnu/lib/libcfg_if-1c126114322d0eee.rlib" "/opt/rustwide/rustup-home/toolchains/1.69.0-x86_64-unknown-linux-gnu/lib/rustlib/x86_64-unknown-linux-gnu/lib/liblibc-bad9164fdeeecf92.rlib" "/opt/rustwide/rustup-home/toolchains/1.69.0-x86_64-unknown-linux-gnu/lib/rustlib/x86_64-unknown-linux-gnu/lib/liballoc-f9374b1e480fa681.rlib" "/opt/rustwide/rustup-home/toolchains/1.69.0-x86_64-unknown-linux-gnu/lib/rustlib/x86_64-unknown-linux-gnu/lib/librustc_std_workspace_core-207f06e41d9603af.rlib" "/opt/rustwide/rustup-home/toolchains/1.69.0-x86_64-unknown-linux-gnu/lib/rustlib/x86_64-unknown-linux-gnu/lib/libcore-7e2768e66e984e85.rlib" "/opt/rustwide/rustup-home/toolchains/1.69.0-x86_64-unknown-linux-gnu/lib/rustlib/x86_64-unknown-linux-gnu/lib/libcompiler_builtins-957b4aff41f8cd46.rlib" "-Wl,-Bdynamic" "-lgcc_s" "-lutil" "-lrt" "-lpthread" "-lm" "-ldl" "-lc" "-Wl,--eh-frame-hdr" "-Wl,-z,noexecstack" "-L" "/opt/rustwide/rustup-home/toolchains/1.69.0-x86_64-unknown-linux-gnu/lib/rustlib/x86_64-unknown-linux-gnu/lib" "-o" "/opt/rustwide/target/debug/build/backtrace-sys-2797718b236ed7cb/build_script_build-2797718b236ed7cb" "-Wl,--gc-sections" "-pie" "-Wl,-z,relro,-z,now" "-nodefaultlibs"
[INFO] [stdout]   = note: /usr/bin/ld: final link failed: No space left on device
[INFO] [stdout]           collect2: error: ld returned 1 exit status
[INFO] [stdout]           
[INFO] [stdout] 
[INFO] [stdout] 
[INFO] [stderr]    1:     0x7f0af2be731a - std::backtrace_rs::backtrace::trace_unsynchronized::h9c2852a457ad564e
[INFO] [stdout] error: aborting due to previous error
[INFO] [stdout] 
[INFO] [stdout] 
[INFO] [stderr]                                at /rustc/84c898d65adf2f39a5a98507f1fe0ce10a2b8dbc/library/std/src/../../backtrace/src/backtrace/mod.rs:66:5
[INFO] [stderr]    2:     0x7f0af2be731a - std::sys_common::backtrace::_print_fmt::h457936fbfaa0070f
[INFO] [stderr]                                at /rustc/84c898d65adf2f39a5a98507f1fe0ce10a2b8dbc/library/std/src/sys_common/backtrace.rs:65:5
[INFO] [stderr]    3:     0x7f0af2be731a - <std::sys_common::backtrace::_print::DisplayBacktrace as core::fmt::Display>::fmt::h5779d7bf7f70cb0c
[INFO] [stderr]                                at /rustc/84c898d65adf2f39a5a98507f1fe0ce10a2b8dbc/library/std/src/sys_common/backtrace.rs:44:22
[INFO] [stderr]    4:     0x7f0af2c4ab6e - core::fmt::write::h5a4baaff1bcd3eb5
[INFO] [stderr]                                at /rustc/84c898d65adf2f39a5a98507f1fe0ce10a2b8dbc/library/core/src/fmt/mod.rs:1232:17
[INFO] [stderr]    5:     0x7f0af2bda2c5 - std::io::Write::write_fmt::h4bc1f301cb9e9cce
[INFO] [stderr]                                at /rustc/84c898d65adf2f39a5a98507f1fe0ce10a2b8dbc/library/std/src/io/mod.rs:1684:15
[INFO] [stderr]    6:     0x7f0af2be70e5 - std::sys_common::backtrace::_print::h5fcdc36060f177e8
[INFO] [stderr]                                at /rustc/84c898d65adf2f39a5a98507f1fe0ce10a2b8dbc/library/std/src/sys_common/backtrace.rs:47:5
[INFO] [stderr]    7:     0x7f0af2be70e5 - std::sys_common::backtrace::print::h54ca9458b876c8bf
[INFO] [stderr]                                at /rustc/84c898d65adf2f39a5a98507f1fe0ce10a2b8dbc/library/std/src/sys_common/backtrace.rs:34:9
[INFO] [stderr]    8:     0x7f0af2be9e5f - std::panicking::default_hook::{{closure}}::hbe471161c7664ed6
[INFO] [stderr]                                at /rustc/84c898d65adf2f39a5a98507f1fe0ce10a2b8dbc/library/std/src/panicking.rs:271:22
[INFO] [stderr]    9:     0x7f0af2be9b9b - std::panicking::default_hook::ha3500da57aa4ac4f
[INFO] [stderr]                                at /rustc/84c898d65adf2f39a5a98507f1fe0ce10a2b8dbc/library/std/src/panicking.rs:290:9
[INFO] [stderr] error: could not compile `backtrace-sys` due to 2 previous errors
[INFO] [stderr] warning: build failed, waiting for other jobs to finish...
[INFO] [stderr] LLVM ERROR: IO failure on output stream: No space left on device
[INFO] [stderr] thread 'rustc' panicked at 'assertion failed: pos.get() <= self.position()', compiler/rustc_metadata/src/rmeta/encoder.rs:435:9
[INFO] [stderr] LLVM ERROR: IO failure on output stream: No space left on device
[INFO] [stderr] LLVM ERROR: IO failure on output stream: No space left on device
[INFO] [stderr] LLVM ERROR: IO failure on output stream: No space left on device
[INFO] [stderr] error: could not compile `xml-rs`
[INFO] [stderr] error: could not compile `version_check`
[INFO] [stderr] LLVM ERROR: IO failure on output stream: No space left on device
[INFO] [stderr]   10:     0x7f0af5e4b8b5 - <rustc_driver_impl[fb92b3e21ac03dce]::DEFAULT_HOOK::{closure#0}::{closure#0} as core[911a585bea10363d]::ops::function::FnOnce<(&core[911a585bea10363d]::panic::panic_info::PanicInfo,)>>::call_once::{shim:vtable#0}
[INFO] [stderr]   11:     0x7f0af2bea69d - <alloc::boxed::Box<F,A> as core::ops::function::Fn<Args>>::call::h6507bddc3eebb4a5
[INFO] [stderr]                                at /rustc/84c898d65adf2f39a5a98507f1fe0ce10a2b8dbc/library/alloc/src/boxed.rs:2001:9
[INFO] [stderr]   12:     0x7f0af2bea69d - std::panicking::rust_panic_with_hook::h50c09d000dc561d2
[INFO] [stderr]                                at /rustc/84c898d65adf2f39a5a98507f1fe0ce10a2b8dbc/library/std/src/panicking.rs:696:13
[INFO] [stderr]   13:     0x7f0af2bea3d2 - std::panicking::begin_panic_handler::{{closure}}::h9e2b2176e00e0d9c
[INFO] [stderr]                                at /rustc/84c898d65adf2f39a5a98507f1fe0ce10a2b8dbc/library/std/src/panicking.rs:581:13
[INFO] [stderr]   14:     0x7f0af2be7786 - std::sys_common::backtrace::__rust_end_short_backtrace::h5739b8e512c09d02
[INFO] [stderr]                                at /rustc/84c898d65adf2f39a5a98507f1fe0ce10a2b8dbc/library/std/src/sys_common/backtrace.rs:150:18
[INFO] [stderr]   15:     0x7f0af2bea122 - rust_begin_unwind
[INFO] [stderr]                                at /rustc/84c898d65adf2f39a5a98507f1fe0ce10a2b8dbc/library/std/src/panicking.rs:579:5
[INFO] [stderr]   16:     0x7f0af2c46ec3 - core::panicking::panic_fmt::hf33a1475b4dc5c3e
[INFO] [stderr]                                at /rustc/84c898d65adf2f39a5a98507f1fe0ce10a2b8dbc/library/core/src/panicking.rs:64:14
[INFO] [stderr]   17:     0x7f0af2c46f5d - core::panicking::panic::h9533b2fee90b999e
[INFO] [stderr]                                at /rustc/84c898d65adf2f39a5a98507f1fe0ce10a2b8dbc/library/core/src/panicking.rs:114:5
[INFO] [stderr]   18:     0x7f0af5164f4e - <rustc_metadata[29cf5a64f33334d8]::rmeta::encoder::EncodeContext>::encode_def_ids
[INFO] [stderr]   19:     0x7f0af511c89b - <rustc_metadata[29cf5a64f33334d8]::rmeta::encoder::EncodeContext>::encode_crate_root
[INFO] [stderr] error: could not compile `libloading`
[INFO] [stderr] error: could not compile `crossbeam-epoch`
[INFO] [stderr] error: could not compile `walkdir`
[INFO] [stderr] error: could not compile `rand`
[INFO] [stdout] error: linking with `cc` failed: exit status: 1
[INFO] [stdout]   |
[INFO] [stdout]   = note: LC_ALL="C" PATH="/opt/rustwide/rustup-home/toolchains/1.69.0-x86_64-unknown-linux-gnu/lib/rustlib/x86_64-unknown-linux-gnu/bin:/opt/rustwide/cargo-home/bin:/usr/local/sbin:/usr/local/bin:/usr/sbin:/usr/bin:/sbin:/bin" VSLANG="1033" "cc" "-m64" "/tmp/rustcrobAi9/symbols.o" "/opt/rustwide/target/debug/build/ryu-b61a2b8cd3716fa3/build_script_build-b61a2b8cd3716fa3.build_script_build.746862ae-cgu.0.rcgu.o" "/opt/rustwide/target/debug/build/ryu-b61a2b8cd3716fa3/build_script_build-b61a2b8cd3716fa3.build_script_build.746862ae-cgu.1.rcgu.o" "/opt/rustwide/target/debug/build/ryu-b61a2b8cd3716fa3/build_script_build-b61a2b8cd3716fa3.build_script_build.746862ae-cgu.10.rcgu.o" "/opt/rustwide/target/debug/build/ryu-b61a2b8cd3716fa3/build_script_build-b61a2b8cd3716fa3.build_script_build.746862ae-cgu.11.rcgu.o" "/opt/rustwide/target/debug/build/ryu-b61a2b8cd3716fa3/build_script_build-b61a2b8cd3716fa3.build_script_build.746862ae-cgu.12.rcgu.o" "/opt/rustwide/target/debug/build/ryu-b61a2b8cd3716fa3/build_script_build-b61a2b8cd3716fa3.build_script_build.746862ae-cgu.13.rcgu.o" "/opt/rustwide/target/debug/build/ryu-b61a2b8cd3716fa3/build_script_build-b61a2b8cd3716fa3.build_script_build.746862ae-cgu.14.rcgu.o" "/opt/rustwide/target/debug/build/ryu-b61a2b8cd3716fa3/build_script_build-b61a2b8cd3716fa3.build_script_build.746862ae-cgu.15.rcgu.o" "/opt/rustwide/target/debug/build/ryu-b61a2b8cd3716fa3/build_script_build-b61a2b8cd3716fa3.build_script_build.746862ae-cgu.2.rcgu.o" "/opt/rustwide/target/debug/build/ryu-b61a2b8cd3716fa3/build_script_build-b61a2b8cd3716fa3.build_script_build.746862ae-cgu.3.rcgu.o" "/opt/rustwide/target/debug/build/ryu-b61a2b8cd3716fa3/build_script_build-b61a2b8cd3716fa3.build_script_build.746862ae-cgu.4.rcgu.o" "/opt/rustwide/target/debug/build/ryu-b61a2b8cd3716fa3/build_script_build-b61a2b8cd3716fa3.build_script_build.746862ae-cgu.5.rcgu.o" "/opt/rustwide/target/debug/build/ryu-b61a2b8cd3716fa3/build_script_build-b61a2b8cd3716fa3.build_script_build.746862ae-cgu.6.rcgu.o" "/opt/rustwide/target/debug/build/ryu-b61a2b8cd3716fa3/build_script_build-b61a2b8cd3716fa3.build_script_build.746862ae-cgu.7.rcgu.o" "/opt/rustwide/target/debug/build/ryu-b61a2b8cd3716fa3/build_script_build-b61a2b8cd3716fa3.build_script_build.746862ae-cgu.8.rcgu.o" "/opt/rustwide/target/debug/build/ryu-b61a2b8cd3716fa3/build_script_build-b61a2b8cd3716fa3.build_script_build.746862ae-cgu.9.rcgu.o" "/opt/rustwide/target/debug/build/ryu-b61a2b8cd3716fa3/build_script_build-b61a2b8cd3716fa3.8tdd7ht22tghzlx.rcgu.o" "-Wl,--as-needed" "-L" "/opt/rustwide/target/debug/deps" "-L" "/opt/rustwide/rustup-home/toolchains/1.69.0-x86_64-unknown-linux-gnu/lib/rustlib/x86_64-unknown-linux-gnu/lib" "-Wl,-Bstatic" "/opt/rustwide/rustup-home/toolchains/1.69.0-x86_64-unknown-linux-gnu/lib/rustlib/x86_64-unknown-linux-gnu/lib/libstd-89bc084783fdc439.rlib" "/opt/rustwide/rustup-home/toolchains/1.69.0-x86_64-unknown-linux-gnu/lib/rustlib/x86_64-unknown-linux-gnu/lib/libpanic_unwind-8bee4b287d4367c1.rlib" "/opt/rustwide/rustup-home/toolchains/1.69.0-x86_64-unknown-linux-gnu/lib/rustlib/x86_64-unknown-linux-gnu/lib/libobject-d61707aed80694c0.rlib" "/opt/rustwide/rustup-home/toolchains/1.69.0-x86_64-unknown-linux-gnu/lib/rustlib/x86_64-unknown-linux-gnu/lib/libmemchr-d85366256f22345b.rlib" "/opt/rustwide/rustup-home/toolchains/1.69.0-x86_64-unknown-linux-gnu/lib/rustlib/x86_64-unknown-linux-gnu/lib/libaddr2line-96069b86b8a8cae9.rlib" "/opt/rustwide/rustup-home/toolchains/1.69.0-x86_64-unknown-linux-gnu/lib/rustlib/x86_64-unknown-linux-gnu/lib/libgimli-d19d53abf68dfa6c.rlib" "/opt/rustwide/rustup-home/toolchains/1.69.0-x86_64-unknown-linux-gnu/lib/rustlib/x86_64-unknown-linux-gnu/lib/librustc_demangle-787cbccd19d64ac6.rlib" "/opt/rustwide/rustup-home/toolchains/1.69.0-x86_64-unknown-linux-gnu/lib/rustlib/x86_64-unknown-linux-gnu/lib/libstd_detect-b3837a36b830e0d0.rlib" "/opt/rustwide/rustup-home/toolchains/1.69.0-x86_64-unknown-linux-gnu/lib/rustlib/x86_64-unknown-linux-gnu/lib/libhashbrown-e3deb0e7e3f04966.rlib" "/opt/rustwide/rustup-home/toolchains/1.69.0-x86_64-unknown-linux-gnu/lib/rustlib/x86_64-unknown-linux-gnu/lib/libminiz_oxide-dabbb79c9815def4.rlib" "/opt/rustwide/rustup-home/toolchains/1.69.0-x86_64-unknown-linux-gnu/lib/rustlib/x86_64-unknown-linux-gnu/lib/libadler-305b01f34c9409f2.rlib" "/opt/rustwide/rustup-home/toolchains/1.69.0-x86_64-unknown-linux-gnu/lib/rustlib/x86_64-unknown-linux-gnu/lib/librustc_std_workspace_alloc-f833521df6074e73.rlib" "/opt/rustwide/rustup-home/toolchains/1.69.0-x86_64-unknown-linux-gnu/lib/rustlib/x86_64-unknown-linux-gnu/lib/libunwind-9ac333113350d171.rlib" "/opt/rustwide/rustup-home/toolchains/1.69.0-x86_64-unknown-linux-gnu/lib/rustlib/x86_64-unknown-linux-gnu/lib/libcfg_if-1c126114322d0eee.rlib" "/opt/rustwide/rustup-home/toolchains/1.69.0-x86_64-unknown-linux-gnu/lib/rustlib/x86_64-unknown-linux-gnu/lib/liblibc-bad9164fdeeecf92.rlib" "/opt/rustwide/rustup-home/toolchains/1.69.0-x86_64-unknown-linux-gnu/lib/rustlib/x86_64-unknown-linux-gnu/lib/liballoc-f9374b1e480fa681.rlib" "/opt/rustwide/rustup-home/toolchains/1.69.0-x86_64-unknown-linux-gnu/lib/rustlib/x86_64-unknown-linux-gnu/lib/librustc_std_workspace_core-207f06e41d9603af.rlib" "/opt/rustwide/rustup-home/toolchains/1.69.0-x86_64-unknown-linux-gnu/lib/rustlib/x86_64-unknown-linux-gnu/lib/libcore-7e2768e66e984e85.rlib" "/opt/rustwide/rustup-home/toolchains/1.69.0-x86_64-unknown-linux-gnu/lib/rustlib/x86_64-unknown-linux-gnu/lib/libcompiler_builtins-957b4aff41f8cd46.rlib" "-Wl,-Bdynamic" "-lgcc_s" "-lutil" "-lrt" "-lpthread" "-lm" "-ldl" "-lc" "-Wl,--eh-frame-hdr" "-Wl,-z,noexecstack" "-L" "/opt/rustwide/rustup-home/toolchains/1.69.0-x86_64-unknown-linux-gnu/lib/rustlib/x86_64-unknown-linux-gnu/lib" "-o" "/opt/rustwide/target/debug/build/ryu-b61a2b8cd3716fa3/build_script_build-b61a2b8cd3716fa3" "-Wl,--gc-sections" "-pie" "-Wl,-z,relro,-z,now" "-nodefaultlibs"
[INFO] [stdout]   = note: /usr/bin/ld: final link failed: No space left on device
[INFO] [stdout]           collect2: error: ld returned 1 exit status
[INFO] [stdout]           
[INFO] [stdout] 
[INFO] [stdout] 
[INFO] [stdout] error: aborting due to previous error
[INFO] [stdout] 
[INFO] [stdout] 
[INFO] [stderr] error: could not compile `ryu` due to 2 previous errors
[INFO] [stderr] error: could not compile `num-traits`
[INFO] [stderr] LLVM ERROR: IO failure on output stream: No space left on device
[INFO] [stderr] error: could not compile `smallvec`
[INFO] [stdout] error: couldn't create a temp dir: No space left on device (os error 28) at path "/opt/rustwide/target/debug/deps/rmeta88Ref1"
[INFO] [stdout] 
[INFO] [stdout] 
[INFO] [stderr] error: could not compile `crossbeam-deque` due to previous error
[INFO] [stdout] error: couldn't create a temp dir: No space left on device (os error 28) at path "/opt/rustwide/target/debug/deps/rmetaMpDPQg"
[INFO] [stdout] 
[INFO] [stdout] 
[INFO] [stderr] error: could not compile `wayland-scanner` due to previous error
[INFO] [stdout] error: couldn't create a temp dir: No space left on device (os error 28) at path "/opt/rustwide/target/debug/deps/rmetarbcDwO"
[INFO] [stdout] 
[INFO] [stdout] 
[INFO] [stderr] error: could not compile `rand` due to previous error
[INFO] [stdout] error: couldn't create a temp dir: No space left on device (os error 28) at path "/opt/rustwide/target/debug/deps/rmeta8KxrZW"
[INFO] [stdout] 
[INFO] [stdout] 
[INFO] [stderr] error: could not compile `nix` due to previous error
[INFO] [stdout] error: couldn't create a temp dir: No space left on device (os error 28) at path "/opt/rustwide/target/debug/deps/rmeta3xcZ2z"
[INFO] [stdout] 
[INFO] [stdout] 
[INFO] [stderr] error: could not compile `serde` due to previous error
[INFO] [stdout] error: couldn't create a temp dir: No space left on device (os error 28) at path "/opt/rustwide/target/debug/deps/rmetaztaFLW"
[INFO] [stdout] 
[INFO] [stdout] 
[INFO] [stderr] error: could not compile `syn` due to previous error
[INFO] running `Command { std: "docker" "inspect" "db3dc488067b70270756c1ef08c004f165c9085a0e14175e6bb94bfabf1a29c2", kill_on_drop: false }`
[INFO] running `Command { std: "docker" "rm" "-f" "db3dc488067b70270756c1ef08c004f165c9085a0e14175e6bb94bfabf1a29c2", kill_on_drop: false }`
[INFO] [stdout] db3dc488067b70270756c1ef08c004f165c9085a0e14175e6bb94bfabf1a29c2
