[INFO] cloning repository https://github.com/XPredictMarket/NodePredict
[INFO] running `Command { std: "git" "-c" "credential.helper=" "-c" "credential.helper=/workspace/cargo-home/bin/git-credential-null" "clone" "--bare" "https://github.com/XPredictMarket/NodePredict" "/workspace/cache/git-repos/https%3A%2F%2Fgithub.com%2FXPredictMarket%2FNodePredict", kill_on_drop: false }`
[INFO] [stderr] Cloning into bare repository '/workspace/cache/git-repos/https%3A%2F%2Fgithub.com%2FXPredictMarket%2FNodePredict'...
[INFO] running `Command { std: "git" "rev-parse" "HEAD", kill_on_drop: false }`
[INFO] [stdout] b544651399e439efffb434146a3bc95465f18eda
[INFO] testing XPredictMarket/NodePredict against 1.69.0 for beta-1.70-1
[INFO] running `Command { std: "git" "clone" "/workspace/cache/git-repos/https%3A%2F%2Fgithub.com%2FXPredictMarket%2FNodePredict" "/workspace/builds/worker-7-tc1/source", kill_on_drop: false }`
[INFO] [stderr] Cloning into '/workspace/builds/worker-7-tc1/source'...
[INFO] [stderr] done.
[INFO] validating manifest of git repo https://github.com/XPredictMarket/NodePredict on toolchain 1.69.0
[INFO] running `Command { std: CARGO_HOME="/workspace/cargo-home" RUSTUP_HOME="/workspace/rustup-home" "/workspace/cargo-home/bin/cargo" "+1.69.0" "metadata" "--manifest-path" "Cargo.toml" "--no-deps", kill_on_drop: false }`
[INFO] started tweaking git repo https://github.com/XPredictMarket/NodePredict
[INFO] finished tweaking git repo https://github.com/XPredictMarket/NodePredict
[INFO] tweaked toml for git repo https://github.com/XPredictMarket/NodePredict written to /workspace/builds/worker-7-tc1/source/Cargo.toml
[INFO] crate git repo https://github.com/XPredictMarket/NodePredict already has a lockfile, it will not be regenerated
[INFO] running `Command { std: CARGO_HOME="/workspace/cargo-home" RUSTUP_HOME="/workspace/rustup-home" "/workspace/cargo-home/bin/cargo" "+1.69.0" "fetch" "--manifest-path" "Cargo.toml", kill_on_drop: false }`
[INFO] [stderr]  Downloading crates ...
[INFO] [stderr]   Downloaded libp2p-wasm-ext v0.27.0
[INFO] [stderr]   Downloaded libp2p-gossipsub v0.27.0
[INFO] [stderr]   Downloaded sp-consensus-slots v0.9.0
[INFO] [stderr]   Downloaded libp2p v0.34.0
[INFO] [stderr]   Downloaded sc-rpc-api v0.9.0
[INFO] [stderr]   Downloaded wasmtime-obj v0.22.0
[INFO] [stderr]   Downloaded libp2p-uds v0.27.0
[INFO] [stderr]   Downloaded if-watch v0.1.8
[INFO] [stderr]   Downloaded libp2p-swarm v0.27.2
[INFO] [stderr]   Downloaded libp2p-mplex v0.27.1
[INFO] [stderr]   Downloaded libp2p-mdns v0.28.1
[INFO] [stderr]   Downloaded libp2p-noise v0.29.0
[INFO] [stderr]   Downloaded libp2p-kad v0.28.1
[INFO] [stderr]   Downloaded libp2p-request-response v0.9.1
[INFO] [stderr]   Downloaded sc-executor-wasmtime v0.9.0
[INFO] [stderr]   Downloaded substrate-frame-rpc-system v3.0.0
[INFO] [stderr]   Downloaded frame-system-benchmarking v3.0.0
[INFO] [stderr]   Downloaded pallet-aura v3.0.0
[INFO] [stderr]   Downloaded wasmtime-jit v0.22.0
[INFO] [stderr]   Downloaded cranelift-bforest v0.69.0
[INFO] [stderr]   Downloaded sc-block-builder v0.9.0
[INFO] [stderr]   Downloaded wasmtime-debug v0.22.0
[INFO] [stderr]   Downloaded sc-state-db v0.9.0
[INFO] [stderr]   Downloaded wasmtime v0.22.0
[INFO] [stderr]   Downloaded libp2p-ping v0.27.0
[INFO] [stderr]   Downloaded cranelift-wasm v0.69.0
[INFO] [stderr]   Downloaded libp2p-plaintext v0.27.1
[INFO] [stderr]   Downloaded sc-consensus-slots v0.9.0
[INFO] [stderr]   Downloaded sc-cli v0.9.0
[INFO] [stderr]   Downloaded sc-finality-grandpa v0.9.0
[INFO] [stderr]   Downloaded sc-network v0.9.0
[INFO] [stderr]   Downloaded cranelift-codegen-shared v0.69.0
[INFO] [stderr]   Downloaded cranelift-codegen v0.69.0
[INFO] [stderr]   Downloaded wasmtime-environ v0.22.0
[INFO] [stderr]   Downloaded wasmtime-runtime v0.22.0
[INFO] [stderr]   Downloaded pallet-session v3.0.0
[INFO] [stderr]   Downloaded sp-offchain v3.0.0
[INFO] [stderr]   Downloaded frame-benchmarking v3.1.0
[INFO] [stderr]   Downloaded libp2p-dns v0.27.0
[INFO] [stderr]   Downloaded cranelift-codegen-meta v0.69.0
[INFO] [stderr]   Downloaded sc-client-db v0.9.0
[INFO] [stderr]   Downloaded sc-service v0.9.0
[INFO] [stderr]   Downloaded libp2p-core v0.27.1
[INFO] [stderr]   Downloaded libp2p-tcp v0.27.1
[INFO] [stderr]   Downloaded libp2p-websocket v0.28.0
[INFO] [stderr]   Downloaded yamux v0.8.1
[INFO] [stderr]   Downloaded libp2p-yamux v0.30.1
[INFO] [stderr]   Downloaded substrate-prometheus-endpoint v0.9.0
[INFO] [stderr]   Downloaded cranelift-entity v0.69.0
[INFO] [stderr]   Downloaded cranelift-frontend v0.69.0
[INFO] [stderr]   Downloaded sc-executor v0.9.0
[INFO] [stderr]   Downloaded frame-executive v3.0.0
[INFO] [stderr]   Downloaded hex-literal v0.3.2
[INFO] [stderr]   Downloaded pallet-authorship v3.0.0
[INFO] [stderr]   Downloaded sp-finality-grandpa v3.0.0
[INFO] [stderr]   Downloaded pallet-grandpa v3.0.0
[INFO] [stderr]   Downloaded pallet-sudo v3.0.0
[INFO] [stderr]   Downloaded pallet-transaction-payment v3.0.0
[INFO] [stderr]   Downloaded pallet-transaction-payment-rpc-runtime-api v3.0.0
[INFO] [stderr]   Downloaded sp-block-builder v3.0.0
[INFO] [stderr]   Downloaded sp-consensus-aura v0.9.0
[INFO] [stderr]   Downloaded sp-session v3.0.0
[INFO] [stderr]   Downloaded pallet-balances v3.0.0
[INFO] [stderr]   Downloaded libp2p-deflate v0.27.1
[INFO] [stderr]   Downloaded sp-authorship v3.0.0
[INFO] [stderr]   Downloaded pallet-timestamp v3.0.0
[INFO] [stderr]   Downloaded libp2p-floodsub v0.27.0
[INFO] running `Command { std: "docker" "create" "-v" "/var/lib/crater-agent-workspace/builds/worker-7-tc1/target:/opt/rustwide/target:rw,Z" "-v" "/var/lib/crater-agent-workspace/builds/worker-7-tc1/source:/opt/rustwide/workdir:ro,Z" "-v" "/var/lib/crater-agent-workspace/cargo-home:/opt/rustwide/cargo-home:ro,Z" "-v" "/var/lib/crater-agent-workspace/rustup-home:/opt/rustwide/rustup-home:ro,Z" "-e" "SOURCE_DIR=/opt/rustwide/workdir" "-e" "CARGO_TARGET_DIR=/opt/rustwide/target" "-e" "CARGO_HOME=/opt/rustwide/cargo-home" "-e" "RUSTUP_HOME=/opt/rustwide/rustup-home" "-w" "/opt/rustwide/workdir" "-m" "1610612736" "--user" "0:0" "--network" "none" "ghcr.io/rust-lang/crates-build-env/linux@sha256:97d61d7686bf65f8ecb15491ab51835e82dc9176a96a831f143a431b191fc501" "/opt/rustwide/cargo-home/bin/cargo" "+1.69.0" "metadata" "--no-deps" "--format-version=1", kill_on_drop: false }`
[INFO] [stdout] 074c1c48dd6d947c46cdc68b39e00a82c4521c9328aa3facc25372c4d915dcdc
[INFO] running `Command { std: "docker" "start" "-a" "074c1c48dd6d947c46cdc68b39e00a82c4521c9328aa3facc25372c4d915dcdc", kill_on_drop: false }`
[INFO] running `Command { std: "docker" "inspect" "074c1c48dd6d947c46cdc68b39e00a82c4521c9328aa3facc25372c4d915dcdc", kill_on_drop: false }`
[INFO] running `Command { std: "docker" "rm" "-f" "074c1c48dd6d947c46cdc68b39e00a82c4521c9328aa3facc25372c4d915dcdc", kill_on_drop: false }`
[INFO] [stdout] 074c1c48dd6d947c46cdc68b39e00a82c4521c9328aa3facc25372c4d915dcdc
[INFO] running `Command { std: "docker" "create" "-v" "/var/lib/crater-agent-workspace/builds/worker-7-tc1/target:/opt/rustwide/target:rw,Z" "-v" "/var/lib/crater-agent-workspace/builds/worker-7-tc1/source:/opt/rustwide/workdir:ro,Z" "-v" "/var/lib/crater-agent-workspace/cargo-home:/opt/rustwide/cargo-home:ro,Z" "-v" "/var/lib/crater-agent-workspace/rustup-home:/opt/rustwide/rustup-home:ro,Z" "-e" "SOURCE_DIR=/opt/rustwide/workdir" "-e" "CARGO_TARGET_DIR=/opt/rustwide/target" "-e" "CARGO_INCREMENTAL=0" "-e" "RUST_BACKTRACE=full" "-e" "RUSTFLAGS=--cap-lints=warn" "-e" "RUSTDOCFLAGS=--cap-lints=warn" "-e" "CARGO_HOME=/opt/rustwide/cargo-home" "-e" "RUSTUP_HOME=/opt/rustwide/rustup-home" "-w" "/opt/rustwide/workdir" "-m" "1610612736" "--user" "0:0" "--network" "none" "ghcr.io/rust-lang/crates-build-env/linux@sha256:97d61d7686bf65f8ecb15491ab51835e82dc9176a96a831f143a431b191fc501" "/opt/rustwide/cargo-home/bin/cargo" "+1.69.0" "build" "--frozen" "--message-format=json", kill_on_drop: false }`
[INFO] [stdout] 5556c6aafb005660f8823bd54979e3e07f4133c166f3c12b26ae7d43cbada6a4
[INFO] running `Command { std: "docker" "start" "-a" "5556c6aafb005660f8823bd54979e3e07f4133c166f3c12b26ae7d43cbada6a4", kill_on_drop: false }`
[INFO] [stderr]    Compiling proc-macro2 v1.0.27
[INFO] [stderr]    Compiling unicode-xid v0.2.2
[INFO] [stderr]    Compiling syn v1.0.73
[INFO] [stderr]    Compiling libc v0.2.97
[INFO] [stderr]    Compiling cfg-if v1.0.0
[INFO] [stderr]    Compiling version_check v0.9.3
[INFO] [stderr]    Compiling autocfg v1.0.1
[INFO] [stderr]    Compiling log v0.4.14
[INFO] [stderr]    Compiling serde_derive v1.0.126
[INFO] [stderr]    Compiling scopeguard v1.1.0
[INFO] [stderr]    Compiling serde v1.0.126
[INFO] [stderr]    Compiling smallvec v1.6.1
[INFO] [stderr]    Compiling memchr v2.4.0
[INFO] [stderr]    Compiling lazy_static v1.4.0
[INFO] [stderr]    Compiling byteorder v1.4.3
[INFO] [stderr]    Compiling ppv-lite86 v0.2.10
[INFO] [stderr]    Compiling instant v0.1.9
[INFO] [stderr]    Compiling lock_api v0.4.4
[INFO] [stderr]    Compiling typenum v1.13.0
[INFO] [stderr]    Compiling futures v0.1.31
[INFO] [stderr]    Compiling slab v0.4.3
[INFO] [stderr]    Compiling either v1.6.1
[INFO] [stderr]    Compiling cfg-if v0.1.10
[INFO] [stderr]    Compiling futures-core v0.3.15
[INFO] [stderr]    Compiling pin-project-lite v0.2.7
[INFO] [stderr]    Compiling futures-io v0.3.15
[INFO] [stderr]    Compiling anyhow v1.0.41
[INFO] [stderr]    Compiling getrandom v0.1.16
[INFO] [stderr]    Compiling futures-sink v0.3.15
[INFO] [stderr]    Compiling proc-macro-hack v0.5.19
[INFO] [stderr]    Compiling value-bag v1.0.0-alpha.7
[INFO] [stderr]    Compiling ahash v0.7.4
[INFO] [stderr]    Compiling generic-array v0.14.4
[INFO] [stderr]    Compiling proc-macro-nested v0.1.7
[INFO] [stderr]    Compiling futures-macro v0.3.15
[INFO] [stderr]    Compiling futures-channel v0.3.15
[INFO] [stdout] error: linking with `cc` failed: exit status: 1
[INFO] [stdout]   |
[INFO] [stdout]   = note: LC_ALL="C" PATH="/opt/rustwide/rustup-home/toolchains/1.69.0-x86_64-unknown-linux-gnu/lib/rustlib/x86_64-unknown-linux-gnu/bin:/opt/rustwide/cargo-home/bin:/usr/local/sbin:/usr/local/bin:/usr/sbin:/usr/bin:/sbin:/bin" VSLANG="1033" "cc" "-m64" "/tmp/rustcoQ7NOX/symbols.o" "/opt/rustwide/target/debug/build/futures-core-92d5efcb7d8d6e5b/build_script_build-92d5efcb7d8d6e5b.build_script_build.8d77561e-cgu.0.rcgu.o" "/opt/rustwide/target/debug/build/futures-core-92d5efcb7d8d6e5b/build_script_build-92d5efcb7d8d6e5b.build_script_build.8d77561e-cgu.1.rcgu.o" "/opt/rustwide/target/debug/build/futures-core-92d5efcb7d8d6e5b/build_script_build-92d5efcb7d8d6e5b.build_script_build.8d77561e-cgu.10.rcgu.o" "/opt/rustwide/target/debug/build/futures-core-92d5efcb7d8d6e5b/build_script_build-92d5efcb7d8d6e5b.build_script_build.8d77561e-cgu.11.rcgu.o" "/opt/rustwide/target/debug/build/futures-core-92d5efcb7d8d6e5b/build_script_build-92d5efcb7d8d6e5b.build_script_build.8d77561e-cgu.12.rcgu.o" "/opt/rustwide/target/debug/build/futures-core-92d5efcb7d8d6e5b/build_script_build-92d5efcb7d8d6e5b.build_script_build.8d77561e-cgu.13.rcgu.o" "/opt/rustwide/target/debug/build/futures-core-92d5efcb7d8d6e5b/build_script_build-92d5efcb7d8d6e5b.build_script_build.8d77561e-cgu.14.rcgu.o" "/opt/rustwide/target/debug/build/futures-core-92d5efcb7d8d6e5b/build_script_build-92d5efcb7d8d6e5b.build_script_build.8d77561e-cgu.15.rcgu.o" "/opt/rustwide/target/debug/build/futures-core-92d5efcb7d8d6e5b/build_script_build-92d5efcb7d8d6e5b.build_script_build.8d77561e-cgu.2.rcgu.o" "/opt/rustwide/target/debug/build/futures-core-92d5efcb7d8d6e5b/build_script_build-92d5efcb7d8d6e5b.build_script_build.8d77561e-cgu.3.rcgu.o" "/opt/rustwide/target/debug/build/futures-core-92d5efcb7d8d6e5b/build_script_build-92d5efcb7d8d6e5b.build_script_build.8d77561e-cgu.4.rcgu.o" "/opt/rustwide/target/debug/build/futures-core-92d5efcb7d8d6e5b/build_script_build-92d5efcb7d8d6e5b.build_script_build.8d77561e-cgu.5.rcgu.o" "/opt/rustwide/target/debug/build/futures-core-92d5efcb7d8d6e5b/build_script_build-92d5efcb7d8d6e5b.build_script_build.8d77561e-cgu.6.rcgu.o" "/opt/rustwide/target/debug/build/futures-core-92d5efcb7d8d6e5b/build_script_build-92d5efcb7d8d6e5b.build_script_build.8d77561e-cgu.7.rcgu.o" "/opt/rustwide/target/debug/build/futures-core-92d5efcb7d8d6e5b/build_script_build-92d5efcb7d8d6e5b.build_script_build.8d77561e-cgu.8.rcgu.o" "/opt/rustwide/target/debug/build/futures-core-92d5efcb7d8d6e5b/build_script_build-92d5efcb7d8d6e5b.build_script_build.8d77561e-cgu.9.rcgu.o" "/opt/rustwide/target/debug/build/futures-core-92d5efcb7d8d6e5b/build_script_build-92d5efcb7d8d6e5b.1q5leisf8t8qp9ki.rcgu.o" "-Wl,--as-needed" "-L" "/opt/rustwide/target/debug/deps" "-L" "/opt/rustwide/rustup-home/toolchains/1.69.0-x86_64-unknown-linux-gnu/lib/rustlib/x86_64-unknown-linux-gnu/lib" "-Wl,-Bstatic" "/opt/rustwide/rustup-home/toolchains/1.69.0-x86_64-unknown-linux-gnu/lib/rustlib/x86_64-unknown-linux-gnu/lib/libstd-89bc084783fdc439.rlib" "/opt/rustwide/rustup-home/toolchains/1.69.0-x86_64-unknown-linux-gnu/lib/rustlib/x86_64-unknown-linux-gnu/lib/libpanic_unwind-8bee4b287d4367c1.rlib" "/opt/rustwide/rustup-home/toolchains/1.69.0-x86_64-unknown-linux-gnu/lib/rustlib/x86_64-unknown-linux-gnu/lib/libobject-d61707aed80694c0.rlib" "/opt/rustwide/rustup-home/toolchains/1.69.0-x86_64-unknown-linux-gnu/lib/rustlib/x86_64-unknown-linux-gnu/lib/libmemchr-d85366256f22345b.rlib" "/opt/rustwide/rustup-home/toolchains/1.69.0-x86_64-unknown-linux-gnu/lib/rustlib/x86_64-unknown-linux-gnu/lib/libaddr2line-96069b86b8a8cae9.rlib" "/opt/rustwide/rustup-home/toolchains/1.69.0-x86_64-unknown-linux-gnu/lib/rustlib/x86_64-unknown-linux-gnu/lib/libgimli-d19d53abf68dfa6c.rlib" "/opt/rustwide/rustup-home/toolchains/1.69.0-x86_64-unknown-linux-gnu/lib/rustlib/x86_64-unknown-linux-gnu/lib/librustc_demangle-787cbccd19d64ac6.rlib" "/opt/rustwide/rustup-home/toolchains/1.69.0-x86_64-unknown-linux-gnu/lib/rustlib/x86_64-unknown-linux-gnu/lib/libstd_detect-b3837a36b830e0d0.rlib" "/opt/rustwide/rustup-home/toolchains/1.69.0-x86_64-unknown-linux-gnu/lib/rustlib/x86_64-unknown-linux-gnu/lib/libhashbrown-e3deb0e7e3f04966.rlib" "/opt/rustwide/rustup-home/toolchains/1.69.0-x86_64-unknown-linux-gnu/lib/rustlib/x86_64-unknown-linux-gnu/lib/libminiz_oxide-dabbb79c9815def4.rlib" "/opt/rustwide/rustup-home/toolchains/1.69.0-x86_64-unknown-linux-gnu/lib/rustlib/x86_64-unknown-linux-gnu/lib/libadler-305b01f34c9409f2.rlib" "/opt/rustwide/rustup-home/toolchains/1.69.0-x86_64-unknown-linux-gnu/lib/rustlib/x86_64-unknown-linux-gnu/lib/librustc_std_workspace_alloc-f833521df6074e73.rlib" "/opt/rustwide/rustup-home/toolchains/1.69.0-x86_64-unknown-linux-gnu/lib/rustlib/x86_64-unknown-linux-gnu/lib/libunwind-9ac333113350d171.rlib" "/opt/rustwide/rustup-home/toolchains/1.69.0-x86_64-unknown-linux-gnu/lib/rustlib/x86_64-unknown-linux-gnu/lib/libcfg_if-1c126114322d0eee.rlib" "/opt/rustwide/rustup-home/toolchains/1.69.0-x86_64-unknown-linux-gnu/lib/rustlib/x86_64-unknown-linux-gnu/lib/liblibc-bad9164fdeeecf92.rlib" "/opt/rustwide/rustup-home/toolchains/1.69.0-x86_64-unknown-linux-gnu/lib/rustlib/x86_64-unknown-linux-gnu/lib/liballoc-f9374b1e480fa681.rlib" "/opt/rustwide/rustup-home/toolchains/1.69.0-x86_64-unknown-linux-gnu/lib/rustlib/x86_64-unknown-linux-gnu/lib/librustc_std_workspace_core-207f06e41d9603af.rlib" "/opt/rustwide/rustup-home/toolchains/1.69.0-x86_64-unknown-linux-gnu/lib/rustlib/x86_64-unknown-linux-gnu/lib/libcore-7e2768e66e984e85.rlib" "/opt/rustwide/rustup-home/toolchains/1.69.0-x86_64-unknown-linux-gnu/lib/rustlib/x86_64-unknown-linux-gnu/lib/libcompiler_builtins-957b4aff41f8cd46.rlib" "-Wl,-Bdynamic" "-lgcc_s" "-lutil" "-lrt" "-lpthread" "-lm" "-ldl" "-lc" "-Wl,--eh-frame-hdr" "-Wl,-z,noexecstack" "-L" "/opt/rustwide/rustup-home/toolchains/1.69.0-x86_64-unknown-linux-gnu/lib/rustlib/x86_64-unknown-linux-gnu/lib" "-o" "/opt/rustwide/target/debug/build/futures-core-92d5efcb7d8d6e5b/build_script_build-92d5efcb7d8d6e5b" "-Wl,--gc-sections" "-pie" "-Wl,-z,relro,-z,now" "-nodefaultlibs"
[INFO] [stdout]   = note: /usr/bin/ld: final link failed: No space left on device
[INFO] [stdout]           collect2: error: ld returned 1 exit status
[INFO] [stdout]           
[INFO] [stdout] 
[INFO] [stdout] 
[INFO] [stdout] error: aborting due to previous error
[INFO] [stdout] 
[INFO] [stdout] 
[INFO] [stderr] error: could not compile `futures-core` due to 2 previous errors
[INFO] [stderr] warning: build failed, waiting for other jobs to finish...
[INFO] [stdout] error: linking with `cc` failed: exit status: 1
[INFO] [stdout]   |
[INFO] [stdout]   = note: LC_ALL="C" PATH="/opt/rustwide/rustup-home/toolchains/1.69.0-x86_64-unknown-linux-gnu/lib/rustlib/x86_64-unknown-linux-gnu/bin:/opt/rustwide/cargo-home/bin:/usr/local/sbin:/usr/local/bin:/usr/sbin:/usr/bin:/sbin:/bin" VSLANG="1033" "cc" "-m64" "/tmp/rustcenXru4/symbols.o" "/opt/rustwide/target/debug/build/generic-array-ed4a35525d2c54ad/build_script_build-ed4a35525d2c54ad.build_script_build.ff1344f9-cgu.0.rcgu.o" "/opt/rustwide/target/debug/build/generic-array-ed4a35525d2c54ad/build_script_build-ed4a35525d2c54ad.build_script_build.ff1344f9-cgu.1.rcgu.o" "/opt/rustwide/target/debug/build/generic-array-ed4a35525d2c54ad/build_script_build-ed4a35525d2c54ad.build_script_build.ff1344f9-cgu.2.rcgu.o" "/opt/rustwide/target/debug/build/generic-array-ed4a35525d2c54ad/build_script_build-ed4a35525d2c54ad.build_script_build.ff1344f9-cgu.3.rcgu.o" "/opt/rustwide/target/debug/build/generic-array-ed4a35525d2c54ad/build_script_build-ed4a35525d2c54ad.build_script_build.ff1344f9-cgu.4.rcgu.o" "/opt/rustwide/target/debug/build/generic-array-ed4a35525d2c54ad/build_script_build-ed4a35525d2c54ad.build_script_build.ff1344f9-cgu.5.rcgu.o" "/opt/rustwide/target/debug/build/generic-array-ed4a35525d2c54ad/build_script_build-ed4a35525d2c54ad.l9f0dbf6r1aosxx.rcgu.o" "-Wl,--as-needed" "-L" "/opt/rustwide/target/debug/deps" "-L" "/opt/rustwide/rustup-home/toolchains/1.69.0-x86_64-unknown-linux-gnu/lib/rustlib/x86_64-unknown-linux-gnu/lib" "-Wl,-Bstatic" "/opt/rustwide/target/debug/deps/libversion_check-f356d3569f511e40.rlib" "/opt/rustwide/rustup-home/toolchains/1.69.0-x86_64-unknown-linux-gnu/lib/rustlib/x86_64-unknown-linux-gnu/lib/libstd-89bc084783fdc439.rlib" "/opt/rustwide/rustup-home/toolchains/1.69.0-x86_64-unknown-linux-gnu/lib/rustlib/x86_64-unknown-linux-gnu/lib/libpanic_unwind-8bee4b287d4367c1.rlib" "/opt/rustwide/rustup-home/toolchains/1.69.0-x86_64-unknown-linux-gnu/lib/rustlib/x86_64-unknown-linux-gnu/lib/libobject-d61707aed80694c0.rlib" "/opt/rustwide/rustup-home/toolchains/1.69.0-x86_64-unknown-linux-gnu/lib/rustlib/x86_64-unknown-linux-gnu/lib/libmemchr-d85366256f22345b.rlib" "/opt/rustwide/rustup-home/toolchains/1.69.0-x86_64-unknown-linux-gnu/lib/rustlib/x86_64-unknown-linux-gnu/lib/libaddr2line-96069b86b8a8cae9.rlib" "/opt/rustwide/rustup-home/toolchains/1.69.0-x86_64-unknown-linux-gnu/lib/rustlib/x86_64-unknown-linux-gnu/lib/libgimli-d19d53abf68dfa6c.rlib" "/opt/rustwide/rustup-home/toolchains/1.69.0-x86_64-unknown-linux-gnu/lib/rustlib/x86_64-unknown-linux-gnu/lib/librustc_demangle-787cbccd19d64ac6.rlib" "/opt/rustwide/rustup-home/toolchains/1.69.0-x86_64-unknown-linux-gnu/lib/rustlib/x86_64-unknown-linux-gnu/lib/libstd_detect-b3837a36b830e0d0.rlib" "/opt/rustwide/rustup-home/toolchains/1.69.0-x86_64-unknown-linux-gnu/lib/rustlib/x86_64-unknown-linux-gnu/lib/libhashbrown-e3deb0e7e3f04966.rlib" "/opt/rustwide/rustup-home/toolchains/1.69.0-x86_64-unknown-linux-gnu/lib/rustlib/x86_64-unknown-linux-gnu/lib/libminiz_oxide-dabbb79c9815def4.rlib" "/opt/rustwide/rustup-home/toolchains/1.69.0-x86_64-unknown-linux-gnu/lib/rustlib/x86_64-unknown-linux-gnu/lib/libadler-305b01f34c9409f2.rlib" "/opt/rustwide/rustup-home/toolchains/1.69.0-x86_64-unknown-linux-gnu/lib/rustlib/x86_64-unknown-linux-gnu/lib/librustc_std_workspace_alloc-f833521df6074e73.rlib" "/opt/rustwide/rustup-home/toolchains/1.69.0-x86_64-unknown-linux-gnu/lib/rustlib/x86_64-unknown-linux-gnu/lib/libunwind-9ac333113350d171.rlib" "/opt/rustwide/rustup-home/toolchains/1.69.0-x86_64-unknown-linux-gnu/lib/rustlib/x86_64-unknown-linux-gnu/lib/libcfg_if-1c126114322d0eee.rlib" "/opt/rustwide/rustup-home/toolchains/1.69.0-x86_64-unknown-linux-gnu/lib/rustlib/x86_64-unknown-linux-gnu/lib/liblibc-bad9164fdeeecf92.rlib" "/opt/rustwide/rustup-home/toolchains/1.69.0-x86_64-unknown-linux-gnu/lib/rustlib/x86_64-unknown-linux-gnu/lib/liballoc-f9374b1e480fa681.rlib" "/opt/rustwide/rustup-home/toolchains/1.69.0-x86_64-unknown-linux-gnu/lib/rustlib/x86_64-unknown-linux-gnu/lib/librustc_std_workspace_core-207f06e41d9603af.rlib" "/opt/rustwide/rustup-home/toolchains/1.69.0-x86_64-unknown-linux-gnu/lib/rustlib/x86_64-unknown-linux-gnu/lib/libcore-7e2768e66e984e85.rlib" "/opt/rustwide/rustup-home/toolchains/1.69.0-x86_64-unknown-linux-gnu/lib/rustlib/x86_64-unknown-linux-gnu/lib/libcompiler_builtins-957b4aff41f8cd46.rlib" "-Wl,-Bdynamic" "-lgcc_s" "-lutil" "-lrt" "-lpthread" "-lm" "-ldl" "-lc" "-Wl,--eh-frame-hdr" "-Wl,-z,noexecstack" "-L" "/opt/rustwide/rustup-home/toolchains/1.69.0-x86_64-unknown-linux-gnu/lib/rustlib/x86_64-unknown-linux-gnu/lib" "-o" "/opt/rustwide/target/debug/build/generic-array-ed4a35525d2c54ad/build_script_build-ed4a35525d2c54ad" "-Wl,--gc-sections" "-pie" "-Wl,-z,relro,-z,now" "-nodefaultlibs"
[INFO] [stdout]   = note: /usr/bin/ld: final link failed: No space left on device
[INFO] [stdout]           collect2: error: ld returned 1 exit status
[INFO] [stdout]           
[INFO] [stdout] 
[INFO] [stdout] 
[INFO] [stdout] error: aborting due to previous error
[INFO] [stdout] 
[INFO] [stdout] 
[INFO] [stderr] error: could not compile `generic-array` due to 2 previous errors
[INFO] [stdout] error: linking with `cc` failed: exit status: 1
[INFO] [stdout]   |
[INFO] [stdout]   = note: LC_ALL="C" PATH="/opt/rustwide/rustup-home/toolchains/1.69.0-x86_64-unknown-linux-gnu/lib/rustlib/x86_64-unknown-linux-gnu/bin:/opt/rustwide/cargo-home/bin:/usr/local/sbin:/usr/local/bin:/usr/sbin:/usr/bin:/sbin:/bin" VSLANG="1033" "cc" "-m64" "/tmp/rustcziMFWM/symbols.o" "/opt/rustwide/target/debug/build/value-bag-71299bbf91db0b5f/build_script_build-71299bbf91db0b5f.build_script_build.ef6e38b5-cgu.0.rcgu.o" "/opt/rustwide/target/debug/build/value-bag-71299bbf91db0b5f/build_script_build-71299bbf91db0b5f.build_script_build.ef6e38b5-cgu.1.rcgu.o" "/opt/rustwide/target/debug/build/value-bag-71299bbf91db0b5f/build_script_build-71299bbf91db0b5f.build_script_build.ef6e38b5-cgu.10.rcgu.o" "/opt/rustwide/target/debug/build/value-bag-71299bbf91db0b5f/build_script_build-71299bbf91db0b5f.build_script_build.ef6e38b5-cgu.11.rcgu.o" "/opt/rustwide/target/debug/build/value-bag-71299bbf91db0b5f/build_script_build-71299bbf91db0b5f.build_script_build.ef6e38b5-cgu.2.rcgu.o" "/opt/rustwide/target/debug/build/value-bag-71299bbf91db0b5f/build_script_build-71299bbf91db0b5f.build_script_build.ef6e38b5-cgu.3.rcgu.o" "/opt/rustwide/target/debug/build/value-bag-71299bbf91db0b5f/build_script_build-71299bbf91db0b5f.build_script_build.ef6e38b5-cgu.4.rcgu.o" "/opt/rustwide/target/debug/build/value-bag-71299bbf91db0b5f/build_script_build-71299bbf91db0b5f.build_script_build.ef6e38b5-cgu.5.rcgu.o" "/opt/rustwide/target/debug/build/value-bag-71299bbf91db0b5f/build_script_build-71299bbf91db0b5f.build_script_build.ef6e38b5-cgu.6.rcgu.o" "/opt/rustwide/target/debug/build/value-bag-71299bbf91db0b5f/build_script_build-71299bbf91db0b5f.build_script_build.ef6e38b5-cgu.7.rcgu.o" "/opt/rustwide/target/debug/build/value-bag-71299bbf91db0b5f/build_script_build-71299bbf91db0b5f.build_script_build.ef6e38b5-cgu.8.rcgu.o" "/opt/rustwide/target/debug/build/value-bag-71299bbf91db0b5f/build_script_build-71299bbf91db0b5f.build_script_build.ef6e38b5-cgu.9.rcgu.o" "/opt/rustwide/target/debug/build/value-bag-71299bbf91db0b5f/build_script_build-71299bbf91db0b5f.2jbiic0pbw5h8hsb.rcgu.o" "-Wl,--as-needed" "-L" "/opt/rustwide/target/debug/deps" "-L" "/opt/rustwide/rustup-home/toolchains/1.69.0-x86_64-unknown-linux-gnu/lib/rustlib/x86_64-unknown-linux-gnu/lib" "-Wl,-Bstatic" "/opt/rustwide/target/debug/deps/libversion_check-f356d3569f511e40.rlib" "/opt/rustwide/rustup-home/toolchains/1.69.0-x86_64-unknown-linux-gnu/lib/rustlib/x86_64-unknown-linux-gnu/lib/libstd-89bc084783fdc439.rlib" "/opt/rustwide/rustup-home/toolchains/1.69.0-x86_64-unknown-linux-gnu/lib/rustlib/x86_64-unknown-linux-gnu/lib/libpanic_unwind-8bee4b287d4367c1.rlib" "/opt/rustwide/rustup-home/toolchains/1.69.0-x86_64-unknown-linux-gnu/lib/rustlib/x86_64-unknown-linux-gnu/lib/libobject-d61707aed80694c0.rlib" "/opt/rustwide/rustup-home/toolchains/1.69.0-x86_64-unknown-linux-gnu/lib/rustlib/x86_64-unknown-linux-gnu/lib/libmemchr-d85366256f22345b.rlib" "/opt/rustwide/rustup-home/toolchains/1.69.0-x86_64-unknown-linux-gnu/lib/rustlib/x86_64-unknown-linux-gnu/lib/libaddr2line-96069b86b8a8cae9.rlib" "/opt/rustwide/rustup-home/toolchains/1.69.0-x86_64-unknown-linux-gnu/lib/rustlib/x86_64-unknown-linux-gnu/lib/libgimli-d19d53abf68dfa6c.rlib" "/opt/rustwide/rustup-home/toolchains/1.69.0-x86_64-unknown-linux-gnu/lib/rustlib/x86_64-unknown-linux-gnu/lib/librustc_demangle-787cbccd19d64ac6.rlib" "/opt/rustwide/rustup-home/toolchains/1.69.0-x86_64-unknown-linux-gnu/lib/rustlib/x86_64-unknown-linux-gnu/lib/libstd_detect-b3837a36b830e0d0.rlib" "/opt/rustwide/rustup-home/toolchains/1.69.0-x86_64-unknown-linux-gnu/lib/rustlib/x86_64-unknown-linux-gnu/lib/libhashbrown-e3deb0e7e3f04966.rlib" "/opt/rustwide/rustup-home/toolchains/1.69.0-x86_64-unknown-linux-gnu/lib/rustlib/x86_64-unknown-linux-gnu/lib/libminiz_oxide-dabbb79c9815def4.rlib" "/opt/rustwide/rustup-home/toolchains/1.69.0-x86_64-unknown-linux-gnu/lib/rustlib/x86_64-unknown-linux-gnu/lib/libadler-305b01f34c9409f2.rlib" "/opt/rustwide/rustup-home/toolchains/1.69.0-x86_64-unknown-linux-gnu/lib/rustlib/x86_64-unknown-linux-gnu/lib/librustc_std_workspace_alloc-f833521df6074e73.rlib" "/opt/rustwide/rustup-home/toolchains/1.69.0-x86_64-unknown-linux-gnu/lib/rustlib/x86_64-unknown-linux-gnu/lib/libunwind-9ac333113350d171.rlib" "/opt/rustwide/rustup-home/toolchains/1.69.0-x86_64-unknown-linux-gnu/lib/rustlib/x86_64-unknown-linux-gnu/lib/libcfg_if-1c126114322d0eee.rlib" "/opt/rustwide/rustup-home/toolchains/1.69.0-x86_64-unknown-linux-gnu/lib/rustlib/x86_64-unknown-linux-gnu/lib/liblibc-bad9164fdeeecf92.rlib" "/opt/rustwide/rustup-home/toolchains/1.69.0-x86_64-unknown-linux-gnu/lib/rustlib/x86_64-unknown-linux-gnu/lib/liballoc-f9374b1e480fa681.rlib" "/opt/rustwide/rustup-home/toolchains/1.69.0-x86_64-unknown-linux-gnu/lib/rustlib/x86_64-unknown-linux-gnu/lib/librustc_std_workspace_core-207f06e41d9603af.rlib" "/opt/rustwide/rustup-home/toolchains/1.69.0-x86_64-unknown-linux-gnu/lib/rustlib/x86_64-unknown-linux-gnu/lib/libcore-7e2768e66e984e85.rlib" "/opt/rustwide/rustup-home/toolchains/1.69.0-x86_64-unknown-linux-gnu/lib/rustlib/x86_64-unknown-linux-gnu/lib/libcompiler_builtins-957b4aff41f8cd46.rlib" "-Wl,-Bdynamic" "-lgcc_s" "-lutil" "-lrt" "-lpthread" "-lm" "-ldl" "-lc" "-Wl,--eh-frame-hdr" "-Wl,-z,noexecstack" "-L" "/opt/rustwide/rustup-home/toolchains/1.69.0-x86_64-unknown-linux-gnu/lib/rustlib/x86_64-unknown-linux-gnu/lib" "-o" "/opt/rustwide/target/debug/build/value-bag-71299bbf91db0b5f/build_script_build-71299bbf91db0b5f" "-Wl,--gc-sections" "-pie" "-Wl,-z,relro,-z,now" "-nodefaultlibs"
[INFO] [stdout]   = note: /usr/bin/ld: final link failed: No space left on device
[INFO] [stdout]           collect2: error: ld returned 1 exit status
[INFO] [stdout]           
[INFO] [stdout] 
[INFO] [stdout] 
[INFO] [stdout] error: aborting due to previous error
[INFO] [stdout] 
[INFO] [stdout] 
[INFO] [stderr] error: could not compile `value-bag` due to 2 previous errors
[INFO] [stdout] error: linking with `cc` failed: exit status: 1
[INFO] [stdout]   |
[INFO] [stdout]   = note: LC_ALL="C" PATH="/opt/rustwide/rustup-home/toolchains/1.69.0-x86_64-unknown-linux-gnu/lib/rustlib/x86_64-unknown-linux-gnu/bin:/opt/rustwide/cargo-home/bin:/usr/local/sbin:/usr/local/bin:/usr/sbin:/usr/bin:/sbin:/bin" VSLANG="1033" "cc" "-m64" "/tmp/rustcY13OaL/symbols.o" "/opt/rustwide/target/debug/build/futures-macro-802792dbe9461a1f/build_script_build-802792dbe9461a1f.build_script_build.e4b9b95e-cgu.0.rcgu.o" "/opt/rustwide/target/debug/build/futures-macro-802792dbe9461a1f/build_script_build-802792dbe9461a1f.build_script_build.e4b9b95e-cgu.1.rcgu.o" "/opt/rustwide/target/debug/build/futures-macro-802792dbe9461a1f/build_script_build-802792dbe9461a1f.build_script_build.e4b9b95e-cgu.2.rcgu.o" "/opt/rustwide/target/debug/build/futures-macro-802792dbe9461a1f/build_script_build-802792dbe9461a1f.build_script_build.e4b9b95e-cgu.3.rcgu.o" "/opt/rustwide/target/debug/build/futures-macro-802792dbe9461a1f/build_script_build-802792dbe9461a1f.build_script_build.e4b9b95e-cgu.4.rcgu.o" "/opt/rustwide/target/debug/build/futures-macro-802792dbe9461a1f/build_script_build-802792dbe9461a1f.build_script_build.e4b9b95e-cgu.5.rcgu.o" "/opt/rustwide/target/debug/build/futures-macro-802792dbe9461a1f/build_script_build-802792dbe9461a1f.2zbuy8qp8o5fqq7h.rcgu.o" "-Wl,--as-needed" "-L" "/opt/rustwide/target/debug/deps" "-L" "/opt/rustwide/rustup-home/toolchains/1.69.0-x86_64-unknown-linux-gnu/lib/rustlib/x86_64-unknown-linux-gnu/lib" "-Wl,-Bstatic" "/opt/rustwide/target/debug/deps/libautocfg-f69eab92bd40406d.rlib" "/opt/rustwide/rustup-home/toolchains/1.69.0-x86_64-unknown-linux-gnu/lib/rustlib/x86_64-unknown-linux-gnu/lib/libstd-89bc084783fdc439.rlib" "/opt/rustwide/rustup-home/toolchains/1.69.0-x86_64-unknown-linux-gnu/lib/rustlib/x86_64-unknown-linux-gnu/lib/libpanic_unwind-8bee4b287d4367c1.rlib" "/opt/rustwide/rustup-home/toolchains/1.69.0-x86_64-unknown-linux-gnu/lib/rustlib/x86_64-unknown-linux-gnu/lib/libobject-d61707aed80694c0.rlib" "/opt/rustwide/rustup-home/toolchains/1.69.0-x86_64-unknown-linux-gnu/lib/rustlib/x86_64-unknown-linux-gnu/lib/libmemchr-d85366256f22345b.rlib" "/opt/rustwide/rustup-home/toolchains/1.69.0-x86_64-unknown-linux-gnu/lib/rustlib/x86_64-unknown-linux-gnu/lib/libaddr2line-96069b86b8a8cae9.rlib" "/opt/rustwide/rustup-home/toolchains/1.69.0-x86_64-unknown-linux-gnu/lib/rustlib/x86_64-unknown-linux-gnu/lib/libgimli-d19d53abf68dfa6c.rlib" "/opt/rustwide/rustup-home/toolchains/1.69.0-x86_64-unknown-linux-gnu/lib/rustlib/x86_64-unknown-linux-gnu/lib/librustc_demangle-787cbccd19d64ac6.rlib" "/opt/rustwide/rustup-home/toolchains/1.69.0-x86_64-unknown-linux-gnu/lib/rustlib/x86_64-unknown-linux-gnu/lib/libstd_detect-b3837a36b830e0d0.rlib" "/opt/rustwide/rustup-home/toolchains/1.69.0-x86_64-unknown-linux-gnu/lib/rustlib/x86_64-unknown-linux-gnu/lib/libhashbrown-e3deb0e7e3f04966.rlib" "/opt/rustwide/rustup-home/toolchains/1.69.0-x86_64-unknown-linux-gnu/lib/rustlib/x86_64-unknown-linux-gnu/lib/libminiz_oxide-dabbb79c9815def4.rlib" "/opt/rustwide/rustup-home/toolchains/1.69.0-x86_64-unknown-linux-gnu/lib/rustlib/x86_64-unknown-linux-gnu/lib/libadler-305b01f34c9409f2.rlib" "/opt/rustwide/rustup-home/toolchains/1.69.0-x86_64-unknown-linux-gnu/lib/rustlib/x86_64-unknown-linux-gnu/lib/librustc_std_workspace_alloc-f833521df6074e73.rlib" "/opt/rustwide/rustup-home/toolchains/1.69.0-x86_64-unknown-linux-gnu/lib/rustlib/x86_64-unknown-linux-gnu/lib/libunwind-9ac333113350d171.rlib" "/opt/rustwide/rustup-home/toolchains/1.69.0-x86_64-unknown-linux-gnu/lib/rustlib/x86_64-unknown-linux-gnu/lib/libcfg_if-1c126114322d0eee.rlib" "/opt/rustwide/rustup-home/toolchains/1.69.0-x86_64-unknown-linux-gnu/lib/rustlib/x86_64-unknown-linux-gnu/lib/liblibc-bad9164fdeeecf92.rlib" "/opt/rustwide/rustup-home/toolchains/1.69.0-x86_64-unknown-linux-gnu/lib/rustlib/x86_64-unknown-linux-gnu/lib/liballoc-f9374b1e480fa681.rlib" "/opt/rustwide/rustup-home/toolchains/1.69.0-x86_64-unknown-linux-gnu/lib/rustlib/x86_64-unknown-linux-gnu/lib/librustc_std_workspace_core-207f06e41d9603af.rlib" "/opt/rustwide/rustup-home/toolchains/1.69.0-x86_64-unknown-linux-gnu/lib/rustlib/x86_64-unknown-linux-gnu/lib/libcore-7e2768e66e984e85.rlib" "/opt/rustwide/rustup-home/toolchains/1.69.0-x86_64-unknown-linux-gnu/lib/rustlib/x86_64-unknown-linux-gnu/lib/libcompiler_builtins-957b4aff41f8cd46.rlib" "-Wl,-Bdynamic" "-lgcc_s" "-lutil" "-lrt" "-lpthread" "-lm" "-ldl" "-lc" "-Wl,--eh-frame-hdr" "-Wl,-z,noexecstack" "-L" "/opt/rustwide/rustup-home/toolchains/1.69.0-x86_64-unknown-linux-gnu/lib/rustlib/x86_64-unknown-linux-gnu/lib" "-o" "/opt/rustwide/target/debug/build/futures-macro-802792dbe9461a1f/build_script_build-802792dbe9461a1f" "-Wl,--gc-sections" "-pie" "-Wl,-z,relro,-z,now" "-nodefaultlibs"
[INFO] [stdout]   = note: /usr/bin/ld: final link failed: No space left on device
[INFO] [stdout]           collect2: error: ld returned 1 exit status
[INFO] [stdout]           
[INFO] [stdout] 
[INFO] [stdout] 
[INFO] [stdout] error: aborting due to previous error
[INFO] [stdout] 
[INFO] [stdout] 
[INFO] [stdout] error: linking with `cc` failed: exit status: 1
[INFO] [stdout]   |
[INFO] [stdout]   = note: LC_ALL="C" PATH="/opt/rustwide/rustup-home/toolchains/1.69.0-x86_64-unknown-linux-gnu/lib/rustlib/x86_64-unknown-linux-gnu/bin:/opt/rustwide/cargo-home/bin:/usr/local/sbin:/usr/local/bin:/usr/sbin:/usr/bin:/sbin:/bin" VSLANG="1033" "cc" "-m64" "/tmp/rustc8sDYIY/symbols.o" "/opt/rustwide/target/debug/build/anyhow-23aae27454e7e86d/build_script_build-23aae27454e7e86d.build_script_build.3a794a5c-cgu.0.rcgu.o" "/opt/rustwide/target/debug/build/anyhow-23aae27454e7e86d/build_script_build-23aae27454e7e86d.build_script_build.3a794a5c-cgu.1.rcgu.o" "/opt/rustwide/target/debug/build/anyhow-23aae27454e7e86d/build_script_build-23aae27454e7e86d.build_script_build.3a794a5c-cgu.10.rcgu.o" "/opt/rustwide/target/debug/build/anyhow-23aae27454e7e86d/build_script_build-23aae27454e7e86d.build_script_build.3a794a5c-cgu.11.rcgu.o" "/opt/rustwide/target/debug/build/anyhow-23aae27454e7e86d/build_script_build-23aae27454e7e86d.build_script_build.3a794a5c-cgu.12.rcgu.o" "/opt/rustwide/target/debug/build/anyhow-23aae27454e7e86d/build_script_build-23aae27454e7e86d.build_script_build.3a794a5c-cgu.13.rcgu.o" "/opt/rustwide/target/debug/build/anyhow-23aae27454e7e86d/build_script_build-23aae27454e7e86d.build_script_build.3a794a5c-cgu.14.rcgu.o" "/opt/rustwide/target/debug/build/anyhow-23aae27454e7e86d/build_script_build-23aae27454e7e86d.build_script_build.3a794a5c-cgu.15.rcgu.o" "/opt/rustwide/target/debug/build/anyhow-23aae27454e7e86d/build_script_build-23aae27454e7e86d.build_script_build.3a794a5c-cgu.2.rcgu.o" "/opt/rustwide/target/debug/build/anyhow-23aae27454e7e86d/build_script_build-23aae27454e7e86d.build_script_build.3a794a5c-cgu.3.rcgu.o" "/opt/rustwide/target/debug/build/anyhow-23aae27454e7e86d/build_script_build-23aae27454e7e86d.build_script_build.3a794a5c-cgu.4.rcgu.o" "/opt/rustwide/target/debug/build/anyhow-23aae27454e7e86d/build_script_build-23aae27454e7e86d.build_script_build.3a794a5c-cgu.5.rcgu.o" "/opt/rustwide/target/debug/build/anyhow-23aae27454e7e86d/build_script_build-23aae27454e7e86d.build_script_build.3a794a5c-cgu.6.rcgu.o" "/opt/rustwide/target/debug/build/anyhow-23aae27454e7e86d/build_script_build-23aae27454e7e86d.build_script_build.3a794a5c-cgu.7.rcgu.o" "/opt/rustwide/target/debug/build/anyhow-23aae27454e7e86d/build_script_build-23aae27454e7e86d.build_script_build.3a794a5c-cgu.8.rcgu.o" "/opt/rustwide/target/debug/build/anyhow-23aae27454e7e86d/build_script_build-23aae27454e7e86d.build_script_build.3a794a5c-cgu.9.rcgu.o" "/opt/rustwide/target/debug/build/anyhow-23aae27454e7e86d/build_script_build-23aae27454e7e86d.29sxwhbf2dn22n67.rcgu.o" "-Wl,--as-needed" "-L" "/opt/rustwide/target/debug/deps" "-L" "/opt/rustwide/rustup-home/toolchains/1.69.0-x86_64-unknown-linux-gnu/lib/rustlib/x86_64-unknown-linux-gnu/lib" "-Wl,-Bstatic" "/opt/rustwide/rustup-home/toolchains/1.69.0-x86_64-unknown-linux-gnu/lib/rustlib/x86_64-unknown-linux-gnu/lib/libstd-89bc084783fdc439.rlib" "/opt/rustwide/rustup-home/toolchains/1.69.0-x86_64-unknown-linux-gnu/lib/rustlib/x86_64-unknown-linux-gnu/lib/libpanic_unwind-8bee4b287d4367c1.rlib" "/opt/rustwide/rustup-home/toolchains/1.69.0-x86_64-unknown-linux-gnu/lib/rustlib/x86_64-unknown-linux-gnu/lib/libobject-d61707aed80694c0.rlib" "/opt/rustwide/rustup-home/toolchains/1.69.0-x86_64-unknown-linux-gnu/lib/rustlib/x86_64-unknown-linux-gnu/lib/libmemchr-d85366256f22345b.rlib" "/opt/rustwide/rustup-home/toolchains/1.69.0-x86_64-unknown-linux-gnu/lib/rustlib/x86_64-unknown-linux-gnu/lib/libaddr2line-96069b86b8a8cae9.rlib" "/opt/rustwide/rustup-home/toolchains/1.69.0-x86_64-unknown-linux-gnu/lib/rustlib/x86_64-unknown-linux-gnu/lib/libgimli-d19d53abf68dfa6c.rlib" "/opt/rustwide/rustup-home/toolchains/1.69.0-x86_64-unknown-linux-gnu/lib/rustlib/x86_64-unknown-linux-gnu/lib/librustc_demangle-787cbccd19d64ac6.rlib" "/opt/rustwide/rustup-home/toolchains/1.69.0-x86_64-unknown-linux-gnu/lib/rustlib/x86_64-unknown-linux-gnu/lib/libstd_detect-b3837a36b830e0d0.rlib" "/opt/rustwide/rustup-home/toolchains/1.69.0-x86_64-unknown-linux-gnu/lib/rustlib/x86_64-unknown-linux-gnu/lib/libhashbrown-e3deb0e7e3f04966.rlib" "/opt/rustwide/rustup-home/toolchains/1.69.0-x86_64-unknown-linux-gnu/lib/rustlib/x86_64-unknown-linux-gnu/lib/libminiz_oxide-dabbb79c9815def4.rlib" "/opt/rustwide/rustup-home/toolchains/1.69.0-x86_64-unknown-linux-gnu/lib/rustlib/x86_64-unknown-linux-gnu/lib/libadler-305b01f34c9409f2.rlib" "/opt/rustwide/rustup-home/toolchains/1.69.0-x86_64-unknown-linux-gnu/lib/rustlib/x86_64-unknown-linux-gnu/lib/librustc_std_workspace_alloc-f833521df6074e73.rlib" "/opt/rustwide/rustup-home/toolchains/1.69.0-x86_64-unknown-linux-gnu/lib/rustlib/x86_64-unknown-linux-gnu/lib/libunwind-9ac333113350d171.rlib" "/opt/rustwide/rustup-home/toolchains/1.69.0-x86_64-unknown-linux-gnu/lib/rustlib/x86_64-unknown-linux-gnu/lib/libcfg_if-1c126114322d0eee.rlib" "/opt/rustwide/rustup-home/toolchains/1.69.0-x86_64-unknown-linux-gnu/lib/rustlib/x86_64-unknown-linux-gnu/lib/liblibc-bad9164fdeeecf92.rlib" "/opt/rustwide/rustup-home/toolchains/1.69.0-x86_64-unknown-linux-gnu/lib/rustlib/x86_64-unknown-linux-gnu/lib/liballoc-f9374b1e480fa681.rlib" "/opt/rustwide/rustup-home/toolchains/1.69.0-x86_64-unknown-linux-gnu/lib/rustlib/x86_64-unknown-linux-gnu/lib/librustc_std_workspace_core-207f06e41d9603af.rlib" "/opt/rustwide/rustup-home/toolchains/1.69.0-x86_64-unknown-linux-gnu/lib/rustlib/x86_64-unknown-linux-gnu/lib/libcore-7e2768e66e984e85.rlib" "/opt/rustwide/rustup-home/toolchains/1.69.0-x86_64-unknown-linux-gnu/lib/rustlib/x86_64-unknown-linux-gnu/lib/libcompiler_builtins-957b4aff41f8cd46.rlib" "-Wl,-Bdynamic" "-lgcc_s" "-lutil" "-lrt" "-lpthread" "-lm" "-ldl" "-lc" "-Wl,--eh-frame-hdr" "-Wl,-z,noexecstack" "-L" "/opt/rustwide/rustup-home/toolchains/1.69.0-x86_64-unknown-linux-gnu/lib/rustlib/x86_64-unknown-linux-gnu/lib" "-o" "/opt/rustwide/target/debug/build/anyhow-23aae27454e7e86d/build_script_build-23aae27454e7e86d" "-Wl,--gc-sections" "-pie" "-Wl,-z,relro,-z,now" "-nodefaultlibs"
[INFO] [stdout]   = note: /usr/bin/ld: final link failed: No space left on device
[INFO] [stdout]           collect2: error: ld returned 1 exit status
[INFO] [stdout]           
[INFO] [stdout] 
[INFO] [stdout] 
[INFO] [stdout] error: aborting due to previous error
[INFO] [stdout] 
[INFO] [stdout] 
[INFO] [stdout] error: linking with `cc` failed: exit status: 1
[INFO] [stdout]   |
[INFO] [stdout]   = note: LC_ALL="C" PATH="/opt/rustwide/rustup-home/toolchains/1.69.0-x86_64-unknown-linux-gnu/lib/rustlib/x86_64-unknown-linux-gnu/bin:/opt/rustwide/cargo-home/bin:/usr/local/sbin:/usr/local/bin:/usr/sbin:/usr/bin:/sbin:/bin" VSLANG="1033" "cc" "-m64" "/tmp/rustcSJsJiE/symbols.o" "/opt/rustwide/target/debug/build/ahash-c88993e25ffe2aff/build_script_build-c88993e25ffe2aff.build_script_build.c266a6c9-cgu.0.rcgu.o" "/opt/rustwide/target/debug/build/ahash-c88993e25ffe2aff/build_script_build-c88993e25ffe2aff.build_script_build.c266a6c9-cgu.1.rcgu.o" "/opt/rustwide/target/debug/build/ahash-c88993e25ffe2aff/build_script_build-c88993e25ffe2aff.build_script_build.c266a6c9-cgu.10.rcgu.o" "/opt/rustwide/target/debug/build/ahash-c88993e25ffe2aff/build_script_build-c88993e25ffe2aff.build_script_build.c266a6c9-cgu.11.rcgu.o" "/opt/rustwide/target/debug/build/ahash-c88993e25ffe2aff/build_script_build-c88993e25ffe2aff.build_script_build.c266a6c9-cgu.12.rcgu.o" "/opt/rustwide/target/debug/build/ahash-c88993e25ffe2aff/build_script_build-c88993e25ffe2aff.build_script_build.c266a6c9-cgu.2.rcgu.o" "/opt/rustwide/target/debug/build/ahash-c88993e25ffe2aff/build_script_build-c88993e25ffe2aff.build_script_build.c266a6c9-cgu.3.rcgu.o" "/opt/rustwide/target/debug/build/ahash-c88993e25ffe2aff/build_script_build-c88993e25ffe2aff.build_script_build.c266a6c9-cgu.4.rcgu.o" "/opt/rustwide/target/debug/build/ahash-c88993e25ffe2aff/build_script_build-c88993e25ffe2aff.build_script_build.c266a6c9-cgu.5.rcgu.o" "/opt/rustwide/target/debug/build/ahash-c88993e25ffe2aff/build_script_build-c88993e25ffe2aff.build_script_build.c266a6c9-cgu.6.rcgu.o" "/opt/rustwide/target/debug/build/ahash-c88993e25ffe2aff/build_script_build-c88993e25ffe2aff.build_script_build.c266a6c9-cgu.7.rcgu.o" "/opt/rustwide/target/debug/build/ahash-c88993e25ffe2aff/build_script_build-c88993e25ffe2aff.build_script_build.c266a6c9-cgu.8.rcgu.o" "/opt/rustwide/target/debug/build/ahash-c88993e25ffe2aff/build_script_build-c88993e25ffe2aff.build_script_build.c266a6c9-cgu.9.rcgu.o" "/opt/rustwide/target/debug/build/ahash-c88993e25ffe2aff/build_script_build-c88993e25ffe2aff.d4gxsn8oe0sj7xv.rcgu.o" "-Wl,--as-needed" "-L" "/opt/rustwide/target/debug/deps" "-L" "/opt/rustwide/rustup-home/toolchains/1.69.0-x86_64-unknown-linux-gnu/lib/rustlib/x86_64-unknown-linux-gnu/lib" "-Wl,-Bstatic" "/opt/rustwide/target/debug/deps/libversion_check-f356d3569f511e40.rlib" "/opt/rustwide/rustup-home/toolchains/1.69.0-x86_64-unknown-linux-gnu/lib/rustlib/x86_64-unknown-linux-gnu/lib/libstd-89bc084783fdc439.rlib" "/opt/rustwide/rustup-home/toolchains/1.69.0-x86_64-unknown-linux-gnu/lib/rustlib/x86_64-unknown-linux-gnu/lib/libpanic_unwind-8bee4b287d4367c1.rlib" "/opt/rustwide/rustup-home/toolchains/1.69.0-x86_64-unknown-linux-gnu/lib/rustlib/x86_64-unknown-linux-gnu/lib/libobject-d61707aed80694c0.rlib" "/opt/rustwide/rustup-home/toolchains/1.69.0-x86_64-unknown-linux-gnu/lib/rustlib/x86_64-unknown-linux-gnu/lib/libmemchr-d85366256f22345b.rlib" "/opt/rustwide/rustup-home/toolchains/1.69.0-x86_64-unknown-linux-gnu/lib/rustlib/x86_64-unknown-linux-gnu/lib/libaddr2line-96069b86b8a8cae9.rlib" "/opt/rustwide/rustup-home/toolchains/1.69.0-x86_64-unknown-linux-gnu/lib/rustlib/x86_64-unknown-linux-gnu/lib/libgimli-d19d53abf68dfa6c.rlib" "/opt/rustwide/rustup-home/toolchains/1.69.0-x86_64-unknown-linux-gnu/lib/rustlib/x86_64-unknown-linux-gnu/lib/librustc_demangle-787cbccd19d64ac6.rlib" "/opt/rustwide/rustup-home/toolchains/1.69.0-x86_64-unknown-linux-gnu/lib/rustlib/x86_64-unknown-linux-gnu/lib/libstd_detect-b3837a36b830e0d0.rlib" "/opt/rustwide/rustup-home/toolchains/1.69.0-x86_64-unknown-linux-gnu/lib/rustlib/x86_64-unknown-linux-gnu/lib/libhashbrown-e3deb0e7e3f04966.rlib" "/opt/rustwide/rustup-home/toolchains/1.69.0-x86_64-unknown-linux-gnu/lib/rustlib/x86_64-unknown-linux-gnu/lib/libminiz_oxide-dabbb79c9815def4.rlib" "/opt/rustwide/rustup-home/toolchains/1.69.0-x86_64-unknown-linux-gnu/lib/rustlib/x86_64-unknown-linux-gnu/lib/libadler-305b01f34c9409f2.rlib" "/opt/rustwide/rustup-home/toolchains/1.69.0-x86_64-unknown-linux-gnu/lib/rustlib/x86_64-unknown-linux-gnu/lib/librustc_std_workspace_alloc-f833521df6074e73.rlib" "/opt/rustwide/rustup-home/toolchains/1.69.0-x86_64-unknown-linux-gnu/lib/rustlib/x86_64-unknown-linux-gnu/lib/libunwind-9ac333113350d171.rlib" "/opt/rustwide/rustup-home/toolchains/1.69.0-x86_64-unknown-linux-gnu/lib/rustlib/x86_64-unknown-linux-gnu/lib/libcfg_if-1c126114322d0eee.rlib" "/opt/rustwide/rustup-home/toolchains/1.69.0-x86_64-unknown-linux-gnu/lib/rustlib/x86_64-unknown-linux-gnu/lib/liblibc-bad9164fdeeecf92.rlib" "/opt/rustwide/rustup-home/toolchains/1.69.0-x86_64-unknown-linux-gnu/lib/rustlib/x86_64-unknown-linux-gnu/lib/liballoc-f9374b1e480fa681.rlib" "/opt/rustwide/rustup-home/toolchains/1.69.0-x86_64-unknown-linux-gnu/lib/rustlib/x86_64-unknown-linux-gnu/lib/librustc_std_workspace_core-207f06e41d9603af.rlib" "/opt/rustwide/rustup-home/toolchains/1.69.0-x86_64-unknown-linux-gnu/lib/rustlib/x86_64-unknown-linux-gnu/lib/libcore-7e2768e66e984e85.rlib" "/opt/rustwide/rustup-home/toolchains/1.69.0-x86_64-unknown-linux-gnu/lib/rustlib/x86_64-unknown-linux-gnu/lib/libcompiler_builtins-957b4aff41f8cd46.rlib" "-Wl,-Bdynamic" "-lgcc_s" "-lutil" "-lrt" "-lpthread" "-lm" "-ldl" "-lc" "-Wl,--eh-frame-hdr" "-Wl,-z,noexecstack" "-L" "/opt/rustwide/rustup-home/toolchains/1.69.0-x86_64-unknown-linux-gnu/lib/rustlib/x86_64-unknown-linux-gnu/lib" "-o" "/opt/rustwide/target/debug/build/ahash-c88993e25ffe2aff/build_script_build-c88993e25ffe2aff" "-Wl,--gc-sections" "-pie" "-Wl,-z,relro,-z,now" "-nodefaultlibs"
[INFO] [stdout]   = note: /usr/bin/ld: final link failed: No space left on device
[INFO] [stdout]           collect2: error: ld returned 1 exit status
[INFO] [stdout]           
[INFO] [stdout] 
[INFO] [stdout] 
[INFO] [stdout] error: aborting due to previous error
[INFO] [stdout] 
[INFO] [stdout] 
[INFO] [stderr] error: could not compile `futures-macro` due to 2 previous errors
[INFO] [stderr] error: could not compile `ahash` due to 2 previous errors
[INFO] [stderr] error: could not compile `anyhow` due to 2 previous errors
[INFO] [stdout] error: linking with `cc` failed: exit status: 1
[INFO] [stdout]   |
[INFO] [stdout]   = note: LC_ALL="C" PATH="/opt/rustwide/rustup-home/toolchains/1.69.0-x86_64-unknown-linux-gnu/lib/rustlib/x86_64-unknown-linux-gnu/bin:/opt/rustwide/cargo-home/bin:/usr/local/sbin:/usr/local/bin:/usr/sbin:/usr/bin:/sbin:/bin" VSLANG="1033" "cc" "-m64" "/tmp/rustcggef2R/symbols.o" "/opt/rustwide/target/debug/build/getrandom-f60c0acb04bc9a5b/build_script_build-f60c0acb04bc9a5b.build_script_build.8f738774-cgu.0.rcgu.o" "/opt/rustwide/target/debug/build/getrandom-f60c0acb04bc9a5b/build_script_build-f60c0acb04bc9a5b.build_script_build.8f738774-cgu.1.rcgu.o" "/opt/rustwide/target/debug/build/getrandom-f60c0acb04bc9a5b/build_script_build-f60c0acb04bc9a5b.build_script_build.8f738774-cgu.10.rcgu.o" "/opt/rustwide/target/debug/build/getrandom-f60c0acb04bc9a5b/build_script_build-f60c0acb04bc9a5b.build_script_build.8f738774-cgu.11.rcgu.o" "/opt/rustwide/target/debug/build/getrandom-f60c0acb04bc9a5b/build_script_build-f60c0acb04bc9a5b.build_script_build.8f738774-cgu.12.rcgu.o" "/opt/rustwide/target/debug/build/getrandom-f60c0acb04bc9a5b/build_script_build-f60c0acb04bc9a5b.build_script_build.8f738774-cgu.13.rcgu.o" "/opt/rustwide/target/debug/build/getrandom-f60c0acb04bc9a5b/build_script_build-f60c0acb04bc9a5b.build_script_build.8f738774-cgu.14.rcgu.o" "/opt/rustwide/target/debug/build/getrandom-f60c0acb04bc9a5b/build_script_build-f60c0acb04bc9a5b.build_script_build.8f738774-cgu.15.rcgu.o" "/opt/rustwide/target/debug/build/getrandom-f60c0acb04bc9a5b/build_script_build-f60c0acb04bc9a5b.build_script_build.8f738774-cgu.2.rcgu.o" "/opt/rustwide/target/debug/build/getrandom-f60c0acb04bc9a5b/build_script_build-f60c0acb04bc9a5b.build_script_build.8f738774-cgu.3.rcgu.o" "/opt/rustwide/target/debug/build/getrandom-f60c0acb04bc9a5b/build_script_build-f60c0acb04bc9a5b.build_script_build.8f738774-cgu.4.rcgu.o" "/opt/rustwide/target/debug/build/getrandom-f60c0acb04bc9a5b/build_script_build-f60c0acb04bc9a5b.build_script_build.8f738774-cgu.5.rcgu.o" "/opt/rustwide/target/debug/build/getrandom-f60c0acb04bc9a5b/build_script_build-f60c0acb04bc9a5b.build_script_build.8f738774-cgu.6.rcgu.o" "/opt/rustwide/target/debug/build/getrandom-f60c0acb04bc9a5b/build_script_build-f60c0acb04bc9a5b.build_script_build.8f738774-cgu.7.rcgu.o" "/opt/rustwide/target/debug/build/getrandom-f60c0acb04bc9a5b/build_script_build-f60c0acb04bc9a5b.build_script_build.8f738774-cgu.8.rcgu.o" "/opt/rustwide/target/debug/build/getrandom-f60c0acb04bc9a5b/build_script_build-f60c0acb04bc9a5b.build_script_build.8f738774-cgu.9.rcgu.o" "/opt/rustwide/target/debug/build/getrandom-f60c0acb04bc9a5b/build_script_build-f60c0acb04bc9a5b.4l57hwnhw6yv26d.rcgu.o" "-Wl,--as-needed" "-L" "/opt/rustwide/target/debug/deps" "-L" "/opt/rustwide/rustup-home/toolchains/1.69.0-x86_64-unknown-linux-gnu/lib/rustlib/x86_64-unknown-linux-gnu/lib" "-Wl,-Bstatic" "/opt/rustwide/rustup-home/toolchains/1.69.0-x86_64-unknown-linux-gnu/lib/rustlib/x86_64-unknown-linux-gnu/lib/libstd-89bc084783fdc439.rlib" "/opt/rustwide/rustup-home/toolchains/1.69.0-x86_64-unknown-linux-gnu/lib/rustlib/x86_64-unknown-linux-gnu/lib/libpanic_unwind-8bee4b287d4367c1.rlib" "/opt/rustwide/rustup-home/toolchains/1.69.0-x86_64-unknown-linux-gnu/lib/rustlib/x86_64-unknown-linux-gnu/lib/libobject-d61707aed80694c0.rlib" "/opt/rustwide/rustup-home/toolchains/1.69.0-x86_64-unknown-linux-gnu/lib/rustlib/x86_64-unknown-linux-gnu/lib/libmemchr-d85366256f22345b.rlib" "/opt/rustwide/rustup-home/toolchains/1.69.0-x86_64-unknown-linux-gnu/lib/rustlib/x86_64-unknown-linux-gnu/lib/libaddr2line-96069b86b8a8cae9.rlib" "/opt/rustwide/rustup-home/toolchains/1.69.0-x86_64-unknown-linux-gnu/lib/rustlib/x86_64-unknown-linux-gnu/lib/libgimli-d19d53abf68dfa6c.rlib" "/opt/rustwide/rustup-home/toolchains/1.69.0-x86_64-unknown-linux-gnu/lib/rustlib/x86_64-unknown-linux-gnu/lib/librustc_demangle-787cbccd19d64ac6.rlib" "/opt/rustwide/rustup-home/toolchains/1.69.0-x86_64-unknown-linux-gnu/lib/rustlib/x86_64-unknown-linux-gnu/lib/libstd_detect-b3837a36b830e0d0.rlib" "/opt/rustwide/rustup-home/toolchains/1.69.0-x86_64-unknown-linux-gnu/lib/rustlib/x86_64-unknown-linux-gnu/lib/libhashbrown-e3deb0e7e3f04966.rlib" "/opt/rustwide/rustup-home/toolchains/1.69.0-x86_64-unknown-linux-gnu/lib/rustlib/x86_64-unknown-linux-gnu/lib/libminiz_oxide-dabbb79c9815def4.rlib" "/opt/rustwide/rustup-home/toolchains/1.69.0-x86_64-unknown-linux-gnu/lib/rustlib/x86_64-unknown-linux-gnu/lib/libadler-305b01f34c9409f2.rlib" "/opt/rustwide/rustup-home/toolchains/1.69.0-x86_64-unknown-linux-gnu/lib/rustlib/x86_64-unknown-linux-gnu/lib/librustc_std_workspace_alloc-f833521df6074e73.rlib" "/opt/rustwide/rustup-home/toolchains/1.69.0-x86_64-unknown-linux-gnu/lib/rustlib/x86_64-unknown-linux-gnu/lib/libunwind-9ac333113350d171.rlib" "/opt/rustwide/rustup-home/toolchains/1.69.0-x86_64-unknown-linux-gnu/lib/rustlib/x86_64-unknown-linux-gnu/lib/libcfg_if-1c126114322d0eee.rlib" "/opt/rustwide/rustup-home/toolchains/1.69.0-x86_64-unknown-linux-gnu/lib/rustlib/x86_64-unknown-linux-gnu/lib/liblibc-bad9164fdeeecf92.rlib" "/opt/rustwide/rustup-home/toolchains/1.69.0-x86_64-unknown-linux-gnu/lib/rustlib/x86_64-unknown-linux-gnu/lib/liballoc-f9374b1e480fa681.rlib" "/opt/rustwide/rustup-home/toolchains/1.69.0-x86_64-unknown-linux-gnu/lib/rustlib/x86_64-unknown-linux-gnu/lib/librustc_std_workspace_core-207f06e41d9603af.rlib" "/opt/rustwide/rustup-home/toolchains/1.69.0-x86_64-unknown-linux-gnu/lib/rustlib/x86_64-unknown-linux-gnu/lib/libcore-7e2768e66e984e85.rlib" "/opt/rustwide/rustup-home/toolchains/1.69.0-x86_64-unknown-linux-gnu/lib/rustlib/x86_64-unknown-linux-gnu/lib/libcompiler_builtins-957b4aff41f8cd46.rlib" "-Wl,-Bdynamic" "-lgcc_s" "-lutil" "-lrt" "-lpthread" "-lm" "-ldl" "-lc" "-Wl,--eh-frame-hdr" "-Wl,-z,noexecstack" "-L" "/opt/rustwide/rustup-home/toolchains/1.69.0-x86_64-unknown-linux-gnu/lib/rustlib/x86_64-unknown-linux-gnu/lib" "-o" "/opt/rustwide/target/debug/build/getrandom-f60c0acb04bc9a5b/build_script_build-f60c0acb04bc9a5b" "-Wl,--gc-sections" "-pie" "-Wl,-z,relro,-z,now" "-nodefaultlibs"
[INFO] [stdout]   = note: /usr/bin/ld: final link failed: No space left on device
[INFO] [stdout]           collect2: error: ld returned 1 exit status
[INFO] [stdout]           
[INFO] [stdout] 
[INFO] [stdout] 
[INFO] [stdout] error: linking with `cc` failed: exit status: 1
[INFO] [stdout]   |
[INFO] [stdout]   = note: LC_ALL="C" PATH="/opt/rustwide/rustup-home/toolchains/1.69.0-x86_64-unknown-linux-gnu/lib/rustlib/x86_64-unknown-linux-gnu/bin:/opt/rustwide/cargo-home/bin:/usr/local/sbin:/usr/local/bin:/usr/sbin:/usr/bin:/sbin:/bin" VSLANG="1033" "cc" "-m64" "/tmp/rustcjRzwp7/symbols.o" "/opt/rustwide/target/debug/build/typenum-8f6675b93a7969b7/build_script_main-8f6675b93a7969b7.build_script_main.1c40dd49-cgu.0.rcgu.o" "/opt/rustwide/target/debug/build/typenum-8f6675b93a7969b7/build_script_main-8f6675b93a7969b7.build_script_main.1c40dd49-cgu.1.rcgu.o" "/opt/rustwide/target/debug/build/typenum-8f6675b93a7969b7/build_script_main-8f6675b93a7969b7.build_script_main.1c40dd49-cgu.10.rcgu.o" "/opt/rustwide/target/debug/build/typenum-8f6675b93a7969b7/build_script_main-8f6675b93a7969b7.build_script_main.1c40dd49-cgu.11.rcgu.o" "/opt/rustwide/target/debug/build/typenum-8f6675b93a7969b7/build_script_main-8f6675b93a7969b7.build_script_main.1c40dd49-cgu.12.rcgu.o" "/opt/rustwide/target/debug/build/typenum-8f6675b93a7969b7/build_script_main-8f6675b93a7969b7.build_script_main.1c40dd49-cgu.13.rcgu.o" "/opt/rustwide/target/debug/build/typenum-8f6675b93a7969b7/build_script_main-8f6675b93a7969b7.build_script_main.1c40dd49-cgu.14.rcgu.o" "/opt/rustwide/target/debug/build/typenum-8f6675b93a7969b7/build_script_main-8f6675b93a7969b7.build_script_main.1c40dd49-cgu.15.rcgu.o" "/opt/rustwide/target/debug/build/typenum-8f6675b93a7969b7/build_script_main-8f6675b93a7969b7.build_script_main.1c40dd49-cgu.2.rcgu.o" "/opt/rustwide/target/debug/build/typenum-8f6675b93a7969b7/build_script_main-8f6675b93a7969b7.build_script_main.1c40dd49-cgu.3.rcgu.o" "/opt/rustwide/target/debug/build/typenum-8f6675b93a7969b7/build_script_main-8f6675b93a7969b7.build_script_main.1c40dd49-cgu.4.rcgu.o" "/opt/rustwide/target/debug/build/typenum-8f6675b93a7969b7/build_script_main-8f6675b93a7969b7.build_script_main.1c40dd49-cgu.5.rcgu.o" "/opt/rustwide/target/debug/build/typenum-8f6675b93a7969b7/build_script_main-8f6675b93a7969b7.build_script_main.1c40dd49-cgu.6.rcgu.o" "/opt/rustwide/target/debug/build/typenum-8f6675b93a7969b7/build_script_main-8f6675b93a7969b7.build_script_main.1c40dd49-cgu.7.rcgu.o" "/opt/rustwide/target/debug/build/typenum-8f6675b93a7969b7/build_script_main-8f6675b93a7969b7.build_script_main.1c40dd49-cgu.8.rcgu.o" "/opt/rustwide/target/debug/build/typenum-8f6675b93a7969b7/build_script_main-8f6675b93a7969b7.build_script_main.1c40dd49-cgu.9.rcgu.o" "/opt/rustwide/target/debug/build/typenum-8f6675b93a7969b7/build_script_main-8f6675b93a7969b7.aq7jhw0mevzx9hs.rcgu.o" "-Wl,--as-needed" "-L" "/opt/rustwide/target/debug/deps" "-L" "/opt/rustwide/rustup-home/toolchains/1.69.0-x86_64-unknown-linux-gnu/lib/rustlib/x86_64-unknown-linux-gnu/lib" "-Wl,-Bstatic" "/opt/rustwide/rustup-home/toolchains/1.69.0-x86_64-unknown-linux-gnu/lib/rustlib/x86_64-unknown-linux-gnu/lib/libstd-89bc084783fdc439.rlib" "/opt/rustwide/rustup-home/toolchains/1.69.0-x86_64-unknown-linux-gnu/lib/rustlib/x86_64-unknown-linux-gnu/lib/libpanic_unwind-8bee4b287d4367c1.rlib" "/opt/rustwide/rustup-home/toolchains/1.69.0-x86_64-unknown-linux-gnu/lib/rustlib/x86_64-unknown-linux-gnu/lib/libobject-d61707aed80694c0.rlib" "/opt/rustwide/rustup-home/toolchains/1.69.0-x86_64-unknown-linux-gnu/lib/rustlib/x86_64-unknown-linux-gnu/lib/libmemchr-d85366256f22345b.rlib" "/opt/rustwide/rustup-home/toolchains/1.69.0-x86_64-unknown-linux-gnu/lib/rustlib/x86_64-unknown-linux-gnu/lib/libaddr2line-96069b86b8a8cae9.rlib" "/opt/rustwide/rustup-home/toolchains/1.69.0-x86_64-unknown-linux-gnu/lib/rustlib/x86_64-unknown-linux-gnu/lib/libgimli-d19d53abf68dfa6c.rlib" "/opt/rustwide/rustup-home/toolchains/1.69.0-x86_64-unknown-linux-gnu/lib/rustlib/x86_64-unknown-linux-gnu/lib/librustc_demangle-787cbccd19d64ac6.rlib" "/opt/rustwide/rustup-home/toolchains/1.69.0-x86_64-unknown-linux-gnu/lib/rustlib/x86_64-unknown-linux-gnu/lib/libstd_detect-b3837a36b830e0d0.rlib" "/opt/rustwide/rustup-home/toolchains/1.69.0-x86_64-unknown-linux-gnu/lib/rustlib/x86_64-unknown-linux-gnu/lib/libhashbrown-e3deb0e7e3f04966.rlib" "/opt/rustwide/rustup-home/toolchains/1.69.0-x86_64-unknown-linux-gnu/lib/rustlib/x86_64-unknown-linux-gnu/lib/libminiz_oxide-dabbb79c9815def4.rlib" "/opt/rustwide/rustup-home/toolchains/1.69.0-x86_64-unknown-linux-gnu/lib/rustlib/x86_64-unknown-linux-gnu/lib/libadler-305b01f34c9409f2.rlib" "/opt/rustwide/rustup-home/toolchains/1.69.0-x86_64-unknown-linux-gnu/lib/rustlib/x86_64-unknown-linux-gnu/lib/librustc_std_workspace_alloc-f833521df6074e73.rlib" "/opt/rustwide/rustup-home/toolchains/1.69.0-x86_64-unknown-linux-gnu/lib/rustlib/x86_64-unknown-linux-gnu/lib/libunwind-9ac333113350d171.rlib" "/opt/rustwide/rustup-home/toolchains/1.69.0-x86_64-unknown-linux-gnu/lib/rustlib/x86_64-unknown-linux-gnu/lib/libcfg_if-1c126114322d0eee.rlib" "/opt/rustwide/rustup-home/toolchains/1.69.0-x86_64-unknown-linux-gnu/lib/rustlib/x86_64-unknown-linux-gnu/lib/liblibc-bad9164fdeeecf92.rlib" "/opt/rustwide/rustup-home/toolchains/1.69.0-x86_64-unknown-linux-gnu/lib/rustlib/x86_64-unknown-linux-gnu/lib/liballoc-f9374b1e480fa681.rlib" "/opt/rustwide/rustup-home/toolchains/1.69.0-x86_64-unknown-linux-gnu/lib/rustlib/x86_64-unknown-linux-gnu/lib/librustc_std_workspace_core-207f06e41d9603af.rlib" "/opt/rustwide/rustup-home/toolchains/1.69.0-x86_64-unknown-linux-gnu/lib/rustlib/x86_64-unknown-linux-gnu/lib/libcore-7e2768e66e984e85.rlib" "/opt/rustwide/rustup-home/toolchains/1.69.0-x86_64-unknown-linux-gnu/lib/rustlib/x86_64-unknown-linux-gnu/lib/libcompiler_builtins-957b4aff41f8cd46.rlib" "-Wl,-Bdynamic" "-lgcc_s" "-lutil" "-lrt" "-lpthread" "-lm" "-ldl" "-lc" "-Wl,--eh-frame-hdr" "-Wl,-z,noexecstack" "-L" "/opt/rustwide/rustup-home/toolchains/1.69.0-x86_64-unknown-linux-gnu/lib/rustlib/x86_64-unknown-linux-gnu/lib" "-o" "/opt/rustwide/target/debug/build/typenum-8f6675b93a7969b7/build_script_main-8f6675b93a7969b7" "-Wl,--gc-sections" "-pie" "-Wl,-z,relro,-z,now" "-nodefaultlibs"
[INFO] [stdout]   = note: /usr/bin/ld: final link failed: No space left on device
[INFO] [stdout]           collect2: error: ld returned 1 exit status
[INFO] [stdout]           
[INFO] [stdout] 
[INFO] [stdout] 
[INFO] [stderr] error: could not compile `getrandom` due to previous error
[INFO] [stderr] error: could not compile `typenum` due to previous error
[INFO] [stdout] error: linking with `cc` failed: exit status: 1
[INFO] [stdout]   |
[INFO] [stdout]   = note: LC_ALL="C" PATH="/opt/rustwide/rustup-home/toolchains/1.69.0-x86_64-unknown-linux-gnu/lib/rustlib/x86_64-unknown-linux-gnu/bin:/opt/rustwide/cargo-home/bin:/usr/local/sbin:/usr/local/bin:/usr/sbin:/usr/bin:/sbin:/bin" VSLANG="1033" "cc" "-m64" "/tmp/rustcOTiaKN/symbols.o" "/opt/rustwide/target/debug/build/proc-macro-hack-a21fee7d179a141d/build_script_build-a21fee7d179a141d.build_script_build.603cb35c-cgu.0.rcgu.o" "/opt/rustwide/target/debug/build/proc-macro-hack-a21fee7d179a141d/build_script_build-a21fee7d179a141d.build_script_build.603cb35c-cgu.1.rcgu.o" "/opt/rustwide/target/debug/build/proc-macro-hack-a21fee7d179a141d/build_script_build-a21fee7d179a141d.build_script_build.603cb35c-cgu.10.rcgu.o" "/opt/rustwide/target/debug/build/proc-macro-hack-a21fee7d179a141d/build_script_build-a21fee7d179a141d.build_script_build.603cb35c-cgu.11.rcgu.o" "/opt/rustwide/target/debug/build/proc-macro-hack-a21fee7d179a141d/build_script_build-a21fee7d179a141d.build_script_build.603cb35c-cgu.12.rcgu.o" "/opt/rustwide/target/debug/build/proc-macro-hack-a21fee7d179a141d/build_script_build-a21fee7d179a141d.build_script_build.603cb35c-cgu.13.rcgu.o" "/opt/rustwide/target/debug/build/proc-macro-hack-a21fee7d179a141d/build_script_build-a21fee7d179a141d.build_script_build.603cb35c-cgu.14.rcgu.o" "/opt/rustwide/target/debug/build/proc-macro-hack-a21fee7d179a141d/build_script_build-a21fee7d179a141d.build_script_build.603cb35c-cgu.15.rcgu.o" "/opt/rustwide/target/debug/build/proc-macro-hack-a21fee7d179a141d/build_script_build-a21fee7d179a141d.build_script_build.603cb35c-cgu.2.rcgu.o" "/opt/rustwide/target/debug/build/proc-macro-hack-a21fee7d179a141d/build_script_build-a21fee7d179a141d.build_script_build.603cb35c-cgu.3.rcgu.o" "/opt/rustwide/target/debug/build/proc-macro-hack-a21fee7d179a141d/build_script_build-a21fee7d179a141d.build_script_build.603cb35c-cgu.4.rcgu.o" "/opt/rustwide/target/debug/build/proc-macro-hack-a21fee7d179a141d/build_script_build-a21fee7d179a141d.build_script_build.603cb35c-cgu.5.rcgu.o" "/opt/rustwide/target/debug/build/proc-macro-hack-a21fee7d179a141d/build_script_build-a21fee7d179a141d.build_script_build.603cb35c-cgu.6.rcgu.o" "/opt/rustwide/target/debug/build/proc-macro-hack-a21fee7d179a141d/build_script_build-a21fee7d179a141d.build_script_build.603cb35c-cgu.7.rcgu.o" "/opt/rustwide/target/debug/build/proc-macro-hack-a21fee7d179a141d/build_script_build-a21fee7d179a141d.build_script_build.603cb35c-cgu.8.rcgu.o" "/opt/rustwide/target/debug/build/proc-macro-hack-a21fee7d179a141d/build_script_build-a21fee7d179a141d.build_script_build.603cb35c-cgu.9.rcgu.o" "/opt/rustwide/target/debug/build/proc-macro-hack-a21fee7d179a141d/build_script_build-a21fee7d179a141d.38pe67r6szguxnxa.rcgu.o" "-Wl,--as-needed" "-L" "/opt/rustwide/target/debug/deps" "-L" "/opt/rustwide/rustup-home/toolchains/1.69.0-x86_64-unknown-linux-gnu/lib/rustlib/x86_64-unknown-linux-gnu/lib" "-Wl,-Bstatic" "/opt/rustwide/rustup-home/toolchains/1.69.0-x86_64-unknown-linux-gnu/lib/rustlib/x86_64-unknown-linux-gnu/lib/libstd-89bc084783fdc439.rlib" "/opt/rustwide/rustup-home/toolchains/1.69.0-x86_64-unknown-linux-gnu/lib/rustlib/x86_64-unknown-linux-gnu/lib/libpanic_unwind-8bee4b287d4367c1.rlib" "/opt/rustwide/rustup-home/toolchains/1.69.0-x86_64-unknown-linux-gnu/lib/rustlib/x86_64-unknown-linux-gnu/lib/libobject-d61707aed80694c0.rlib" "/opt/rustwide/rustup-home/toolchains/1.69.0-x86_64-unknown-linux-gnu/lib/rustlib/x86_64-unknown-linux-gnu/lib/libmemchr-d85366256f22345b.rlib" "/opt/rustwide/rustup-home/toolchains/1.69.0-x86_64-unknown-linux-gnu/lib/rustlib/x86_64-unknown-linux-gnu/lib/libaddr2line-96069b86b8a8cae9.rlib" "/opt/rustwide/rustup-home/toolchains/1.69.0-x86_64-unknown-linux-gnu/lib/rustlib/x86_64-unknown-linux-gnu/lib/libgimli-d19d53abf68dfa6c.rlib" "/opt/rustwide/rustup-home/toolchains/1.69.0-x86_64-unknown-linux-gnu/lib/rustlib/x86_64-unknown-linux-gnu/lib/librustc_demangle-787cbccd19d64ac6.rlib" "/opt/rustwide/rustup-home/toolchains/1.69.0-x86_64-unknown-linux-gnu/lib/rustlib/x86_64-unknown-linux-gnu/lib/libstd_detect-b3837a36b830e0d0.rlib" "/opt/rustwide/rustup-home/toolchains/1.69.0-x86_64-unknown-linux-gnu/lib/rustlib/x86_64-unknown-linux-gnu/lib/libhashbrown-e3deb0e7e3f04966.rlib" "/opt/rustwide/rustup-home/toolchains/1.69.0-x86_64-unknown-linux-gnu/lib/rustlib/x86_64-unknown-linux-gnu/lib/libminiz_oxide-dabbb79c9815def4.rlib" "/opt/rustwide/rustup-home/toolchains/1.69.0-x86_64-unknown-linux-gnu/lib/rustlib/x86_64-unknown-linux-gnu/lib/libadler-305b01f34c9409f2.rlib" "/opt/rustwide/rustup-home/toolchains/1.69.0-x86_64-unknown-linux-gnu/lib/rustlib/x86_64-unknown-linux-gnu/lib/librustc_std_workspace_alloc-f833521df6074e73.rlib" "/opt/rustwide/rustup-home/toolchains/1.69.0-x86_64-unknown-linux-gnu/lib/rustlib/x86_64-unknown-linux-gnu/lib/libunwind-9ac333113350d171.rlib" "/opt/rustwide/rustup-home/toolchains/1.69.0-x86_64-unknown-linux-gnu/lib/rustlib/x86_64-unknown-linux-gnu/lib/libcfg_if-1c126114322d0eee.rlib" "/opt/rustwide/rustup-home/toolchains/1.69.0-x86_64-unknown-linux-gnu/lib/rustlib/x86_64-unknown-linux-gnu/lib/liblibc-bad9164fdeeecf92.rlib" "/opt/rustwide/rustup-home/toolchains/1.69.0-x86_64-unknown-linux-gnu/lib/rustlib/x86_64-unknown-linux-gnu/lib/liballoc-f9374b1e480fa681.rlib" "/opt/rustwide/rustup-home/toolchains/1.69.0-x86_64-unknown-linux-gnu/lib/rustlib/x86_64-unknown-linux-gnu/lib/librustc_std_workspace_core-207f06e41d9603af.rlib" "/opt/rustwide/rustup-home/toolchains/1.69.0-x86_64-unknown-linux-gnu/lib/rustlib/x86_64-unknown-linux-gnu/lib/libcore-7e2768e66e984e85.rlib" "/opt/rustwide/rustup-home/toolchains/1.69.0-x86_64-unknown-linux-gnu/lib/rustlib/x86_64-unknown-linux-gnu/lib/libcompiler_builtins-957b4aff41f8cd46.rlib" "-Wl,-Bdynamic" "-lgcc_s" "-lutil" "-lrt" "-lpthread" "-lm" "-ldl" "-lc" "-Wl,--eh-frame-hdr" "-Wl,-z,noexecstack" "-L" "/opt/rustwide/rustup-home/toolchains/1.69.0-x86_64-unknown-linux-gnu/lib/rustlib/x86_64-unknown-linux-gnu/lib" "-o" "/opt/rustwide/target/debug/build/proc-macro-hack-a21fee7d179a141d/build_script_build-a21fee7d179a141d" "-Wl,--gc-sections" "-pie" "-Wl,-z,relro,-z,now" "-nodefaultlibs"
[INFO] [stdout]   = note: /usr/bin/ld: final link failed: No space left on device
[INFO] [stdout]           collect2: error: ld returned 1 exit status
[INFO] [stdout]           
[INFO] [stdout] 
[INFO] [stdout] 
[INFO] [stderr] error: could not compile `proc-macro-hack` due to previous error
[INFO] [stdout] error: linking with `cc` failed: exit status: 1
[INFO] [stdout]   |
[INFO] [stdout]   = note: LC_ALL="C" PATH="/opt/rustwide/rustup-home/toolchains/1.69.0-x86_64-unknown-linux-gnu/lib/rustlib/x86_64-unknown-linux-gnu/bin:/opt/rustwide/cargo-home/bin:/usr/local/sbin:/usr/local/bin:/usr/sbin:/usr/bin:/sbin:/bin" VSLANG="1033" "cc" "-m64" "/tmp/rustcrENRdV/symbols.o" "/opt/rustwide/target/debug/build/proc-macro-nested-70c9c36bfbc01166/build_script_build-70c9c36bfbc01166.build_script_build.fdbf6dd1-cgu.0.rcgu.o" "/opt/rustwide/target/debug/build/proc-macro-nested-70c9c36bfbc01166/build_script_build-70c9c36bfbc01166.build_script_build.fdbf6dd1-cgu.1.rcgu.o" "/opt/rustwide/target/debug/build/proc-macro-nested-70c9c36bfbc01166/build_script_build-70c9c36bfbc01166.build_script_build.fdbf6dd1-cgu.10.rcgu.o" "/opt/rustwide/target/debug/build/proc-macro-nested-70c9c36bfbc01166/build_script_build-70c9c36bfbc01166.build_script_build.fdbf6dd1-cgu.11.rcgu.o" "/opt/rustwide/target/debug/build/proc-macro-nested-70c9c36bfbc01166/build_script_build-70c9c36bfbc01166.build_script_build.fdbf6dd1-cgu.12.rcgu.o" "/opt/rustwide/target/debug/build/proc-macro-nested-70c9c36bfbc01166/build_script_build-70c9c36bfbc01166.build_script_build.fdbf6dd1-cgu.13.rcgu.o" "/opt/rustwide/target/debug/build/proc-macro-nested-70c9c36bfbc01166/build_script_build-70c9c36bfbc01166.build_script_build.fdbf6dd1-cgu.14.rcgu.o" "/opt/rustwide/target/debug/build/proc-macro-nested-70c9c36bfbc01166/build_script_build-70c9c36bfbc01166.build_script_build.fdbf6dd1-cgu.15.rcgu.o" "/opt/rustwide/target/debug/build/proc-macro-nested-70c9c36bfbc01166/build_script_build-70c9c36bfbc01166.build_script_build.fdbf6dd1-cgu.2.rcgu.o" "/opt/rustwide/target/debug/build/proc-macro-nested-70c9c36bfbc01166/build_script_build-70c9c36bfbc01166.build_script_build.fdbf6dd1-cgu.3.rcgu.o" "/opt/rustwide/target/debug/build/proc-macro-nested-70c9c36bfbc01166/build_script_build-70c9c36bfbc01166.build_script_build.fdbf6dd1-cgu.4.rcgu.o" "/opt/rustwide/target/debug/build/proc-macro-nested-70c9c36bfbc01166/build_script_build-70c9c36bfbc01166.build_script_build.fdbf6dd1-cgu.5.rcgu.o" "/opt/rustwide/target/debug/build/proc-macro-nested-70c9c36bfbc01166/build_script_build-70c9c36bfbc01166.build_script_build.fdbf6dd1-cgu.6.rcgu.o" "/opt/rustwide/target/debug/build/proc-macro-nested-70c9c36bfbc01166/build_script_build-70c9c36bfbc01166.build_script_build.fdbf6dd1-cgu.7.rcgu.o" "/opt/rustwide/target/debug/build/proc-macro-nested-70c9c36bfbc01166/build_script_build-70c9c36bfbc01166.build_script_build.fdbf6dd1-cgu.8.rcgu.o" "/opt/rustwide/target/debug/build/proc-macro-nested-70c9c36bfbc01166/build_script_build-70c9c36bfbc01166.build_script_build.fdbf6dd1-cgu.9.rcgu.o" "/opt/rustwide/target/debug/build/proc-macro-nested-70c9c36bfbc01166/build_script_build-70c9c36bfbc01166.3w4gpa0js9agf8l4.rcgu.o" "-Wl,--as-needed" "-L" "/opt/rustwide/target/debug/deps" "-L" "/opt/rustwide/rustup-home/toolchains/1.69.0-x86_64-unknown-linux-gnu/lib/rustlib/x86_64-unknown-linux-gnu/lib" "-Wl,-Bstatic" "/opt/rustwide/rustup-home/toolchains/1.69.0-x86_64-unknown-linux-gnu/lib/rustlib/x86_64-unknown-linux-gnu/lib/libstd-89bc084783fdc439.rlib" "/opt/rustwide/rustup-home/toolchains/1.69.0-x86_64-unknown-linux-gnu/lib/rustlib/x86_64-unknown-linux-gnu/lib/libpanic_unwind-8bee4b287d4367c1.rlib" "/opt/rustwide/rustup-home/toolchains/1.69.0-x86_64-unknown-linux-gnu/lib/rustlib/x86_64-unknown-linux-gnu/lib/libobject-d61707aed80694c0.rlib" "/opt/rustwide/rustup-home/toolchains/1.69.0-x86_64-unknown-linux-gnu/lib/rustlib/x86_64-unknown-linux-gnu/lib/libmemchr-d85366256f22345b.rlib" "/opt/rustwide/rustup-home/toolchains/1.69.0-x86_64-unknown-linux-gnu/lib/rustlib/x86_64-unknown-linux-gnu/lib/libaddr2line-96069b86b8a8cae9.rlib" "/opt/rustwide/rustup-home/toolchains/1.69.0-x86_64-unknown-linux-gnu/lib/rustlib/x86_64-unknown-linux-gnu/lib/libgimli-d19d53abf68dfa6c.rlib" "/opt/rustwide/rustup-home/toolchains/1.69.0-x86_64-unknown-linux-gnu/lib/rustlib/x86_64-unknown-linux-gnu/lib/librustc_demangle-787cbccd19d64ac6.rlib" "/opt/rustwide/rustup-home/toolchains/1.69.0-x86_64-unknown-linux-gnu/lib/rustlib/x86_64-unknown-linux-gnu/lib/libstd_detect-b3837a36b830e0d0.rlib" "/opt/rustwide/rustup-home/toolchains/1.69.0-x86_64-unknown-linux-gnu/lib/rustlib/x86_64-unknown-linux-gnu/lib/libhashbrown-e3deb0e7e3f04966.rlib" "/opt/rustwide/rustup-home/toolchains/1.69.0-x86_64-unknown-linux-gnu/lib/rustlib/x86_64-unknown-linux-gnu/lib/libminiz_oxide-dabbb79c9815def4.rlib" "/opt/rustwide/rustup-home/toolchains/1.69.0-x86_64-unknown-linux-gnu/lib/rustlib/x86_64-unknown-linux-gnu/lib/libadler-305b01f34c9409f2.rlib" "/opt/rustwide/rustup-home/toolchains/1.69.0-x86_64-unknown-linux-gnu/lib/rustlib/x86_64-unknown-linux-gnu/lib/librustc_std_workspace_alloc-f833521df6074e73.rlib" "/opt/rustwide/rustup-home/toolchains/1.69.0-x86_64-unknown-linux-gnu/lib/rustlib/x86_64-unknown-linux-gnu/lib/libunwind-9ac333113350d171.rlib" "/opt/rustwide/rustup-home/toolchains/1.69.0-x86_64-unknown-linux-gnu/lib/rustlib/x86_64-unknown-linux-gnu/lib/libcfg_if-1c126114322d0eee.rlib" "/opt/rustwide/rustup-home/toolchains/1.69.0-x86_64-unknown-linux-gnu/lib/rustlib/x86_64-unknown-linux-gnu/lib/liblibc-bad9164fdeeecf92.rlib" "/opt/rustwide/rustup-home/toolchains/1.69.0-x86_64-unknown-linux-gnu/lib/rustlib/x86_64-unknown-linux-gnu/lib/liballoc-f9374b1e480fa681.rlib" "/opt/rustwide/rustup-home/toolchains/1.69.0-x86_64-unknown-linux-gnu/lib/rustlib/x86_64-unknown-linux-gnu/lib/librustc_std_workspace_core-207f06e41d9603af.rlib" "/opt/rustwide/rustup-home/toolchains/1.69.0-x86_64-unknown-linux-gnu/lib/rustlib/x86_64-unknown-linux-gnu/lib/libcore-7e2768e66e984e85.rlib" "/opt/rustwide/rustup-home/toolchains/1.69.0-x86_64-unknown-linux-gnu/lib/rustlib/x86_64-unknown-linux-gnu/lib/libcompiler_builtins-957b4aff41f8cd46.rlib" "-Wl,-Bdynamic" "-lgcc_s" "-lutil" "-lrt" "-lpthread" "-lm" "-ldl" "-lc" "-Wl,--eh-frame-hdr" "-Wl,-z,noexecstack" "-L" "/opt/rustwide/rustup-home/toolchains/1.69.0-x86_64-unknown-linux-gnu/lib/rustlib/x86_64-unknown-linux-gnu/lib" "-o" "/opt/rustwide/target/debug/build/proc-macro-nested-70c9c36bfbc01166/build_script_build-70c9c36bfbc01166" "-Wl,--gc-sections" "-pie" "-Wl,-z,relro,-z,now" "-nodefaultlibs"
[INFO] [stdout]   = note: /usr/bin/ld: final link failed: No space left on device
[INFO] [stdout]           collect2: error: ld returned 1 exit status
[INFO] [stdout]           
[INFO] [stdout] 
[INFO] [stdout] 
[INFO] [stdout] error: linking with `cc` failed: exit status: 1
[INFO] [stdout]   |
[INFO] [stdout]   = note: LC_ALL="C" PATH="/opt/rustwide/rustup-home/toolchains/1.69.0-x86_64-unknown-linux-gnu/lib/rustlib/x86_64-unknown-linux-gnu/bin:/opt/rustwide/cargo-home/bin:/usr/local/sbin:/usr/local/bin:/usr/sbin:/usr/bin:/sbin:/bin" VSLANG="1033" "cc" "-m64" "/tmp/rustc1XIJaW/symbols.o" "/opt/rustwide/target/debug/build/futures-channel-5f29f4f4a936d1c1/build_script_build-5f29f4f4a936d1c1.build_script_build.2d59eb5b-cgu.0.rcgu.o" "/opt/rustwide/target/debug/build/futures-channel-5f29f4f4a936d1c1/build_script_build-5f29f4f4a936d1c1.build_script_build.2d59eb5b-cgu.1.rcgu.o" "/opt/rustwide/target/debug/build/futures-channel-5f29f4f4a936d1c1/build_script_build-5f29f4f4a936d1c1.build_script_build.2d59eb5b-cgu.10.rcgu.o" "/opt/rustwide/target/debug/build/futures-channel-5f29f4f4a936d1c1/build_script_build-5f29f4f4a936d1c1.build_script_build.2d59eb5b-cgu.11.rcgu.o" "/opt/rustwide/target/debug/build/futures-channel-5f29f4f4a936d1c1/build_script_build-5f29f4f4a936d1c1.build_script_build.2d59eb5b-cgu.12.rcgu.o" "/opt/rustwide/target/debug/build/futures-channel-5f29f4f4a936d1c1/build_script_build-5f29f4f4a936d1c1.build_script_build.2d59eb5b-cgu.13.rcgu.o" "/opt/rustwide/target/debug/build/futures-channel-5f29f4f4a936d1c1/build_script_build-5f29f4f4a936d1c1.build_script_build.2d59eb5b-cgu.14.rcgu.o" "/opt/rustwide/target/debug/build/futures-channel-5f29f4f4a936d1c1/build_script_build-5f29f4f4a936d1c1.build_script_build.2d59eb5b-cgu.15.rcgu.o" "/opt/rustwide/target/debug/build/futures-channel-5f29f4f4a936d1c1/build_script_build-5f29f4f4a936d1c1.build_script_build.2d59eb5b-cgu.2.rcgu.o" "/opt/rustwide/target/debug/build/futures-channel-5f29f4f4a936d1c1/build_script_build-5f29f4f4a936d1c1.build_script_build.2d59eb5b-cgu.3.rcgu.o" "/opt/rustwide/target/debug/build/futures-channel-5f29f4f4a936d1c1/build_script_build-5f29f4f4a936d1c1.build_script_build.2d59eb5b-cgu.4.rcgu.o" "/opt/rustwide/target/debug/build/futures-channel-5f29f4f4a936d1c1/build_script_build-5f29f4f4a936d1c1.build_script_build.2d59eb5b-cgu.5.rcgu.o" "/opt/rustwide/target/debug/build/futures-channel-5f29f4f4a936d1c1/build_script_build-5f29f4f4a936d1c1.build_script_build.2d59eb5b-cgu.6.rcgu.o" "/opt/rustwide/target/debug/build/futures-channel-5f29f4f4a936d1c1/build_script_build-5f29f4f4a936d1c1.build_script_build.2d59eb5b-cgu.7.rcgu.o" "/opt/rustwide/target/debug/build/futures-channel-5f29f4f4a936d1c1/build_script_build-5f29f4f4a936d1c1.build_script_build.2d59eb5b-cgu.8.rcgu.o" "/opt/rustwide/target/debug/build/futures-channel-5f29f4f4a936d1c1/build_script_build-5f29f4f4a936d1c1.build_script_build.2d59eb5b-cgu.9.rcgu.o" "/opt/rustwide/target/debug/build/futures-channel-5f29f4f4a936d1c1/build_script_build-5f29f4f4a936d1c1.1y9xojjw5ndvawjn.rcgu.o" "-Wl,--as-needed" "-L" "/opt/rustwide/target/debug/deps" "-L" "/opt/rustwide/rustup-home/toolchains/1.69.0-x86_64-unknown-linux-gnu/lib/rustlib/x86_64-unknown-linux-gnu/lib" "-Wl,-Bstatic" "/opt/rustwide/rustup-home/toolchains/1.69.0-x86_64-unknown-linux-gnu/lib/rustlib/x86_64-unknown-linux-gnu/lib/libstd-89bc084783fdc439.rlib" "/opt/rustwide/rustup-home/toolchains/1.69.0-x86_64-unknown-linux-gnu/lib/rustlib/x86_64-unknown-linux-gnu/lib/libpanic_unwind-8bee4b287d4367c1.rlib" "/opt/rustwide/rustup-home/toolchains/1.69.0-x86_64-unknown-linux-gnu/lib/rustlib/x86_64-unknown-linux-gnu/lib/libobject-d61707aed80694c0.rlib" "/opt/rustwide/rustup-home/toolchains/1.69.0-x86_64-unknown-linux-gnu/lib/rustlib/x86_64-unknown-linux-gnu/lib/libmemchr-d85366256f22345b.rlib" "/opt/rustwide/rustup-home/toolchains/1.69.0-x86_64-unknown-linux-gnu/lib/rustlib/x86_64-unknown-linux-gnu/lib/libaddr2line-96069b86b8a8cae9.rlib" "/opt/rustwide/rustup-home/toolchains/1.69.0-x86_64-unknown-linux-gnu/lib/rustlib/x86_64-unknown-linux-gnu/lib/libgimli-d19d53abf68dfa6c.rlib" "/opt/rustwide/rustup-home/toolchains/1.69.0-x86_64-unknown-linux-gnu/lib/rustlib/x86_64-unknown-linux-gnu/lib/librustc_demangle-787cbccd19d64ac6.rlib" "/opt/rustwide/rustup-home/toolchains/1.69.0-x86_64-unknown-linux-gnu/lib/rustlib/x86_64-unknown-linux-gnu/lib/libstd_detect-b3837a36b830e0d0.rlib" "/opt/rustwide/rustup-home/toolchains/1.69.0-x86_64-unknown-linux-gnu/lib/rustlib/x86_64-unknown-linux-gnu/lib/libhashbrown-e3deb0e7e3f04966.rlib" "/opt/rustwide/rustup-home/toolchains/1.69.0-x86_64-unknown-linux-gnu/lib/rustlib/x86_64-unknown-linux-gnu/lib/libminiz_oxide-dabbb79c9815def4.rlib" "/opt/rustwide/rustup-home/toolchains/1.69.0-x86_64-unknown-linux-gnu/lib/rustlib/x86_64-unknown-linux-gnu/lib/libadler-305b01f34c9409f2.rlib" "/opt/rustwide/rustup-home/toolchains/1.69.0-x86_64-unknown-linux-gnu/lib/rustlib/x86_64-unknown-linux-gnu/lib/librustc_std_workspace_alloc-f833521df6074e73.rlib" "/opt/rustwide/rustup-home/toolchains/1.69.0-x86_64-unknown-linux-gnu/lib/rustlib/x86_64-unknown-linux-gnu/lib/libunwind-9ac333113350d171.rlib" "/opt/rustwide/rustup-home/toolchains/1.69.0-x86_64-unknown-linux-gnu/lib/rustlib/x86_64-unknown-linux-gnu/lib/libcfg_if-1c126114322d0eee.rlib" "/opt/rustwide/rustup-home/toolchains/1.69.0-x86_64-unknown-linux-gnu/lib/rustlib/x86_64-unknown-linux-gnu/lib/liblibc-bad9164fdeeecf92.rlib" "/opt/rustwide/rustup-home/toolchains/1.69.0-x86_64-unknown-linux-gnu/lib/rustlib/x86_64-unknown-linux-gnu/lib/liballoc-f9374b1e480fa681.rlib" "/opt/rustwide/rustup-home/toolchains/1.69.0-x86_64-unknown-linux-gnu/lib/rustlib/x86_64-unknown-linux-gnu/lib/librustc_std_workspace_core-207f06e41d9603af.rlib" "/opt/rustwide/rustup-home/toolchains/1.69.0-x86_64-unknown-linux-gnu/lib/rustlib/x86_64-unknown-linux-gnu/lib/libcore-7e2768e66e984e85.rlib" "/opt/rustwide/rustup-home/toolchains/1.69.0-x86_64-unknown-linux-gnu/lib/rustlib/x86_64-unknown-linux-gnu/lib/libcompiler_builtins-957b4aff41f8cd46.rlib" "-Wl,-Bdynamic" "-lgcc_s" "-lutil" "-lrt" "-lpthread" "-lm" "-ldl" "-lc" "-Wl,--eh-frame-hdr" "-Wl,-z,noexecstack" "-L" "/opt/rustwide/rustup-home/toolchains/1.69.0-x86_64-unknown-linux-gnu/lib/rustlib/x86_64-unknown-linux-gnu/lib" "-o" "/opt/rustwide/target/debug/build/futures-channel-5f29f4f4a936d1c1/build_script_build-5f29f4f4a936d1c1" "-Wl,--gc-sections" "-pie" "-Wl,-z,relro,-z,now" "-nodefaultlibs"
[INFO] [stdout]   = note: /usr/bin/ld: final link failed: No space left on device
[INFO] [stdout]           collect2: error: ld returned 1 exit status
[INFO] [stdout]           
[INFO] [stdout] 
[INFO] [stdout] 
[INFO] [stderr] error: could not compile `proc-macro-nested` due to previous error
[INFO] [stderr] error: could not compile `futures-channel` due to previous error
[INFO] [stdout] error: couldn't create a temp dir: No space left on device (os error 28) at path "/opt/rustwide/target/debug/deps/rmetaOUWe5X"
[INFO] [stdout] 
[INFO] [stdout] 
[INFO] [stdout] error: couldn't create a temp dir: No space left on device (os error 28) at path "/opt/rustwide/target/debug/deps/rmetaAPFkd3"
[INFO] [stdout] 
[INFO] [stdout] 
[INFO] [stderr] error: could not compile `proc-macro2` due to previous error
[INFO] [stderr] error: could not compile `memchr` due to previous error
[INFO] [stdout] error: couldn't create a temp dir: No space left on device (os error 28) at path "/opt/rustwide/target/debug/deps/rmetaEcTT3L"
[INFO] [stdout] 
[INFO] [stdout] 
[INFO] [stderr] error: could not compile `libc` due to previous error
[INFO] [stdout] error: couldn't create a temp dir: No space left on device (os error 28) at path "/opt/rustwide/target/debug/deps/rmeta7wdxwj"
[INFO] [stdout] 
[INFO] [stdout] 
[INFO] [stderr] error: could not compile `futures` due to previous error
[INFO] running `Command { std: "docker" "inspect" "5556c6aafb005660f8823bd54979e3e07f4133c166f3c12b26ae7d43cbada6a4", kill_on_drop: false }`
[INFO] running `Command { std: "docker" "rm" "-f" "5556c6aafb005660f8823bd54979e3e07f4133c166f3c12b26ae7d43cbada6a4", kill_on_drop: false }`
[INFO] [stdout] 5556c6aafb005660f8823bd54979e3e07f4133c166f3c12b26ae7d43cbada6a4
