[INFO] cloning repository https://github.com/SugarFunge/sugarfunge-node
[INFO] running `Command { std: "git" "-c" "credential.helper=" "-c" "credential.helper=/workspace/cargo-home/bin/git-credential-null" "clone" "--bare" "https://github.com/SugarFunge/sugarfunge-node" "/workspace/cache/git-repos/https%3A%2F%2Fgithub.com%2FSugarFunge%2Fsugarfunge-node", kill_on_drop: false }`
[INFO] [stderr] Cloning into bare repository '/workspace/cache/git-repos/https%3A%2F%2Fgithub.com%2FSugarFunge%2Fsugarfunge-node'...
[INFO] running `Command { std: "git" "rev-parse" "HEAD", kill_on_drop: false }`
[INFO] [stdout] 3a39fbbfcdb2409aa546793933c3ea7e56dda589
[INFO] testing SugarFunge/sugarfunge-node against 1.69.0 for beta-1.70-1
[INFO] running `Command { std: "git" "clone" "/workspace/cache/git-repos/https%3A%2F%2Fgithub.com%2FSugarFunge%2Fsugarfunge-node" "/workspace/builds/worker-2-tc1/source", kill_on_drop: false }`
[INFO] [stderr] Cloning into '/workspace/builds/worker-2-tc1/source'...
[INFO] [stderr] done.
[INFO] validating manifest of git repo https://github.com/SugarFunge/sugarfunge-node on toolchain 1.69.0
[INFO] running `Command { std: CARGO_HOME="/workspace/cargo-home" RUSTUP_HOME="/workspace/rustup-home" "/workspace/cargo-home/bin/cargo" "+1.69.0" "metadata" "--manifest-path" "Cargo.toml" "--no-deps", kill_on_drop: false }`
[INFO] started tweaking git repo https://github.com/SugarFunge/sugarfunge-node
[INFO] finished tweaking git repo https://github.com/SugarFunge/sugarfunge-node
[INFO] tweaked toml for git repo https://github.com/SugarFunge/sugarfunge-node written to /workspace/builds/worker-2-tc1/source/Cargo.toml
[INFO] crate git repo https://github.com/SugarFunge/sugarfunge-node already has a lockfile, it will not be regenerated
[INFO] running `Command { std: CARGO_HOME="/workspace/cargo-home" RUSTUP_HOME="/workspace/rustup-home" "/workspace/cargo-home/bin/cargo" "+1.69.0" "fetch" "--manifest-path" "Cargo.toml", kill_on_drop: false }`
[INFO] [stderr]     Updating git repository `https://github.com/paritytech/substrate`
[INFO] [stderr]  Downloading crates ...
[INFO] [stderr]   Downloaded ref-cast-impl v1.0.13
[INFO] [stderr]   Downloaded wasmtime-types v1.0.2
[INFO] [stderr]   Downloaded static_init_macro v1.0.2
[INFO] [stderr]   Downloaded libp2p-deflate v0.34.0
[INFO] [stderr]   Downloaded async-std-resolver v0.21.2
[INFO] [stderr]   Downloaded libp2p-ping v0.37.0
[INFO] [stderr]   Downloaded libp2p-plaintext v0.34.0
[INFO] [stderr]   Downloaded prost-codec v0.1.0
[INFO] [stderr]   Downloaded libp2p-pnet v0.22.1
[INFO] [stderr]   Downloaded wasmtime-jit-debug v1.0.2
[INFO] [stderr]   Downloaded prometheus-client-derive-text-encode v0.2.0
[INFO] [stderr]   Downloaded libp2p-tcp v0.34.0
[INFO] [stderr]   Downloaded wasmtime-asm-macros v1.0.2
[INFO] [stderr]   Downloaded jsonrpsee v0.15.1
[INFO] [stderr]   Downloaded netlink-packet-utils v0.5.1
[INFO] [stderr]   Downloaded jsonrpsee-http-server v0.15.1
[INFO] [stderr]   Downloaded libp2p-websocket v0.36.0
[INFO] [stderr]   Downloaded libp2p-floodsub v0.37.0
[INFO] [stderr]   Downloaded jsonrpsee-ws-client v0.15.1
[INFO] [stderr]   Downloaded libp2p-yamux v0.38.0
[INFO] [stderr]   Downloaded libp2p-swarm-derive v0.28.0
[INFO] [stderr]   Downloaded libp2p-wasm-ext v0.34.0
[INFO] [stderr]   Downloaded libp2p-dns v0.34.0
[INFO] [stderr]   Downloaded prost v0.11.2
[INFO] [stderr]   Downloaded netlink-sys v0.8.3
[INFO] [stderr]   Downloaded target-lexicon v0.12.5
[INFO] [stderr]   Downloaded ref-cast v1.0.13
[INFO] [stderr]   Downloaded libp2p-request-response v0.19.0
[INFO] [stderr]   Downloaded ss58-registry v1.34.0
[INFO] [stderr]   Downloaded if-watch v1.1.1
[INFO] [stderr]   Downloaded cranelift-native v0.88.2
[INFO] [stderr]   Downloaded rpassword v7.1.0
[INFO] [stderr]   Downloaded cranelift-codegen-shared v0.88.2
[INFO] [stderr]   Downloaded wasmtime-cache v1.0.2
[INFO] [stderr]   Downloaded scale-info-derive v2.3.0
[INFO] [stderr]   Downloaded jsonrpsee-types v0.15.1
[INFO] [stderr]   Downloaded multistream-select v0.11.0
[INFO] [stderr]   Downloaded array-bytes v4.1.0
[INFO] [stderr]   Downloaded libp2p-mdns v0.38.0
[INFO] [stderr]   Downloaded scale-info v2.3.0
[INFO] [stderr]   Downloaded libp2p-mplex v0.34.0
[INFO] [stderr]   Downloaded jsonrpsee-client-transport v0.15.1
[INFO] [stderr]   Downloaded prost-derive v0.11.2
[INFO] [stderr]   Downloaded libp2p-noise v0.37.0
[INFO] [stderr]   Downloaded libp2p-relay v0.10.0
[INFO] [stderr]   Downloaded cranelift-bforest v0.88.2
[INFO] [stderr]   Downloaded cranelift-entity v0.88.2
[INFO] [stderr]   Downloaded libp2p-identify v0.37.0
[INFO] [stderr]   Downloaded libp2p-metrics v0.7.0
[INFO] [stderr]   Downloaded libp2p-uds v0.33.0
[INFO] [stderr]   Downloaded prost-build v0.11.2
[INFO] [stderr]   Downloaded io-lifetimes v1.0.1
[INFO] [stderr]   Downloaded libp2p-autonat v0.5.0
[INFO] [stderr]   Downloaded jsonrpsee-proc-macros v0.15.1
[INFO] [stderr]   Downloaded prost-types v0.11.2
[INFO] [stderr]   Downloaded jsonrpsee-ws-server v0.15.1
[INFO] [stderr]   Downloaded cranelift-frontend v0.88.2
[INFO] [stderr]   Downloaded wasmtime-jit v1.0.2
[INFO] [stderr]   Downloaded uint v0.9.4
[INFO] [stderr]   Downloaded dtoa v1.0.4
[INFO] [stderr]   Downloaded async-io v1.10.0
[INFO] [stderr]   Downloaded multiaddr v0.14.0
[INFO] [stderr]   Downloaded prometheus-client v0.16.0
[INFO] [stderr]   Downloaded num-format v0.4.3
[INFO] [stderr]   Downloaded cranelift-isle v0.88.2
[INFO] [stderr]   Downloaded comfy-table v6.1.2
[INFO] [stderr]   Downloaded trie-db v0.24.0
[INFO] [stderr]   Downloaded jsonrpsee-core v0.15.1
[INFO] [stderr]   Downloaded libp2p-rendezvous v0.7.0
[INFO] [stderr]   Downloaded prettyplease v0.1.21
[INFO] [stderr]   Downloaded parity-db v0.3.17
[INFO] [stderr]   Downloaded static_init v1.0.3
[INFO] [stderr]   Downloaded secp256k1 v0.24.1
[INFO] [stderr]   Downloaded libp2p-core v0.34.0
[INFO] [stderr]   Downloaded libp2p v0.46.1
[INFO] [stderr]   Downloaded wasmtime-cranelift v1.0.2
[INFO] [stderr]   Downloaded libp2p-swarm v0.37.0
[INFO] [stderr]   Downloaded cranelift-codegen-meta v0.88.2
[INFO] [stderr]   Downloaded handlebars v4.3.5
[INFO] [stderr]   Downloaded libp2p-kad v0.38.0
[INFO] [stderr]   Downloaded libp2p-gossipsub v0.39.0
[INFO] [stderr]   Downloaded wasmtime-runtime v1.0.2
[INFO] [stderr]   Downloaded finality-grandpa v0.16.0
[INFO] [stderr]   Downloaded wasmtime-environ v1.0.2
[INFO] [stderr]   Downloaded cranelift-wasm v0.88.2
[INFO] [stderr]   Downloaded wasmtime v1.0.2
[INFO] [stderr]   Downloaded rustix v0.36.1
[INFO] [stderr]   Downloaded curve25519-dalek v4.0.0-pre.1
[INFO] [stderr]   Downloaded cranelift-codegen v0.88.2
[INFO] [stderr]   Downloaded snow v0.9.0
[INFO] [stderr]   Downloaded linux-raw-sys v0.1.2
[INFO] [stderr]   Downloaded wasmparser v0.89.1
[INFO] running `Command { std: "docker" "create" "-v" "/var/lib/crater-agent-workspace/builds/worker-2-tc1/target:/opt/rustwide/target:rw,Z" "-v" "/var/lib/crater-agent-workspace/builds/worker-2-tc1/source:/opt/rustwide/workdir:ro,Z" "-v" "/var/lib/crater-agent-workspace/cargo-home:/opt/rustwide/cargo-home:ro,Z" "-v" "/var/lib/crater-agent-workspace/rustup-home:/opt/rustwide/rustup-home:ro,Z" "-e" "SOURCE_DIR=/opt/rustwide/workdir" "-e" "CARGO_TARGET_DIR=/opt/rustwide/target" "-e" "CARGO_HOME=/opt/rustwide/cargo-home" "-e" "RUSTUP_HOME=/opt/rustwide/rustup-home" "-w" "/opt/rustwide/workdir" "-m" "1610612736" "--user" "0:0" "--network" "none" "ghcr.io/rust-lang/crates-build-env/linux@sha256:97d61d7686bf65f8ecb15491ab51835e82dc9176a96a831f143a431b191fc501" "/opt/rustwide/cargo-home/bin/cargo" "+1.69.0" "metadata" "--no-deps" "--format-version=1", kill_on_drop: false }`
[INFO] [stdout] 5f382e682bb8f93775fc1b839ec3d1247e2903a48f86c5fbcd8bb6bd52a32a44
[INFO] running `Command { std: "docker" "start" "-a" "5f382e682bb8f93775fc1b839ec3d1247e2903a48f86c5fbcd8bb6bd52a32a44", kill_on_drop: false }`
[INFO] running `Command { std: "docker" "inspect" "5f382e682bb8f93775fc1b839ec3d1247e2903a48f86c5fbcd8bb6bd52a32a44", kill_on_drop: false }`
[INFO] running `Command { std: "docker" "rm" "-f" "5f382e682bb8f93775fc1b839ec3d1247e2903a48f86c5fbcd8bb6bd52a32a44", kill_on_drop: false }`
[INFO] [stdout] 5f382e682bb8f93775fc1b839ec3d1247e2903a48f86c5fbcd8bb6bd52a32a44
[INFO] running `Command { std: "docker" "create" "-v" "/var/lib/crater-agent-workspace/builds/worker-2-tc1/target:/opt/rustwide/target:rw,Z" "-v" "/var/lib/crater-agent-workspace/builds/worker-2-tc1/source:/opt/rustwide/workdir:ro,Z" "-v" "/var/lib/crater-agent-workspace/cargo-home:/opt/rustwide/cargo-home:ro,Z" "-v" "/var/lib/crater-agent-workspace/rustup-home:/opt/rustwide/rustup-home:ro,Z" "-e" "SOURCE_DIR=/opt/rustwide/workdir" "-e" "CARGO_TARGET_DIR=/opt/rustwide/target" "-e" "CARGO_INCREMENTAL=0" "-e" "RUST_BACKTRACE=full" "-e" "RUSTFLAGS=--cap-lints=warn" "-e" "RUSTDOCFLAGS=--cap-lints=warn" "-e" "CARGO_HOME=/opt/rustwide/cargo-home" "-e" "RUSTUP_HOME=/opt/rustwide/rustup-home" "-w" "/opt/rustwide/workdir" "-m" "1610612736" "--user" "0:0" "--network" "none" "ghcr.io/rust-lang/crates-build-env/linux@sha256:97d61d7686bf65f8ecb15491ab51835e82dc9176a96a831f143a431b191fc501" "/opt/rustwide/cargo-home/bin/cargo" "+1.69.0" "build" "--frozen" "--message-format=json", kill_on_drop: false }`
[INFO] [stdout] 4a533808712471981be063b45a5a042ec03bcdbf12757cc3a9b9d8bb34934da5
[INFO] running `Command { std: "docker" "start" "-a" "4a533808712471981be063b45a5a042ec03bcdbf12757cc3a9b9d8bb34934da5", kill_on_drop: false }`
[INFO] [stderr]    Compiling proc-macro2 v1.0.47
[INFO] [stderr]    Compiling unicode-ident v1.0.5
[INFO] [stderr]    Compiling quote v1.0.21
[INFO] [stderr]    Compiling syn v1.0.103
[INFO] [stderr]    Compiling cfg-if v1.0.0
[INFO] [stderr]    Compiling libc v0.2.137
[INFO] [stderr]    Compiling autocfg v1.1.0
[INFO] [stderr]    Compiling version_check v0.9.4
[INFO] [stderr]    Compiling memchr v2.5.0
[INFO] [stderr]    Compiling once_cell v1.16.0
[INFO] [stderr]    Compiling serde_derive v1.0.147
[INFO] [stderr]    Compiling typenum v1.15.0
[INFO] [stderr]    Compiling thiserror v1.0.37
[INFO] [stderr]    Compiling serde v1.0.147
[INFO] [stderr]    Compiling log v0.4.17
[INFO] [stderr]    Compiling lazy_static v1.4.0
[INFO] [stderr]    Compiling anyhow v1.0.66
[INFO] [stderr]    Compiling regex-syntax v0.6.28
[INFO] [stderr]    Compiling pin-project-lite v0.2.9
[INFO] [stderr]    Compiling futures-core v0.3.25
[INFO] [stderr]    Compiling generic-array v0.14.6
[INFO] [stderr]    Compiling value-bag v1.0.0-alpha.9
[INFO] [stderr]    Compiling bytes v1.2.1
[INFO] [stderr]    Compiling smallvec v1.10.0
[INFO] [stderr]    Compiling either v1.8.0
[INFO] [stderr]    Compiling futures-io v0.3.25
[INFO] [stderr]    Compiling scopeguard v1.1.0
[INFO] [stderr]    Compiling slab v0.4.7
[INFO] [stderr]    Compiling itertools v0.10.5
[INFO] [stderr]    Compiling ppv-lite86 v0.2.17
[INFO] [stderr]    Compiling byteorder v1.4.3
[INFO] [stderr]    Compiling lock_api v0.4.9
[INFO] [stderr]    Compiling arrayvec v0.7.2
[INFO] [stderr]    Compiling futures-sink v0.3.25
[INFO] [stderr]    Compiling aho-corasick v0.7.19
[INFO] [stderr]    Compiling futures-channel v0.3.25
[INFO] [stderr]    Compiling futures-task v0.3.25
[INFO] [stderr]    Compiling jobserver v0.1.25
[INFO] [stderr]    Compiling futures-util v0.3.25
[INFO] [stderr]    Compiling pin-utils v0.1.0
[INFO] [stderr]    Compiling subtle v2.4.1
[INFO] [stderr]    Compiling unicode-xid v0.2.4
[INFO] [stderr]    Compiling parking_lot_core v0.9.4
[INFO] [stderr]    Compiling cc v1.0.76
[INFO] [stderr]    Compiling cpufeatures v0.2.5
[INFO] [stderr]    Compiling ahash v0.7.6
[INFO] [stderr]    Compiling static_assertions v1.1.0
[INFO] [stderr]    Compiling opaque-debug v0.3.0
[INFO] [stderr]    Compiling getrandom v0.1.16
[INFO] [stderr]    Compiling crunchy v0.2.2
[INFO] [stderr]    Compiling base64 v0.13.1
[INFO] [stderr]    Compiling keccak v0.1.2
[INFO] [stderr]    Compiling tinyvec_macros v0.1.0
[INFO] [stderr]    Compiling tinyvec v1.6.0
[INFO] [stderr]    Compiling arrayref v0.3.6
[INFO] [stderr]    Compiling indexmap v1.9.1
[INFO] [stderr]    Compiling itoa v1.0.4
[INFO] [stderr]    Compiling instant v0.1.12
[INFO] [stderr]    Compiling bitflags v1.3.2
[INFO] [stderr]    Compiling getrandom v0.2.8
[INFO] [stderr]    Compiling num_cpus v1.14.0
[INFO] [stderr]    Compiling crc32fast v1.3.2
[INFO] [stderr]    Compiling crossbeam-utils v0.8.12
[INFO] [stderr]    Compiling libm v0.2.6
[INFO] [stderr]    Compiling rand_core v0.6.4
[INFO] [stderr]    Compiling parking_lot v0.12.1
[INFO] [stderr]    Compiling rand_core v0.5.1
[INFO] [stderr]    Compiling num-traits v0.2.15
[INFO] [stderr]    Compiling regex v1.7.0
[INFO] [stderr]    Compiling rand_chacha v0.3.1
[INFO] [stderr]    Compiling digest v0.9.0
[INFO] [stderr]    Compiling block-buffer v0.10.3
[INFO] [stderr]    Compiling block-buffer v0.9.0
[INFO] [stderr]    Compiling hashbrown v0.12.3
[INFO] [stderr]    Compiling crypto-common v0.1.6
[INFO] [stderr]    Compiling rand_chacha v0.2.2
[INFO] [stderr]    Compiling rand_pcg v0.2.1
[INFO] [stderr]    Compiling sha2 v0.9.9
[INFO] [stderr]    Compiling crypto-mac v0.8.0
[INFO] [stderr]    Compiling rand v0.8.5
[INFO] [stderr]    Compiling unicode-normalization v0.1.22
[INFO] [stderr]    Compiling digest v0.10.5
[INFO] [stderr]    Compiling libsecp256k1-core v0.3.0
[INFO] [stderr]    Compiling hmac v0.8.1
[INFO] [stderr]    Compiling rand v0.7.3
[INFO] [stderr]    Compiling hmac-drbg v0.3.0
[INFO] [stderr]    Compiling sha3 v0.10.6
[INFO] [stderr]    Compiling sha2 v0.10.6
[INFO] [stderr] LLVM ERROR: IO failure on output stream: No space left on device
[INFO] [stderr] LLVM ERROR: IO failure on output stream: No space left on device
[INFO] [stderr] thread 'rustc' panicked at 'assertion failed: pos.get() <= self.position()', compiler/rustc_metadata/src/rmeta/encoder.rs:435:9
[INFO] [stderr] thread 'rustc' panicked at 'assertion failed: pos.get() <= self.position()', compiler/rustc_metadata/src/rmeta/encoder.rs:435:9
[INFO] [stderr] error: could not compile `rand_chacha`
[INFO] [stderr] warning: build failed, waiting for other jobs to finish...
[INFO] [stderr] LLVM ERROR: IO failure on output stream: No space left on device
[INFO] [stderr] error: could not compile `sha2`
[INFO] [stderr] error: could not compile `rand_chacha`
[INFO] [stderr] LLVM ERROR: IO failure on output stream: No space left on device
[INFO] [stdout] error: couldn't create a temp dir: No space left on device (os error 28) at path "/opt/rustwide/target/debug/deps/rmetaeMZ37w"
[INFO] [stdout] 
[INFO] [stdout] 
[INFO] [stderr] error: could not compile `sha3` due to previous error
[INFO] [stderr] error: could not compile `regex-syntax`
[INFO] [stderr] error: could not compile `unicode-normalization`
[INFO] [stderr] error: could not compile `hashbrown`
[INFO] [stderr] thread 'rustc' panicked at 'assertion failed: pos.get() <= self.position()', compiler/rustc_metadata/src/rmeta/encoder.rs:435:9
[INFO] [stdout] error: couldn't create a temp dir: No space left on device (os error 28) at path "/opt/rustwide/target/debug/deps/rmetaIokP59"
[INFO] [stdout] 
[INFO] [stdout] 
[INFO] [stderr] error: could not compile `libm` due to previous error
[INFO] [stderr] error: could not compile `regex`
[INFO] [stderr] thread 'rustc' panicked at 'assertion failed: pos.get() <= self.position()', compiler/rustc_metadata/src/rmeta/encoder.rs:435:9
[INFO] [stderr] thread 'rustc' panicked at 'assertion failed: pos.get() <= self.position()', compiler/rustc_metadata/src/rmeta/encoder.rs:454:9
[INFO] [stderr] error: could not compile `sha2`
[INFO] [stderr] error: could not compile `rand`
[INFO] [stderr] thread 'rustc' panicked at 'assertion failed: pos.get() <= self.position()', compiler/rustc_metadata/src/rmeta/encoder.rs:435:9
[INFO] [stderr] error: could not compile `libsecp256k1-core`
[INFO] [stderr] thread 'rustc' panicked at 'assertion failed: pos.get() <= self.position()', compiler/rustc_metadata/src/rmeta/encoder.rs:435:9
[INFO] [stderr] thread 'rustc' panicked at 'assertion failed: pos.get() <= self.position()', compiler/rustc_metadata/src/rmeta/encoder.rs:454:9
[INFO] [stderr] error: could not compile `rand`
[INFO] [stderr] error: could not compile `libsecp256k1-core`
[INFO] [stderr] thread 'rustc' panicked at 'assertion failed: pos.get() <= self.position()', compiler/rustc_metadata/src/rmeta/encoder.rs:435:9
[INFO] [stderr] error: could not compile `syn`
[INFO] running `Command { std: "docker" "inspect" "4a533808712471981be063b45a5a042ec03bcdbf12757cc3a9b9d8bb34934da5", kill_on_drop: false }`
[INFO] running `Command { std: "docker" "rm" "-f" "4a533808712471981be063b45a5a042ec03bcdbf12757cc3a9b9d8bb34934da5", kill_on_drop: false }`
[INFO] [stdout] 4a533808712471981be063b45a5a042ec03bcdbf12757cc3a9b9d8bb34934da5
