[INFO] cloning repository https://github.com/ShamylZakariya/TexturePacker
[INFO] running `Command { std: "git" "-c" "credential.helper=" "-c" "credential.helper=/workspace/cargo-home/bin/git-credential-null" "clone" "--bare" "https://github.com/ShamylZakariya/TexturePacker" "/workspace/cache/git-repos/https%3A%2F%2Fgithub.com%2FShamylZakariya%2FTexturePacker", kill_on_drop: false }`
[INFO] [stderr] Cloning into bare repository '/workspace/cache/git-repos/https%3A%2F%2Fgithub.com%2FShamylZakariya%2FTexturePacker'...
[INFO] [stderr] /workspace/cache/git-repos/https%3A%2F%2Fgithub.com%2FShamylZakariya%2FTexturePacker/refs/tags: No space left on device
[WARN] Retrying crate fetch in 3 seconds (attempt 1)
[INFO] cloning repository https://github.com/ShamylZakariya/TexturePacker
[INFO] running `Command { std: "git" "-c" "credential.helper=" "-c" "credential.helper=/workspace/cargo-home/bin/git-credential-null" "clone" "--bare" "https://github.com/ShamylZakariya/TexturePacker" "/workspace/cache/git-repos/https%3A%2F%2Fgithub.com%2FShamylZakariya%2FTexturePacker", kill_on_drop: false }`
[INFO] [stderr] Cloning into bare repository '/workspace/cache/git-repos/https%3A%2F%2Fgithub.com%2FShamylZakariya%2FTexturePacker'...
[INFO] [stderr] /workspace/cache/git-repos/https%3A%2F%2Fgithub.com%2FShamylZakariya%2FTexturePacker: No space left on device
[WARN] Retrying crate fetch in 3 seconds (attempt 2)
[INFO] cloning repository https://github.com/ShamylZakariya/TexturePacker
[INFO] running `Command { std: "git" "-c" "credential.helper=" "-c" "credential.helper=/workspace/cargo-home/bin/git-credential-null" "clone" "--bare" "https://github.com/ShamylZakariya/TexturePacker" "/workspace/cache/git-repos/https%3A%2F%2Fgithub.com%2FShamylZakariya%2FTexturePacker", kill_on_drop: false }`
[INFO] [stderr] Cloning into bare repository '/workspace/cache/git-repos/https%3A%2F%2Fgithub.com%2FShamylZakariya%2FTexturePacker'...
[INFO] [stderr] /workspace/cache/git-repos/https%3A%2F%2Fgithub.com%2FShamylZakariya%2FTexturePacker: No space left on device
[WARN] Retrying crate fetch in 3 seconds (attempt 3)
[INFO] cloning repository https://github.com/ShamylZakariya/TexturePacker
[INFO] running `Command { std: "git" "-c" "credential.helper=" "-c" "credential.helper=/workspace/cargo-home/bin/git-credential-null" "clone" "--bare" "https://github.com/ShamylZakariya/TexturePacker" "/workspace/cache/git-repos/https%3A%2F%2Fgithub.com%2FShamylZakariya%2FTexturePacker", kill_on_drop: false }`
[INFO] [stderr] Cloning into bare repository '/workspace/cache/git-repos/https%3A%2F%2Fgithub.com%2FShamylZakariya%2FTexturePacker'...
[INFO] running `Command { std: "git" "rev-parse" "HEAD", kill_on_drop: false }`
[INFO] [stdout] 72d3190d3d9dfec5cb5cc88a0f9d23c67a5933d2
[INFO] testing ShamylZakariya/TexturePacker against 1.69.0 for beta-1.70-1
[INFO] running `Command { std: "git" "clone" "/workspace/cache/git-repos/https%3A%2F%2Fgithub.com%2FShamylZakariya%2FTexturePacker" "/workspace/builds/worker-7-tc1/source", kill_on_drop: false }`
[INFO] [stderr] Cloning into '/workspace/builds/worker-7-tc1/source'...
[INFO] [stderr] done.
[INFO] validating manifest of git repo https://github.com/ShamylZakariya/TexturePacker on toolchain 1.69.0
[INFO] running `Command { std: CARGO_HOME="/workspace/cargo-home" RUSTUP_HOME="/workspace/rustup-home" "/workspace/cargo-home/bin/cargo" "+1.69.0" "metadata" "--manifest-path" "Cargo.toml" "--no-deps", kill_on_drop: false }`
[INFO] started tweaking git repo https://github.com/ShamylZakariya/TexturePacker
[INFO] finished tweaking git repo https://github.com/ShamylZakariya/TexturePacker
[INFO] tweaked toml for git repo https://github.com/ShamylZakariya/TexturePacker written to /workspace/builds/worker-7-tc1/source/Cargo.toml
[INFO] crate git repo https://github.com/ShamylZakariya/TexturePacker already has a lockfile, it will not be regenerated
[INFO] running `Command { std: CARGO_HOME="/workspace/cargo-home" RUSTUP_HOME="/workspace/rustup-home" "/workspace/cargo-home/bin/cargo" "+1.69.0" "fetch" "--manifest-path" "Cargo.toml", kill_on_drop: false }`
[INFO] [stderr]     Blocking waiting for file lock on package cache
[INFO] [stderr]  Downloading crates ...
[INFO] [stderr]   Downloaded sapp-darwin v0.1.6
[INFO] [stderr]   Downloaded sapp-windows v0.2.18
[INFO] [stderr]   Downloaded sapp-linux v0.1.13
[INFO] [stderr]   Downloaded miniquad v0.3.0-alpha.37
[INFO] [stderr]   Downloaded sapp-android v0.1.8
[INFO] [stderr]   Downloaded macroquad_macro v0.1.6
[INFO] [stderr]   Downloaded quad-snd v0.2.2
[INFO] [stderr]   Downloaded macroquad v0.3.9
[INFO] running `Command { std: "docker" "create" "-v" "/var/lib/crater-agent-workspace/builds/worker-7-tc1/target:/opt/rustwide/target:rw,Z" "-v" "/var/lib/crater-agent-workspace/builds/worker-7-tc1/source:/opt/rustwide/workdir:ro,Z" "-v" "/var/lib/crater-agent-workspace/cargo-home:/opt/rustwide/cargo-home:ro,Z" "-v" "/var/lib/crater-agent-workspace/rustup-home:/opt/rustwide/rustup-home:ro,Z" "-e" "SOURCE_DIR=/opt/rustwide/workdir" "-e" "CARGO_TARGET_DIR=/opt/rustwide/target" "-e" "CARGO_HOME=/opt/rustwide/cargo-home" "-e" "RUSTUP_HOME=/opt/rustwide/rustup-home" "-w" "/opt/rustwide/workdir" "-m" "1610612736" "--user" "0:0" "--network" "none" "ghcr.io/rust-lang/crates-build-env/linux@sha256:97d61d7686bf65f8ecb15491ab51835e82dc9176a96a831f143a431b191fc501" "/opt/rustwide/cargo-home/bin/cargo" "+1.69.0" "metadata" "--no-deps" "--format-version=1", kill_on_drop: false }`
[INFO] [stdout] 14a85919fae858b00c869a96fa7ed8e38e2b312b5b45cfab182ae898a9569a1e
[INFO] running `Command { std: "docker" "start" "-a" "14a85919fae858b00c869a96fa7ed8e38e2b312b5b45cfab182ae898a9569a1e", kill_on_drop: false }`
[INFO] running `Command { std: "docker" "inspect" "14a85919fae858b00c869a96fa7ed8e38e2b312b5b45cfab182ae898a9569a1e", kill_on_drop: false }`
[INFO] running `Command { std: "docker" "rm" "-f" "14a85919fae858b00c869a96fa7ed8e38e2b312b5b45cfab182ae898a9569a1e", kill_on_drop: false }`
[INFO] [stdout] 14a85919fae858b00c869a96fa7ed8e38e2b312b5b45cfab182ae898a9569a1e
[INFO] running `Command { std: "docker" "create" "-v" "/var/lib/crater-agent-workspace/builds/worker-7-tc1/target:/opt/rustwide/target:rw,Z" "-v" "/var/lib/crater-agent-workspace/builds/worker-7-tc1/source:/opt/rustwide/workdir:ro,Z" "-v" "/var/lib/crater-agent-workspace/cargo-home:/opt/rustwide/cargo-home:ro,Z" "-v" "/var/lib/crater-agent-workspace/rustup-home:/opt/rustwide/rustup-home:ro,Z" "-e" "SOURCE_DIR=/opt/rustwide/workdir" "-e" "CARGO_TARGET_DIR=/opt/rustwide/target" "-e" "CARGO_INCREMENTAL=0" "-e" "RUST_BACKTRACE=full" "-e" "RUSTFLAGS=--cap-lints=warn" "-e" "RUSTDOCFLAGS=--cap-lints=warn" "-e" "CARGO_HOME=/opt/rustwide/cargo-home" "-e" "RUSTUP_HOME=/opt/rustwide/rustup-home" "-w" "/opt/rustwide/workdir" "-m" "1610612736" "--user" "0:0" "--network" "none" "ghcr.io/rust-lang/crates-build-env/linux@sha256:97d61d7686bf65f8ecb15491ab51835e82dc9176a96a831f143a431b191fc501" "/opt/rustwide/cargo-home/bin/cargo" "+1.69.0" "build" "--frozen" "--message-format=json", kill_on_drop: false }`
[INFO] [stdout] 5ae3a9ee43716e246d85091646d211f7f51b368624c95c814c8b5b1817801926
[INFO] running `Command { std: "docker" "start" "-a" "5ae3a9ee43716e246d85091646d211f7f51b368624c95c814c8b5b1817801926", kill_on_drop: false }`
[INFO] [stderr]    Compiling autocfg v1.0.1
[INFO] [stderr]    Compiling byteorder v1.4.3
[INFO] [stderr]    Compiling libc v0.2.101
[INFO] [stderr]    Compiling maybe-uninit v2.0.0
[INFO] [stderr]    Compiling crc32fast v1.2.1
[INFO] [stderr]    Compiling adler32 v1.2.0
[INFO] [stderr]    Compiling quad-alsa-sys v0.3.2
[INFO] [stderr]    Compiling dasp_sample v0.11.0
[INFO] [stderr]    Compiling cfg-if v1.0.0
[INFO] [stderr]    Compiling sapp-linux v0.1.13
[INFO] [stderr]    Compiling hound v3.4.0
[INFO] [stderr]    Compiling ahash v0.4.7
[INFO] [stderr]    Compiling quad-snd v0.2.2
[INFO] [stderr]    Compiling bitflags v1.3.2
[INFO] [stderr]    Compiling ttf-parser v0.12.3
[INFO] [stderr]    Compiling bytemuck v1.7.2
[INFO] [stderr]    Compiling miniz_oxide v0.3.7
[INFO] [stderr]    Compiling color_quant v1.1.0
[INFO] [stderr]    Compiling quad-rand v0.2.1
[INFO] [stderr]    Compiling glam v0.14.0
[INFO] [stderr]    Compiling ogg v0.7.1
[INFO] [stderr]    Compiling dasp_frame v0.11.0
[INFO] [stderr]    Compiling deflate v0.8.6
[INFO] [stderr]    Compiling hashbrown v0.9.1
[INFO] [stderr] error: failed to write `/opt/rustwide/target/debug/.fingerprint/hashbrown-3a92ce0a8110f445/invoked.timestamp`
[INFO] [stderr] 
[INFO] [stderr] Caused by:
[INFO] [stderr]   No space left on device (os error 28)
[INFO] [stderr] warning: build failed, waiting for other jobs to finish...
[INFO] [stderr] LLVM ERROR: IO failure on output stream: No space left on device
[INFO] [stderr] LLVM ERROR: IO failure on output stream: No space left on device
[INFO] [stdout] error: linking with `cc` failed: exit status: 1
[INFO] [stdout]   |
[INFO] [stdout]   = note: LC_ALL="C" PATH="/opt/rustwide/rustup-home/toolchains/1.69.0-x86_64-unknown-linux-gnu/lib/rustlib/x86_64-unknown-linux-gnu/bin:/opt/rustwide/cargo-home/bin:/usr/local/sbin:/usr/local/bin:/usr/sbin:/usr/bin:/sbin:/bin" VSLANG="1033" "cc" "-m64" "/tmp/rustcvZew6J/symbols.o" "/opt/rustwide/target/debug/build/sapp-linux-4eacd377f0c9c396/build_script_build-4eacd377f0c9c396.build_script_build.9e49ee7d-cgu.0.rcgu.o" "/opt/rustwide/target/debug/build/sapp-linux-4eacd377f0c9c396/build_script_build-4eacd377f0c9c396.build_script_build.9e49ee7d-cgu.1.rcgu.o" "/opt/rustwide/target/debug/build/sapp-linux-4eacd377f0c9c396/build_script_build-4eacd377f0c9c396.build_script_build.9e49ee7d-cgu.10.rcgu.o" "/opt/rustwide/target/debug/build/sapp-linux-4eacd377f0c9c396/build_script_build-4eacd377f0c9c396.build_script_build.9e49ee7d-cgu.11.rcgu.o" "/opt/rustwide/target/debug/build/sapp-linux-4eacd377f0c9c396/build_script_build-4eacd377f0c9c396.build_script_build.9e49ee7d-cgu.12.rcgu.o" "/opt/rustwide/target/debug/build/sapp-linux-4eacd377f0c9c396/build_script_build-4eacd377f0c9c396.build_script_build.9e49ee7d-cgu.13.rcgu.o" "/opt/rustwide/target/debug/build/sapp-linux-4eacd377f0c9c396/build_script_build-4eacd377f0c9c396.build_script_build.9e49ee7d-cgu.14.rcgu.o" "/opt/rustwide/target/debug/build/sapp-linux-4eacd377f0c9c396/build_script_build-4eacd377f0c9c396.build_script_build.9e49ee7d-cgu.15.rcgu.o" "/opt/rustwide/target/debug/build/sapp-linux-4eacd377f0c9c396/build_script_build-4eacd377f0c9c396.build_script_build.9e49ee7d-cgu.2.rcgu.o" "/opt/rustwide/target/debug/build/sapp-linux-4eacd377f0c9c396/build_script_build-4eacd377f0c9c396.build_script_build.9e49ee7d-cgu.3.rcgu.o" "/opt/rustwide/target/debug/build/sapp-linux-4eacd377f0c9c396/build_script_build-4eacd377f0c9c396.build_script_build.9e49ee7d-cgu.4.rcgu.o" "/opt/rustwide/target/debug/build/sapp-linux-4eacd377f0c9c396/build_script_build-4eacd377f0c9c396.build_script_build.9e49ee7d-cgu.5.rcgu.o" "/opt/rustwide/target/debug/build/sapp-linux-4eacd377f0c9c396/build_script_build-4eacd377f0c9c396.build_script_build.9e49ee7d-cgu.6.rcgu.o" "/opt/rustwide/target/debug/build/sapp-linux-4eacd377f0c9c396/build_script_build-4eacd377f0c9c396.build_script_build.9e49ee7d-cgu.7.rcgu.o" "/opt/rustwide/target/debug/build/sapp-linux-4eacd377f0c9c396/build_script_build-4eacd377f0c9c396.build_script_build.9e49ee7d-cgu.8.rcgu.o" "/opt/rustwide/target/debug/build/sapp-linux-4eacd377f0c9c396/build_script_build-4eacd377f0c9c396.build_script_build.9e49ee7d-cgu.9.rcgu.o" "/opt/rustwide/target/debug/build/sapp-linux-4eacd377f0c9c396/build_script_build-4eacd377f0c9c396.3xfx5g72vusasyru.rcgu.o" "-Wl,--as-needed" "-L" "/opt/rustwide/target/debug/deps" "-L" "/opt/rustwide/rustup-home/toolchains/1.69.0-x86_64-unknown-linux-gnu/lib/rustlib/x86_64-unknown-linux-gnu/lib" "-Wl,-Bstatic" "/opt/rustwide/rustup-home/toolchains/1.69.0-x86_64-unknown-linux-gnu/lib/rustlib/x86_64-unknown-linux-gnu/lib/libstd-89bc084783fdc439.rlib" "/opt/rustwide/rustup-home/toolchains/1.69.0-x86_64-unknown-linux-gnu/lib/rustlib/x86_64-unknown-linux-gnu/lib/libpanic_unwind-8bee4b287d4367c1.rlib" "/opt/rustwide/rustup-home/toolchains/1.69.0-x86_64-unknown-linux-gnu/lib/rustlib/x86_64-unknown-linux-gnu/lib/libobject-d61707aed80694c0.rlib" "/opt/rustwide/rustup-home/toolchains/1.69.0-x86_64-unknown-linux-gnu/lib/rustlib/x86_64-unknown-linux-gnu/lib/libmemchr-d85366256f22345b.rlib" "/opt/rustwide/rustup-home/toolchains/1.69.0-x86_64-unknown-linux-gnu/lib/rustlib/x86_64-unknown-linux-gnu/lib/libaddr2line-96069b86b8a8cae9.rlib" "/opt/rustwide/rustup-home/toolchains/1.69.0-x86_64-unknown-linux-gnu/lib/rustlib/x86_64-unknown-linux-gnu/lib/libgimli-d19d53abf68dfa6c.rlib" "/opt/rustwide/rustup-home/toolchains/1.69.0-x86_64-unknown-linux-gnu/lib/rustlib/x86_64-unknown-linux-gnu/lib/librustc_demangle-787cbccd19d64ac6.rlib" "/opt/rustwide/rustup-home/toolchains/1.69.0-x86_64-unknown-linux-gnu/lib/rustlib/x86_64-unknown-linux-gnu/lib/libstd_detect-b3837a36b830e0d0.rlib" "/opt/rustwide/rustup-home/toolchains/1.69.0-x86_64-unknown-linux-gnu/lib/rustlib/x86_64-unknown-linux-gnu/lib/libhashbrown-e3deb0e7e3f04966.rlib" "/opt/rustwide/rustup-home/toolchains/1.69.0-x86_64-unknown-linux-gnu/lib/rustlib/x86_64-unknown-linux-gnu/lib/libminiz_oxide-dabbb79c9815def4.rlib" "/opt/rustwide/rustup-home/toolchains/1.69.0-x86_64-unknown-linux-gnu/lib/rustlib/x86_64-unknown-linux-gnu/lib/libadler-305b01f34c9409f2.rlib" "/opt/rustwide/rustup-home/toolchains/1.69.0-x86_64-unknown-linux-gnu/lib/rustlib/x86_64-unknown-linux-gnu/lib/librustc_std_workspace_alloc-f833521df6074e73.rlib" "/opt/rustwide/rustup-home/toolchains/1.69.0-x86_64-unknown-linux-gnu/lib/rustlib/x86_64-unknown-linux-gnu/lib/libunwind-9ac333113350d171.rlib" "/opt/rustwide/rustup-home/toolchains/1.69.0-x86_64-unknown-linux-gnu/lib/rustlib/x86_64-unknown-linux-gnu/lib/libcfg_if-1c126114322d0eee.rlib" "/opt/rustwide/rustup-home/toolchains/1.69.0-x86_64-unknown-linux-gnu/lib/rustlib/x86_64-unknown-linux-gnu/lib/liblibc-bad9164fdeeecf92.rlib" "/opt/rustwide/rustup-home/toolchains/1.69.0-x86_64-unknown-linux-gnu/lib/rustlib/x86_64-unknown-linux-gnu/lib/liballoc-f9374b1e480fa681.rlib" "/opt/rustwide/rustup-home/toolchains/1.69.0-x86_64-unknown-linux-gnu/lib/rustlib/x86_64-unknown-linux-gnu/lib/librustc_std_workspace_core-207f06e41d9603af.rlib" "/opt/rustwide/rustup-home/toolchains/1.69.0-x86_64-unknown-linux-gnu/lib/rustlib/x86_64-unknown-linux-gnu/lib/libcore-7e2768e66e984e85.rlib" "/opt/rustwide/rustup-home/toolchains/1.69.0-x86_64-unknown-linux-gnu/lib/rustlib/x86_64-unknown-linux-gnu/lib/libcompiler_builtins-957b4aff41f8cd46.rlib" "-Wl,-Bdynamic" "-lgcc_s" "-lutil" "-lrt" "-lpthread" "-lm" "-ldl" "-lc" "-Wl,--eh-frame-hdr" "-Wl,-z,noexecstack" "-L" "/opt/rustwide/rustup-home/toolchains/1.69.0-x86_64-unknown-linux-gnu/lib/rustlib/x86_64-unknown-linux-gnu/lib" "-o" "/opt/rustwide/target/debug/build/sapp-linux-4eacd377f0c9c396/build_script_build-4eacd377f0c9c396" "-Wl,--gc-sections" "-pie" "-Wl,-z,relro,-z,now" "-nodefaultlibs"
[INFO] [stdout]   = note: /usr/bin/ld: final link failed: No space left on device
[INFO] [stdout]           collect2: error: ld returned 1 exit status
[INFO] [stdout]           
[INFO] [stdout] 
[INFO] [stdout] 
[INFO] [stdout] error: aborting due to previous error
[INFO] [stdout] 
[INFO] [stdout] 
[INFO] [stdout] error: linking with `cc` failed: exit status: 1
[INFO] [stdout]   |
[INFO] [stdout]   = note: LC_ALL="C" PATH="/opt/rustwide/rustup-home/toolchains/1.69.0-x86_64-unknown-linux-gnu/lib/rustlib/x86_64-unknown-linux-gnu/bin:/opt/rustwide/cargo-home/bin:/usr/local/sbin:/usr/local/bin:/usr/sbin:/usr/bin:/sbin:/bin" VSLANG="1033" "cc" "-m64" "/tmp/rustcGEnj0g/symbols.o" "/opt/rustwide/target/debug/build/crc32fast-f120ccfd1fda62a7/build_script_build-f120ccfd1fda62a7.build_script_build.85cac11b-cgu.0.rcgu.o" "/opt/rustwide/target/debug/build/crc32fast-f120ccfd1fda62a7/build_script_build-f120ccfd1fda62a7.build_script_build.85cac11b-cgu.1.rcgu.o" "/opt/rustwide/target/debug/build/crc32fast-f120ccfd1fda62a7/build_script_build-f120ccfd1fda62a7.build_script_build.85cac11b-cgu.10.rcgu.o" "/opt/rustwide/target/debug/build/crc32fast-f120ccfd1fda62a7/build_script_build-f120ccfd1fda62a7.build_script_build.85cac11b-cgu.11.rcgu.o" "/opt/rustwide/target/debug/build/crc32fast-f120ccfd1fda62a7/build_script_build-f120ccfd1fda62a7.build_script_build.85cac11b-cgu.12.rcgu.o" "/opt/rustwide/target/debug/build/crc32fast-f120ccfd1fda62a7/build_script_build-f120ccfd1fda62a7.build_script_build.85cac11b-cgu.13.rcgu.o" "/opt/rustwide/target/debug/build/crc32fast-f120ccfd1fda62a7/build_script_build-f120ccfd1fda62a7.build_script_build.85cac11b-cgu.14.rcgu.o" "/opt/rustwide/target/debug/build/crc32fast-f120ccfd1fda62a7/build_script_build-f120ccfd1fda62a7.build_script_build.85cac11b-cgu.15.rcgu.o" "/opt/rustwide/target/debug/build/crc32fast-f120ccfd1fda62a7/build_script_build-f120ccfd1fda62a7.build_script_build.85cac11b-cgu.2.rcgu.o" "/opt/rustwide/target/debug/build/crc32fast-f120ccfd1fda62a7/build_script_build-f120ccfd1fda62a7.build_script_build.85cac11b-cgu.3.rcgu.o" "/opt/rustwide/target/debug/build/crc32fast-f120ccfd1fda62a7/build_script_build-f120ccfd1fda62a7.build_script_build.85cac11b-cgu.4.rcgu.o" "/opt/rustwide/target/debug/build/crc32fast-f120ccfd1fda62a7/build_script_build-f120ccfd1fda62a7.build_script_build.85cac11b-cgu.5.rcgu.o" "/opt/rustwide/target/debug/build/crc32fast-f120ccfd1fda62a7/build_script_build-f120ccfd1fda62a7.build_script_build.85cac11b-cgu.6.rcgu.o" "/opt/rustwide/target/debug/build/crc32fast-f120ccfd1fda62a7/build_script_build-f120ccfd1fda62a7.build_script_build.85cac11b-cgu.7.rcgu.o" "/opt/rustwide/target/debug/build/crc32fast-f120ccfd1fda62a7/build_script_build-f120ccfd1fda62a7.build_script_build.85cac11b-cgu.8.rcgu.o" "/opt/rustwide/target/debug/build/crc32fast-f120ccfd1fda62a7/build_script_build-f120ccfd1fda62a7.build_script_build.85cac11b-cgu.9.rcgu.o" "/opt/rustwide/target/debug/build/crc32fast-f120ccfd1fda62a7/build_script_build-f120ccfd1fda62a7.2qljdgcwe63gq9it.rcgu.o" "-Wl,--as-needed" "-L" "/opt/rustwide/target/debug/deps" "-L" "/opt/rustwide/rustup-home/toolchains/1.69.0-x86_64-unknown-linux-gnu/lib/rustlib/x86_64-unknown-linux-gnu/lib" "-Wl,-Bstatic" "/opt/rustwide/rustup-home/toolchains/1.69.0-x86_64-unknown-linux-gnu/lib/rustlib/x86_64-unknown-linux-gnu/lib/libstd-89bc084783fdc439.rlib" "/opt/rustwide/rustup-home/toolchains/1.69.0-x86_64-unknown-linux-gnu/lib/rustlib/x86_64-unknown-linux-gnu/lib/libpanic_unwind-8bee4b287d4367c1.rlib" "/opt/rustwide/rustup-home/toolchains/1.69.0-x86_64-unknown-linux-gnu/lib/rustlib/x86_64-unknown-linux-gnu/lib/libobject-d61707aed80694c0.rlib" "/opt/rustwide/rustup-home/toolchains/1.69.0-x86_64-unknown-linux-gnu/lib/rustlib/x86_64-unknown-linux-gnu/lib/libmemchr-d85366256f22345b.rlib" "/opt/rustwide/rustup-home/toolchains/1.69.0-x86_64-unknown-linux-gnu/lib/rustlib/x86_64-unknown-linux-gnu/lib/libaddr2line-96069b86b8a8cae9.rlib" "/opt/rustwide/rustup-home/toolchains/1.69.0-x86_64-unknown-linux-gnu/lib/rustlib/x86_64-unknown-linux-gnu/lib/libgimli-d19d53abf68dfa6c.rlib" "/opt/rustwide/rustup-home/toolchains/1.69.0-x86_64-unknown-linux-gnu/lib/rustlib/x86_64-unknown-linux-gnu/lib/librustc_demangle-787cbccd19d64ac6.rlib" "/opt/rustwide/rustup-home/toolchains/1.69.0-x86_64-unknown-linux-gnu/lib/rustlib/x86_64-unknown-linux-gnu/lib/libstd_detect-b3837a36b830e0d0.rlib" "/opt/rustwide/rustup-home/toolchains/1.69.0-x86_64-unknown-linux-gnu/lib/rustlib/x86_64-unknown-linux-gnu/lib/libhashbrown-e3deb0e7e3f04966.rlib" "/opt/rustwide/rustup-home/toolchains/1.69.0-x86_64-unknown-linux-gnu/lib/rustlib/x86_64-unknown-linux-gnu/lib/libminiz_oxide-dabbb79c9815def4.rlib" "/opt/rustwide/rustup-home/toolchains/1.69.0-x86_64-unknown-linux-gnu/lib/rustlib/x86_64-unknown-linux-gnu/lib/libadler-305b01f34c9409f2.rlib" "/opt/rustwide/rustup-home/toolchains/1.69.0-x86_64-unknown-linux-gnu/lib/rustlib/x86_64-unknown-linux-gnu/lib/librustc_std_workspace_alloc-f833521df6074e73.rlib" "/opt/rustwide/rustup-home/toolchains/1.69.0-x86_64-unknown-linux-gnu/lib/rustlib/x86_64-unknown-linux-gnu/lib/libunwind-9ac333113350d171.rlib" "/opt/rustwide/rustup-home/toolchains/1.69.0-x86_64-unknown-linux-gnu/lib/rustlib/x86_64-unknown-linux-gnu/lib/libcfg_if-1c126114322d0eee.rlib" "/opt/rustwide/rustup-home/toolchains/1.69.0-x86_64-unknown-linux-gnu/lib/rustlib/x86_64-unknown-linux-gnu/lib/liblibc-bad9164fdeeecf92.rlib" "/opt/rustwide/rustup-home/toolchains/1.69.0-x86_64-unknown-linux-gnu/lib/rustlib/x86_64-unknown-linux-gnu/lib/liballoc-f9374b1e480fa681.rlib" "/opt/rustwide/rustup-home/toolchains/1.69.0-x86_64-unknown-linux-gnu/lib/rustlib/x86_64-unknown-linux-gnu/lib/librustc_std_workspace_core-207f06e41d9603af.rlib" "/opt/rustwide/rustup-home/toolchains/1.69.0-x86_64-unknown-linux-gnu/lib/rustlib/x86_64-unknown-linux-gnu/lib/libcore-7e2768e66e984e85.rlib" "/opt/rustwide/rustup-home/toolchains/1.69.0-x86_64-unknown-linux-gnu/lib/rustlib/x86_64-unknown-linux-gnu/lib/libcompiler_builtins-957b4aff41f8cd46.rlib" "-Wl,-Bdynamic" "-lgcc_s" "-lutil" "-lrt" "-lpthread" "-lm" "-ldl" "-lc" "-Wl,--eh-frame-hdr" "-Wl,-z,noexecstack" "-L" "/opt/rustwide/rustup-home/toolchains/1.69.0-x86_64-unknown-linux-gnu/lib/rustlib/x86_64-unknown-linux-gnu/lib" "-o" "/opt/rustwide/target/debug/build/crc32fast-f120ccfd1fda62a7/build_script_build-f120ccfd1fda62a7" "-Wl,--gc-sections" "-pie" "-Wl,-z,relro,-z,now" "-nodefaultlibs"
[INFO] [stdout]   = note: /usr/bin/ld: final link failed: No space left on device
[INFO] [stdout]           collect2: error: ld returned 1 exit status
[INFO] [stdout]           
[INFO] [stdout] 
[INFO] [stdout] 
[INFO] [stdout] error: aborting due to previous error
[INFO] [stdout] 
[INFO] [stdout] 
[INFO] [stdout] error: linking with `cc` failed: exit status: 1
[INFO] [stdout]   |
[INFO] [stdout]   = note: LC_ALL="C" PATH="/opt/rustwide/rustup-home/toolchains/1.69.0-x86_64-unknown-linux-gnu/lib/rustlib/x86_64-unknown-linux-gnu/bin:/opt/rustwide/cargo-home/bin:/usr/local/sbin:/usr/local/bin:/usr/sbin:/usr/bin:/sbin:/bin" VSLANG="1033" "cc" "-m64" "/tmp/rustcncypIH/symbols.o" "/opt/rustwide/target/debug/build/maybe-uninit-a5f3ca946a8d832f/build_script_build-a5f3ca946a8d832f.build_script_build.5d782c11-cgu.0.rcgu.o" "/opt/rustwide/target/debug/build/maybe-uninit-a5f3ca946a8d832f/build_script_build-a5f3ca946a8d832f.build_script_build.5d782c11-cgu.1.rcgu.o" "/opt/rustwide/target/debug/build/maybe-uninit-a5f3ca946a8d832f/build_script_build-a5f3ca946a8d832f.build_script_build.5d782c11-cgu.10.rcgu.o" "/opt/rustwide/target/debug/build/maybe-uninit-a5f3ca946a8d832f/build_script_build-a5f3ca946a8d832f.build_script_build.5d782c11-cgu.11.rcgu.o" "/opt/rustwide/target/debug/build/maybe-uninit-a5f3ca946a8d832f/build_script_build-a5f3ca946a8d832f.build_script_build.5d782c11-cgu.12.rcgu.o" "/opt/rustwide/target/debug/build/maybe-uninit-a5f3ca946a8d832f/build_script_build-a5f3ca946a8d832f.build_script_build.5d782c11-cgu.13.rcgu.o" "/opt/rustwide/target/debug/build/maybe-uninit-a5f3ca946a8d832f/build_script_build-a5f3ca946a8d832f.build_script_build.5d782c11-cgu.14.rcgu.o" "/opt/rustwide/target/debug/build/maybe-uninit-a5f3ca946a8d832f/build_script_build-a5f3ca946a8d832f.build_script_build.5d782c11-cgu.15.rcgu.o" "/opt/rustwide/target/debug/build/maybe-uninit-a5f3ca946a8d832f/build_script_build-a5f3ca946a8d832f.build_script_build.5d782c11-cgu.2.rcgu.o" "/opt/rustwide/target/debug/build/maybe-uninit-a5f3ca946a8d832f/build_script_build-a5f3ca946a8d832f.build_script_build.5d782c11-cgu.3.rcgu.o" "/opt/rustwide/target/debug/build/maybe-uninit-a5f3ca946a8d832f/build_script_build-a5f3ca946a8d832f.build_script_build.5d782c11-cgu.4.rcgu.o" "/opt/rustwide/target/debug/build/maybe-uninit-a5f3ca946a8d832f/build_script_build-a5f3ca946a8d832f.build_script_build.5d782c11-cgu.5.rcgu.o" "/opt/rustwide/target/debug/build/maybe-uninit-a5f3ca946a8d832f/build_script_build-a5f3ca946a8d832f.build_script_build.5d782c11-cgu.6.rcgu.o" "/opt/rustwide/target/debug/build/maybe-uninit-a5f3ca946a8d832f/build_script_build-a5f3ca946a8d832f.build_script_build.5d782c11-cgu.7.rcgu.o" "/opt/rustwide/target/debug/build/maybe-uninit-a5f3ca946a8d832f/build_script_build-a5f3ca946a8d832f.build_script_build.5d782c11-cgu.8.rcgu.o" "/opt/rustwide/target/debug/build/maybe-uninit-a5f3ca946a8d832f/build_script_build-a5f3ca946a8d832f.build_script_build.5d782c11-cgu.9.rcgu.o" "/opt/rustwide/target/debug/build/maybe-uninit-a5f3ca946a8d832f/build_script_build-a5f3ca946a8d832f.4b3sropw2rsp81lx.rcgu.o" "-Wl,--as-needed" "-L" "/opt/rustwide/target/debug/deps" "-L" "/opt/rustwide/rustup-home/toolchains/1.69.0-x86_64-unknown-linux-gnu/lib/rustlib/x86_64-unknown-linux-gnu/lib" "-Wl,-Bstatic" "/opt/rustwide/rustup-home/toolchains/1.69.0-x86_64-unknown-linux-gnu/lib/rustlib/x86_64-unknown-linux-gnu/lib/libstd-89bc084783fdc439.rlib" "/opt/rustwide/rustup-home/toolchains/1.69.0-x86_64-unknown-linux-gnu/lib/rustlib/x86_64-unknown-linux-gnu/lib/libpanic_unwind-8bee4b287d4367c1.rlib" "/opt/rustwide/rustup-home/toolchains/1.69.0-x86_64-unknown-linux-gnu/lib/rustlib/x86_64-unknown-linux-gnu/lib/libobject-d61707aed80694c0.rlib" "/opt/rustwide/rustup-home/toolchains/1.69.0-x86_64-unknown-linux-gnu/lib/rustlib/x86_64-unknown-linux-gnu/lib/libmemchr-d85366256f22345b.rlib" "/opt/rustwide/rustup-home/toolchains/1.69.0-x86_64-unknown-linux-gnu/lib/rustlib/x86_64-unknown-linux-gnu/lib/libaddr2line-96069b86b8a8cae9.rlib" "/opt/rustwide/rustup-home/toolchains/1.69.0-x86_64-unknown-linux-gnu/lib/rustlib/x86_64-unknown-linux-gnu/lib/libgimli-d19d53abf68dfa6c.rlib" "/opt/rustwide/rustup-home/toolchains/1.69.0-x86_64-unknown-linux-gnu/lib/rustlib/x86_64-unknown-linux-gnu/lib/librustc_demangle-787cbccd19d64ac6.rlib" "/opt/rustwide/rustup-home/toolchains/1.69.0-x86_64-unknown-linux-gnu/lib/rustlib/x86_64-unknown-linux-gnu/lib/libstd_detect-b3837a36b830e0d0.rlib" "/opt/rustwide/rustup-home/toolchains/1.69.0-x86_64-unknown-linux-gnu/lib/rustlib/x86_64-unknown-linux-gnu/lib/libhashbrown-e3deb0e7e3f04966.rlib" "/opt/rustwide/rustup-home/toolchains/1.69.0-x86_64-unknown-linux-gnu/lib/rustlib/x86_64-unknown-linux-gnu/lib/libminiz_oxide-dabbb79c9815def4.rlib" "/opt/rustwide/rustup-home/toolchains/1.69.0-x86_64-unknown-linux-gnu/lib/rustlib/x86_64-unknown-linux-gnu/lib/libadler-305b01f34c9409f2.rlib" "/opt/rustwide/rustup-home/toolchains/1.69.0-x86_64-unknown-linux-gnu/lib/rustlib/x86_64-unknown-linux-gnu/lib/librustc_std_workspace_alloc-f833521df6074e73.rlib" "/opt/rustwide/rustup-home/toolchains/1.69.0-x86_64-unknown-linux-gnu/lib/rustlib/x86_64-unknown-linux-gnu/lib/libunwind-9ac333113350d171.rlib" "/opt/rustwide/rustup-home/toolchains/1.69.0-x86_64-unknown-linux-gnu/lib/rustlib/x86_64-unknown-linux-gnu/lib/libcfg_if-1c126114322d0eee.rlib" "/opt/rustwide/rustup-home/toolchains/1.69.0-x86_64-unknown-linux-gnu/lib/rustlib/x86_64-unknown-linux-gnu/lib/liblibc-bad9164fdeeecf92.rlib" "/opt/rustwide/rustup-home/toolchains/1.69.0-x86_64-unknown-linux-gnu/lib/rustlib/x86_64-unknown-linux-gnu/lib/liballoc-f9374b1e480fa681.rlib" "/opt/rustwide/rustup-home/toolchains/1.69.0-x86_64-unknown-linux-gnu/lib/rustlib/x86_64-unknown-linux-gnu/lib/librustc_std_workspace_core-207f06e41d9603af.rlib" "/opt/rustwide/rustup-home/toolchains/1.69.0-x86_64-unknown-linux-gnu/lib/rustlib/x86_64-unknown-linux-gnu/lib/libcore-7e2768e66e984e85.rlib" "/opt/rustwide/rustup-home/toolchains/1.69.0-x86_64-unknown-linux-gnu/lib/rustlib/x86_64-unknown-linux-gnu/lib/libcompiler_builtins-957b4aff41f8cd46.rlib" "-Wl,-Bdynamic" "-lgcc_s" "-lutil" "-lrt" "-lpthread" "-lm" "-ldl" "-lc" "-Wl,--eh-frame-hdr" "-Wl,-z,noexecstack" "-L" "/opt/rustwide/rustup-home/toolchains/1.69.0-x86_64-unknown-linux-gnu/lib/rustlib/x86_64-unknown-linux-gnu/lib" "-o" "/opt/rustwide/target/debug/build/maybe-uninit-a5f3ca946a8d832f/build_script_build-a5f3ca946a8d832f" "-Wl,--gc-sections" "-pie" "-Wl,-z,relro,-z,now" "-nodefaultlibs"
[INFO] [stdout]   = note: /usr/bin/ld: final link failed: No space left on device
[INFO] [stdout]           collect2: error: ld returned 1 exit status
[INFO] [stdout]           
[INFO] [stdout] 
[INFO] [stdout] 
[INFO] [stdout] error: aborting due to previous error
[INFO] [stdout] 
[INFO] [stdout] 
[INFO] [stderr] error: could not compile `crc32fast` due to 2 previous errors
[INFO] [stderr] error: could not compile `maybe-uninit` due to 2 previous errors
[INFO] [stderr] error: could not compile `hound`
[INFO] [stderr] error: could not compile `sapp-linux` due to 2 previous errors
[INFO] [stderr] error: could not compile `dasp_sample`
[INFO] [stderr] LLVM ERROR: IO failure on output stream: No space left on device
[INFO] [stderr] LLVM ERROR: IO failure on output stream: No space left on device
[INFO] [stderr] LLVM ERROR: IO failure on output stream: No space left on device
[INFO] [stderr] error: could not compile `autocfg`
[INFO] [stderr] error: could not compile `color_quant`
[INFO] [stdout] error: linking with `cc` failed: exit status: 1
[INFO] [stdout]   |
[INFO] [stdout]   = note: LC_ALL="C" PATH="/opt/rustwide/rustup-home/toolchains/1.69.0-x86_64-unknown-linux-gnu/lib/rustlib/x86_64-unknown-linux-gnu/bin:/opt/rustwide/cargo-home/bin:/usr/local/sbin:/usr/local/bin:/usr/sbin:/usr/bin:/sbin:/bin" VSLANG="1033" "cc" "-m64" "/tmp/rustcw3cgkJ/symbols.o" "/opt/rustwide/target/debug/build/libc-f428b040303ea6a9/build_script_build-f428b040303ea6a9.build_script_build.e04ee414-cgu.0.rcgu.o" "/opt/rustwide/target/debug/build/libc-f428b040303ea6a9/build_script_build-f428b040303ea6a9.build_script_build.e04ee414-cgu.1.rcgu.o" "/opt/rustwide/target/debug/build/libc-f428b040303ea6a9/build_script_build-f428b040303ea6a9.build_script_build.e04ee414-cgu.10.rcgu.o" "/opt/rustwide/target/debug/build/libc-f428b040303ea6a9/build_script_build-f428b040303ea6a9.build_script_build.e04ee414-cgu.11.rcgu.o" "/opt/rustwide/target/debug/build/libc-f428b040303ea6a9/build_script_build-f428b040303ea6a9.build_script_build.e04ee414-cgu.12.rcgu.o" "/opt/rustwide/target/debug/build/libc-f428b040303ea6a9/build_script_build-f428b040303ea6a9.build_script_build.e04ee414-cgu.13.rcgu.o" "/opt/rustwide/target/debug/build/libc-f428b040303ea6a9/build_script_build-f428b040303ea6a9.build_script_build.e04ee414-cgu.14.rcgu.o" "/opt/rustwide/target/debug/build/libc-f428b040303ea6a9/build_script_build-f428b040303ea6a9.build_script_build.e04ee414-cgu.15.rcgu.o" "/opt/rustwide/target/debug/build/libc-f428b040303ea6a9/build_script_build-f428b040303ea6a9.build_script_build.e04ee414-cgu.2.rcgu.o" "/opt/rustwide/target/debug/build/libc-f428b040303ea6a9/build_script_build-f428b040303ea6a9.build_script_build.e04ee414-cgu.3.rcgu.o" "/opt/rustwide/target/debug/build/libc-f428b040303ea6a9/build_script_build-f428b040303ea6a9.build_script_build.e04ee414-cgu.4.rcgu.o" "/opt/rustwide/target/debug/build/libc-f428b040303ea6a9/build_script_build-f428b040303ea6a9.build_script_build.e04ee414-cgu.5.rcgu.o" "/opt/rustwide/target/debug/build/libc-f428b040303ea6a9/build_script_build-f428b040303ea6a9.build_script_build.e04ee414-cgu.6.rcgu.o" "/opt/rustwide/target/debug/build/libc-f428b040303ea6a9/build_script_build-f428b040303ea6a9.build_script_build.e04ee414-cgu.7.rcgu.o" "/opt/rustwide/target/debug/build/libc-f428b040303ea6a9/build_script_build-f428b040303ea6a9.build_script_build.e04ee414-cgu.8.rcgu.o" "/opt/rustwide/target/debug/build/libc-f428b040303ea6a9/build_script_build-f428b040303ea6a9.build_script_build.e04ee414-cgu.9.rcgu.o" "/opt/rustwide/target/debug/build/libc-f428b040303ea6a9/build_script_build-f428b040303ea6a9.57bycw08adxilpgo.rcgu.o" "-Wl,--as-needed" "-L" "/opt/rustwide/target/debug/deps" "-L" "/opt/rustwide/rustup-home/toolchains/1.69.0-x86_64-unknown-linux-gnu/lib/rustlib/x86_64-unknown-linux-gnu/lib" "-Wl,-Bstatic" "/opt/rustwide/rustup-home/toolchains/1.69.0-x86_64-unknown-linux-gnu/lib/rustlib/x86_64-unknown-linux-gnu/lib/libstd-89bc084783fdc439.rlib" "/opt/rustwide/rustup-home/toolchains/1.69.0-x86_64-unknown-linux-gnu/lib/rustlib/x86_64-unknown-linux-gnu/lib/libpanic_unwind-8bee4b287d4367c1.rlib" "/opt/rustwide/rustup-home/toolchains/1.69.0-x86_64-unknown-linux-gnu/lib/rustlib/x86_64-unknown-linux-gnu/lib/libobject-d61707aed80694c0.rlib" "/opt/rustwide/rustup-home/toolchains/1.69.0-x86_64-unknown-linux-gnu/lib/rustlib/x86_64-unknown-linux-gnu/lib/libmemchr-d85366256f22345b.rlib" "/opt/rustwide/rustup-home/toolchains/1.69.0-x86_64-unknown-linux-gnu/lib/rustlib/x86_64-unknown-linux-gnu/lib/libaddr2line-96069b86b8a8cae9.rlib" "/opt/rustwide/rustup-home/toolchains/1.69.0-x86_64-unknown-linux-gnu/lib/rustlib/x86_64-unknown-linux-gnu/lib/libgimli-d19d53abf68dfa6c.rlib" "/opt/rustwide/rustup-home/toolchains/1.69.0-x86_64-unknown-linux-gnu/lib/rustlib/x86_64-unknown-linux-gnu/lib/librustc_demangle-787cbccd19d64ac6.rlib" "/opt/rustwide/rustup-home/toolchains/1.69.0-x86_64-unknown-linux-gnu/lib/rustlib/x86_64-unknown-linux-gnu/lib/libstd_detect-b3837a36b830e0d0.rlib" "/opt/rustwide/rustup-home/toolchains/1.69.0-x86_64-unknown-linux-gnu/lib/rustlib/x86_64-unknown-linux-gnu/lib/libhashbrown-e3deb0e7e3f04966.rlib" "/opt/rustwide/rustup-home/toolchains/1.69.0-x86_64-unknown-linux-gnu/lib/rustlib/x86_64-unknown-linux-gnu/lib/libminiz_oxide-dabbb79c9815def4.rlib" "/opt/rustwide/rustup-home/toolchains/1.69.0-x86_64-unknown-linux-gnu/lib/rustlib/x86_64-unknown-linux-gnu/lib/libadler-305b01f34c9409f2.rlib" "/opt/rustwide/rustup-home/toolchains/1.69.0-x86_64-unknown-linux-gnu/lib/rustlib/x86_64-unknown-linux-gnu/lib/librustc_std_workspace_alloc-f833521df6074e73.rlib" "/opt/rustwide/rustup-home/toolchains/1.69.0-x86_64-unknown-linux-gnu/lib/rustlib/x86_64-unknown-linux-gnu/lib/libunwind-9ac333113350d171.rlib" "/opt/rustwide/rustup-home/toolchains/1.69.0-x86_64-unknown-linux-gnu/lib/rustlib/x86_64-unknown-linux-gnu/lib/libcfg_if-1c126114322d0eee.rlib" "/opt/rustwide/rustup-home/toolchains/1.69.0-x86_64-unknown-linux-gnu/lib/rustlib/x86_64-unknown-linux-gnu/lib/liblibc-bad9164fdeeecf92.rlib" "/opt/rustwide/rustup-home/toolchains/1.69.0-x86_64-unknown-linux-gnu/lib/rustlib/x86_64-unknown-linux-gnu/lib/liballoc-f9374b1e480fa681.rlib" "/opt/rustwide/rustup-home/toolchains/1.69.0-x86_64-unknown-linux-gnu/lib/rustlib/x86_64-unknown-linux-gnu/lib/librustc_std_workspace_core-207f06e41d9603af.rlib" "/opt/rustwide/rustup-home/toolchains/1.69.0-x86_64-unknown-linux-gnu/lib/rustlib/x86_64-unknown-linux-gnu/lib/libcore-7e2768e66e984e85.rlib" "/opt/rustwide/rustup-home/toolchains/1.69.0-x86_64-unknown-linux-gnu/lib/rustlib/x86_64-unknown-linux-gnu/lib/libcompiler_builtins-957b4aff41f8cd46.rlib" "-Wl,-Bdynamic" "-lgcc_s" "-lutil" "-lrt" "-lpthread" "-lm" "-ldl" "-lc" "-Wl,--eh-frame-hdr" "-Wl,-z,noexecstack" "-L" "/opt/rustwide/rustup-home/toolchains/1.69.0-x86_64-unknown-linux-gnu/lib/rustlib/x86_64-unknown-linux-gnu/lib" "-o" "/opt/rustwide/target/debug/build/libc-f428b040303ea6a9/build_script_build-f428b040303ea6a9" "-Wl,--gc-sections" "-pie" "-Wl,-z,relro,-z,now" "-nodefaultlibs"
[INFO] [stdout]   = note: /usr/bin/ld: final link failed: No space left on device
[INFO] [stdout]           collect2: error: ld returned 1 exit status
[INFO] [stdout]           
[INFO] [stdout] 
[INFO] [stdout] 
[INFO] [stdout] error: aborting due to previous error
[INFO] [stdout] 
[INFO] [stdout] 
[INFO] [stderr] error: could not compile `libc` due to 2 previous errors
[INFO] [stderr] LLVM ERROR: IO failure on output stream: No space left on device
[INFO] [stderr] error: could not compile `ogg`
[INFO] [stderr] thread 'rustc' panicked at 'assertion failed: pos.get() <= self.position()', compiler/rustc_metadata/src/rmeta/encoder.rs:435:9
[INFO] [stderr] error: could not compile `miniz_oxide`
[INFO] [stdout] error: couldn't create a temp dir: No space left on device (os error 28) at path "/opt/rustwide/target/debug/deps/rmetaLtw8UP"
[INFO] [stdout] 
[INFO] [stdout] 
[INFO] [stderr] error: could not compile `deflate` due to previous error
[INFO] [stderr] thread 'rustc' panicked at 'assertion failed: pos.get() <= self.position()', compiler/rustc_metadata/src/rmeta/encoder.rs:435:9
[INFO] [stderr] error: could not compile `ttf-parser`
[INFO] [stderr] thread 'rustc' panicked at 'assertion failed: pos.get() <= self.position()', compiler/rustc_metadata/src/rmeta/encoder.rs:435:9
[INFO] [stderr] error: could not compile `dasp_frame`
[INFO] [stdout] error: couldn't create a temp dir: No space left on device (os error 28) at path "/opt/rustwide/target/debug/deps/rmetaNo6jdV"
[INFO] [stdout] 
[INFO] [stdout] 
[INFO] [stderr] error: could not compile `glam` due to previous error
[INFO] running `Command { std: "docker" "inspect" "5ae3a9ee43716e246d85091646d211f7f51b368624c95c814c8b5b1817801926", kill_on_drop: false }`
[INFO] running `Command { std: "docker" "rm" "-f" "5ae3a9ee43716e246d85091646d211f7f51b368624c95c814c8b5b1817801926", kill_on_drop: false }`
[INFO] [stdout] 5ae3a9ee43716e246d85091646d211f7f51b368624c95c814c8b5b1817801926
