[INFO] cloning repository https://github.com/SeanTater/squirrelfs
[INFO] running `Command { std: "git" "-c" "credential.helper=" "-c" "credential.helper=/workspace/cargo-home/bin/git-credential-null" "clone" "--bare" "https://github.com/SeanTater/squirrelfs" "/workspace/cache/git-repos/https%3A%2F%2Fgithub.com%2FSeanTater%2Fsquirrelfs", kill_on_drop: false }`
[INFO] [stderr] Cloning into bare repository '/workspace/cache/git-repos/https%3A%2F%2Fgithub.com%2FSeanTater%2Fsquirrelfs'...
[INFO] running `Command { std: "git" "rev-parse" "HEAD", kill_on_drop: false }`
[INFO] [stdout] 38cb2e38758b68886a598d01b0c23b39045f3c19
[INFO] testing SeanTater/squirrelfs against 1.69.0 for beta-1.70-1
[INFO] running `Command { std: "git" "clone" "/workspace/cache/git-repos/https%3A%2F%2Fgithub.com%2FSeanTater%2Fsquirrelfs" "/workspace/builds/worker-0-tc1/source", kill_on_drop: false }`
[INFO] [stderr] Cloning into '/workspace/builds/worker-0-tc1/source'...
[INFO] [stderr] done.
[INFO] validating manifest of git repo https://github.com/SeanTater/squirrelfs on toolchain 1.69.0
[INFO] running `Command { std: CARGO_HOME="/workspace/cargo-home" RUSTUP_HOME="/workspace/rustup-home" "/workspace/cargo-home/bin/cargo" "+1.69.0" "metadata" "--manifest-path" "Cargo.toml" "--no-deps", kill_on_drop: false }`
[INFO] started tweaking git repo https://github.com/SeanTater/squirrelfs
[INFO] finished tweaking git repo https://github.com/SeanTater/squirrelfs
[INFO] tweaked toml for git repo https://github.com/SeanTater/squirrelfs written to /workspace/builds/worker-0-tc1/source/Cargo.toml
[INFO] crate git repo https://github.com/SeanTater/squirrelfs already has a lockfile, it will not be regenerated
[INFO] running `Command { std: CARGO_HOME="/workspace/cargo-home" RUSTUP_HOME="/workspace/rustup-home" "/workspace/cargo-home/bin/cargo" "+1.69.0" "fetch" "--manifest-path" "Cargo.toml", kill_on_drop: false }`
[INFO] [stderr]  Downloading crates ...
[INFO] [stderr]   Downloaded fuse v0.3.1
[INFO] [stderr]   Downloaded syn v1.0.3
[INFO] running `Command { std: "docker" "create" "-v" "/var/lib/crater-agent-workspace/builds/worker-0-tc1/target:/opt/rustwide/target:rw,Z" "-v" "/var/lib/crater-agent-workspace/builds/worker-0-tc1/source:/opt/rustwide/workdir:ro,Z" "-v" "/var/lib/crater-agent-workspace/cargo-home:/opt/rustwide/cargo-home:ro,Z" "-v" "/var/lib/crater-agent-workspace/rustup-home:/opt/rustwide/rustup-home:ro,Z" "-e" "SOURCE_DIR=/opt/rustwide/workdir" "-e" "CARGO_TARGET_DIR=/opt/rustwide/target" "-e" "CARGO_HOME=/opt/rustwide/cargo-home" "-e" "RUSTUP_HOME=/opt/rustwide/rustup-home" "-w" "/opt/rustwide/workdir" "-m" "1610612736" "--user" "0:0" "--network" "none" "ghcr.io/rust-lang/crates-build-env/linux@sha256:97d61d7686bf65f8ecb15491ab51835e82dc9176a96a831f143a431b191fc501" "/opt/rustwide/cargo-home/bin/cargo" "+1.69.0" "metadata" "--no-deps" "--format-version=1", kill_on_drop: false }`
[INFO] [stdout] 2d5735aedfe17f75d70293dba9943467a59367649e954eb1ba1fc09a6e80947e
[INFO] running `Command { std: "docker" "start" "-a" "2d5735aedfe17f75d70293dba9943467a59367649e954eb1ba1fc09a6e80947e", kill_on_drop: false }`
[INFO] running `Command { std: "docker" "inspect" "2d5735aedfe17f75d70293dba9943467a59367649e954eb1ba1fc09a6e80947e", kill_on_drop: false }`
[INFO] running `Command { std: "docker" "rm" "-f" "2d5735aedfe17f75d70293dba9943467a59367649e954eb1ba1fc09a6e80947e", kill_on_drop: false }`
[INFO] [stdout] 2d5735aedfe17f75d70293dba9943467a59367649e954eb1ba1fc09a6e80947e
[INFO] running `Command { std: "docker" "create" "-v" "/var/lib/crater-agent-workspace/builds/worker-0-tc1/target:/opt/rustwide/target:rw,Z" "-v" "/var/lib/crater-agent-workspace/builds/worker-0-tc1/source:/opt/rustwide/workdir:ro,Z" "-v" "/var/lib/crater-agent-workspace/cargo-home:/opt/rustwide/cargo-home:ro,Z" "-v" "/var/lib/crater-agent-workspace/rustup-home:/opt/rustwide/rustup-home:ro,Z" "-e" "SOURCE_DIR=/opt/rustwide/workdir" "-e" "CARGO_TARGET_DIR=/opt/rustwide/target" "-e" "CARGO_INCREMENTAL=0" "-e" "RUST_BACKTRACE=full" "-e" "RUSTFLAGS=--cap-lints=warn" "-e" "RUSTDOCFLAGS=--cap-lints=warn" "-e" "CARGO_HOME=/opt/rustwide/cargo-home" "-e" "RUSTUP_HOME=/opt/rustwide/rustup-home" "-w" "/opt/rustwide/workdir" "-m" "1610612736" "--user" "0:0" "--network" "none" "ghcr.io/rust-lang/crates-build-env/linux@sha256:97d61d7686bf65f8ecb15491ab51835e82dc9176a96a831f143a431b191fc501" "/opt/rustwide/cargo-home/bin/cargo" "+1.69.0" "build" "--frozen" "--message-format=json", kill_on_drop: false }`
[INFO] [stdout] 5549db9fb1a94ce458061a1ff503a00cd8c92b508e484cbc4a5ea60d8c3406c1
[INFO] running `Command { std: "docker" "start" "-a" "5549db9fb1a94ce458061a1ff503a00cd8c92b508e484cbc4a5ea60d8c3406c1", kill_on_drop: false }`
[INFO] [stderr]    Compiling libc v0.2.62
[INFO] [stderr]    Compiling proc-macro2 v0.4.30
[INFO] [stderr]    Compiling pkg-config v0.3.14
[INFO] [stderr]    Compiling cfg-if v0.1.9
[INFO] [stderr]    Compiling unicode-xid v0.1.0
[INFO] [stderr]    Compiling memchr v2.2.0
[INFO] [stderr]    Compiling cc v1.0.37
[INFO] [stderr]    Compiling proc-macro2 v1.0.1
[INFO] [stderr]    Compiling syn v0.15.39
[INFO] [stderr]    Compiling bitflags v1.1.0
[INFO] [stderr]    Compiling unicode-xid v0.2.0
[INFO] [stderr]    Compiling lazy_static v1.3.0
[INFO] [stderr]    Compiling syn v1.0.3
[INFO] [stderr]    Compiling ucd-util v0.1.3
[INFO] [stderr]    Compiling failure_derive v0.1.5
[INFO] [stderr]    Compiling regex v1.1.7
[INFO] [stderr]    Compiling log v0.4.6
[INFO] [stderr]    Compiling thread_local v0.3.6
[INFO] [stderr]    Compiling rustc-demangle v0.1.15
[INFO] [stderr]    Compiling regex-syntax v0.6.7
[INFO] [stderr]    Compiling quick-error v1.2.2
[INFO] [stderr] thread 'rustc' panicked at 'assertion failed: pos.get() <= self.position()', compiler/rustc_metadata/src/rmeta/encoder.rs:435:9
[INFO] [stderr] stack backtrace:
[INFO] [stdout] error: linking with `cc` failed: exit status: 1
[INFO] [stdout]   |
[INFO] [stdout]   = note: LC_ALL="C" PATH="/opt/rustwide/rustup-home/toolchains/1.69.0-x86_64-unknown-linux-gnu/lib/rustlib/x86_64-unknown-linux-gnu/bin:/opt/rustwide/cargo-home/bin:/usr/local/sbin:/usr/local/bin:/usr/sbin:/usr/bin:/sbin:/bin" VSLANG="1033" "cc" "-m64" "/tmp/rustcTRMCY7/symbols.o" "/opt/rustwide/target/debug/build/failure_derive-7a9dbc0f7ea066b8/build_script_build-7a9dbc0f7ea066b8.build_script_build.5654d791-cgu.0.rcgu.o" "/opt/rustwide/target/debug/build/failure_derive-7a9dbc0f7ea066b8/build_script_build-7a9dbc0f7ea066b8.build_script_build.5654d791-cgu.1.rcgu.o" "/opt/rustwide/target/debug/build/failure_derive-7a9dbc0f7ea066b8/build_script_build-7a9dbc0f7ea066b8.build_script_build.5654d791-cgu.10.rcgu.o" "/opt/rustwide/target/debug/build/failure_derive-7a9dbc0f7ea066b8/build_script_build-7a9dbc0f7ea066b8.build_script_build.5654d791-cgu.11.rcgu.o" "/opt/rustwide/target/debug/build/failure_derive-7a9dbc0f7ea066b8/build_script_build-7a9dbc0f7ea066b8.build_script_build.5654d791-cgu.12.rcgu.o" "/opt/rustwide/target/debug/build/failure_derive-7a9dbc0f7ea066b8/build_script_build-7a9dbc0f7ea066b8.build_script_build.5654d791-cgu.13.rcgu.o" "/opt/rustwide/target/debug/build/failure_derive-7a9dbc0f7ea066b8/build_script_build-7a9dbc0f7ea066b8.build_script_build.5654d791-cgu.14.rcgu.o" "/opt/rustwide/target/debug/build/failure_derive-7a9dbc0f7ea066b8/build_script_build-7a9dbc0f7ea066b8.build_script_build.5654d791-cgu.15.rcgu.o" "/opt/rustwide/target/debug/build/failure_derive-7a9dbc0f7ea066b8/build_script_build-7a9dbc0f7ea066b8.build_script_build.5654d791-cgu.2.rcgu.o" "/opt/rustwide/target/debug/build/failure_derive-7a9dbc0f7ea066b8/build_script_build-7a9dbc0f7ea066b8.build_script_build.5654d791-cgu.3.rcgu.o" "/opt/rustwide/target/debug/build/failure_derive-7a9dbc0f7ea066b8/build_script_build-7a9dbc0f7ea066b8.build_script_build.5654d791-cgu.4.rcgu.o" "/opt/rustwide/target/debug/build/failure_derive-7a9dbc0f7ea066b8/build_script_build-7a9dbc0f7ea066b8.build_script_build.5654d791-cgu.5.rcgu.o" "/opt/rustwide/target/debug/build/failure_derive-7a9dbc0f7ea066b8/build_script_build-7a9dbc0f7ea066b8.build_script_build.5654d791-cgu.6.rcgu.o" "/opt/rustwide/target/debug/build/failure_derive-7a9dbc0f7ea066b8/build_script_build-7a9dbc0f7ea066b8.build_script_build.5654d791-cgu.7.rcgu.o" "/opt/rustwide/target/debug/build/failure_derive-7a9dbc0f7ea066b8/build_script_build-7a9dbc0f7ea066b8.build_script_build.5654d791-cgu.8.rcgu.o" "/opt/rustwide/target/debug/build/failure_derive-7a9dbc0f7ea066b8/build_script_build-7a9dbc0f7ea066b8.build_script_build.5654d791-cgu.9.rcgu.o" "/opt/rustwide/target/debug/build/failure_derive-7a9dbc0f7ea066b8/build_script_build-7a9dbc0f7ea066b8.v4qeq49higv3pzz.rcgu.o" "-Wl,--as-needed" "-L" "/opt/rustwide/target/debug/deps" "-L" "/opt/rustwide/rustup-home/toolchains/1.69.0-x86_64-unknown-linux-gnu/lib/rustlib/x86_64-unknown-linux-gnu/lib" "-Wl,-Bstatic" "/opt/rustwide/rustup-home/toolchains/1.69.0-x86_64-unknown-linux-gnu/lib/rustlib/x86_64-unknown-linux-gnu/lib/libstd-89bc084783fdc439.rlib" "/opt/rustwide/rustup-home/toolchains/1.69.0-x86_64-unknown-linux-gnu/lib/rustlib/x86_64-unknown-linux-gnu/lib/libpanic_unwind-8bee4b287d4367c1.rlib" "/opt/rustwide/rustup-home/toolchains/1.69.0-x86_64-unknown-linux-gnu/lib/rustlib/x86_64-unknown-linux-gnu/lib/libobject-d61707aed80694c0.rlib" "/opt/rustwide/rustup-home/toolchains/1.69.0-x86_64-unknown-linux-gnu/lib/rustlib/x86_64-unknown-linux-gnu/lib/libmemchr-d85366256f22345b.rlib" "/opt/rustwide/rustup-home/toolchains/1.69.0-x86_64-unknown-linux-gnu/lib/rustlib/x86_64-unknown-linux-gnu/lib/libaddr2line-96069b86b8a8cae9.rlib" "/opt/rustwide/rustup-home/toolchains/1.69.0-x86_64-unknown-linux-gnu/lib/rustlib/x86_64-unknown-linux-gnu/lib/libgimli-d19d53abf68dfa6c.rlib" "/opt/rustwide/rustup-home/toolchains/1.69.0-x86_64-unknown-linux-gnu/lib/rustlib/x86_64-unknown-linux-gnu/lib/librustc_demangle-787cbccd19d64ac6.rlib" "/opt/rustwide/rustup-home/toolchains/1.69.0-x86_64-unknown-linux-gnu/lib/rustlib/x86_64-unknown-linux-gnu/lib/libstd_detect-b3837a36b830e0d0.rlib" "/opt/rustwide/rustup-home/toolchains/1.69.0-x86_64-unknown-linux-gnu/lib/rustlib/x86_64-unknown-linux-gnu/lib/libhashbrown-e3deb0e7e3f04966.rlib" "/opt/rustwide/rustup-home/toolchains/1.69.0-x86_64-unknown-linux-gnu/lib/rustlib/x86_64-unknown-linux-gnu/lib/libminiz_oxide-dabbb79c9815def4.rlib" "/opt/rustwide/rustup-home/toolchains/1.69.0-x86_64-unknown-linux-gnu/lib/rustlib/x86_64-unknown-linux-gnu/lib/libadler-305b01f34c9409f2.rlib" "/opt/rustwide/rustup-home/toolchains/1.69.0-x86_64-unknown-linux-gnu/lib/rustlib/x86_64-unknown-linux-gnu/lib/librustc_std_workspace_alloc-f833521df6074e73.rlib" "/opt/rustwide/rustup-home/toolchains/1.69.0-x86_64-unknown-linux-gnu/lib/rustlib/x86_64-unknown-linux-gnu/lib/libunwind-9ac333113350d171.rlib" "/opt/rustwide/rustup-home/toolchains/1.69.0-x86_64-unknown-linux-gnu/lib/rustlib/x86_64-unknown-linux-gnu/lib/libcfg_if-1c126114322d0eee.rlib" "/opt/rustwide/rustup-home/toolchains/1.69.0-x86_64-unknown-linux-gnu/lib/rustlib/x86_64-unknown-linux-gnu/lib/liblibc-bad9164fdeeecf92.rlib" "/opt/rustwide/rustup-home/toolchains/1.69.0-x86_64-unknown-linux-gnu/lib/rustlib/x86_64-unknown-linux-gnu/lib/liballoc-f9374b1e480fa681.rlib" "/opt/rustwide/rustup-home/toolchains/1.69.0-x86_64-unknown-linux-gnu/lib/rustlib/x86_64-unknown-linux-gnu/lib/librustc_std_workspace_core-207f06e41d9603af.rlib" "/opt/rustwide/rustup-home/toolchains/1.69.0-x86_64-unknown-linux-gnu/lib/rustlib/x86_64-unknown-linux-gnu/lib/libcore-7e2768e66e984e85.rlib" "/opt/rustwide/rustup-home/toolchains/1.69.0-x86_64-unknown-linux-gnu/lib/rustlib/x86_64-unknown-linux-gnu/lib/libcompiler_builtins-957b4aff41f8cd46.rlib" "-Wl,-Bdynamic" "-lgcc_s" "-lutil" "-lrt" "-lpthread" "-lm" "-ldl" "-lc" "-Wl,--eh-frame-hdr" "-Wl,-z,noexecstack" "-L" "/opt/rustwide/rustup-home/toolchains/1.69.0-x86_64-unknown-linux-gnu/lib/rustlib/x86_64-unknown-linux-gnu/lib" "-o" "/opt/rustwide/target/debug/build/failure_derive-7a9dbc0f7ea066b8/build_script_build-7a9dbc0f7ea066b8" "-Wl,--gc-sections" "-pie" "-Wl,-z,relro,-z,now" "-nodefaultlibs"
[INFO] [stdout]   = note: /usr/bin/ld: final link failed: No space left on device
[INFO] [stdout]           collect2: error: ld returned 1 exit status
[INFO] [stdout]           
[INFO] [stdout] 
[INFO] [stdout] 
[INFO] [stderr]    0:     0x7f44f917831a - std::backtrace_rs::backtrace::libunwind::trace::ha9053a9a07ca49cb
[INFO] [stdout] error: aborting due to previous error
[INFO] [stdout] 
[INFO] [stdout] 
[INFO] [stderr]                                at /rustc/84c898d65adf2f39a5a98507f1fe0ce10a2b8dbc/library/std/src/../../backtrace/src/backtrace/libunwind.rs:93:5
[INFO] [stdout] error: linking with `cc` failed: exit status: 1
[INFO] [stdout]   |
[INFO] [stdout]   = note: LC_ALL="C" PATH="/opt/rustwide/rustup-home/toolchains/1.69.0-x86_64-unknown-linux-gnu/lib/rustlib/x86_64-unknown-linux-gnu/bin:/opt/rustwide/cargo-home/bin:/usr/local/sbin:/usr/local/bin:/usr/sbin:/usr/bin:/sbin:/bin" VSLANG="1033" "cc" "-m64" "/tmp/rustcVQGDOh/symbols.o" "/opt/rustwide/target/debug/build/proc-macro2-d4f12054b05244f1/build_script_build-d4f12054b05244f1.build_script_build.ad6cc20a-cgu.0.rcgu.o" "/opt/rustwide/target/debug/build/proc-macro2-d4f12054b05244f1/build_script_build-d4f12054b05244f1.build_script_build.ad6cc20a-cgu.1.rcgu.o" "/opt/rustwide/target/debug/build/proc-macro2-d4f12054b05244f1/build_script_build-d4f12054b05244f1.build_script_build.ad6cc20a-cgu.10.rcgu.o" "/opt/rustwide/target/debug/build/proc-macro2-d4f12054b05244f1/build_script_build-d4f12054b05244f1.build_script_build.ad6cc20a-cgu.11.rcgu.o" "/opt/rustwide/target/debug/build/proc-macro2-d4f12054b05244f1/build_script_build-d4f12054b05244f1.build_script_build.ad6cc20a-cgu.12.rcgu.o" "/opt/rustwide/target/debug/build/proc-macro2-d4f12054b05244f1/build_script_build-d4f12054b05244f1.build_script_build.ad6cc20a-cgu.13.rcgu.o" "/opt/rustwide/target/debug/build/proc-macro2-d4f12054b05244f1/build_script_build-d4f12054b05244f1.build_script_build.ad6cc20a-cgu.14.rcgu.o" "/opt/rustwide/target/debug/build/proc-macro2-d4f12054b05244f1/build_script_build-d4f12054b05244f1.build_script_build.ad6cc20a-cgu.15.rcgu.o" "/opt/rustwide/target/debug/build/proc-macro2-d4f12054b05244f1/build_script_build-d4f12054b05244f1.build_script_build.ad6cc20a-cgu.2.rcgu.o" "/opt/rustwide/target/debug/build/proc-macro2-d4f12054b05244f1/build_script_build-d4f12054b05244f1.build_script_build.ad6cc20a-cgu.3.rcgu.o" "/opt/rustwide/target/debug/build/proc-macro2-d4f12054b05244f1/build_script_build-d4f12054b05244f1.build_script_build.ad6cc20a-cgu.4.rcgu.o" "/opt/rustwide/target/debug/build/proc-macro2-d4f12054b05244f1/build_script_build-d4f12054b05244f1.build_script_build.ad6cc20a-cgu.5.rcgu.o" "/opt/rustwide/target/debug/build/proc-macro2-d4f12054b05244f1/build_script_build-d4f12054b05244f1.build_script_build.ad6cc20a-cgu.6.rcgu.o" "/opt/rustwide/target/debug/build/proc-macro2-d4f12054b05244f1/build_script_build-d4f12054b05244f1.build_script_build.ad6cc20a-cgu.7.rcgu.o" "/opt/rustwide/target/debug/build/proc-macro2-d4f12054b05244f1/build_script_build-d4f12054b05244f1.build_script_build.ad6cc20a-cgu.8.rcgu.o" "/opt/rustwide/target/debug/build/proc-macro2-d4f12054b05244f1/build_script_build-d4f12054b05244f1.build_script_build.ad6cc20a-cgu.9.rcgu.o" "/opt/rustwide/target/debug/build/proc-macro2-d4f12054b05244f1/build_script_build-d4f12054b05244f1.52dyprcf90nfe454.rcgu.o" "-Wl,--as-needed" "-L" "/opt/rustwide/target/debug/deps" "-L" "/opt/rustwide/rustup-home/toolchains/1.69.0-x86_64-unknown-linux-gnu/lib/rustlib/x86_64-unknown-linux-gnu/lib" "-Wl,-Bstatic" "/opt/rustwide/rustup-home/toolchains/1.69.0-x86_64-unknown-linux-gnu/lib/rustlib/x86_64-unknown-linux-gnu/lib/libstd-89bc084783fdc439.rlib" "/opt/rustwide/rustup-home/toolchains/1.69.0-x86_64-unknown-linux-gnu/lib/rustlib/x86_64-unknown-linux-gnu/lib/libpanic_unwind-8bee4b287d4367c1.rlib" "/opt/rustwide/rustup-home/toolchains/1.69.0-x86_64-unknown-linux-gnu/lib/rustlib/x86_64-unknown-linux-gnu/lib/libobject-d61707aed80694c0.rlib" "/opt/rustwide/rustup-home/toolchains/1.69.0-x86_64-unknown-linux-gnu/lib/rustlib/x86_64-unknown-linux-gnu/lib/libmemchr-d85366256f22345b.rlib" "/opt/rustwide/rustup-home/toolchains/1.69.0-x86_64-unknown-linux-gnu/lib/rustlib/x86_64-unknown-linux-gnu/lib/libaddr2line-96069b86b8a8cae9.rlib" "/opt/rustwide/rustup-home/toolchains/1.69.0-x86_64-unknown-linux-gnu/lib/rustlib/x86_64-unknown-linux-gnu/lib/libgimli-d19d53abf68dfa6c.rlib" "/opt/rustwide/rustup-home/toolchains/1.69.0-x86_64-unknown-linux-gnu/lib/rustlib/x86_64-unknown-linux-gnu/lib/librustc_demangle-787cbccd19d64ac6.rlib" "/opt/rustwide/rustup-home/toolchains/1.69.0-x86_64-unknown-linux-gnu/lib/rustlib/x86_64-unknown-linux-gnu/lib/libstd_detect-b3837a36b830e0d0.rlib" "/opt/rustwide/rustup-home/toolchains/1.69.0-x86_64-unknown-linux-gnu/lib/rustlib/x86_64-unknown-linux-gnu/lib/libhashbrown-e3deb0e7e3f04966.rlib" "/opt/rustwide/rustup-home/toolchains/1.69.0-x86_64-unknown-linux-gnu/lib/rustlib/x86_64-unknown-linux-gnu/lib/libminiz_oxide-dabbb79c9815def4.rlib" "/opt/rustwide/rustup-home/toolchains/1.69.0-x86_64-unknown-linux-gnu/lib/rustlib/x86_64-unknown-linux-gnu/lib/libadler-305b01f34c9409f2.rlib" "/opt/rustwide/rustup-home/toolchains/1.69.0-x86_64-unknown-linux-gnu/lib/rustlib/x86_64-unknown-linux-gnu/lib/librustc_std_workspace_alloc-f833521df6074e73.rlib" "/opt/rustwide/rustup-home/toolchains/1.69.0-x86_64-unknown-linux-gnu/lib/rustlib/x86_64-unknown-linux-gnu/lib/libunwind-9ac333113350d171.rlib" "/opt/rustwide/rustup-home/toolchains/1.69.0-x86_64-unknown-linux-gnu/lib/rustlib/x86_64-unknown-linux-gnu/lib/libcfg_if-1c126114322d0eee.rlib" "/opt/rustwide/rustup-home/toolchains/1.69.0-x86_64-unknown-linux-gnu/lib/rustlib/x86_64-unknown-linux-gnu/lib/liblibc-bad9164fdeeecf92.rlib" "/opt/rustwide/rustup-home/toolchains/1.69.0-x86_64-unknown-linux-gnu/lib/rustlib/x86_64-unknown-linux-gnu/lib/liballoc-f9374b1e480fa681.rlib" "/opt/rustwide/rustup-home/toolchains/1.69.0-x86_64-unknown-linux-gnu/lib/rustlib/x86_64-unknown-linux-gnu/lib/librustc_std_workspace_core-207f06e41d9603af.rlib" "/opt/rustwide/rustup-home/toolchains/1.69.0-x86_64-unknown-linux-gnu/lib/rustlib/x86_64-unknown-linux-gnu/lib/libcore-7e2768e66e984e85.rlib" "/opt/rustwide/rustup-home/toolchains/1.69.0-x86_64-unknown-linux-gnu/lib/rustlib/x86_64-unknown-linux-gnu/lib/libcompiler_builtins-957b4aff41f8cd46.rlib" "-Wl,-Bdynamic" "-lgcc_s" "-lutil" "-lrt" "-lpthread" "-lm" "-ldl" "-lc" "-Wl,--eh-frame-hdr" "-Wl,-z,noexecstack" "-L" "/opt/rustwide/rustup-home/toolchains/1.69.0-x86_64-unknown-linux-gnu/lib/rustlib/x86_64-unknown-linux-gnu/lib" "-o" "/opt/rustwide/target/debug/build/proc-macro2-d4f12054b05244f1/build_script_build-d4f12054b05244f1" "-Wl,--gc-sections" "-pie" "-Wl,-z,relro,-z,now" "-nodefaultlibs"
[INFO] [stdout]   = note: /usr/bin/ld: final link failed: No space left on device
[INFO] [stdout]           collect2: error: ld returned 1 exit status
[INFO] [stdout]           
[INFO] [stdout] 
[INFO] [stdout] 
[INFO] [stderr]    1:     0x7f44f917831a - std::backtrace_rs::backtrace::trace_unsynchronized::h9c2852a457ad564e
[INFO] [stdout] error: aborting due to previous error
[INFO] [stdout] 
[INFO] [stdout] 
[INFO] [stderr]                                at /rustc/84c898d65adf2f39a5a98507f1fe0ce10a2b8dbc/library/std/src/../../backtrace/src/backtrace/mod.rs:66:5
[INFO] [stderr]    2:     0x7f44f917831a - std::sys_common::backtrace::_print_fmt::h457936fbfaa0070f
[INFO] [stderr]                                at /rustc/84c898d65adf2f39a5a98507f1fe0ce10a2b8dbc/library/std/src/sys_common/backtrace.rs:65:5
[INFO] [stderr]    3:     0x7f44f917831a - <std::sys_common::backtrace::_print::DisplayBacktrace as core::fmt::Display>::fmt::h5779d7bf7f70cb0c
[INFO] [stderr]                                at /rustc/84c898d65adf2f39a5a98507f1fe0ce10a2b8dbc/library/std/src/sys_common/backtrace.rs:44:22
[INFO] [stderr] error: could not compile `proc-macro2` due to 2 previous errors
[INFO] [stderr] warning: build failed, waiting for other jobs to finish...
[INFO] [stderr] error: could not compile `failure_derive` due to 2 previous errors
[INFO] [stderr]    4:     0x7f44f91dbb6e - core::fmt::write::h5a4baaff1bcd3eb5
[INFO] [stderr]                                at /rustc/84c898d65adf2f39a5a98507f1fe0ce10a2b8dbc/library/core/src/fmt/mod.rs:1232:17
[INFO] [stderr]    5:     0x7f44f916b2c5 - std::io::Write::write_fmt::h4bc1f301cb9e9cce
[INFO] [stderr]                                at /rustc/84c898d65adf2f39a5a98507f1fe0ce10a2b8dbc/library/std/src/io/mod.rs:1684:15
[INFO] [stderr]    6:     0x7f44f91780e5 - std::sys_common::backtrace::_print::h5fcdc36060f177e8
[INFO] [stderr]                                at /rustc/84c898d65adf2f39a5a98507f1fe0ce10a2b8dbc/library/std/src/sys_common/backtrace.rs:47:5
[INFO] [stderr]    7:     0x7f44f91780e5 - std::sys_common::backtrace::print::h54ca9458b876c8bf
[INFO] [stderr]                                at /rustc/84c898d65adf2f39a5a98507f1fe0ce10a2b8dbc/library/std/src/sys_common/backtrace.rs:34:9
[INFO] [stderr]    8:     0x7f44f917ae5f - std::panicking::default_hook::{{closure}}::hbe471161c7664ed6
[INFO] [stderr]                                at /rustc/84c898d65adf2f39a5a98507f1fe0ce10a2b8dbc/library/std/src/panicking.rs:271:22
[INFO] [stdout] error: linking with `cc` failed: exit status: 1
[INFO] [stdout]   |
[INFO] [stdout]   = note: LC_ALL="C" PATH="/opt/rustwide/rustup-home/toolchains/1.69.0-x86_64-unknown-linux-gnu/lib/rustlib/x86_64-unknown-linux-gnu/bin:/opt/rustwide/cargo-home/bin:/usr/local/sbin:/usr/local/bin:/usr/sbin:/usr/bin:/sbin:/bin" VSLANG="1033" "cc" "-m64" "/tmp/rustc6Q9G0h/symbols.o" "/opt/rustwide/target/debug/build/syn-ef190c78536aab8d/build_script_build-ef190c78536aab8d.build_script_build.abda916e-cgu.0.rcgu.o" "/opt/rustwide/target/debug/build/syn-ef190c78536aab8d/build_script_build-ef190c78536aab8d.build_script_build.abda916e-cgu.1.rcgu.o" "/opt/rustwide/target/debug/build/syn-ef190c78536aab8d/build_script_build-ef190c78536aab8d.build_script_build.abda916e-cgu.10.rcgu.o" "/opt/rustwide/target/debug/build/syn-ef190c78536aab8d/build_script_build-ef190c78536aab8d.build_script_build.abda916e-cgu.11.rcgu.o" "/opt/rustwide/target/debug/build/syn-ef190c78536aab8d/build_script_build-ef190c78536aab8d.build_script_build.abda916e-cgu.12.rcgu.o" "/opt/rustwide/target/debug/build/syn-ef190c78536aab8d/build_script_build-ef190c78536aab8d.build_script_build.abda916e-cgu.13.rcgu.o" "/opt/rustwide/target/debug/build/syn-ef190c78536aab8d/build_script_build-ef190c78536aab8d.build_script_build.abda916e-cgu.14.rcgu.o" "/opt/rustwide/target/debug/build/syn-ef190c78536aab8d/build_script_build-ef190c78536aab8d.build_script_build.abda916e-cgu.15.rcgu.o" "/opt/rustwide/target/debug/build/syn-ef190c78536aab8d/build_script_build-ef190c78536aab8d.build_script_build.abda916e-cgu.2.rcgu.o" "/opt/rustwide/target/debug/build/syn-ef190c78536aab8d/build_script_build-ef190c78536aab8d.build_script_build.abda916e-cgu.3.rcgu.o" "/opt/rustwide/target/debug/build/syn-ef190c78536aab8d/build_script_build-ef190c78536aab8d.build_script_build.abda916e-cgu.4.rcgu.o" "/opt/rustwide/target/debug/build/syn-ef190c78536aab8d/build_script_build-ef190c78536aab8d.build_script_build.abda916e-cgu.5.rcgu.o" "/opt/rustwide/target/debug/build/syn-ef190c78536aab8d/build_script_build-ef190c78536aab8d.build_script_build.abda916e-cgu.6.rcgu.o" "/opt/rustwide/target/debug/build/syn-ef190c78536aab8d/build_script_build-ef190c78536aab8d.build_script_build.abda916e-cgu.7.rcgu.o" "/opt/rustwide/target/debug/build/syn-ef190c78536aab8d/build_script_build-ef190c78536aab8d.build_script_build.abda916e-cgu.8.rcgu.o" "/opt/rustwide/target/debug/build/syn-ef190c78536aab8d/build_script_build-ef190c78536aab8d.build_script_build.abda916e-cgu.9.rcgu.o" "/opt/rustwide/target/debug/build/syn-ef190c78536aab8d/build_script_build-ef190c78536aab8d.pqf6fs2wpzbqe30.rcgu.o" "-Wl,--as-needed" "-L" "/opt/rustwide/target/debug/deps" "-L" "/opt/rustwide/rustup-home/toolchains/1.69.0-x86_64-unknown-linux-gnu/lib/rustlib/x86_64-unknown-linux-gnu/lib" "-Wl,-Bstatic" "/opt/rustwide/rustup-home/toolchains/1.69.0-x86_64-unknown-linux-gnu/lib/rustlib/x86_64-unknown-linux-gnu/lib/libstd-89bc084783fdc439.rlib" "/opt/rustwide/rustup-home/toolchains/1.69.0-x86_64-unknown-linux-gnu/lib/rustlib/x86_64-unknown-linux-gnu/lib/libpanic_unwind-8bee4b287d4367c1.rlib" "/opt/rustwide/rustup-home/toolchains/1.69.0-x86_64-unknown-linux-gnu/lib/rustlib/x86_64-unknown-linux-gnu/lib/libobject-d61707aed80694c0.rlib" "/opt/rustwide/rustup-home/toolchains/1.69.0-x86_64-unknown-linux-gnu/lib/rustlib/x86_64-unknown-linux-gnu/lib/libmemchr-d85366256f22345b.rlib" "/opt/rustwide/rustup-home/toolchains/1.69.0-x86_64-unknown-linux-gnu/lib/rustlib/x86_64-unknown-linux-gnu/lib/libaddr2line-96069b86b8a8cae9.rlib" "/opt/rustwide/rustup-home/toolchains/1.69.0-x86_64-unknown-linux-gnu/lib/rustlib/x86_64-unknown-linux-gnu/lib/libgimli-d19d53abf68dfa6c.rlib" "/opt/rustwide/rustup-home/toolchains/1.69.0-x86_64-unknown-linux-gnu/lib/rustlib/x86_64-unknown-linux-gnu/lib/librustc_demangle-787cbccd19d64ac6.rlib" "/opt/rustwide/rustup-home/toolchains/1.69.0-x86_64-unknown-linux-gnu/lib/rustlib/x86_64-unknown-linux-gnu/lib/libstd_detect-b3837a36b830e0d0.rlib" "/opt/rustwide/rustup-home/toolchains/1.69.0-x86_64-unknown-linux-gnu/lib/rustlib/x86_64-unknown-linux-gnu/lib/libhashbrown-e3deb0e7e3f04966.rlib" "/opt/rustwide/rustup-home/toolchains/1.69.0-x86_64-unknown-linux-gnu/lib/rustlib/x86_64-unknown-linux-gnu/lib/libminiz_oxide-dabbb79c9815def4.rlib" "/opt/rustwide/rustup-home/toolchains/1.69.0-x86_64-unknown-linux-gnu/lib/rustlib/x86_64-unknown-linux-gnu/lib/libadler-305b01f34c9409f2.rlib" "/opt/rustwide/rustup-home/toolchains/1.69.0-x86_64-unknown-linux-gnu/lib/rustlib/x86_64-unknown-linux-gnu/lib/librustc_std_workspace_alloc-f833521df6074e73.rlib" "/opt/rustwide/rustup-home/toolchains/1.69.0-x86_64-unknown-linux-gnu/lib/rustlib/x86_64-unknown-linux-gnu/lib/libunwind-9ac333113350d171.rlib" "/opt/rustwide/rustup-home/toolchains/1.69.0-x86_64-unknown-linux-gnu/lib/rustlib/x86_64-unknown-linux-gnu/lib/libcfg_if-1c126114322d0eee.rlib" "/opt/rustwide/rustup-home/toolchains/1.69.0-x86_64-unknown-linux-gnu/lib/rustlib/x86_64-unknown-linux-gnu/lib/liblibc-bad9164fdeeecf92.rlib" "/opt/rustwide/rustup-home/toolchains/1.69.0-x86_64-unknown-linux-gnu/lib/rustlib/x86_64-unknown-linux-gnu/lib/liballoc-f9374b1e480fa681.rlib" "/opt/rustwide/rustup-home/toolchains/1.69.0-x86_64-unknown-linux-gnu/lib/rustlib/x86_64-unknown-linux-gnu/lib/librustc_std_workspace_core-207f06e41d9603af.rlib" "/opt/rustwide/rustup-home/toolchains/1.69.0-x86_64-unknown-linux-gnu/lib/rustlib/x86_64-unknown-linux-gnu/lib/libcore-7e2768e66e984e85.rlib" "/opt/rustwide/rustup-home/toolchains/1.69.0-x86_64-unknown-linux-gnu/lib/rustlib/x86_64-unknown-linux-gnu/lib/libcompiler_builtins-957b4aff41f8cd46.rlib" "-Wl,-Bdynamic" "-lgcc_s" "-lutil" "-lrt" "-lpthread" "-lm" "-ldl" "-lc" "-Wl,--eh-frame-hdr" "-Wl,-z,noexecstack" "-L" "/opt/rustwide/rustup-home/toolchains/1.69.0-x86_64-unknown-linux-gnu/lib/rustlib/x86_64-unknown-linux-gnu/lib" "-o" "/opt/rustwide/target/debug/build/syn-ef190c78536aab8d/build_script_build-ef190c78536aab8d" "-Wl,--gc-sections" "-pie" "-Wl,-z,relro,-z,now" "-nodefaultlibs"
[INFO] [stdout]   = note: /usr/bin/ld: final link failed: No space left on device
[INFO] [stdout]           collect2: error: ld returned 1 exit status
[INFO] [stdout]           
[INFO] [stdout] 
[INFO] [stdout] 
[INFO] [stderr]    9:     0x7f44f917ab9b - std::panicking::default_hook::ha3500da57aa4ac4f
[INFO] [stdout] error: aborting due to previous error
[INFO] [stdout] 
[INFO] [stdout] 
[INFO] [stderr]                                at /rustc/84c898d65adf2f39a5a98507f1fe0ce10a2b8dbc/library/std/src/panicking.rs:290:9
[INFO] [stderr] error: could not compile `syn` due to 2 previous errors
[INFO] [stdout] error: linking with `cc` failed: exit status: 1
[INFO] [stdout]   |
[INFO] [stdout]   = note: LC_ALL="C" PATH="/opt/rustwide/rustup-home/toolchains/1.69.0-x86_64-unknown-linux-gnu/lib/rustlib/x86_64-unknown-linux-gnu/bin:/opt/rustwide/cargo-home/bin:/usr/local/sbin:/usr/local/bin:/usr/sbin:/usr/bin:/sbin:/bin" VSLANG="1033" "cc" "-m64" "/tmp/rustcyal3i6/symbols.o" "/opt/rustwide/target/debug/build/bitflags-8be507e8d904aa6d/build_script_build-8be507e8d904aa6d.build_script_build.2ac0be49-cgu.0.rcgu.o" "/opt/rustwide/target/debug/build/bitflags-8be507e8d904aa6d/build_script_build-8be507e8d904aa6d.build_script_build.2ac0be49-cgu.1.rcgu.o" "/opt/rustwide/target/debug/build/bitflags-8be507e8d904aa6d/build_script_build-8be507e8d904aa6d.build_script_build.2ac0be49-cgu.10.rcgu.o" "/opt/rustwide/target/debug/build/bitflags-8be507e8d904aa6d/build_script_build-8be507e8d904aa6d.build_script_build.2ac0be49-cgu.11.rcgu.o" "/opt/rustwide/target/debug/build/bitflags-8be507e8d904aa6d/build_script_build-8be507e8d904aa6d.build_script_build.2ac0be49-cgu.12.rcgu.o" "/opt/rustwide/target/debug/build/bitflags-8be507e8d904aa6d/build_script_build-8be507e8d904aa6d.build_script_build.2ac0be49-cgu.13.rcgu.o" "/opt/rustwide/target/debug/build/bitflags-8be507e8d904aa6d/build_script_build-8be507e8d904aa6d.build_script_build.2ac0be49-cgu.14.rcgu.o" "/opt/rustwide/target/debug/build/bitflags-8be507e8d904aa6d/build_script_build-8be507e8d904aa6d.build_script_build.2ac0be49-cgu.15.rcgu.o" "/opt/rustwide/target/debug/build/bitflags-8be507e8d904aa6d/build_script_build-8be507e8d904aa6d.build_script_build.2ac0be49-cgu.2.rcgu.o" "/opt/rustwide/target/debug/build/bitflags-8be507e8d904aa6d/build_script_build-8be507e8d904aa6d.build_script_build.2ac0be49-cgu.3.rcgu.o" "/opt/rustwide/target/debug/build/bitflags-8be507e8d904aa6d/build_script_build-8be507e8d904aa6d.build_script_build.2ac0be49-cgu.4.rcgu.o" "/opt/rustwide/target/debug/build/bitflags-8be507e8d904aa6d/build_script_build-8be507e8d904aa6d.build_script_build.2ac0be49-cgu.5.rcgu.o" "/opt/rustwide/target/debug/build/bitflags-8be507e8d904aa6d/build_script_build-8be507e8d904aa6d.build_script_build.2ac0be49-cgu.6.rcgu.o" "/opt/rustwide/target/debug/build/bitflags-8be507e8d904aa6d/build_script_build-8be507e8d904aa6d.build_script_build.2ac0be49-cgu.7.rcgu.o" "/opt/rustwide/target/debug/build/bitflags-8be507e8d904aa6d/build_script_build-8be507e8d904aa6d.build_script_build.2ac0be49-cgu.8.rcgu.o" "/opt/rustwide/target/debug/build/bitflags-8be507e8d904aa6d/build_script_build-8be507e8d904aa6d.build_script_build.2ac0be49-cgu.9.rcgu.o" "/opt/rustwide/target/debug/build/bitflags-8be507e8d904aa6d/build_script_build-8be507e8d904aa6d.3pn4q9ey6bxatzd5.rcgu.o" "-Wl,--as-needed" "-L" "/opt/rustwide/target/debug/deps" "-L" "/opt/rustwide/rustup-home/toolchains/1.69.0-x86_64-unknown-linux-gnu/lib/rustlib/x86_64-unknown-linux-gnu/lib" "-Wl,-Bstatic" "/opt/rustwide/rustup-home/toolchains/1.69.0-x86_64-unknown-linux-gnu/lib/rustlib/x86_64-unknown-linux-gnu/lib/libstd-89bc084783fdc439.rlib" "/opt/rustwide/rustup-home/toolchains/1.69.0-x86_64-unknown-linux-gnu/lib/rustlib/x86_64-unknown-linux-gnu/lib/libpanic_unwind-8bee4b287d4367c1.rlib" "/opt/rustwide/rustup-home/toolchains/1.69.0-x86_64-unknown-linux-gnu/lib/rustlib/x86_64-unknown-linux-gnu/lib/libobject-d61707aed80694c0.rlib" "/opt/rustwide/rustup-home/toolchains/1.69.0-x86_64-unknown-linux-gnu/lib/rustlib/x86_64-unknown-linux-gnu/lib/libmemchr-d85366256f22345b.rlib" "/opt/rustwide/rustup-home/toolchains/1.69.0-x86_64-unknown-linux-gnu/lib/rustlib/x86_64-unknown-linux-gnu/lib/libaddr2line-96069b86b8a8cae9.rlib" "/opt/rustwide/rustup-home/toolchains/1.69.0-x86_64-unknown-linux-gnu/lib/rustlib/x86_64-unknown-linux-gnu/lib/libgimli-d19d53abf68dfa6c.rlib" "/opt/rustwide/rustup-home/toolchains/1.69.0-x86_64-unknown-linux-gnu/lib/rustlib/x86_64-unknown-linux-gnu/lib/librustc_demangle-787cbccd19d64ac6.rlib" "/opt/rustwide/rustup-home/toolchains/1.69.0-x86_64-unknown-linux-gnu/lib/rustlib/x86_64-unknown-linux-gnu/lib/libstd_detect-b3837a36b830e0d0.rlib" "/opt/rustwide/rustup-home/toolchains/1.69.0-x86_64-unknown-linux-gnu/lib/rustlib/x86_64-unknown-linux-gnu/lib/libhashbrown-e3deb0e7e3f04966.rlib" "/opt/rustwide/rustup-home/toolchains/1.69.0-x86_64-unknown-linux-gnu/lib/rustlib/x86_64-unknown-linux-gnu/lib/libminiz_oxide-dabbb79c9815def4.rlib" "/opt/rustwide/rustup-home/toolchains/1.69.0-x86_64-unknown-linux-gnu/lib/rustlib/x86_64-unknown-linux-gnu/lib/libadler-305b01f34c9409f2.rlib" "/opt/rustwide/rustup-home/toolchains/1.69.0-x86_64-unknown-linux-gnu/lib/rustlib/x86_64-unknown-linux-gnu/lib/librustc_std_workspace_alloc-f833521df6074e73.rlib" "/opt/rustwide/rustup-home/toolchains/1.69.0-x86_64-unknown-linux-gnu/lib/rustlib/x86_64-unknown-linux-gnu/lib/libunwind-9ac333113350d171.rlib" "/opt/rustwide/rustup-home/toolchains/1.69.0-x86_64-unknown-linux-gnu/lib/rustlib/x86_64-unknown-linux-gnu/lib/libcfg_if-1c126114322d0eee.rlib" "/opt/rustwide/rustup-home/toolchains/1.69.0-x86_64-unknown-linux-gnu/lib/rustlib/x86_64-unknown-linux-gnu/lib/liblibc-bad9164fdeeecf92.rlib" "/opt/rustwide/rustup-home/toolchains/1.69.0-x86_64-unknown-linux-gnu/lib/rustlib/x86_64-unknown-linux-gnu/lib/liballoc-f9374b1e480fa681.rlib" "/opt/rustwide/rustup-home/toolchains/1.69.0-x86_64-unknown-linux-gnu/lib/rustlib/x86_64-unknown-linux-gnu/lib/librustc_std_workspace_core-207f06e41d9603af.rlib" "/opt/rustwide/rustup-home/toolchains/1.69.0-x86_64-unknown-linux-gnu/lib/rustlib/x86_64-unknown-linux-gnu/lib/libcore-7e2768e66e984e85.rlib" "/opt/rustwide/rustup-home/toolchains/1.69.0-x86_64-unknown-linux-gnu/lib/rustlib/x86_64-unknown-linux-gnu/lib/libcompiler_builtins-957b4aff41f8cd46.rlib" "-Wl,-Bdynamic" "-lgcc_s" "-lutil" "-lrt" "-lpthread" "-lm" "-ldl" "-lc" "-Wl,--eh-frame-hdr" "-Wl,-z,noexecstack" "-L" "/opt/rustwide/rustup-home/toolchains/1.69.0-x86_64-unknown-linux-gnu/lib/rustlib/x86_64-unknown-linux-gnu/lib" "-o" "/opt/rustwide/target/debug/build/bitflags-8be507e8d904aa6d/build_script_build-8be507e8d904aa6d" "-Wl,--gc-sections" "-pie" "-Wl,-z,relro,-z,now" "-nodefaultlibs"
[INFO] [stdout]   = note: /usr/bin/ld: final link failed: No space left on device
[INFO] [stdout]           collect2: error: ld returned 1 exit status
[INFO] [stdout]           
[INFO] [stdout] 
[INFO] [stdout] 
[INFO] [stdout] error: aborting due to previous error
[INFO] [stdout] 
[INFO] [stdout] 
[INFO] [stdout] error: linking with `cc` failed: exit status: 1
[INFO] [stdout]   |
[INFO] [stdout]   = note: LC_ALL="C" PATH="/opt/rustwide/rustup-home/toolchains/1.69.0-x86_64-unknown-linux-gnu/lib/rustlib/x86_64-unknown-linux-gnu/bin:/opt/rustwide/cargo-home/bin:/usr/local/sbin:/usr/local/bin:/usr/sbin:/usr/bin:/sbin:/bin" VSLANG="1033" "cc" "-m64" "/tmp/rustcEBNG1q/symbols.o" "/opt/rustwide/target/debug/build/memchr-9d8138b1300debd7/build_script_build-9d8138b1300debd7.build_script_build.98e04f1f-cgu.0.rcgu.o" "/opt/rustwide/target/debug/build/memchr-9d8138b1300debd7/build_script_build-9d8138b1300debd7.build_script_build.98e04f1f-cgu.1.rcgu.o" "/opt/rustwide/target/debug/build/memchr-9d8138b1300debd7/build_script_build-9d8138b1300debd7.build_script_build.98e04f1f-cgu.10.rcgu.o" "/opt/rustwide/target/debug/build/memchr-9d8138b1300debd7/build_script_build-9d8138b1300debd7.build_script_build.98e04f1f-cgu.11.rcgu.o" "/opt/rustwide/target/debug/build/memchr-9d8138b1300debd7/build_script_build-9d8138b1300debd7.build_script_build.98e04f1f-cgu.12.rcgu.o" "/opt/rustwide/target/debug/build/memchr-9d8138b1300debd7/build_script_build-9d8138b1300debd7.build_script_build.98e04f1f-cgu.13.rcgu.o" "/opt/rustwide/target/debug/build/memchr-9d8138b1300debd7/build_script_build-9d8138b1300debd7.build_script_build.98e04f1f-cgu.14.rcgu.o" "/opt/rustwide/target/debug/build/memchr-9d8138b1300debd7/build_script_build-9d8138b1300debd7.build_script_build.98e04f1f-cgu.15.rcgu.o" "/opt/rustwide/target/debug/build/memchr-9d8138b1300debd7/build_script_build-9d8138b1300debd7.build_script_build.98e04f1f-cgu.2.rcgu.o" "/opt/rustwide/target/debug/build/memchr-9d8138b1300debd7/build_script_build-9d8138b1300debd7.build_script_build.98e04f1f-cgu.3.rcgu.o" "/opt/rustwide/target/debug/build/memchr-9d8138b1300debd7/build_script_build-9d8138b1300debd7.build_script_build.98e04f1f-cgu.4.rcgu.o" "/opt/rustwide/target/debug/build/memchr-9d8138b1300debd7/build_script_build-9d8138b1300debd7.build_script_build.98e04f1f-cgu.5.rcgu.o" "/opt/rustwide/target/debug/build/memchr-9d8138b1300debd7/build_script_build-9d8138b1300debd7.build_script_build.98e04f1f-cgu.6.rcgu.o" "/opt/rustwide/target/debug/build/memchr-9d8138b1300debd7/build_script_build-9d8138b1300debd7.build_script_build.98e04f1f-cgu.7.rcgu.o" "/opt/rustwide/target/debug/build/memchr-9d8138b1300debd7/build_script_build-9d8138b1300debd7.build_script_build.98e04f1f-cgu.8.rcgu.o" "/opt/rustwide/target/debug/build/memchr-9d8138b1300debd7/build_script_build-9d8138b1300debd7.build_script_build.98e04f1f-cgu.9.rcgu.o" "/opt/rustwide/target/debug/build/memchr-9d8138b1300debd7/build_script_build-9d8138b1300debd7.1aw2jx2sqyuii4fu.rcgu.o" "-Wl,--as-needed" "-L" "/opt/rustwide/target/debug/deps" "-L" "/opt/rustwide/rustup-home/toolchains/1.69.0-x86_64-unknown-linux-gnu/lib/rustlib/x86_64-unknown-linux-gnu/lib" "-Wl,-Bstatic" "/opt/rustwide/rustup-home/toolchains/1.69.0-x86_64-unknown-linux-gnu/lib/rustlib/x86_64-unknown-linux-gnu/lib/libstd-89bc084783fdc439.rlib" "/opt/rustwide/rustup-home/toolchains/1.69.0-x86_64-unknown-linux-gnu/lib/rustlib/x86_64-unknown-linux-gnu/lib/libpanic_unwind-8bee4b287d4367c1.rlib" "/opt/rustwide/rustup-home/toolchains/1.69.0-x86_64-unknown-linux-gnu/lib/rustlib/x86_64-unknown-linux-gnu/lib/libobject-d61707aed80694c0.rlib" "/opt/rustwide/rustup-home/toolchains/1.69.0-x86_64-unknown-linux-gnu/lib/rustlib/x86_64-unknown-linux-gnu/lib/libmemchr-d85366256f22345b.rlib" "/opt/rustwide/rustup-home/toolchains/1.69.0-x86_64-unknown-linux-gnu/lib/rustlib/x86_64-unknown-linux-gnu/lib/libaddr2line-96069b86b8a8cae9.rlib" "/opt/rustwide/rustup-home/toolchains/1.69.0-x86_64-unknown-linux-gnu/lib/rustlib/x86_64-unknown-linux-gnu/lib/libgimli-d19d53abf68dfa6c.rlib" "/opt/rustwide/rustup-home/toolchains/1.69.0-x86_64-unknown-linux-gnu/lib/rustlib/x86_64-unknown-linux-gnu/lib/librustc_demangle-787cbccd19d64ac6.rlib" "/opt/rustwide/rustup-home/toolchains/1.69.0-x86_64-unknown-linux-gnu/lib/rustlib/x86_64-unknown-linux-gnu/lib/libstd_detect-b3837a36b830e0d0.rlib" "/opt/rustwide/rustup-home/toolchains/1.69.0-x86_64-unknown-linux-gnu/lib/rustlib/x86_64-unknown-linux-gnu/lib/libhashbrown-e3deb0e7e3f04966.rlib" "/opt/rustwide/rustup-home/toolchains/1.69.0-x86_64-unknown-linux-gnu/lib/rustlib/x86_64-unknown-linux-gnu/lib/libminiz_oxide-dabbb79c9815def4.rlib" "/opt/rustwide/rustup-home/toolchains/1.69.0-x86_64-unknown-linux-gnu/lib/rustlib/x86_64-unknown-linux-gnu/lib/libadler-305b01f34c9409f2.rlib" "/opt/rustwide/rustup-home/toolchains/1.69.0-x86_64-unknown-linux-gnu/lib/rustlib/x86_64-unknown-linux-gnu/lib/librustc_std_workspace_alloc-f833521df6074e73.rlib" "/opt/rustwide/rustup-home/toolchains/1.69.0-x86_64-unknown-linux-gnu/lib/rustlib/x86_64-unknown-linux-gnu/lib/libunwind-9ac333113350d171.rlib" "/opt/rustwide/rustup-home/toolchains/1.69.0-x86_64-unknown-linux-gnu/lib/rustlib/x86_64-unknown-linux-gnu/lib/libcfg_if-1c126114322d0eee.rlib" "/opt/rustwide/rustup-home/toolchains/1.69.0-x86_64-unknown-linux-gnu/lib/rustlib/x86_64-unknown-linux-gnu/lib/liblibc-bad9164fdeeecf92.rlib" "/opt/rustwide/rustup-home/toolchains/1.69.0-x86_64-unknown-linux-gnu/lib/rustlib/x86_64-unknown-linux-gnu/lib/liballoc-f9374b1e480fa681.rlib" "/opt/rustwide/rustup-home/toolchains/1.69.0-x86_64-unknown-linux-gnu/lib/rustlib/x86_64-unknown-linux-gnu/lib/librustc_std_workspace_core-207f06e41d9603af.rlib" "/opt/rustwide/rustup-home/toolchains/1.69.0-x86_64-unknown-linux-gnu/lib/rustlib/x86_64-unknown-linux-gnu/lib/libcore-7e2768e66e984e85.rlib" "/opt/rustwide/rustup-home/toolchains/1.69.0-x86_64-unknown-linux-gnu/lib/rustlib/x86_64-unknown-linux-gnu/lib/libcompiler_builtins-957b4aff41f8cd46.rlib" "-Wl,-Bdynamic" "-lgcc_s" "-lutil" "-lrt" "-lpthread" "-lm" "-ldl" "-lc" "-Wl,--eh-frame-hdr" "-Wl,-z,noexecstack" "-L" "/opt/rustwide/rustup-home/toolchains/1.69.0-x86_64-unknown-linux-gnu/lib/rustlib/x86_64-unknown-linux-gnu/lib" "-o" "/opt/rustwide/target/debug/build/memchr-9d8138b1300debd7/build_script_build-9d8138b1300debd7" "-Wl,--gc-sections" "-pie" "-Wl,-z,relro,-z,now" "-nodefaultlibs"
[INFO] [stdout]   = note: /usr/bin/ld: final link failed: No space left on device
[INFO] [stdout]           collect2: error: ld returned 1 exit status
[INFO] [stdout]           
[INFO] [stdout] 
[INFO] [stdout] 
[INFO] [stdout] error: aborting due to previous error
[INFO] [stdout] 
[INFO] [stdout] 
[INFO] [stdout] error: linking with `cc` failed: exit status: 1
[INFO] [stdout]   |
[INFO] [stdout]   = note: LC_ALL="C" PATH="/opt/rustwide/rustup-home/toolchains/1.69.0-x86_64-unknown-linux-gnu/lib/rustlib/x86_64-unknown-linux-gnu/bin:/opt/rustwide/cargo-home/bin:/usr/local/sbin:/usr/local/bin:/usr/sbin:/usr/bin:/sbin:/bin" VSLANG="1033" "cc" "-m64" "/tmp/rustcNKBvPr/symbols.o" "/opt/rustwide/target/debug/build/libc-4ddf40eafce6c841/build_script_build-4ddf40eafce6c841.build_script_build.dacec8d0-cgu.0.rcgu.o" "/opt/rustwide/target/debug/build/libc-4ddf40eafce6c841/build_script_build-4ddf40eafce6c841.build_script_build.dacec8d0-cgu.1.rcgu.o" "/opt/rustwide/target/debug/build/libc-4ddf40eafce6c841/build_script_build-4ddf40eafce6c841.build_script_build.dacec8d0-cgu.10.rcgu.o" "/opt/rustwide/target/debug/build/libc-4ddf40eafce6c841/build_script_build-4ddf40eafce6c841.build_script_build.dacec8d0-cgu.11.rcgu.o" "/opt/rustwide/target/debug/build/libc-4ddf40eafce6c841/build_script_build-4ddf40eafce6c841.build_script_build.dacec8d0-cgu.12.rcgu.o" "/opt/rustwide/target/debug/build/libc-4ddf40eafce6c841/build_script_build-4ddf40eafce6c841.build_script_build.dacec8d0-cgu.13.rcgu.o" "/opt/rustwide/target/debug/build/libc-4ddf40eafce6c841/build_script_build-4ddf40eafce6c841.build_script_build.dacec8d0-cgu.14.rcgu.o" "/opt/rustwide/target/debug/build/libc-4ddf40eafce6c841/build_script_build-4ddf40eafce6c841.build_script_build.dacec8d0-cgu.15.rcgu.o" "/opt/rustwide/target/debug/build/libc-4ddf40eafce6c841/build_script_build-4ddf40eafce6c841.build_script_build.dacec8d0-cgu.2.rcgu.o" "/opt/rustwide/target/debug/build/libc-4ddf40eafce6c841/build_script_build-4ddf40eafce6c841.build_script_build.dacec8d0-cgu.3.rcgu.o" "/opt/rustwide/target/debug/build/libc-4ddf40eafce6c841/build_script_build-4ddf40eafce6c841.build_script_build.dacec8d0-cgu.4.rcgu.o" "/opt/rustwide/target/debug/build/libc-4ddf40eafce6c841/build_script_build-4ddf40eafce6c841.build_script_build.dacec8d0-cgu.5.rcgu.o" "/opt/rustwide/target/debug/build/libc-4ddf40eafce6c841/build_script_build-4ddf40eafce6c841.build_script_build.dacec8d0-cgu.6.rcgu.o" "/opt/rustwide/target/debug/build/libc-4ddf40eafce6c841/build_script_build-4ddf40eafce6c841.build_script_build.dacec8d0-cgu.7.rcgu.o" "/opt/rustwide/target/debug/build/libc-4ddf40eafce6c841/build_script_build-4ddf40eafce6c841.build_script_build.dacec8d0-cgu.8.rcgu.o" "/opt/rustwide/target/debug/build/libc-4ddf40eafce6c841/build_script_build-4ddf40eafce6c841.build_script_build.dacec8d0-cgu.9.rcgu.o" "/opt/rustwide/target/debug/build/libc-4ddf40eafce6c841/build_script_build-4ddf40eafce6c841.3zdmeatkdruqdtzo.rcgu.o" "-Wl,--as-needed" "-L" "/opt/rustwide/target/debug/deps" "-L" "/opt/rustwide/rustup-home/toolchains/1.69.0-x86_64-unknown-linux-gnu/lib/rustlib/x86_64-unknown-linux-gnu/lib" "-Wl,-Bstatic" "/opt/rustwide/rustup-home/toolchains/1.69.0-x86_64-unknown-linux-gnu/lib/rustlib/x86_64-unknown-linux-gnu/lib/libstd-89bc084783fdc439.rlib" "/opt/rustwide/rustup-home/toolchains/1.69.0-x86_64-unknown-linux-gnu/lib/rustlib/x86_64-unknown-linux-gnu/lib/libpanic_unwind-8bee4b287d4367c1.rlib" "/opt/rustwide/rustup-home/toolchains/1.69.0-x86_64-unknown-linux-gnu/lib/rustlib/x86_64-unknown-linux-gnu/lib/libobject-d61707aed80694c0.rlib" "/opt/rustwide/rustup-home/toolchains/1.69.0-x86_64-unknown-linux-gnu/lib/rustlib/x86_64-unknown-linux-gnu/lib/libmemchr-d85366256f22345b.rlib" "/opt/rustwide/rustup-home/toolchains/1.69.0-x86_64-unknown-linux-gnu/lib/rustlib/x86_64-unknown-linux-gnu/lib/libaddr2line-96069b86b8a8cae9.rlib" "/opt/rustwide/rustup-home/toolchains/1.69.0-x86_64-unknown-linux-gnu/lib/rustlib/x86_64-unknown-linux-gnu/lib/libgimli-d19d53abf68dfa6c.rlib" "/opt/rustwide/rustup-home/toolchains/1.69.0-x86_64-unknown-linux-gnu/lib/rustlib/x86_64-unknown-linux-gnu/lib/librustc_demangle-787cbccd19d64ac6.rlib" "/opt/rustwide/rustup-home/toolchains/1.69.0-x86_64-unknown-linux-gnu/lib/rustlib/x86_64-unknown-linux-gnu/lib/libstd_detect-b3837a36b830e0d0.rlib" "/opt/rustwide/rustup-home/toolchains/1.69.0-x86_64-unknown-linux-gnu/lib/rustlib/x86_64-unknown-linux-gnu/lib/libhashbrown-e3deb0e7e3f04966.rlib" "/opt/rustwide/rustup-home/toolchains/1.69.0-x86_64-unknown-linux-gnu/lib/rustlib/x86_64-unknown-linux-gnu/lib/libminiz_oxide-dabbb79c9815def4.rlib" "/opt/rustwide/rustup-home/toolchains/1.69.0-x86_64-unknown-linux-gnu/lib/rustlib/x86_64-unknown-linux-gnu/lib/libadler-305b01f34c9409f2.rlib" "/opt/rustwide/rustup-home/toolchains/1.69.0-x86_64-unknown-linux-gnu/lib/rustlib/x86_64-unknown-linux-gnu/lib/librustc_std_workspace_alloc-f833521df6074e73.rlib" "/opt/rustwide/rustup-home/toolchains/1.69.0-x86_64-unknown-linux-gnu/lib/rustlib/x86_64-unknown-linux-gnu/lib/libunwind-9ac333113350d171.rlib" "/opt/rustwide/rustup-home/toolchains/1.69.0-x86_64-unknown-linux-gnu/lib/rustlib/x86_64-unknown-linux-gnu/lib/libcfg_if-1c126114322d0eee.rlib" "/opt/rustwide/rustup-home/toolchains/1.69.0-x86_64-unknown-linux-gnu/lib/rustlib/x86_64-unknown-linux-gnu/lib/liblibc-bad9164fdeeecf92.rlib" "/opt/rustwide/rustup-home/toolchains/1.69.0-x86_64-unknown-linux-gnu/lib/rustlib/x86_64-unknown-linux-gnu/lib/liballoc-f9374b1e480fa681.rlib" "/opt/rustwide/rustup-home/toolchains/1.69.0-x86_64-unknown-linux-gnu/lib/rustlib/x86_64-unknown-linux-gnu/lib/librustc_std_workspace_core-207f06e41d9603af.rlib" "/opt/rustwide/rustup-home/toolchains/1.69.0-x86_64-unknown-linux-gnu/lib/rustlib/x86_64-unknown-linux-gnu/lib/libcore-7e2768e66e984e85.rlib" "/opt/rustwide/rustup-home/toolchains/1.69.0-x86_64-unknown-linux-gnu/lib/rustlib/x86_64-unknown-linux-gnu/lib/libcompiler_builtins-957b4aff41f8cd46.rlib" "-Wl,-Bdynamic" "-lgcc_s" "-lutil" "-lrt" "-lpthread" "-lm" "-ldl" "-lc" "-Wl,--eh-frame-hdr" "-Wl,-z,noexecstack" "-L" "/opt/rustwide/rustup-home/toolchains/1.69.0-x86_64-unknown-linux-gnu/lib/rustlib/x86_64-unknown-linux-gnu/lib" "-o" "/opt/rustwide/target/debug/build/libc-4ddf40eafce6c841/build_script_build-4ddf40eafce6c841" "-Wl,--gc-sections" "-pie" "-Wl,-z,relro,-z,now" "-nodefaultlibs"
[INFO] [stdout]   = note: /usr/bin/ld: final link failed: No space left on device
[INFO] [stdout]           collect2: error: ld returned 1 exit status
[INFO] [stdout]           
[INFO] [stdout] 
[INFO] [stdout] 
[INFO] [stderr] error: could not compile `memchr` due to 2 previous errors
[INFO] [stdout] error: aborting due to previous error
[INFO] [stdout] 
[INFO] [stdout] 
[INFO] [stderr] error: could not compile `libc` due to 2 previous errors
[INFO] [stderr] error: could not compile `bitflags` due to 2 previous errors
[INFO] [stderr]   10:     0x7f44fc3dc8b5 - <rustc_driver_impl[fb92b3e21ac03dce]::DEFAULT_HOOK::{closure#0}::{closure#0} as core[911a585bea10363d]::ops::function::FnOnce<(&core[911a585bea10363d]::panic::panic_info::PanicInfo,)>>::call_once::{shim:vtable#0}
[INFO] [stderr]   11:     0x7f44f917b69d - <alloc::boxed::Box<F,A> as core::ops::function::Fn<Args>>::call::h6507bddc3eebb4a5
[INFO] [stderr]                                at /rustc/84c898d65adf2f39a5a98507f1fe0ce10a2b8dbc/library/alloc/src/boxed.rs:2001:9
[INFO] [stderr]   12:     0x7f44f917b69d - std::panicking::rust_panic_with_hook::h50c09d000dc561d2
[INFO] [stderr]                                at /rustc/84c898d65adf2f39a5a98507f1fe0ce10a2b8dbc/library/std/src/panicking.rs:696:13
[INFO] [stderr]   13:     0x7f44f917b3d2 - std::panicking::begin_panic_handler::{{closure}}::h9e2b2176e00e0d9c
[INFO] [stderr]                                at /rustc/84c898d65adf2f39a5a98507f1fe0ce10a2b8dbc/library/std/src/panicking.rs:581:13
[INFO] [stderr]   14:     0x7f44f9178786 - std::sys_common::backtrace::__rust_end_short_backtrace::h5739b8e512c09d02
[INFO] [stderr]                                at /rustc/84c898d65adf2f39a5a98507f1fe0ce10a2b8dbc/library/std/src/sys_common/backtrace.rs:150:18
[INFO] [stderr]   15:     0x7f44f917b122 - rust_begin_unwind
[INFO] [stderr]                                at /rustc/84c898d65adf2f39a5a98507f1fe0ce10a2b8dbc/library/std/src/panicking.rs:579:5
[INFO] [stderr]   16:     0x7f44f91d7ec3 - core::panicking::panic_fmt::hf33a1475b4dc5c3e
[INFO] [stderr]                                at /rustc/84c898d65adf2f39a5a98507f1fe0ce10a2b8dbc/library/core/src/panicking.rs:64:14
[INFO] [stderr]   17:     0x7f44f91d7f5d - core::panicking::panic::h9533b2fee90b999e
[INFO] [stderr]                                at /rustc/84c898d65adf2f39a5a98507f1fe0ce10a2b8dbc/library/core/src/panicking.rs:114:5
[INFO] [stderr]   18:     0x7f44fb6d9431 - <rustc_span[fab0eb11f1fed58d]::hygiene::HygieneEncodeContext>::encode::<(&mut rustc_metadata[29cf5a64f33334d8]::rmeta::encoder::EncodeContext, &mut rustc_metadata[29cf5a64f33334d8]::rmeta::table::TableBuilder<u32, core[911a585bea10363d]::option::Option<rustc_metadata[29cf5a64f33334d8]::rmeta::LazyValue<rustc_span[fab0eb11f1fed58d]::hygiene::SyntaxContextData>>>, &mut rustc_metadata[29cf5a64f33334d8]::rmeta::table::TableBuilder<rustc_span[fab0eb11f1fed58d]::hygiene::ExpnIndex, core[911a585bea10363d]::option::Option<rustc_metadata[29cf5a64f33334d8]::rmeta::LazyValue<rustc_span[fab0eb11f1fed58d]::hygiene::ExpnData>>>, &mut rustc_metadata[29cf5a64f33334d8]::rmeta::table::TableBuilder<rustc_span[fab0eb11f1fed58d]::hygiene::ExpnIndex, core[911a585bea10363d]::option::Option<rustc_metadata[29cf5a64f33334d8]::rmeta::LazyValue<rustc_span[fab0eb11f1fed58d]::hygiene::ExpnHash>>>), <rustc_metadata[29cf5a64f33334d8]::rmeta::encoder::EncodeContext>::encode_hygiene::{closure#0}, <rustc_metadata[29cf5a64f33334d8]::rmeta::encoder::EncodeContext>::encode_hygiene::{closure#1}>
[INFO] [stderr]   19:     0x7f44fb6aed85 - <rustc_metadata[29cf5a64f33334d8]::rmeta::encoder::EncodeContext>::encode_crate_root
[INFO] [stderr]   20:     0x7f44fb642586 - rustc_metadata[29cf5a64f33334d8]::rmeta::encoder::encode_metadata_impl
[INFO] [stderr]   21:     0x7f44fb63c02c - rustc_data_structures[a232da6b1231993b]::sync::join::<rustc_metadata[29cf5a64f33334d8]::rmeta::encoder::encode_metadata::{closure#0}, rustc_metadata[29cf5a64f33334d8]::rmeta::encoder::encode_metadata::{closure#1}, (), ()>
[INFO] [stderr]   22:     0x7f44fb63bd41 - rustc_metadata[29cf5a64f33334d8]::rmeta::encoder::encode_metadata
[INFO] [stderr]   23:     0x7f44fb63af73 - rustc_metadata[29cf5a64f33334d8]::fs::encode_and_write_metadata
[INFO] [stderr]   24:     0x7f44fb63547e - rustc_interface[bd8390756bd7a52a]::passes::start_codegen
[INFO] [stderr]   25:     0x7f44fb631208 - <rustc_middle[1a4ce3311a146f18]::ty::context::GlobalCtxt>::enter::<<rustc_interface[bd8390756bd7a52a]::queries::Queries>::ongoing_codegen::{closure#0}::{closure#0}, core[911a585bea10363d]::result::Result<alloc[37f5578e48c4c353]::boxed::Box<dyn core[911a585bea10363d]::any::Any>, rustc_span[fab0eb11f1fed58d]::ErrorGuaranteed>>
[INFO] [stderr]   26:     0x7f44fb62efb8 - <rustc_interface[bd8390756bd7a52a]::queries::Queries>::ongoing_codegen
[INFO] [stderr]   27:     0x7f44fb62dd6c - rustc_span[fab0eb11f1fed58d]::with_source_map::<core[911a585bea10363d]::result::Result<(), rustc_span[fab0eb11f1fed58d]::ErrorGuaranteed>, rustc_interface[bd8390756bd7a52a]::interface::run_compiler<core[911a585bea10363d]::result::Result<(), rustc_span[fab0eb11f1fed58d]::ErrorGuaranteed>, rustc_driver_impl[fb92b3e21ac03dce]::run_compiler::{closure#1}>::{closure#0}::{closure#0}>
[INFO] [stderr]   28:     0x7f44fb6253cc - std[685882fd5f6d52e5]::sys_common::backtrace::__rust_begin_short_backtrace::<rustc_interface[bd8390756bd7a52a]::util::run_in_thread_pool_with_globals<rustc_interface[bd8390756bd7a52a]::interface::run_compiler<core[911a585bea10363d]::result::Result<(), rustc_span[fab0eb11f1fed58d]::ErrorGuaranteed>, rustc_driver_impl[fb92b3e21ac03dce]::run_compiler::{closure#1}>::{closure#0}, core[911a585bea10363d]::result::Result<(), rustc_span[fab0eb11f1fed58d]::ErrorGuaranteed>>::{closure#0}::{closure#0}, core[911a585bea10363d]::result::Result<(), rustc_span[fab0eb11f1fed58d]::ErrorGuaranteed>>
[INFO] [stderr]   29:     0x7f44fb624dfa - <<std[685882fd5f6d52e5]::thread::Builder>::spawn_unchecked_<rustc_interface[bd8390756bd7a52a]::util::run_in_thread_pool_with_globals<rustc_interface[bd8390756bd7a52a]::interface::run_compiler<core[911a585bea10363d]::result::Result<(), rustc_span[fab0eb11f1fed58d]::ErrorGuaranteed>, rustc_driver_impl[fb92b3e21ac03dce]::run_compiler::{closure#1}>::{closure#0}, core[911a585bea10363d]::result::Result<(), rustc_span[fab0eb11f1fed58d]::ErrorGuaranteed>>::{closure#0}::{closure#0}, core[911a585bea10363d]::result::Result<(), rustc_span[fab0eb11f1fed58d]::ErrorGuaranteed>>::{closure#1} as core[911a585bea10363d]::ops::function::FnOnce<()>>::call_once::{shim:vtable#0}
[INFO] [stderr]   30:     0x7f44f9185593 - <alloc::boxed::Box<F,A> as core::ops::function::FnOnce<Args>>::call_once::h39990b24eedef2ab
[INFO] [stderr]                                at /rustc/84c898d65adf2f39a5a98507f1fe0ce10a2b8dbc/library/alloc/src/boxed.rs:1987:9
[INFO] [stderr]   31:     0x7f44f9185593 - <alloc::boxed::Box<F,A> as core::ops::function::FnOnce<Args>>::call_once::h01a027258444143b
[INFO] [stderr]                                at /rustc/84c898d65adf2f39a5a98507f1fe0ce10a2b8dbc/library/alloc/src/boxed.rs:1987:9
[INFO] [stderr]   32:     0x7f44f9185593 - std::sys::unix::thread::Thread::new::thread_start::ha4f1cdd9c25884ba
[INFO] [stderr]                                at /rustc/84c898d65adf2f39a5a98507f1fe0ce10a2b8dbc/library/std/src/sys/unix/thread.rs:108:17
[INFO] [stderr]   33:     0x7f44f8eb3b43 - <unknown>
[INFO] [stderr]   34:     0x7f44f8f44bb4 - __clone
[INFO] [stderr]   35:                0x0 - <unknown>
[INFO] [stderr] 
[INFO] [stderr] error: the compiler unexpectedly panicked. this is a bug.
[INFO] [stderr] 
[INFO] [stderr] note: we would appreciate a bug report: https://github.com/rust-lang/rust/issues/new?labels=C-bug%2C+I-ICE%2C+T-compiler&template=ice.md
[INFO] [stderr] 
[INFO] [stderr] note: rustc 1.69.0 (84c898d65 2023-04-16) running on x86_64-unknown-linux-gnu
[INFO] [stderr] 
[INFO] [stderr] note: compiler flags: --crate-type lib -C embed-bitcode=no
[INFO] [stderr] 
[INFO] [stderr] note: some of the compiler flags provided by cargo are hidden
[INFO] [stderr] 
[INFO] [stderr] query stack during panic:
[INFO] [stderr] end of query stack
[INFO] [stderr] error: could not compile `cc`
[INFO] [stderr] thread 'rustc' panicked at 'assertion failed: pos.get() <= self.position()', compiler/rustc_metadata/src/rmeta/encoder.rs:435:9
[INFO] [stderr] error: could not parse/generate dep info at: /opt/rustwide/target/debug/deps/log-1569afad35ec5e56.d
[INFO] [stderr] 
[INFO] [stderr] Caused by:
[INFO] [stderr]   failed to write `/opt/rustwide/target/debug/.fingerprint/log-1569afad35ec5e56/dep-lib-log`
[INFO] [stderr] 
[INFO] [stderr] Caused by:
[INFO] [stderr]   No space left on device (os error 28)
[INFO] [stdout] error: linking with `cc` failed: exit status: 1
[INFO] [stdout]   |
[INFO] [stdout]   = note: LC_ALL="C" PATH="/opt/rustwide/rustup-home/toolchains/1.69.0-x86_64-unknown-linux-gnu/lib/rustlib/x86_64-unknown-linux-gnu/bin:/opt/rustwide/cargo-home/bin:/usr/local/sbin:/usr/local/bin:/usr/sbin:/usr/bin:/sbin:/bin" VSLANG="1033" "cc" "-m64" "/tmp/rustceWA6TE/symbols.o" "/opt/rustwide/target/debug/build/proc-macro2-134815cba7e6fe94/build_script_build-134815cba7e6fe94.build_script_build.0c8b4da8-cgu.0.rcgu.o" "/opt/rustwide/target/debug/build/proc-macro2-134815cba7e6fe94/build_script_build-134815cba7e6fe94.build_script_build.0c8b4da8-cgu.1.rcgu.o" "/opt/rustwide/target/debug/build/proc-macro2-134815cba7e6fe94/build_script_build-134815cba7e6fe94.build_script_build.0c8b4da8-cgu.10.rcgu.o" "/opt/rustwide/target/debug/build/proc-macro2-134815cba7e6fe94/build_script_build-134815cba7e6fe94.build_script_build.0c8b4da8-cgu.11.rcgu.o" "/opt/rustwide/target/debug/build/proc-macro2-134815cba7e6fe94/build_script_build-134815cba7e6fe94.build_script_build.0c8b4da8-cgu.12.rcgu.o" "/opt/rustwide/target/debug/build/proc-macro2-134815cba7e6fe94/build_script_build-134815cba7e6fe94.build_script_build.0c8b4da8-cgu.13.rcgu.o" "/opt/rustwide/target/debug/build/proc-macro2-134815cba7e6fe94/build_script_build-134815cba7e6fe94.build_script_build.0c8b4da8-cgu.14.rcgu.o" "/opt/rustwide/target/debug/build/proc-macro2-134815cba7e6fe94/build_script_build-134815cba7e6fe94.build_script_build.0c8b4da8-cgu.15.rcgu.o" "/opt/rustwide/target/debug/build/proc-macro2-134815cba7e6fe94/build_script_build-134815cba7e6fe94.build_script_build.0c8b4da8-cgu.2.rcgu.o" "/opt/rustwide/target/debug/build/proc-macro2-134815cba7e6fe94/build_script_build-134815cba7e6fe94.build_script_build.0c8b4da8-cgu.3.rcgu.o" "/opt/rustwide/target/debug/build/proc-macro2-134815cba7e6fe94/build_script_build-134815cba7e6fe94.build_script_build.0c8b4da8-cgu.4.rcgu.o" "/opt/rustwide/target/debug/build/proc-macro2-134815cba7e6fe94/build_script_build-134815cba7e6fe94.build_script_build.0c8b4da8-cgu.5.rcgu.o" "/opt/rustwide/target/debug/build/proc-macro2-134815cba7e6fe94/build_script_build-134815cba7e6fe94.build_script_build.0c8b4da8-cgu.6.rcgu.o" "/opt/rustwide/target/debug/build/proc-macro2-134815cba7e6fe94/build_script_build-134815cba7e6fe94.build_script_build.0c8b4da8-cgu.7.rcgu.o" "/opt/rustwide/target/debug/build/proc-macro2-134815cba7e6fe94/build_script_build-134815cba7e6fe94.build_script_build.0c8b4da8-cgu.8.rcgu.o" "/opt/rustwide/target/debug/build/proc-macro2-134815cba7e6fe94/build_script_build-134815cba7e6fe94.build_script_build.0c8b4da8-cgu.9.rcgu.o" "/opt/rustwide/target/debug/build/proc-macro2-134815cba7e6fe94/build_script_build-134815cba7e6fe94.1knivsil7em187jn.rcgu.o" "-Wl,--as-needed" "-L" "/opt/rustwide/target/debug/deps" "-L" "/opt/rustwide/rustup-home/toolchains/1.69.0-x86_64-unknown-linux-gnu/lib/rustlib/x86_64-unknown-linux-gnu/lib" "-Wl,-Bstatic" "/opt/rustwide/rustup-home/toolchains/1.69.0-x86_64-unknown-linux-gnu/lib/rustlib/x86_64-unknown-linux-gnu/lib/libstd-89bc084783fdc439.rlib" "/opt/rustwide/rustup-home/toolchains/1.69.0-x86_64-unknown-linux-gnu/lib/rustlib/x86_64-unknown-linux-gnu/lib/libpanic_unwind-8bee4b287d4367c1.rlib" "/opt/rustwide/rustup-home/toolchains/1.69.0-x86_64-unknown-linux-gnu/lib/rustlib/x86_64-unknown-linux-gnu/lib/libobject-d61707aed80694c0.rlib" "/opt/rustwide/rustup-home/toolchains/1.69.0-x86_64-unknown-linux-gnu/lib/rustlib/x86_64-unknown-linux-gnu/lib/libmemchr-d85366256f22345b.rlib" "/opt/rustwide/rustup-home/toolchains/1.69.0-x86_64-unknown-linux-gnu/lib/rustlib/x86_64-unknown-linux-gnu/lib/libaddr2line-96069b86b8a8cae9.rlib" "/opt/rustwide/rustup-home/toolchains/1.69.0-x86_64-unknown-linux-gnu/lib/rustlib/x86_64-unknown-linux-gnu/lib/libgimli-d19d53abf68dfa6c.rlib" "/opt/rustwide/rustup-home/toolchains/1.69.0-x86_64-unknown-linux-gnu/lib/rustlib/x86_64-unknown-linux-gnu/lib/librustc_demangle-787cbccd19d64ac6.rlib" "/opt/rustwide/rustup-home/toolchains/1.69.0-x86_64-unknown-linux-gnu/lib/rustlib/x86_64-unknown-linux-gnu/lib/libstd_detect-b3837a36b830e0d0.rlib" "/opt/rustwide/rustup-home/toolchains/1.69.0-x86_64-unknown-linux-gnu/lib/rustlib/x86_64-unknown-linux-gnu/lib/libhashbrown-e3deb0e7e3f04966.rlib" "/opt/rustwide/rustup-home/toolchains/1.69.0-x86_64-unknown-linux-gnu/lib/rustlib/x86_64-unknown-linux-gnu/lib/libminiz_oxide-dabbb79c9815def4.rlib" "/opt/rustwide/rustup-home/toolchains/1.69.0-x86_64-unknown-linux-gnu/lib/rustlib/x86_64-unknown-linux-gnu/lib/libadler-305b01f34c9409f2.rlib" "/opt/rustwide/rustup-home/toolchains/1.69.0-x86_64-unknown-linux-gnu/lib/rustlib/x86_64-unknown-linux-gnu/lib/librustc_std_workspace_alloc-f833521df6074e73.rlib" "/opt/rustwide/rustup-home/toolchains/1.69.0-x86_64-unknown-linux-gnu/lib/rustlib/x86_64-unknown-linux-gnu/lib/libunwind-9ac333113350d171.rlib" "/opt/rustwide/rustup-home/toolchains/1.69.0-x86_64-unknown-linux-gnu/lib/rustlib/x86_64-unknown-linux-gnu/lib/libcfg_if-1c126114322d0eee.rlib" "/opt/rustwide/rustup-home/toolchains/1.69.0-x86_64-unknown-linux-gnu/lib/rustlib/x86_64-unknown-linux-gnu/lib/liblibc-bad9164fdeeecf92.rlib" "/opt/rustwide/rustup-home/toolchains/1.69.0-x86_64-unknown-linux-gnu/lib/rustlib/x86_64-unknown-linux-gnu/lib/liballoc-f9374b1e480fa681.rlib" "/opt/rustwide/rustup-home/toolchains/1.69.0-x86_64-unknown-linux-gnu/lib/rustlib/x86_64-unknown-linux-gnu/lib/librustc_std_workspace_core-207f06e41d9603af.rlib" "/opt/rustwide/rustup-home/toolchains/1.69.0-x86_64-unknown-linux-gnu/lib/rustlib/x86_64-unknown-linux-gnu/lib/libcore-7e2768e66e984e85.rlib" "/opt/rustwide/rustup-home/toolchains/1.69.0-x86_64-unknown-linux-gnu/lib/rustlib/x86_64-unknown-linux-gnu/lib/libcompiler_builtins-957b4aff41f8cd46.rlib" "-Wl,-Bdynamic" "-lgcc_s" "-lutil" "-lrt" "-lpthread" "-lm" "-ldl" "-lc" "-Wl,--eh-frame-hdr" "-Wl,-z,noexecstack" "-L" "/opt/rustwide/rustup-home/toolchains/1.69.0-x86_64-unknown-linux-gnu/lib/rustlib/x86_64-unknown-linux-gnu/lib" "-o" "/opt/rustwide/target/debug/build/proc-macro2-134815cba7e6fe94/build_script_build-134815cba7e6fe94" "-Wl,--gc-sections" "-pie" "-Wl,-z,relro,-z,now" "-nodefaultlibs"
[INFO] [stdout]   = note: /usr/bin/ld: final link failed: No space left on device
[INFO] [stdout]           collect2: error: ld returned 1 exit status
[INFO] [stdout]           
[INFO] [stdout] 
[INFO] [stdout] 
[INFO] [stdout] error: aborting due to previous error
[INFO] [stdout] 
[INFO] [stdout] 
[INFO] [stderr] error: could not compile `proc-macro2` due to 2 previous errors
[INFO] [stdout] error: linking with `cc` failed: exit status: 1
[INFO] [stdout]   |
[INFO] [stdout]   = note: LC_ALL="C" PATH="/opt/rustwide/rustup-home/toolchains/1.69.0-x86_64-unknown-linux-gnu/lib/rustlib/x86_64-unknown-linux-gnu/bin:/opt/rustwide/cargo-home/bin:/usr/local/sbin:/usr/local/bin:/usr/sbin:/usr/bin:/sbin:/bin" VSLANG="1033" "cc" "-m64" "/tmp/rustcTuzkTW/symbols.o" "/opt/rustwide/target/debug/build/syn-e30e56845201e6ac/build_script_build-e30e56845201e6ac.build_script_build.950ab9dd-cgu.0.rcgu.o" "/opt/rustwide/target/debug/build/syn-e30e56845201e6ac/build_script_build-e30e56845201e6ac.build_script_build.950ab9dd-cgu.1.rcgu.o" "/opt/rustwide/target/debug/build/syn-e30e56845201e6ac/build_script_build-e30e56845201e6ac.build_script_build.950ab9dd-cgu.10.rcgu.o" "/opt/rustwide/target/debug/build/syn-e30e56845201e6ac/build_script_build-e30e56845201e6ac.build_script_build.950ab9dd-cgu.11.rcgu.o" "/opt/rustwide/target/debug/build/syn-e30e56845201e6ac/build_script_build-e30e56845201e6ac.build_script_build.950ab9dd-cgu.12.rcgu.o" "/opt/rustwide/target/debug/build/syn-e30e56845201e6ac/build_script_build-e30e56845201e6ac.build_script_build.950ab9dd-cgu.13.rcgu.o" "/opt/rustwide/target/debug/build/syn-e30e56845201e6ac/build_script_build-e30e56845201e6ac.build_script_build.950ab9dd-cgu.14.rcgu.o" "/opt/rustwide/target/debug/build/syn-e30e56845201e6ac/build_script_build-e30e56845201e6ac.build_script_build.950ab9dd-cgu.15.rcgu.o" "/opt/rustwide/target/debug/build/syn-e30e56845201e6ac/build_script_build-e30e56845201e6ac.build_script_build.950ab9dd-cgu.2.rcgu.o" "/opt/rustwide/target/debug/build/syn-e30e56845201e6ac/build_script_build-e30e56845201e6ac.build_script_build.950ab9dd-cgu.3.rcgu.o" "/opt/rustwide/target/debug/build/syn-e30e56845201e6ac/build_script_build-e30e56845201e6ac.build_script_build.950ab9dd-cgu.4.rcgu.o" "/opt/rustwide/target/debug/build/syn-e30e56845201e6ac/build_script_build-e30e56845201e6ac.build_script_build.950ab9dd-cgu.5.rcgu.o" "/opt/rustwide/target/debug/build/syn-e30e56845201e6ac/build_script_build-e30e56845201e6ac.build_script_build.950ab9dd-cgu.6.rcgu.o" "/opt/rustwide/target/debug/build/syn-e30e56845201e6ac/build_script_build-e30e56845201e6ac.build_script_build.950ab9dd-cgu.7.rcgu.o" "/opt/rustwide/target/debug/build/syn-e30e56845201e6ac/build_script_build-e30e56845201e6ac.build_script_build.950ab9dd-cgu.8.rcgu.o" "/opt/rustwide/target/debug/build/syn-e30e56845201e6ac/build_script_build-e30e56845201e6ac.build_script_build.950ab9dd-cgu.9.rcgu.o" "/opt/rustwide/target/debug/build/syn-e30e56845201e6ac/build_script_build-e30e56845201e6ac.5bbq3ykofond34jj.rcgu.o" "-Wl,--as-needed" "-L" "/opt/rustwide/target/debug/deps" "-L" "/opt/rustwide/rustup-home/toolchains/1.69.0-x86_64-unknown-linux-gnu/lib/rustlib/x86_64-unknown-linux-gnu/lib" "-Wl,-Bstatic" "/opt/rustwide/rustup-home/toolchains/1.69.0-x86_64-unknown-linux-gnu/lib/rustlib/x86_64-unknown-linux-gnu/lib/libstd-89bc084783fdc439.rlib" "/opt/rustwide/rustup-home/toolchains/1.69.0-x86_64-unknown-linux-gnu/lib/rustlib/x86_64-unknown-linux-gnu/lib/libpanic_unwind-8bee4b287d4367c1.rlib" "/opt/rustwide/rustup-home/toolchains/1.69.0-x86_64-unknown-linux-gnu/lib/rustlib/x86_64-unknown-linux-gnu/lib/libobject-d61707aed80694c0.rlib" "/opt/rustwide/rustup-home/toolchains/1.69.0-x86_64-unknown-linux-gnu/lib/rustlib/x86_64-unknown-linux-gnu/lib/libmemchr-d85366256f22345b.rlib" "/opt/rustwide/rustup-home/toolchains/1.69.0-x86_64-unknown-linux-gnu/lib/rustlib/x86_64-unknown-linux-gnu/lib/libaddr2line-96069b86b8a8cae9.rlib" "/opt/rustwide/rustup-home/toolchains/1.69.0-x86_64-unknown-linux-gnu/lib/rustlib/x86_64-unknown-linux-gnu/lib/libgimli-d19d53abf68dfa6c.rlib" "/opt/rustwide/rustup-home/toolchains/1.69.0-x86_64-unknown-linux-gnu/lib/rustlib/x86_64-unknown-linux-gnu/lib/librustc_demangle-787cbccd19d64ac6.rlib" "/opt/rustwide/rustup-home/toolchains/1.69.0-x86_64-unknown-linux-gnu/lib/rustlib/x86_64-unknown-linux-gnu/lib/libstd_detect-b3837a36b830e0d0.rlib" "/opt/rustwide/rustup-home/toolchains/1.69.0-x86_64-unknown-linux-gnu/lib/rustlib/x86_64-unknown-linux-gnu/lib/libhashbrown-e3deb0e7e3f04966.rlib" "/opt/rustwide/rustup-home/toolchains/1.69.0-x86_64-unknown-linux-gnu/lib/rustlib/x86_64-unknown-linux-gnu/lib/libminiz_oxide-dabbb79c9815def4.rlib" "/opt/rustwide/rustup-home/toolchains/1.69.0-x86_64-unknown-linux-gnu/lib/rustlib/x86_64-unknown-linux-gnu/lib/libadler-305b01f34c9409f2.rlib" "/opt/rustwide/rustup-home/toolchains/1.69.0-x86_64-unknown-linux-gnu/lib/rustlib/x86_64-unknown-linux-gnu/lib/librustc_std_workspace_alloc-f833521df6074e73.rlib" "/opt/rustwide/rustup-home/toolchains/1.69.0-x86_64-unknown-linux-gnu/lib/rustlib/x86_64-unknown-linux-gnu/lib/libunwind-9ac333113350d171.rlib" "/opt/rustwide/rustup-home/toolchains/1.69.0-x86_64-unknown-linux-gnu/lib/rustlib/x86_64-unknown-linux-gnu/lib/libcfg_if-1c126114322d0eee.rlib" "/opt/rustwide/rustup-home/toolchains/1.69.0-x86_64-unknown-linux-gnu/lib/rustlib/x86_64-unknown-linux-gnu/lib/liblibc-bad9164fdeeecf92.rlib" "/opt/rustwide/rustup-home/toolchains/1.69.0-x86_64-unknown-linux-gnu/lib/rustlib/x86_64-unknown-linux-gnu/lib/liballoc-f9374b1e480fa681.rlib" "/opt/rustwide/rustup-home/toolchains/1.69.0-x86_64-unknown-linux-gnu/lib/rustlib/x86_64-unknown-linux-gnu/lib/librustc_std_workspace_core-207f06e41d9603af.rlib" "/opt/rustwide/rustup-home/toolchains/1.69.0-x86_64-unknown-linux-gnu/lib/rustlib/x86_64-unknown-linux-gnu/lib/libcore-7e2768e66e984e85.rlib" "/opt/rustwide/rustup-home/toolchains/1.69.0-x86_64-unknown-linux-gnu/lib/rustlib/x86_64-unknown-linux-gnu/lib/libcompiler_builtins-957b4aff41f8cd46.rlib" "-Wl,-Bdynamic" "-lgcc_s" "-lutil" "-lrt" "-lpthread" "-lm" "-ldl" "-lc" "-Wl,--eh-frame-hdr" "-Wl,-z,noexecstack" "-L" "/opt/rustwide/rustup-home/toolchains/1.69.0-x86_64-unknown-linux-gnu/lib/rustlib/x86_64-unknown-linux-gnu/lib" "-o" "/opt/rustwide/target/debug/build/syn-e30e56845201e6ac/build_script_build-e30e56845201e6ac" "-Wl,--gc-sections" "-pie" "-Wl,-z,relro,-z,now" "-nodefaultlibs"
[INFO] [stdout]   = note: /usr/bin/ld: final link failed: No space left on device
[INFO] [stdout]           collect2: error: ld returned 1 exit status
[INFO] [stdout]           
[INFO] [stdout] 
[INFO] [stdout] 
[INFO] [stdout] error: aborting due to previous error
[INFO] [stdout] 
[INFO] [stdout] 
[INFO] [stderr] error: could not compile `syn` due to 2 previous errors
[INFO] [stderr] error: could not compile `quick-error`
[INFO] [stderr] LLVM ERROR: IO failure on output stream: No space left on device
[INFO] [stderr] LLVM ERROR: IO failure on output stream: No space left on device
[INFO] [stderr] error: could not compile `pkg-config`
[INFO] [stderr] error: could not compile `rustc-demangle`
[INFO] [stdout] error: linking with `cc` failed: exit status: 1
[INFO] [stdout]   |
[INFO] [stdout]   = note: LC_ALL="C" PATH="/opt/rustwide/rustup-home/toolchains/1.69.0-x86_64-unknown-linux-gnu/lib/rustlib/x86_64-unknown-linux-gnu/bin:/opt/rustwide/cargo-home/bin:/usr/local/sbin:/usr/local/bin:/usr/sbin:/usr/bin:/sbin:/bin" VSLANG="1033" "cc" "-m64" "/tmp/rustcOGv5Ht/symbols.o" "/opt/rustwide/target/debug/build/regex-6fff4cfcb17c6a97/build_script_build-6fff4cfcb17c6a97.build_script_build.059d9634-cgu.0.rcgu.o" "/opt/rustwide/target/debug/build/regex-6fff4cfcb17c6a97/build_script_build-6fff4cfcb17c6a97.build_script_build.059d9634-cgu.1.rcgu.o" "/opt/rustwide/target/debug/build/regex-6fff4cfcb17c6a97/build_script_build-6fff4cfcb17c6a97.build_script_build.059d9634-cgu.10.rcgu.o" "/opt/rustwide/target/debug/build/regex-6fff4cfcb17c6a97/build_script_build-6fff4cfcb17c6a97.build_script_build.059d9634-cgu.11.rcgu.o" "/opt/rustwide/target/debug/build/regex-6fff4cfcb17c6a97/build_script_build-6fff4cfcb17c6a97.build_script_build.059d9634-cgu.12.rcgu.o" "/opt/rustwide/target/debug/build/regex-6fff4cfcb17c6a97/build_script_build-6fff4cfcb17c6a97.build_script_build.059d9634-cgu.13.rcgu.o" "/opt/rustwide/target/debug/build/regex-6fff4cfcb17c6a97/build_script_build-6fff4cfcb17c6a97.build_script_build.059d9634-cgu.14.rcgu.o" "/opt/rustwide/target/debug/build/regex-6fff4cfcb17c6a97/build_script_build-6fff4cfcb17c6a97.build_script_build.059d9634-cgu.15.rcgu.o" "/opt/rustwide/target/debug/build/regex-6fff4cfcb17c6a97/build_script_build-6fff4cfcb17c6a97.build_script_build.059d9634-cgu.2.rcgu.o" "/opt/rustwide/target/debug/build/regex-6fff4cfcb17c6a97/build_script_build-6fff4cfcb17c6a97.build_script_build.059d9634-cgu.3.rcgu.o" "/opt/rustwide/target/debug/build/regex-6fff4cfcb17c6a97/build_script_build-6fff4cfcb17c6a97.build_script_build.059d9634-cgu.4.rcgu.o" "/opt/rustwide/target/debug/build/regex-6fff4cfcb17c6a97/build_script_build-6fff4cfcb17c6a97.build_script_build.059d9634-cgu.5.rcgu.o" "/opt/rustwide/target/debug/build/regex-6fff4cfcb17c6a97/build_script_build-6fff4cfcb17c6a97.build_script_build.059d9634-cgu.6.rcgu.o" "/opt/rustwide/target/debug/build/regex-6fff4cfcb17c6a97/build_script_build-6fff4cfcb17c6a97.build_script_build.059d9634-cgu.7.rcgu.o" "/opt/rustwide/target/debug/build/regex-6fff4cfcb17c6a97/build_script_build-6fff4cfcb17c6a97.build_script_build.059d9634-cgu.8.rcgu.o" "/opt/rustwide/target/debug/build/regex-6fff4cfcb17c6a97/build_script_build-6fff4cfcb17c6a97.build_script_build.059d9634-cgu.9.rcgu.o" "/opt/rustwide/target/debug/build/regex-6fff4cfcb17c6a97/build_script_build-6fff4cfcb17c6a97.2esmunrqtluresx7.rcgu.o" "-Wl,--as-needed" "-L" "/opt/rustwide/target/debug/deps" "-L" "/opt/rustwide/rustup-home/toolchains/1.69.0-x86_64-unknown-linux-gnu/lib/rustlib/x86_64-unknown-linux-gnu/lib" "-Wl,-Bstatic" "/opt/rustwide/rustup-home/toolchains/1.69.0-x86_64-unknown-linux-gnu/lib/rustlib/x86_64-unknown-linux-gnu/lib/libstd-89bc084783fdc439.rlib" "/opt/rustwide/rustup-home/toolchains/1.69.0-x86_64-unknown-linux-gnu/lib/rustlib/x86_64-unknown-linux-gnu/lib/libpanic_unwind-8bee4b287d4367c1.rlib" "/opt/rustwide/rustup-home/toolchains/1.69.0-x86_64-unknown-linux-gnu/lib/rustlib/x86_64-unknown-linux-gnu/lib/libobject-d61707aed80694c0.rlib" "/opt/rustwide/rustup-home/toolchains/1.69.0-x86_64-unknown-linux-gnu/lib/rustlib/x86_64-unknown-linux-gnu/lib/libmemchr-d85366256f22345b.rlib" "/opt/rustwide/rustup-home/toolchains/1.69.0-x86_64-unknown-linux-gnu/lib/rustlib/x86_64-unknown-linux-gnu/lib/libaddr2line-96069b86b8a8cae9.rlib" "/opt/rustwide/rustup-home/toolchains/1.69.0-x86_64-unknown-linux-gnu/lib/rustlib/x86_64-unknown-linux-gnu/lib/libgimli-d19d53abf68dfa6c.rlib" "/opt/rustwide/rustup-home/toolchains/1.69.0-x86_64-unknown-linux-gnu/lib/rustlib/x86_64-unknown-linux-gnu/lib/librustc_demangle-787cbccd19d64ac6.rlib" "/opt/rustwide/rustup-home/toolchains/1.69.0-x86_64-unknown-linux-gnu/lib/rustlib/x86_64-unknown-linux-gnu/lib/libstd_detect-b3837a36b830e0d0.rlib" "/opt/rustwide/rustup-home/toolchains/1.69.0-x86_64-unknown-linux-gnu/lib/rustlib/x86_64-unknown-linux-gnu/lib/libhashbrown-e3deb0e7e3f04966.rlib" "/opt/rustwide/rustup-home/toolchains/1.69.0-x86_64-unknown-linux-gnu/lib/rustlib/x86_64-unknown-linux-gnu/lib/libminiz_oxide-dabbb79c9815def4.rlib" "/opt/rustwide/rustup-home/toolchains/1.69.0-x86_64-unknown-linux-gnu/lib/rustlib/x86_64-unknown-linux-gnu/lib/libadler-305b01f34c9409f2.rlib" "/opt/rustwide/rustup-home/toolchains/1.69.0-x86_64-unknown-linux-gnu/lib/rustlib/x86_64-unknown-linux-gnu/lib/librustc_std_workspace_alloc-f833521df6074e73.rlib" "/opt/rustwide/rustup-home/toolchains/1.69.0-x86_64-unknown-linux-gnu/lib/rustlib/x86_64-unknown-linux-gnu/lib/libunwind-9ac333113350d171.rlib" "/opt/rustwide/rustup-home/toolchains/1.69.0-x86_64-unknown-linux-gnu/lib/rustlib/x86_64-unknown-linux-gnu/lib/libcfg_if-1c126114322d0eee.rlib" "/opt/rustwide/rustup-home/toolchains/1.69.0-x86_64-unknown-linux-gnu/lib/rustlib/x86_64-unknown-linux-gnu/lib/liblibc-bad9164fdeeecf92.rlib" "/opt/rustwide/rustup-home/toolchains/1.69.0-x86_64-unknown-linux-gnu/lib/rustlib/x86_64-unknown-linux-gnu/lib/liballoc-f9374b1e480fa681.rlib" "/opt/rustwide/rustup-home/toolchains/1.69.0-x86_64-unknown-linux-gnu/lib/rustlib/x86_64-unknown-linux-gnu/lib/librustc_std_workspace_core-207f06e41d9603af.rlib" "/opt/rustwide/rustup-home/toolchains/1.69.0-x86_64-unknown-linux-gnu/lib/rustlib/x86_64-unknown-linux-gnu/lib/libcore-7e2768e66e984e85.rlib" "/opt/rustwide/rustup-home/toolchains/1.69.0-x86_64-unknown-linux-gnu/lib/rustlib/x86_64-unknown-linux-gnu/lib/libcompiler_builtins-957b4aff41f8cd46.rlib" "-Wl,-Bdynamic" "-lgcc_s" "-lutil" "-lrt" "-lpthread" "-lm" "-ldl" "-lc" "-Wl,--eh-frame-hdr" "-Wl,-z,noexecstack" "-L" "/opt/rustwide/rustup-home/toolchains/1.69.0-x86_64-unknown-linux-gnu/lib/rustlib/x86_64-unknown-linux-gnu/lib" "-o" "/opt/rustwide/target/debug/build/regex-6fff4cfcb17c6a97/build_script_build-6fff4cfcb17c6a97" "-Wl,--gc-sections" "-pie" "-Wl,-z,relro,-z,now" "-nodefaultlibs"
[INFO] [stdout]   = note: /usr/bin/ld: final link failed: No space left on device
[INFO] [stdout]           collect2: error: ld returned 1 exit status
[INFO] [stdout]           
[INFO] [stdout] 
[INFO] [stdout] 
[INFO] [stderr] error: could not compile `regex` due to previous error
[INFO] [stderr] thread 'rustc' panicked at 'assertion failed: pos.get() <= self.position()', compiler/rustc_metadata/src/rmeta/encoder.rs:435:9
[INFO] [stderr] error: could not compile `regex-syntax`
[INFO] running `Command { std: "docker" "inspect" "5549db9fb1a94ce458061a1ff503a00cd8c92b508e484cbc4a5ea60d8c3406c1", kill_on_drop: false }`
[INFO] running `Command { std: "docker" "rm" "-f" "5549db9fb1a94ce458061a1ff503a00cd8c92b508e484cbc4a5ea60d8c3406c1", kill_on_drop: false }`
[INFO] [stdout] 5549db9fb1a94ce458061a1ff503a00cd8c92b508e484cbc4a5ea60d8c3406c1
