[INFO] cloning repository https://github.com/Sciencentistguy/minecraft-prometheus-exporter
[INFO] running `Command { std: "git" "-c" "credential.helper=" "-c" "credential.helper=/workspace/cargo-home/bin/git-credential-null" "clone" "--bare" "https://github.com/Sciencentistguy/minecraft-prometheus-exporter" "/workspace/cache/git-repos/https%3A%2F%2Fgithub.com%2FSciencentistguy%2Fminecraft-prometheus-exporter", kill_on_drop: false }`
[INFO] [stderr] Cloning into bare repository '/workspace/cache/git-repos/https%3A%2F%2Fgithub.com%2FSciencentistguy%2Fminecraft-prometheus-exporter'...
[INFO] running `Command { std: "git" "rev-parse" "HEAD", kill_on_drop: false }`
[INFO] [stdout] 6d76cf4e0db1811f10651b7bbb8f2dcc72a3c980
[INFO] testing Sciencentistguy/minecraft-prometheus-exporter against 1.69.0 for beta-1.70-1
[INFO] running `Command { std: "git" "clone" "/workspace/cache/git-repos/https%3A%2F%2Fgithub.com%2FSciencentistguy%2Fminecraft-prometheus-exporter" "/workspace/builds/worker-3-tc1/source", kill_on_drop: false }`
[INFO] [stderr] Cloning into '/workspace/builds/worker-3-tc1/source'...
[INFO] [stderr] done.
[INFO] validating manifest of git repo https://github.com/Sciencentistguy/minecraft-prometheus-exporter on toolchain 1.69.0
[INFO] running `Command { std: CARGO_HOME="/workspace/cargo-home" RUSTUP_HOME="/workspace/rustup-home" "/workspace/cargo-home/bin/cargo" "+1.69.0" "metadata" "--manifest-path" "Cargo.toml" "--no-deps", kill_on_drop: false }`
[INFO] started tweaking git repo https://github.com/Sciencentistguy/minecraft-prometheus-exporter
[INFO] finished tweaking git repo https://github.com/Sciencentistguy/minecraft-prometheus-exporter
[INFO] tweaked toml for git repo https://github.com/Sciencentistguy/minecraft-prometheus-exporter written to /workspace/builds/worker-3-tc1/source/Cargo.toml
[INFO] crate git repo https://github.com/Sciencentistguy/minecraft-prometheus-exporter already has a lockfile, it will not be regenerated
[INFO] running `Command { std: CARGO_HOME="/workspace/cargo-home" RUSTUP_HOME="/workspace/rustup-home" "/workspace/cargo-home/bin/cargo" "+1.69.0" "fetch" "--manifest-path" "Cargo.toml", kill_on_drop: false }`
[INFO] [stderr]  Downloading crates ...
[INFO] [stderr]   Downloaded err-derive v0.3.0
[INFO] [stderr]   Downloaded rcon v0.6.0
[INFO] [stderr]   Downloaded headers v0.3.5
[INFO] [stderr]   Downloaded better-panic v0.3.0
[INFO] running `Command { std: "docker" "create" "-v" "/var/lib/crater-agent-workspace/builds/worker-3-tc1/target:/opt/rustwide/target:rw,Z" "-v" "/var/lib/crater-agent-workspace/builds/worker-3-tc1/source:/opt/rustwide/workdir:ro,Z" "-v" "/var/lib/crater-agent-workspace/cargo-home:/opt/rustwide/cargo-home:ro,Z" "-v" "/var/lib/crater-agent-workspace/rustup-home:/opt/rustwide/rustup-home:ro,Z" "-e" "SOURCE_DIR=/opt/rustwide/workdir" "-e" "CARGO_TARGET_DIR=/opt/rustwide/target" "-e" "CARGO_HOME=/opt/rustwide/cargo-home" "-e" "RUSTUP_HOME=/opt/rustwide/rustup-home" "-w" "/opt/rustwide/workdir" "-m" "1610612736" "--user" "0:0" "--network" "none" "ghcr.io/rust-lang/crates-build-env/linux@sha256:97d61d7686bf65f8ecb15491ab51835e82dc9176a96a831f143a431b191fc501" "/opt/rustwide/cargo-home/bin/cargo" "+1.69.0" "metadata" "--no-deps" "--format-version=1", kill_on_drop: false }`
[INFO] [stdout] 2e0f313780024d61fe916d6ae2653e9388d99bbb6ca774f8eada41175f3e4998
[INFO] running `Command { std: "docker" "start" "-a" "2e0f313780024d61fe916d6ae2653e9388d99bbb6ca774f8eada41175f3e4998", kill_on_drop: false }`
[INFO] running `Command { std: "docker" "inspect" "2e0f313780024d61fe916d6ae2653e9388d99bbb6ca774f8eada41175f3e4998", kill_on_drop: false }`
[INFO] running `Command { std: "docker" "rm" "-f" "2e0f313780024d61fe916d6ae2653e9388d99bbb6ca774f8eada41175f3e4998", kill_on_drop: false }`
[INFO] [stdout] 2e0f313780024d61fe916d6ae2653e9388d99bbb6ca774f8eada41175f3e4998
[INFO] running `Command { std: "docker" "create" "-v" "/var/lib/crater-agent-workspace/builds/worker-3-tc1/target:/opt/rustwide/target:rw,Z" "-v" "/var/lib/crater-agent-workspace/builds/worker-3-tc1/source:/opt/rustwide/workdir:ro,Z" "-v" "/var/lib/crater-agent-workspace/cargo-home:/opt/rustwide/cargo-home:ro,Z" "-v" "/var/lib/crater-agent-workspace/rustup-home:/opt/rustwide/rustup-home:ro,Z" "-e" "SOURCE_DIR=/opt/rustwide/workdir" "-e" "CARGO_TARGET_DIR=/opt/rustwide/target" "-e" "CARGO_INCREMENTAL=0" "-e" "RUST_BACKTRACE=full" "-e" "RUSTFLAGS=--cap-lints=warn" "-e" "RUSTDOCFLAGS=--cap-lints=warn" "-e" "CARGO_HOME=/opt/rustwide/cargo-home" "-e" "RUSTUP_HOME=/opt/rustwide/rustup-home" "-w" "/opt/rustwide/workdir" "-m" "1610612736" "--user" "0:0" "--network" "none" "ghcr.io/rust-lang/crates-build-env/linux@sha256:97d61d7686bf65f8ecb15491ab51835e82dc9176a96a831f143a431b191fc501" "/opt/rustwide/cargo-home/bin/cargo" "+1.69.0" "build" "--frozen" "--message-format=json", kill_on_drop: false }`
[INFO] [stdout] 45007f4fc9cb9d8c5c4ba80c78ab1890d30a97352369157e317b6c98c20562ac
[INFO] running `Command { std: "docker" "start" "-a" "45007f4fc9cb9d8c5c4ba80c78ab1890d30a97352369157e317b6c98c20562ac", kill_on_drop: false }`
[INFO] [stderr]     Blocking waiting for file lock on package cache
[INFO] [stderr]    Compiling libc v0.2.124
[INFO] [stderr]    Compiling proc-macro2 v1.0.36
[INFO] [stderr]    Compiling unicode-xid v0.2.2
[INFO] [stderr]    Compiling cfg-if v1.0.0
[INFO] [stderr]    Compiling syn v1.0.84
[INFO] [stderr]    Compiling version_check v0.9.4
[INFO] [stderr]    Compiling autocfg v1.1.0
[INFO] [stderr]    Compiling once_cell v1.10.0
[INFO] [stderr]    Compiling memchr v2.4.1
[INFO] [stderr]    Compiling log v0.4.14
[INFO] [stderr]    Compiling bytes v1.1.0
[INFO] [stderr]    Compiling cc v1.0.72
[INFO] [stderr]    Compiling pin-project-lite v0.2.8
[INFO] [stderr]    Compiling parking_lot_core v0.9.2
[INFO] [stderr]    Compiling smallvec v1.7.0
[INFO] [stderr]    Compiling itoa v1.0.1
[INFO] [stderr]    Compiling scopeguard v1.1.0
[INFO] [stderr]    Compiling futures-core v0.3.19
[INFO] [stderr]    Compiling fnv v1.0.7
[INFO] [stderr]    Compiling lazy_static v1.4.0
[INFO] [stderr]    Compiling typenum v1.15.0
[INFO] [stderr]    Compiling futures-sink v0.3.19
[INFO] [stderr] thread 'rustc' panicked at 'assertion failed: pos.get() <= self.position()', compiler/rustc_metadata/src/rmeta/encoder.rs:435:9
[INFO] [stdout] error: linking with `cc` failed: exit status: 1
[INFO] [stdout]   |
[INFO] [stdout]   = note: LC_ALL="C" PATH="/opt/rustwide/rustup-home/toolchains/1.69.0-x86_64-unknown-linux-gnu/lib/rustlib/x86_64-unknown-linux-gnu/bin:/opt/rustwide/cargo-home/bin:/usr/local/sbin:/usr/local/bin:/usr/sbin:/usr/bin:/sbin:/bin" VSLANG="1033" "cc" "-m64" "/tmp/rustc8jJ8l8/symbols.o" "/opt/rustwide/target/debug/build/log-dc4ab2b4de2cabb2/build_script_build-dc4ab2b4de2cabb2.build_script_build.23346dc7-cgu.0.rcgu.o" "/opt/rustwide/target/debug/build/log-dc4ab2b4de2cabb2/build_script_build-dc4ab2b4de2cabb2.build_script_build.23346dc7-cgu.1.rcgu.o" "/opt/rustwide/target/debug/build/log-dc4ab2b4de2cabb2/build_script_build-dc4ab2b4de2cabb2.build_script_build.23346dc7-cgu.10.rcgu.o" "/opt/rustwide/target/debug/build/log-dc4ab2b4de2cabb2/build_script_build-dc4ab2b4de2cabb2.build_script_build.23346dc7-cgu.11.rcgu.o" "/opt/rustwide/target/debug/build/log-dc4ab2b4de2cabb2/build_script_build-dc4ab2b4de2cabb2.build_script_build.23346dc7-cgu.12.rcgu.o" "/opt/rustwide/target/debug/build/log-dc4ab2b4de2cabb2/build_script_build-dc4ab2b4de2cabb2.build_script_build.23346dc7-cgu.13.rcgu.o" "/opt/rustwide/target/debug/build/log-dc4ab2b4de2cabb2/build_script_build-dc4ab2b4de2cabb2.build_script_build.23346dc7-cgu.14.rcgu.o" "/opt/rustwide/target/debug/build/log-dc4ab2b4de2cabb2/build_script_build-dc4ab2b4de2cabb2.build_script_build.23346dc7-cgu.15.rcgu.o" "/opt/rustwide/target/debug/build/log-dc4ab2b4de2cabb2/build_script_build-dc4ab2b4de2cabb2.build_script_build.23346dc7-cgu.2.rcgu.o" "/opt/rustwide/target/debug/build/log-dc4ab2b4de2cabb2/build_script_build-dc4ab2b4de2cabb2.build_script_build.23346dc7-cgu.3.rcgu.o" "/opt/rustwide/target/debug/build/log-dc4ab2b4de2cabb2/build_script_build-dc4ab2b4de2cabb2.build_script_build.23346dc7-cgu.4.rcgu.o" "/opt/rustwide/target/debug/build/log-dc4ab2b4de2cabb2/build_script_build-dc4ab2b4de2cabb2.build_script_build.23346dc7-cgu.5.rcgu.o" "/opt/rustwide/target/debug/build/log-dc4ab2b4de2cabb2/build_script_build-dc4ab2b4de2cabb2.build_script_build.23346dc7-cgu.6.rcgu.o" "/opt/rustwide/target/debug/build/log-dc4ab2b4de2cabb2/build_script_build-dc4ab2b4de2cabb2.build_script_build.23346dc7-cgu.7.rcgu.o" "/opt/rustwide/target/debug/build/log-dc4ab2b4de2cabb2/build_script_build-dc4ab2b4de2cabb2.build_script_build.23346dc7-cgu.8.rcgu.o" "/opt/rustwide/target/debug/build/log-dc4ab2b4de2cabb2/build_script_build-dc4ab2b4de2cabb2.build_script_build.23346dc7-cgu.9.rcgu.o" "/opt/rustwide/target/debug/build/log-dc4ab2b4de2cabb2/build_script_build-dc4ab2b4de2cabb2.260nr3tqq0f3xtux.rcgu.o" "-Wl,--as-needed" "-L" "/opt/rustwide/target/debug/deps" "-L" "/opt/rustwide/rustup-home/toolchains/1.69.0-x86_64-unknown-linux-gnu/lib/rustlib/x86_64-unknown-linux-gnu/lib" "-Wl,-Bstatic" "/opt/rustwide/rustup-home/toolchains/1.69.0-x86_64-unknown-linux-gnu/lib/rustlib/x86_64-unknown-linux-gnu/lib/libstd-89bc084783fdc439.rlib" "/opt/rustwide/rustup-home/toolchains/1.69.0-x86_64-unknown-linux-gnu/lib/rustlib/x86_64-unknown-linux-gnu/lib/libpanic_unwind-8bee4b287d4367c1.rlib" "/opt/rustwide/rustup-home/toolchains/1.69.0-x86_64-unknown-linux-gnu/lib/rustlib/x86_64-unknown-linux-gnu/lib/libobject-d61707aed80694c0.rlib" "/opt/rustwide/rustup-home/toolchains/1.69.0-x86_64-unknown-linux-gnu/lib/rustlib/x86_64-unknown-linux-gnu/lib/libmemchr-d85366256f22345b.rlib" "/opt/rustwide/rustup-home/toolchains/1.69.0-x86_64-unknown-linux-gnu/lib/rustlib/x86_64-unknown-linux-gnu/lib/libaddr2line-96069b86b8a8cae9.rlib" "/opt/rustwide/rustup-home/toolchains/1.69.0-x86_64-unknown-linux-gnu/lib/rustlib/x86_64-unknown-linux-gnu/lib/libgimli-d19d53abf68dfa6c.rlib" "/opt/rustwide/rustup-home/toolchains/1.69.0-x86_64-unknown-linux-gnu/lib/rustlib/x86_64-unknown-linux-gnu/lib/librustc_demangle-787cbccd19d64ac6.rlib" "/opt/rustwide/rustup-home/toolchains/1.69.0-x86_64-unknown-linux-gnu/lib/rustlib/x86_64-unknown-linux-gnu/lib/libstd_detect-b3837a36b830e0d0.rlib" "/opt/rustwide/rustup-home/toolchains/1.69.0-x86_64-unknown-linux-gnu/lib/rustlib/x86_64-unknown-linux-gnu/lib/libhashbrown-e3deb0e7e3f04966.rlib" "/opt/rustwide/rustup-home/toolchains/1.69.0-x86_64-unknown-linux-gnu/lib/rustlib/x86_64-unknown-linux-gnu/lib/libminiz_oxide-dabbb79c9815def4.rlib" "/opt/rustwide/rustup-home/toolchains/1.69.0-x86_64-unknown-linux-gnu/lib/rustlib/x86_64-unknown-linux-gnu/lib/libadler-305b01f34c9409f2.rlib" "/opt/rustwide/rustup-home/toolchains/1.69.0-x86_64-unknown-linux-gnu/lib/rustlib/x86_64-unknown-linux-gnu/lib/librustc_std_workspace_alloc-f833521df6074e73.rlib" "/opt/rustwide/rustup-home/toolchains/1.69.0-x86_64-unknown-linux-gnu/lib/rustlib/x86_64-unknown-linux-gnu/lib/libunwind-9ac333113350d171.rlib" "/opt/rustwide/rustup-home/toolchains/1.69.0-x86_64-unknown-linux-gnu/lib/rustlib/x86_64-unknown-linux-gnu/lib/libcfg_if-1c126114322d0eee.rlib" "/opt/rustwide/rustup-home/toolchains/1.69.0-x86_64-unknown-linux-gnu/lib/rustlib/x86_64-unknown-linux-gnu/lib/liblibc-bad9164fdeeecf92.rlib" "/opt/rustwide/rustup-home/toolchains/1.69.0-x86_64-unknown-linux-gnu/lib/rustlib/x86_64-unknown-linux-gnu/lib/liballoc-f9374b1e480fa681.rlib" "/opt/rustwide/rustup-home/toolchains/1.69.0-x86_64-unknown-linux-gnu/lib/rustlib/x86_64-unknown-linux-gnu/lib/librustc_std_workspace_core-207f06e41d9603af.rlib" "/opt/rustwide/rustup-home/toolchains/1.69.0-x86_64-unknown-linux-gnu/lib/rustlib/x86_64-unknown-linux-gnu/lib/libcore-7e2768e66e984e85.rlib" "/opt/rustwide/rustup-home/toolchains/1.69.0-x86_64-unknown-linux-gnu/lib/rustlib/x86_64-unknown-linux-gnu/lib/libcompiler_builtins-957b4aff41f8cd46.rlib" "-Wl,-Bdynamic" "-lgcc_s" "-lutil" "-lrt" "-lpthread" "-lm" "-ldl" "-lc" "-Wl,--eh-frame-hdr" "-Wl,-z,noexecstack" "-L" "/opt/rustwide/rustup-home/toolchains/1.69.0-x86_64-unknown-linux-gnu/lib/rustlib/x86_64-unknown-linux-gnu/lib" "-o" "/opt/rustwide/target/debug/build/log-dc4ab2b4de2cabb2/build_script_build-dc4ab2b4de2cabb2" "-Wl,--gc-sections" "-pie" "-Wl,-z,relro,-z,now" "-nodefaultlibs"
[INFO] [stdout]   = note: /usr/bin/ld: final link failed: No space left on device
[INFO] [stdout]           collect2: error: ld returned 1 exit status
[INFO] [stdout]           
[INFO] [stdout] 
[INFO] [stdout] 
[INFO] [stdout] error: aborting due to previous error
[INFO] [stdout] 
[INFO] [stdout] 
[INFO] [stderr]    Compiling httparse v1.5.1
[INFO] [stderr] error: could not compile `log` due to 2 previous errors
[INFO] [stderr] warning: build failed, waiting for other jobs to finish...
[INFO] [stderr] error: could not compile `smallvec`
[INFO] [stdout] error: linking with `cc` failed: exit status: 1
[INFO] [stdout]   |
[INFO] [stdout]   = note: LC_ALL="C" PATH="/opt/rustwide/rustup-home/toolchains/1.69.0-x86_64-unknown-linux-gnu/lib/rustlib/x86_64-unknown-linux-gnu/bin:/opt/rustwide/cargo-home/bin:/usr/local/sbin:/usr/local/bin:/usr/sbin:/usr/bin:/sbin:/bin" VSLANG="1033" "cc" "-m64" "/tmp/rustcuiGNjF/symbols.o" "/opt/rustwide/target/debug/build/parking_lot_core-951bdcef4b487a51/build_script_build-951bdcef4b487a51.build_script_build.02bd7065-cgu.0.rcgu.o" "/opt/rustwide/target/debug/build/parking_lot_core-951bdcef4b487a51/build_script_build-951bdcef4b487a51.build_script_build.02bd7065-cgu.1.rcgu.o" "/opt/rustwide/target/debug/build/parking_lot_core-951bdcef4b487a51/build_script_build-951bdcef4b487a51.build_script_build.02bd7065-cgu.10.rcgu.o" "/opt/rustwide/target/debug/build/parking_lot_core-951bdcef4b487a51/build_script_build-951bdcef4b487a51.build_script_build.02bd7065-cgu.11.rcgu.o" "/opt/rustwide/target/debug/build/parking_lot_core-951bdcef4b487a51/build_script_build-951bdcef4b487a51.build_script_build.02bd7065-cgu.12.rcgu.o" "/opt/rustwide/target/debug/build/parking_lot_core-951bdcef4b487a51/build_script_build-951bdcef4b487a51.build_script_build.02bd7065-cgu.13.rcgu.o" "/opt/rustwide/target/debug/build/parking_lot_core-951bdcef4b487a51/build_script_build-951bdcef4b487a51.build_script_build.02bd7065-cgu.14.rcgu.o" "/opt/rustwide/target/debug/build/parking_lot_core-951bdcef4b487a51/build_script_build-951bdcef4b487a51.build_script_build.02bd7065-cgu.15.rcgu.o" "/opt/rustwide/target/debug/build/parking_lot_core-951bdcef4b487a51/build_script_build-951bdcef4b487a51.build_script_build.02bd7065-cgu.2.rcgu.o" "/opt/rustwide/target/debug/build/parking_lot_core-951bdcef4b487a51/build_script_build-951bdcef4b487a51.build_script_build.02bd7065-cgu.3.rcgu.o" "/opt/rustwide/target/debug/build/parking_lot_core-951bdcef4b487a51/build_script_build-951bdcef4b487a51.build_script_build.02bd7065-cgu.4.rcgu.o" "/opt/rustwide/target/debug/build/parking_lot_core-951bdcef4b487a51/build_script_build-951bdcef4b487a51.build_script_build.02bd7065-cgu.5.rcgu.o" "/opt/rustwide/target/debug/build/parking_lot_core-951bdcef4b487a51/build_script_build-951bdcef4b487a51.build_script_build.02bd7065-cgu.6.rcgu.o" "/opt/rustwide/target/debug/build/parking_lot_core-951bdcef4b487a51/build_script_build-951bdcef4b487a51.build_script_build.02bd7065-cgu.7.rcgu.o" "/opt/rustwide/target/debug/build/parking_lot_core-951bdcef4b487a51/build_script_build-951bdcef4b487a51.build_script_build.02bd7065-cgu.8.rcgu.o" "/opt/rustwide/target/debug/build/parking_lot_core-951bdcef4b487a51/build_script_build-951bdcef4b487a51.build_script_build.02bd7065-cgu.9.rcgu.o" "/opt/rustwide/target/debug/build/parking_lot_core-951bdcef4b487a51/build_script_build-951bdcef4b487a51.76gpvy7athz2kdi.rcgu.o" "-Wl,--as-needed" "-L" "/opt/rustwide/target/debug/deps" "-L" "/opt/rustwide/rustup-home/toolchains/1.69.0-x86_64-unknown-linux-gnu/lib/rustlib/x86_64-unknown-linux-gnu/lib" "-Wl,-Bstatic" "/opt/rustwide/rustup-home/toolchains/1.69.0-x86_64-unknown-linux-gnu/lib/rustlib/x86_64-unknown-linux-gnu/lib/libstd-89bc084783fdc439.rlib" "/opt/rustwide/rustup-home/toolchains/1.69.0-x86_64-unknown-linux-gnu/lib/rustlib/x86_64-unknown-linux-gnu/lib/libpanic_unwind-8bee4b287d4367c1.rlib" "/opt/rustwide/rustup-home/toolchains/1.69.0-x86_64-unknown-linux-gnu/lib/rustlib/x86_64-unknown-linux-gnu/lib/libobject-d61707aed80694c0.rlib" "/opt/rustwide/rustup-home/toolchains/1.69.0-x86_64-unknown-linux-gnu/lib/rustlib/x86_64-unknown-linux-gnu/lib/libmemchr-d85366256f22345b.rlib" "/opt/rustwide/rustup-home/toolchains/1.69.0-x86_64-unknown-linux-gnu/lib/rustlib/x86_64-unknown-linux-gnu/lib/libaddr2line-96069b86b8a8cae9.rlib" "/opt/rustwide/rustup-home/toolchains/1.69.0-x86_64-unknown-linux-gnu/lib/rustlib/x86_64-unknown-linux-gnu/lib/libgimli-d19d53abf68dfa6c.rlib" "/opt/rustwide/rustup-home/toolchains/1.69.0-x86_64-unknown-linux-gnu/lib/rustlib/x86_64-unknown-linux-gnu/lib/librustc_demangle-787cbccd19d64ac6.rlib" "/opt/rustwide/rustup-home/toolchains/1.69.0-x86_64-unknown-linux-gnu/lib/rustlib/x86_64-unknown-linux-gnu/lib/libstd_detect-b3837a36b830e0d0.rlib" "/opt/rustwide/rustup-home/toolchains/1.69.0-x86_64-unknown-linux-gnu/lib/rustlib/x86_64-unknown-linux-gnu/lib/libhashbrown-e3deb0e7e3f04966.rlib" "/opt/rustwide/rustup-home/toolchains/1.69.0-x86_64-unknown-linux-gnu/lib/rustlib/x86_64-unknown-linux-gnu/lib/libminiz_oxide-dabbb79c9815def4.rlib" "/opt/rustwide/rustup-home/toolchains/1.69.0-x86_64-unknown-linux-gnu/lib/rustlib/x86_64-unknown-linux-gnu/lib/libadler-305b01f34c9409f2.rlib" "/opt/rustwide/rustup-home/toolchains/1.69.0-x86_64-unknown-linux-gnu/lib/rustlib/x86_64-unknown-linux-gnu/lib/librustc_std_workspace_alloc-f833521df6074e73.rlib" "/opt/rustwide/rustup-home/toolchains/1.69.0-x86_64-unknown-linux-gnu/lib/rustlib/x86_64-unknown-linux-gnu/lib/libunwind-9ac333113350d171.rlib" "/opt/rustwide/rustup-home/toolchains/1.69.0-x86_64-unknown-linux-gnu/lib/rustlib/x86_64-unknown-linux-gnu/lib/libcfg_if-1c126114322d0eee.rlib" "/opt/rustwide/rustup-home/toolchains/1.69.0-x86_64-unknown-linux-gnu/lib/rustlib/x86_64-unknown-linux-gnu/lib/liblibc-bad9164fdeeecf92.rlib" "/opt/rustwide/rustup-home/toolchains/1.69.0-x86_64-unknown-linux-gnu/lib/rustlib/x86_64-unknown-linux-gnu/lib/liballoc-f9374b1e480fa681.rlib" "/opt/rustwide/rustup-home/toolchains/1.69.0-x86_64-unknown-linux-gnu/lib/rustlib/x86_64-unknown-linux-gnu/lib/librustc_std_workspace_core-207f06e41d9603af.rlib" "/opt/rustwide/rustup-home/toolchains/1.69.0-x86_64-unknown-linux-gnu/lib/rustlib/x86_64-unknown-linux-gnu/lib/libcore-7e2768e66e984e85.rlib" "/opt/rustwide/rustup-home/toolchains/1.69.0-x86_64-unknown-linux-gnu/lib/rustlib/x86_64-unknown-linux-gnu/lib/libcompiler_builtins-957b4aff41f8cd46.rlib" "-Wl,-Bdynamic" "-lgcc_s" "-lutil" "-lrt" "-lpthread" "-lm" "-ldl" "-lc" "-Wl,--eh-frame-hdr" "-Wl,-z,noexecstack" "-L" "/opt/rustwide/rustup-home/toolchains/1.69.0-x86_64-unknown-linux-gnu/lib/rustlib/x86_64-unknown-linux-gnu/lib" "-o" "/opt/rustwide/target/debug/build/parking_lot_core-951bdcef4b487a51/build_script_build-951bdcef4b487a51" "-Wl,--gc-sections" "-pie" "-Wl,-z,relro,-z,now" "-nodefaultlibs"
[INFO] [stdout]   = note: /usr/bin/ld: final link failed: No space left on device
[INFO] [stdout]           collect2: error: ld returned 1 exit status
[INFO] [stdout]           
[INFO] [stdout] 
[INFO] [stdout] 
[INFO] [stdout] error: aborting due to previous error
[INFO] [stdout] 
[INFO] [stdout] 
[INFO] [stderr] error: could not compile `parking_lot_core` due to 2 previous errors
[INFO] [stderr] thread 'rustc' panicked at 'assertion failed: pos.get() <= self.position()', compiler/rustc_metadata/src/rmeta/encoder.rs:435:9
[INFO] [stdout] error: failed to write /tmp/rustc8Samw4/lib.rmeta: No space left on device (os error 28)
[INFO] [stdout] 
[INFO] [stdout] 
[INFO] [stdout] error: aborting due to previous error
[INFO] [stdout] 
[INFO] [stdout] 
[INFO] [stdout] error: linking with `cc` failed: exit status: 1
[INFO] [stdout]   |
[INFO] [stdout]   = note: LC_ALL="C" PATH="/opt/rustwide/rustup-home/toolchains/1.69.0-x86_64-unknown-linux-gnu/lib/rustlib/x86_64-unknown-linux-gnu/bin:/opt/rustwide/cargo-home/bin:/usr/local/sbin:/usr/local/bin:/usr/sbin:/usr/bin:/sbin:/bin" VSLANG="1033" "cc" "-m64" "/tmp/rustcqf8KI8/symbols.o" "/opt/rustwide/target/debug/build/memchr-892f7bb4889d5e9a/build_script_build-892f7bb4889d5e9a.build_script_build.c5b6c095-cgu.0.rcgu.o" "/opt/rustwide/target/debug/build/memchr-892f7bb4889d5e9a/build_script_build-892f7bb4889d5e9a.build_script_build.c5b6c095-cgu.1.rcgu.o" "/opt/rustwide/target/debug/build/memchr-892f7bb4889d5e9a/build_script_build-892f7bb4889d5e9a.build_script_build.c5b6c095-cgu.10.rcgu.o" "/opt/rustwide/target/debug/build/memchr-892f7bb4889d5e9a/build_script_build-892f7bb4889d5e9a.build_script_build.c5b6c095-cgu.11.rcgu.o" "/opt/rustwide/target/debug/build/memchr-892f7bb4889d5e9a/build_script_build-892f7bb4889d5e9a.build_script_build.c5b6c095-cgu.12.rcgu.o" "/opt/rustwide/target/debug/build/memchr-892f7bb4889d5e9a/build_script_build-892f7bb4889d5e9a.build_script_build.c5b6c095-cgu.13.rcgu.o" "/opt/rustwide/target/debug/build/memchr-892f7bb4889d5e9a/build_script_build-892f7bb4889d5e9a.build_script_build.c5b6c095-cgu.14.rcgu.o" "/opt/rustwide/target/debug/build/memchr-892f7bb4889d5e9a/build_script_build-892f7bb4889d5e9a.build_script_build.c5b6c095-cgu.15.rcgu.o" "/opt/rustwide/target/debug/build/memchr-892f7bb4889d5e9a/build_script_build-892f7bb4889d5e9a.build_script_build.c5b6c095-cgu.2.rcgu.o" "/opt/rustwide/target/debug/build/memchr-892f7bb4889d5e9a/build_script_build-892f7bb4889d5e9a.build_script_build.c5b6c095-cgu.3.rcgu.o" "/opt/rustwide/target/debug/build/memchr-892f7bb4889d5e9a/build_script_build-892f7bb4889d5e9a.build_script_build.c5b6c095-cgu.4.rcgu.o" "/opt/rustwide/target/debug/build/memchr-892f7bb4889d5e9a/build_script_build-892f7bb4889d5e9a.build_script_build.c5b6c095-cgu.5.rcgu.o" "/opt/rustwide/target/debug/build/memchr-892f7bb4889d5e9a/build_script_build-892f7bb4889d5e9a.build_script_build.c5b6c095-cgu.6.rcgu.o" "/opt/rustwide/target/debug/build/memchr-892f7bb4889d5e9a/build_script_build-892f7bb4889d5e9a.build_script_build.c5b6c095-cgu.7.rcgu.o" "/opt/rustwide/target/debug/build/memchr-892f7bb4889d5e9a/build_script_build-892f7bb4889d5e9a.build_script_build.c5b6c095-cgu.8.rcgu.o" "/opt/rustwide/target/debug/build/memchr-892f7bb4889d5e9a/build_script_build-892f7bb4889d5e9a.build_script_build.c5b6c095-cgu.9.rcgu.o" "/opt/rustwide/target/debug/build/memchr-892f7bb4889d5e9a/build_script_build-892f7bb4889d5e9a.4pygkwe5rhrr3bwk.rcgu.o" "-Wl,--as-needed" "-L" "/opt/rustwide/target/debug/deps" "-L" "/opt/rustwide/rustup-home/toolchains/1.69.0-x86_64-unknown-linux-gnu/lib/rustlib/x86_64-unknown-linux-gnu/lib" "-Wl,-Bstatic" "/opt/rustwide/rustup-home/toolchains/1.69.0-x86_64-unknown-linux-gnu/lib/rustlib/x86_64-unknown-linux-gnu/lib/libstd-89bc084783fdc439.rlib" "/opt/rustwide/rustup-home/toolchains/1.69.0-x86_64-unknown-linux-gnu/lib/rustlib/x86_64-unknown-linux-gnu/lib/libpanic_unwind-8bee4b287d4367c1.rlib" "/opt/rustwide/rustup-home/toolchains/1.69.0-x86_64-unknown-linux-gnu/lib/rustlib/x86_64-unknown-linux-gnu/lib/libobject-d61707aed80694c0.rlib" "/opt/rustwide/rustup-home/toolchains/1.69.0-x86_64-unknown-linux-gnu/lib/rustlib/x86_64-unknown-linux-gnu/lib/libmemchr-d85366256f22345b.rlib" "/opt/rustwide/rustup-home/toolchains/1.69.0-x86_64-unknown-linux-gnu/lib/rustlib/x86_64-unknown-linux-gnu/lib/libaddr2line-96069b86b8a8cae9.rlib" "/opt/rustwide/rustup-home/toolchains/1.69.0-x86_64-unknown-linux-gnu/lib/rustlib/x86_64-unknown-linux-gnu/lib/libgimli-d19d53abf68dfa6c.rlib" "/opt/rustwide/rustup-home/toolchains/1.69.0-x86_64-unknown-linux-gnu/lib/rustlib/x86_64-unknown-linux-gnu/lib/librustc_demangle-787cbccd19d64ac6.rlib" "/opt/rustwide/rustup-home/toolchains/1.69.0-x86_64-unknown-linux-gnu/lib/rustlib/x86_64-unknown-linux-gnu/lib/libstd_detect-b3837a36b830e0d0.rlib" "/opt/rustwide/rustup-home/toolchains/1.69.0-x86_64-unknown-linux-gnu/lib/rustlib/x86_64-unknown-linux-gnu/lib/libhashbrown-e3deb0e7e3f04966.rlib" "/opt/rustwide/rustup-home/toolchains/1.69.0-x86_64-unknown-linux-gnu/lib/rustlib/x86_64-unknown-linux-gnu/lib/libminiz_oxide-dabbb79c9815def4.rlib" "/opt/rustwide/rustup-home/toolchains/1.69.0-x86_64-unknown-linux-gnu/lib/rustlib/x86_64-unknown-linux-gnu/lib/libadler-305b01f34c9409f2.rlib" "/opt/rustwide/rustup-home/toolchains/1.69.0-x86_64-unknown-linux-gnu/lib/rustlib/x86_64-unknown-linux-gnu/lib/librustc_std_workspace_alloc-f833521df6074e73.rlib" "/opt/rustwide/rustup-home/toolchains/1.69.0-x86_64-unknown-linux-gnu/lib/rustlib/x86_64-unknown-linux-gnu/lib/libunwind-9ac333113350d171.rlib" "/opt/rustwide/rustup-home/toolchains/1.69.0-x86_64-unknown-linux-gnu/lib/rustlib/x86_64-unknown-linux-gnu/lib/libcfg_if-1c126114322d0eee.rlib" "/opt/rustwide/rustup-home/toolchains/1.69.0-x86_64-unknown-linux-gnu/lib/rustlib/x86_64-unknown-linux-gnu/lib/liblibc-bad9164fdeeecf92.rlib" "/opt/rustwide/rustup-home/toolchains/1.69.0-x86_64-unknown-linux-gnu/lib/rustlib/x86_64-unknown-linux-gnu/lib/liballoc-f9374b1e480fa681.rlib" "/opt/rustwide/rustup-home/toolchains/1.69.0-x86_64-unknown-linux-gnu/lib/rustlib/x86_64-unknown-linux-gnu/lib/librustc_std_workspace_core-207f06e41d9603af.rlib" "/opt/rustwide/rustup-home/toolchains/1.69.0-x86_64-unknown-linux-gnu/lib/rustlib/x86_64-unknown-linux-gnu/lib/libcore-7e2768e66e984e85.rlib" "/opt/rustwide/rustup-home/toolchains/1.69.0-x86_64-unknown-linux-gnu/lib/rustlib/x86_64-unknown-linux-gnu/lib/libcompiler_builtins-957b4aff41f8cd46.rlib" "-Wl,-Bdynamic" "-lgcc_s" "-lutil" "-lrt" "-lpthread" "-lm" "-ldl" "-lc" "-Wl,--eh-frame-hdr" "-Wl,-z,noexecstack" "-L" "/opt/rustwide/rustup-home/toolchains/1.69.0-x86_64-unknown-linux-gnu/lib/rustlib/x86_64-unknown-linux-gnu/lib" "-o" "/opt/rustwide/target/debug/build/memchr-892f7bb4889d5e9a/build_script_build-892f7bb4889d5e9a" "-Wl,--gc-sections" "-pie" "-Wl,-z,relro,-z,now" "-nodefaultlibs"
[INFO] [stdout]   = note: /usr/bin/ld: final link failed: No space left on device
[INFO] [stdout]           collect2: error: ld returned 1 exit status
[INFO] [stdout]           
[INFO] [stdout] 
[INFO] [stdout] 
[INFO] [stdout] error: aborting due to previous error
[INFO] [stdout] 
[INFO] [stdout] 
[INFO] [stdout] error: linking with `cc` failed: exit status: 1
[INFO] [stdout]   |
[INFO] [stdout]   = note: LC_ALL="C" PATH="/opt/rustwide/rustup-home/toolchains/1.69.0-x86_64-unknown-linux-gnu/lib/rustlib/x86_64-unknown-linux-gnu/bin:/opt/rustwide/cargo-home/bin:/usr/local/sbin:/usr/local/bin:/usr/sbin:/usr/bin:/sbin:/bin" VSLANG="1033" "cc" "-m64" "/tmp/rustcOCOkPK/symbols.o" "/opt/rustwide/target/debug/build/syn-89e1164014d4517e/build_script_build-89e1164014d4517e.build_script_build.246fcfb7-cgu.0.rcgu.o" "/opt/rustwide/target/debug/build/syn-89e1164014d4517e/build_script_build-89e1164014d4517e.build_script_build.246fcfb7-cgu.1.rcgu.o" "/opt/rustwide/target/debug/build/syn-89e1164014d4517e/build_script_build-89e1164014d4517e.build_script_build.246fcfb7-cgu.10.rcgu.o" "/opt/rustwide/target/debug/build/syn-89e1164014d4517e/build_script_build-89e1164014d4517e.build_script_build.246fcfb7-cgu.11.rcgu.o" "/opt/rustwide/target/debug/build/syn-89e1164014d4517e/build_script_build-89e1164014d4517e.build_script_build.246fcfb7-cgu.12.rcgu.o" "/opt/rustwide/target/debug/build/syn-89e1164014d4517e/build_script_build-89e1164014d4517e.build_script_build.246fcfb7-cgu.13.rcgu.o" "/opt/rustwide/target/debug/build/syn-89e1164014d4517e/build_script_build-89e1164014d4517e.build_script_build.246fcfb7-cgu.14.rcgu.o" "/opt/rustwide/target/debug/build/syn-89e1164014d4517e/build_script_build-89e1164014d4517e.build_script_build.246fcfb7-cgu.15.rcgu.o" "/opt/rustwide/target/debug/build/syn-89e1164014d4517e/build_script_build-89e1164014d4517e.build_script_build.246fcfb7-cgu.2.rcgu.o" "/opt/rustwide/target/debug/build/syn-89e1164014d4517e/build_script_build-89e1164014d4517e.build_script_build.246fcfb7-cgu.3.rcgu.o" "/opt/rustwide/target/debug/build/syn-89e1164014d4517e/build_script_build-89e1164014d4517e.build_script_build.246fcfb7-cgu.4.rcgu.o" "/opt/rustwide/target/debug/build/syn-89e1164014d4517e/build_script_build-89e1164014d4517e.build_script_build.246fcfb7-cgu.5.rcgu.o" "/opt/rustwide/target/debug/build/syn-89e1164014d4517e/build_script_build-89e1164014d4517e.build_script_build.246fcfb7-cgu.6.rcgu.o" "/opt/rustwide/target/debug/build/syn-89e1164014d4517e/build_script_build-89e1164014d4517e.build_script_build.246fcfb7-cgu.7.rcgu.o" "/opt/rustwide/target/debug/build/syn-89e1164014d4517e/build_script_build-89e1164014d4517e.build_script_build.246fcfb7-cgu.8.rcgu.o" "/opt/rustwide/target/debug/build/syn-89e1164014d4517e/build_script_build-89e1164014d4517e.build_script_build.246fcfb7-cgu.9.rcgu.o" "/opt/rustwide/target/debug/build/syn-89e1164014d4517e/build_script_build-89e1164014d4517e.3ywb8y94s794vxcg.rcgu.o" "-Wl,--as-needed" "-L" "/opt/rustwide/target/debug/deps" "-L" "/opt/rustwide/rustup-home/toolchains/1.69.0-x86_64-unknown-linux-gnu/lib/rustlib/x86_64-unknown-linux-gnu/lib" "-Wl,-Bstatic" "/opt/rustwide/rustup-home/toolchains/1.69.0-x86_64-unknown-linux-gnu/lib/rustlib/x86_64-unknown-linux-gnu/lib/libstd-89bc084783fdc439.rlib" "/opt/rustwide/rustup-home/toolchains/1.69.0-x86_64-unknown-linux-gnu/lib/rustlib/x86_64-unknown-linux-gnu/lib/libpanic_unwind-8bee4b287d4367c1.rlib" "/opt/rustwide/rustup-home/toolchains/1.69.0-x86_64-unknown-linux-gnu/lib/rustlib/x86_64-unknown-linux-gnu/lib/libobject-d61707aed80694c0.rlib" "/opt/rustwide/rustup-home/toolchains/1.69.0-x86_64-unknown-linux-gnu/lib/rustlib/x86_64-unknown-linux-gnu/lib/libmemchr-d85366256f22345b.rlib" "/opt/rustwide/rustup-home/toolchains/1.69.0-x86_64-unknown-linux-gnu/lib/rustlib/x86_64-unknown-linux-gnu/lib/libaddr2line-96069b86b8a8cae9.rlib" "/opt/rustwide/rustup-home/toolchains/1.69.0-x86_64-unknown-linux-gnu/lib/rustlib/x86_64-unknown-linux-gnu/lib/libgimli-d19d53abf68dfa6c.rlib" "/opt/rustwide/rustup-home/toolchains/1.69.0-x86_64-unknown-linux-gnu/lib/rustlib/x86_64-unknown-linux-gnu/lib/librustc_demangle-787cbccd19d64ac6.rlib" "/opt/rustwide/rustup-home/toolchains/1.69.0-x86_64-unknown-linux-gnu/lib/rustlib/x86_64-unknown-linux-gnu/lib/libstd_detect-b3837a36b830e0d0.rlib" "/opt/rustwide/rustup-home/toolchains/1.69.0-x86_64-unknown-linux-gnu/lib/rustlib/x86_64-unknown-linux-gnu/lib/libhashbrown-e3deb0e7e3f04966.rlib" "/opt/rustwide/rustup-home/toolchains/1.69.0-x86_64-unknown-linux-gnu/lib/rustlib/x86_64-unknown-linux-gnu/lib/libminiz_oxide-dabbb79c9815def4.rlib" "/opt/rustwide/rustup-home/toolchains/1.69.0-x86_64-unknown-linux-gnu/lib/rustlib/x86_64-unknown-linux-gnu/lib/libadler-305b01f34c9409f2.rlib" "/opt/rustwide/rustup-home/toolchains/1.69.0-x86_64-unknown-linux-gnu/lib/rustlib/x86_64-unknown-linux-gnu/lib/librustc_std_workspace_alloc-f833521df6074e73.rlib" "/opt/rustwide/rustup-home/toolchains/1.69.0-x86_64-unknown-linux-gnu/lib/rustlib/x86_64-unknown-linux-gnu/lib/libunwind-9ac333113350d171.rlib" "/opt/rustwide/rustup-home/toolchains/1.69.0-x86_64-unknown-linux-gnu/lib/rustlib/x86_64-unknown-linux-gnu/lib/libcfg_if-1c126114322d0eee.rlib" "/opt/rustwide/rustup-home/toolchains/1.69.0-x86_64-unknown-linux-gnu/lib/rustlib/x86_64-unknown-linux-gnu/lib/liblibc-bad9164fdeeecf92.rlib" "/opt/rustwide/rustup-home/toolchains/1.69.0-x86_64-unknown-linux-gnu/lib/rustlib/x86_64-unknown-linux-gnu/lib/liballoc-f9374b1e480fa681.rlib" "/opt/rustwide/rustup-home/toolchains/1.69.0-x86_64-unknown-linux-gnu/lib/rustlib/x86_64-unknown-linux-gnu/lib/librustc_std_workspace_core-207f06e41d9603af.rlib" "/opt/rustwide/rustup-home/toolchains/1.69.0-x86_64-unknown-linux-gnu/lib/rustlib/x86_64-unknown-linux-gnu/lib/libcore-7e2768e66e984e85.rlib" "/opt/rustwide/rustup-home/toolchains/1.69.0-x86_64-unknown-linux-gnu/lib/rustlib/x86_64-unknown-linux-gnu/lib/libcompiler_builtins-957b4aff41f8cd46.rlib" "-Wl,-Bdynamic" "-lgcc_s" "-lutil" "-lrt" "-lpthread" "-lm" "-ldl" "-lc" "-Wl,--eh-frame-hdr" "-Wl,-z,noexecstack" "-L" "/opt/rustwide/rustup-home/toolchains/1.69.0-x86_64-unknown-linux-gnu/lib/rustlib/x86_64-unknown-linux-gnu/lib" "-o" "/opt/rustwide/target/debug/build/syn-89e1164014d4517e/build_script_build-89e1164014d4517e" "-Wl,--gc-sections" "-pie" "-Wl,-z,relro,-z,now" "-nodefaultlibs"
[INFO] [stdout]   = note: /usr/bin/ld: final link failed: No space left on device
[INFO] [stdout]           collect2: error: ld returned 1 exit status
[INFO] [stdout]           
[INFO] [stdout] 
[INFO] [stdout] 
[INFO] [stdout] error: aborting due to previous error
[INFO] [stdout] 
[INFO] [stdout] 
[INFO] [stderr] error: could not compile `version_check` due to 2 previous errors
[INFO] [stderr] error: could not compile `memchr` due to 2 previous errors
[INFO] [stderr] error: could not compile `syn` due to 2 previous errors
[INFO] [stdout] error: linking with `cc` failed: exit status: 1
[INFO] [stdout]   |
[INFO] [stdout]   = note: LC_ALL="C" PATH="/opt/rustwide/rustup-home/toolchains/1.69.0-x86_64-unknown-linux-gnu/lib/rustlib/x86_64-unknown-linux-gnu/bin:/opt/rustwide/cargo-home/bin:/usr/local/sbin:/usr/local/bin:/usr/sbin:/usr/bin:/sbin:/bin" VSLANG="1033" "cc" "-m64" "/tmp/rustcXylk6C/symbols.o" "/opt/rustwide/target/debug/build/futures-core-f26a034f50cb8e9f/build_script_build-f26a034f50cb8e9f.build_script_build.3850de18-cgu.0.rcgu.o" "/opt/rustwide/target/debug/build/futures-core-f26a034f50cb8e9f/build_script_build-f26a034f50cb8e9f.build_script_build.3850de18-cgu.1.rcgu.o" "/opt/rustwide/target/debug/build/futures-core-f26a034f50cb8e9f/build_script_build-f26a034f50cb8e9f.build_script_build.3850de18-cgu.10.rcgu.o" "/opt/rustwide/target/debug/build/futures-core-f26a034f50cb8e9f/build_script_build-f26a034f50cb8e9f.build_script_build.3850de18-cgu.11.rcgu.o" "/opt/rustwide/target/debug/build/futures-core-f26a034f50cb8e9f/build_script_build-f26a034f50cb8e9f.build_script_build.3850de18-cgu.12.rcgu.o" "/opt/rustwide/target/debug/build/futures-core-f26a034f50cb8e9f/build_script_build-f26a034f50cb8e9f.build_script_build.3850de18-cgu.13.rcgu.o" "/opt/rustwide/target/debug/build/futures-core-f26a034f50cb8e9f/build_script_build-f26a034f50cb8e9f.build_script_build.3850de18-cgu.14.rcgu.o" "/opt/rustwide/target/debug/build/futures-core-f26a034f50cb8e9f/build_script_build-f26a034f50cb8e9f.build_script_build.3850de18-cgu.15.rcgu.o" "/opt/rustwide/target/debug/build/futures-core-f26a034f50cb8e9f/build_script_build-f26a034f50cb8e9f.build_script_build.3850de18-cgu.2.rcgu.o" "/opt/rustwide/target/debug/build/futures-core-f26a034f50cb8e9f/build_script_build-f26a034f50cb8e9f.build_script_build.3850de18-cgu.3.rcgu.o" "/opt/rustwide/target/debug/build/futures-core-f26a034f50cb8e9f/build_script_build-f26a034f50cb8e9f.build_script_build.3850de18-cgu.4.rcgu.o" "/opt/rustwide/target/debug/build/futures-core-f26a034f50cb8e9f/build_script_build-f26a034f50cb8e9f.build_script_build.3850de18-cgu.5.rcgu.o" "/opt/rustwide/target/debug/build/futures-core-f26a034f50cb8e9f/build_script_build-f26a034f50cb8e9f.build_script_build.3850de18-cgu.6.rcgu.o" "/opt/rustwide/target/debug/build/futures-core-f26a034f50cb8e9f/build_script_build-f26a034f50cb8e9f.build_script_build.3850de18-cgu.7.rcgu.o" "/opt/rustwide/target/debug/build/futures-core-f26a034f50cb8e9f/build_script_build-f26a034f50cb8e9f.build_script_build.3850de18-cgu.8.rcgu.o" "/opt/rustwide/target/debug/build/futures-core-f26a034f50cb8e9f/build_script_build-f26a034f50cb8e9f.build_script_build.3850de18-cgu.9.rcgu.o" "/opt/rustwide/target/debug/build/futures-core-f26a034f50cb8e9f/build_script_build-f26a034f50cb8e9f.59qy0b824zs8ztjj.rcgu.o" "-Wl,--as-needed" "-L" "/opt/rustwide/target/debug/deps" "-L" "/opt/rustwide/rustup-home/toolchains/1.69.0-x86_64-unknown-linux-gnu/lib/rustlib/x86_64-unknown-linux-gnu/lib" "-Wl,-Bstatic" "/opt/rustwide/rustup-home/toolchains/1.69.0-x86_64-unknown-linux-gnu/lib/rustlib/x86_64-unknown-linux-gnu/lib/libstd-89bc084783fdc439.rlib" "/opt/rustwide/rustup-home/toolchains/1.69.0-x86_64-unknown-linux-gnu/lib/rustlib/x86_64-unknown-linux-gnu/lib/libpanic_unwind-8bee4b287d4367c1.rlib" "/opt/rustwide/rustup-home/toolchains/1.69.0-x86_64-unknown-linux-gnu/lib/rustlib/x86_64-unknown-linux-gnu/lib/libobject-d61707aed80694c0.rlib" "/opt/rustwide/rustup-home/toolchains/1.69.0-x86_64-unknown-linux-gnu/lib/rustlib/x86_64-unknown-linux-gnu/lib/libmemchr-d85366256f22345b.rlib" "/opt/rustwide/rustup-home/toolchains/1.69.0-x86_64-unknown-linux-gnu/lib/rustlib/x86_64-unknown-linux-gnu/lib/libaddr2line-96069b86b8a8cae9.rlib" "/opt/rustwide/rustup-home/toolchains/1.69.0-x86_64-unknown-linux-gnu/lib/rustlib/x86_64-unknown-linux-gnu/lib/libgimli-d19d53abf68dfa6c.rlib" "/opt/rustwide/rustup-home/toolchains/1.69.0-x86_64-unknown-linux-gnu/lib/rustlib/x86_64-unknown-linux-gnu/lib/librustc_demangle-787cbccd19d64ac6.rlib" "/opt/rustwide/rustup-home/toolchains/1.69.0-x86_64-unknown-linux-gnu/lib/rustlib/x86_64-unknown-linux-gnu/lib/libstd_detect-b3837a36b830e0d0.rlib" "/opt/rustwide/rustup-home/toolchains/1.69.0-x86_64-unknown-linux-gnu/lib/rustlib/x86_64-unknown-linux-gnu/lib/libhashbrown-e3deb0e7e3f04966.rlib" "/opt/rustwide/rustup-home/toolchains/1.69.0-x86_64-unknown-linux-gnu/lib/rustlib/x86_64-unknown-linux-gnu/lib/libminiz_oxide-dabbb79c9815def4.rlib" "/opt/rustwide/rustup-home/toolchains/1.69.0-x86_64-unknown-linux-gnu/lib/rustlib/x86_64-unknown-linux-gnu/lib/libadler-305b01f34c9409f2.rlib" "/opt/rustwide/rustup-home/toolchains/1.69.0-x86_64-unknown-linux-gnu/lib/rustlib/x86_64-unknown-linux-gnu/lib/librustc_std_workspace_alloc-f833521df6074e73.rlib" "/opt/rustwide/rustup-home/toolchains/1.69.0-x86_64-unknown-linux-gnu/lib/rustlib/x86_64-unknown-linux-gnu/lib/libunwind-9ac333113350d171.rlib" "/opt/rustwide/rustup-home/toolchains/1.69.0-x86_64-unknown-linux-gnu/lib/rustlib/x86_64-unknown-linux-gnu/lib/libcfg_if-1c126114322d0eee.rlib" "/opt/rustwide/rustup-home/toolchains/1.69.0-x86_64-unknown-linux-gnu/lib/rustlib/x86_64-unknown-linux-gnu/lib/liblibc-bad9164fdeeecf92.rlib" "/opt/rustwide/rustup-home/toolchains/1.69.0-x86_64-unknown-linux-gnu/lib/rustlib/x86_64-unknown-linux-gnu/lib/liballoc-f9374b1e480fa681.rlib" "/opt/rustwide/rustup-home/toolchains/1.69.0-x86_64-unknown-linux-gnu/lib/rustlib/x86_64-unknown-linux-gnu/lib/librustc_std_workspace_core-207f06e41d9603af.rlib" "/opt/rustwide/rustup-home/toolchains/1.69.0-x86_64-unknown-linux-gnu/lib/rustlib/x86_64-unknown-linux-gnu/lib/libcore-7e2768e66e984e85.rlib" "/opt/rustwide/rustup-home/toolchains/1.69.0-x86_64-unknown-linux-gnu/lib/rustlib/x86_64-unknown-linux-gnu/lib/libcompiler_builtins-957b4aff41f8cd46.rlib" "-Wl,-Bdynamic" "-lgcc_s" "-lutil" "-lrt" "-lpthread" "-lm" "-ldl" "-lc" "-Wl,--eh-frame-hdr" "-Wl,-z,noexecstack" "-L" "/opt/rustwide/rustup-home/toolchains/1.69.0-x86_64-unknown-linux-gnu/lib/rustlib/x86_64-unknown-linux-gnu/lib" "-o" "/opt/rustwide/target/debug/build/futures-core-f26a034f50cb8e9f/build_script_build-f26a034f50cb8e9f" "-Wl,--gc-sections" "-pie" "-Wl,-z,relro,-z,now" "-nodefaultlibs"
[INFO] [stdout]   = note: /usr/bin/ld: final link failed: No space left on device
[INFO] [stdout]           collect2: error: ld returned 1 exit status
[INFO] [stdout]           
[INFO] [stdout] 
[INFO] [stdout] 
[INFO] [stdout] error: aborting due to previous error
[INFO] [stdout] 
[INFO] [stdout] 
[INFO] [stderr] error: could not compile `futures-core` due to 2 previous errors
[INFO] [stdout] error: couldn't create a temp dir: No space left on device (os error 28) at path "/opt/rustwide/target/debug/deps/rmeta8c0Q97"
[INFO] [stdout] 
[INFO] [stdout] 
[INFO] [stderr] error: could not compile `cc`
[INFO] [stdout] error: linking with `cc` failed: exit status: 1
[INFO] [stdout]   |
[INFO] [stdout]   = note: LC_ALL="C" PATH="/opt/rustwide/rustup-home/toolchains/1.69.0-x86_64-unknown-linux-gnu/lib/rustlib/x86_64-unknown-linux-gnu/bin:/opt/rustwide/cargo-home/bin:/usr/local/sbin:/usr/local/bin:/usr/sbin:/usr/bin:/sbin:/bin" VSLANG="1033" "cc" "-m64" "/tmp/rustcAHC3Uc/symbols.o" "/opt/rustwide/target/debug/build/libc-2118587f2a0744da/build_script_build-2118587f2a0744da.build_script_build.2aef289f-cgu.0.rcgu.o" "/opt/rustwide/target/debug/build/libc-2118587f2a0744da/build_script_build-2118587f2a0744da.build_script_build.2aef289f-cgu.1.rcgu.o" "/opt/rustwide/target/debug/build/libc-2118587f2a0744da/build_script_build-2118587f2a0744da.build_script_build.2aef289f-cgu.10.rcgu.o" "/opt/rustwide/target/debug/build/libc-2118587f2a0744da/build_script_build-2118587f2a0744da.build_script_build.2aef289f-cgu.11.rcgu.o" "/opt/rustwide/target/debug/build/libc-2118587f2a0744da/build_script_build-2118587f2a0744da.build_script_build.2aef289f-cgu.12.rcgu.o" "/opt/rustwide/target/debug/build/libc-2118587f2a0744da/build_script_build-2118587f2a0744da.build_script_build.2aef289f-cgu.13.rcgu.o" "/opt/rustwide/target/debug/build/libc-2118587f2a0744da/build_script_build-2118587f2a0744da.build_script_build.2aef289f-cgu.14.rcgu.o" "/opt/rustwide/target/debug/build/libc-2118587f2a0744da/build_script_build-2118587f2a0744da.build_script_build.2aef289f-cgu.15.rcgu.o" "/opt/rustwide/target/debug/build/libc-2118587f2a0744da/build_script_build-2118587f2a0744da.build_script_build.2aef289f-cgu.2.rcgu.o" "/opt/rustwide/target/debug/build/libc-2118587f2a0744da/build_script_build-2118587f2a0744da.build_script_build.2aef289f-cgu.3.rcgu.o" "/opt/rustwide/target/debug/build/libc-2118587f2a0744da/build_script_build-2118587f2a0744da.build_script_build.2aef289f-cgu.4.rcgu.o" "/opt/rustwide/target/debug/build/libc-2118587f2a0744da/build_script_build-2118587f2a0744da.build_script_build.2aef289f-cgu.5.rcgu.o" "/opt/rustwide/target/debug/build/libc-2118587f2a0744da/build_script_build-2118587f2a0744da.build_script_build.2aef289f-cgu.6.rcgu.o" "/opt/rustwide/target/debug/build/libc-2118587f2a0744da/build_script_build-2118587f2a0744da.build_script_build.2aef289f-cgu.7.rcgu.o" "/opt/rustwide/target/debug/build/libc-2118587f2a0744da/build_script_build-2118587f2a0744da.build_script_build.2aef289f-cgu.8.rcgu.o" "/opt/rustwide/target/debug/build/libc-2118587f2a0744da/build_script_build-2118587f2a0744da.build_script_build.2aef289f-cgu.9.rcgu.o" "/opt/rustwide/target/debug/build/libc-2118587f2a0744da/build_script_build-2118587f2a0744da.orjam6mji8e9yfq.rcgu.o" "-Wl,--as-needed" "-L" "/opt/rustwide/target/debug/deps" "-L" "/opt/rustwide/rustup-home/toolchains/1.69.0-x86_64-unknown-linux-gnu/lib/rustlib/x86_64-unknown-linux-gnu/lib" "-Wl,-Bstatic" "/opt/rustwide/rustup-home/toolchains/1.69.0-x86_64-unknown-linux-gnu/lib/rustlib/x86_64-unknown-linux-gnu/lib/libstd-89bc084783fdc439.rlib" "/opt/rustwide/rustup-home/toolchains/1.69.0-x86_64-unknown-linux-gnu/lib/rustlib/x86_64-unknown-linux-gnu/lib/libpanic_unwind-8bee4b287d4367c1.rlib" "/opt/rustwide/rustup-home/toolchains/1.69.0-x86_64-unknown-linux-gnu/lib/rustlib/x86_64-unknown-linux-gnu/lib/libobject-d61707aed80694c0.rlib" "/opt/rustwide/rustup-home/toolchains/1.69.0-x86_64-unknown-linux-gnu/lib/rustlib/x86_64-unknown-linux-gnu/lib/libmemchr-d85366256f22345b.rlib" "/opt/rustwide/rustup-home/toolchains/1.69.0-x86_64-unknown-linux-gnu/lib/rustlib/x86_64-unknown-linux-gnu/lib/libaddr2line-96069b86b8a8cae9.rlib" "/opt/rustwide/rustup-home/toolchains/1.69.0-x86_64-unknown-linux-gnu/lib/rustlib/x86_64-unknown-linux-gnu/lib/libgimli-d19d53abf68dfa6c.rlib" "/opt/rustwide/rustup-home/toolchains/1.69.0-x86_64-unknown-linux-gnu/lib/rustlib/x86_64-unknown-linux-gnu/lib/librustc_demangle-787cbccd19d64ac6.rlib" "/opt/rustwide/rustup-home/toolchains/1.69.0-x86_64-unknown-linux-gnu/lib/rustlib/x86_64-unknown-linux-gnu/lib/libstd_detect-b3837a36b830e0d0.rlib" "/opt/rustwide/rustup-home/toolchains/1.69.0-x86_64-unknown-linux-gnu/lib/rustlib/x86_64-unknown-linux-gnu/lib/libhashbrown-e3deb0e7e3f04966.rlib" "/opt/rustwide/rustup-home/toolchains/1.69.0-x86_64-unknown-linux-gnu/lib/rustlib/x86_64-unknown-linux-gnu/lib/libminiz_oxide-dabbb79c9815def4.rlib" "/opt/rustwide/rustup-home/toolchains/1.69.0-x86_64-unknown-linux-gnu/lib/rustlib/x86_64-unknown-linux-gnu/lib/libadler-305b01f34c9409f2.rlib" "/opt/rustwide/rustup-home/toolchains/1.69.0-x86_64-unknown-linux-gnu/lib/rustlib/x86_64-unknown-linux-gnu/lib/librustc_std_workspace_alloc-f833521df6074e73.rlib" "/opt/rustwide/rustup-home/toolchains/1.69.0-x86_64-unknown-linux-gnu/lib/rustlib/x86_64-unknown-linux-gnu/lib/libunwind-9ac333113350d171.rlib" "/opt/rustwide/rustup-home/toolchains/1.69.0-x86_64-unknown-linux-gnu/lib/rustlib/x86_64-unknown-linux-gnu/lib/libcfg_if-1c126114322d0eee.rlib" "/opt/rustwide/rustup-home/toolchains/1.69.0-x86_64-unknown-linux-gnu/lib/rustlib/x86_64-unknown-linux-gnu/lib/liblibc-bad9164fdeeecf92.rlib" "/opt/rustwide/rustup-home/toolchains/1.69.0-x86_64-unknown-linux-gnu/lib/rustlib/x86_64-unknown-linux-gnu/lib/liballoc-f9374b1e480fa681.rlib" "/opt/rustwide/rustup-home/toolchains/1.69.0-x86_64-unknown-linux-gnu/lib/rustlib/x86_64-unknown-linux-gnu/lib/librustc_std_workspace_core-207f06e41d9603af.rlib" "/opt/rustwide/rustup-home/toolchains/1.69.0-x86_64-unknown-linux-gnu/lib/rustlib/x86_64-unknown-linux-gnu/lib/libcore-7e2768e66e984e85.rlib" "/opt/rustwide/rustup-home/toolchains/1.69.0-x86_64-unknown-linux-gnu/lib/rustlib/x86_64-unknown-linux-gnu/lib/libcompiler_builtins-957b4aff41f8cd46.rlib" "-Wl,-Bdynamic" "-lgcc_s" "-lutil" "-lrt" "-lpthread" "-lm" "-ldl" "-lc" "-Wl,--eh-frame-hdr" "-Wl,-z,noexecstack" "-L" "/opt/rustwide/rustup-home/toolchains/1.69.0-x86_64-unknown-linux-gnu/lib/rustlib/x86_64-unknown-linux-gnu/lib" "-o" "/opt/rustwide/target/debug/build/libc-2118587f2a0744da/build_script_build-2118587f2a0744da" "-Wl,--gc-sections" "-pie" "-Wl,-z,relro,-z,now" "-nodefaultlibs"
[INFO] [stdout]   = note: /usr/bin/ld: final link failed: No space left on device
[INFO] [stdout]           collect2: error: ld returned 1 exit status
[INFO] [stdout]           
[INFO] [stdout] 
[INFO] [stdout] 
[INFO] [stdout] error: aborting due to previous error
[INFO] [stdout] 
[INFO] [stdout] 
[INFO] [stdout] error: linking with `cc` failed: exit status: 1
[INFO] [stdout]   |
[INFO] [stdout]   = note: LC_ALL="C" PATH="/opt/rustwide/rustup-home/toolchains/1.69.0-x86_64-unknown-linux-gnu/lib/rustlib/x86_64-unknown-linux-gnu/bin:/opt/rustwide/cargo-home/bin:/usr/local/sbin:/usr/local/bin:/usr/sbin:/usr/bin:/sbin:/bin" VSLANG="1033" "cc" "-m64" "/tmp/rustc774fck/symbols.o" "/opt/rustwide/target/debug/build/proc-macro2-d9a2a1a970edab89/build_script_build-d9a2a1a970edab89.build_script_build.564c9737-cgu.0.rcgu.o" "/opt/rustwide/target/debug/build/proc-macro2-d9a2a1a970edab89/build_script_build-d9a2a1a970edab89.build_script_build.564c9737-cgu.1.rcgu.o" "/opt/rustwide/target/debug/build/proc-macro2-d9a2a1a970edab89/build_script_build-d9a2a1a970edab89.build_script_build.564c9737-cgu.10.rcgu.o" "/opt/rustwide/target/debug/build/proc-macro2-d9a2a1a970edab89/build_script_build-d9a2a1a970edab89.build_script_build.564c9737-cgu.11.rcgu.o" "/opt/rustwide/target/debug/build/proc-macro2-d9a2a1a970edab89/build_script_build-d9a2a1a970edab89.build_script_build.564c9737-cgu.12.rcgu.o" "/opt/rustwide/target/debug/build/proc-macro2-d9a2a1a970edab89/build_script_build-d9a2a1a970edab89.build_script_build.564c9737-cgu.13.rcgu.o" "/opt/rustwide/target/debug/build/proc-macro2-d9a2a1a970edab89/build_script_build-d9a2a1a970edab89.build_script_build.564c9737-cgu.14.rcgu.o" "/opt/rustwide/target/debug/build/proc-macro2-d9a2a1a970edab89/build_script_build-d9a2a1a970edab89.build_script_build.564c9737-cgu.15.rcgu.o" "/opt/rustwide/target/debug/build/proc-macro2-d9a2a1a970edab89/build_script_build-d9a2a1a970edab89.build_script_build.564c9737-cgu.2.rcgu.o" "/opt/rustwide/target/debug/build/proc-macro2-d9a2a1a970edab89/build_script_build-d9a2a1a970edab89.build_script_build.564c9737-cgu.3.rcgu.o" "/opt/rustwide/target/debug/build/proc-macro2-d9a2a1a970edab89/build_script_build-d9a2a1a970edab89.build_script_build.564c9737-cgu.4.rcgu.o" "/opt/rustwide/target/debug/build/proc-macro2-d9a2a1a970edab89/build_script_build-d9a2a1a970edab89.build_script_build.564c9737-cgu.5.rcgu.o" "/opt/rustwide/target/debug/build/proc-macro2-d9a2a1a970edab89/build_script_build-d9a2a1a970edab89.build_script_build.564c9737-cgu.6.rcgu.o" "/opt/rustwide/target/debug/build/proc-macro2-d9a2a1a970edab89/build_script_build-d9a2a1a970edab89.build_script_build.564c9737-cgu.7.rcgu.o" "/opt/rustwide/target/debug/build/proc-macro2-d9a2a1a970edab89/build_script_build-d9a2a1a970edab89.build_script_build.564c9737-cgu.8.rcgu.o" "/opt/rustwide/target/debug/build/proc-macro2-d9a2a1a970edab89/build_script_build-d9a2a1a970edab89.build_script_build.564c9737-cgu.9.rcgu.o" "/opt/rustwide/target/debug/build/proc-macro2-d9a2a1a970edab89/build_script_build-d9a2a1a970edab89.4zrrcld5p4d2bzyz.rcgu.o" "-Wl,--as-needed" "-L" "/opt/rustwide/target/debug/deps" "-L" "/opt/rustwide/rustup-home/toolchains/1.69.0-x86_64-unknown-linux-gnu/lib/rustlib/x86_64-unknown-linux-gnu/lib" "-Wl,-Bstatic" "/opt/rustwide/rustup-home/toolchains/1.69.0-x86_64-unknown-linux-gnu/lib/rustlib/x86_64-unknown-linux-gnu/lib/libstd-89bc084783fdc439.rlib" "/opt/rustwide/rustup-home/toolchains/1.69.0-x86_64-unknown-linux-gnu/lib/rustlib/x86_64-unknown-linux-gnu/lib/libpanic_unwind-8bee4b287d4367c1.rlib" "/opt/rustwide/rustup-home/toolchains/1.69.0-x86_64-unknown-linux-gnu/lib/rustlib/x86_64-unknown-linux-gnu/lib/libobject-d61707aed80694c0.rlib" "/opt/rustwide/rustup-home/toolchains/1.69.0-x86_64-unknown-linux-gnu/lib/rustlib/x86_64-unknown-linux-gnu/lib/libmemchr-d85366256f22345b.rlib" "/opt/rustwide/rustup-home/toolchains/1.69.0-x86_64-unknown-linux-gnu/lib/rustlib/x86_64-unknown-linux-gnu/lib/libaddr2line-96069b86b8a8cae9.rlib" "/opt/rustwide/rustup-home/toolchains/1.69.0-x86_64-unknown-linux-gnu/lib/rustlib/x86_64-unknown-linux-gnu/lib/libgimli-d19d53abf68dfa6c.rlib" "/opt/rustwide/rustup-home/toolchains/1.69.0-x86_64-unknown-linux-gnu/lib/rustlib/x86_64-unknown-linux-gnu/lib/librustc_demangle-787cbccd19d64ac6.rlib" "/opt/rustwide/rustup-home/toolchains/1.69.0-x86_64-unknown-linux-gnu/lib/rustlib/x86_64-unknown-linux-gnu/lib/libstd_detect-b3837a36b830e0d0.rlib" "/opt/rustwide/rustup-home/toolchains/1.69.0-x86_64-unknown-linux-gnu/lib/rustlib/x86_64-unknown-linux-gnu/lib/libhashbrown-e3deb0e7e3f04966.rlib" "/opt/rustwide/rustup-home/toolchains/1.69.0-x86_64-unknown-linux-gnu/lib/rustlib/x86_64-unknown-linux-gnu/lib/libminiz_oxide-dabbb79c9815def4.rlib" "/opt/rustwide/rustup-home/toolchains/1.69.0-x86_64-unknown-linux-gnu/lib/rustlib/x86_64-unknown-linux-gnu/lib/libadler-305b01f34c9409f2.rlib" "/opt/rustwide/rustup-home/toolchains/1.69.0-x86_64-unknown-linux-gnu/lib/rustlib/x86_64-unknown-linux-gnu/lib/librustc_std_workspace_alloc-f833521df6074e73.rlib" "/opt/rustwide/rustup-home/toolchains/1.69.0-x86_64-unknown-linux-gnu/lib/rustlib/x86_64-unknown-linux-gnu/lib/libunwind-9ac333113350d171.rlib" "/opt/rustwide/rustup-home/toolchains/1.69.0-x86_64-unknown-linux-gnu/lib/rustlib/x86_64-unknown-linux-gnu/lib/libcfg_if-1c126114322d0eee.rlib" "/opt/rustwide/rustup-home/toolchains/1.69.0-x86_64-unknown-linux-gnu/lib/rustlib/x86_64-unknown-linux-gnu/lib/liblibc-bad9164fdeeecf92.rlib" "/opt/rustwide/rustup-home/toolchains/1.69.0-x86_64-unknown-linux-gnu/lib/rustlib/x86_64-unknown-linux-gnu/lib/liballoc-f9374b1e480fa681.rlib" "/opt/rustwide/rustup-home/toolchains/1.69.0-x86_64-unknown-linux-gnu/lib/rustlib/x86_64-unknown-linux-gnu/lib/librustc_std_workspace_core-207f06e41d9603af.rlib" "/opt/rustwide/rustup-home/toolchains/1.69.0-x86_64-unknown-linux-gnu/lib/rustlib/x86_64-unknown-linux-gnu/lib/libcore-7e2768e66e984e85.rlib" "/opt/rustwide/rustup-home/toolchains/1.69.0-x86_64-unknown-linux-gnu/lib/rustlib/x86_64-unknown-linux-gnu/lib/libcompiler_builtins-957b4aff41f8cd46.rlib" "-Wl,-Bdynamic" "-lgcc_s" "-lutil" "-lrt" "-lpthread" "-lm" "-ldl" "-lc" "-Wl,--eh-frame-hdr" "-Wl,-z,noexecstack" "-L" "/opt/rustwide/rustup-home/toolchains/1.69.0-x86_64-unknown-linux-gnu/lib/rustlib/x86_64-unknown-linux-gnu/lib" "-o" "/opt/rustwide/target/debug/build/proc-macro2-d9a2a1a970edab89/build_script_build-d9a2a1a970edab89" "-Wl,--gc-sections" "-pie" "-Wl,-z,relro,-z,now" "-nodefaultlibs"
[INFO] [stdout]   = note: /usr/bin/ld: final link failed: No space left on device
[INFO] [stdout]           collect2: error: ld returned 1 exit status
[INFO] [stdout]           
[INFO] [stdout] 
[INFO] [stdout] 
[INFO] [stdout] error: aborting due to previous error
[INFO] [stdout] 
[INFO] [stdout] 
[INFO] [stdout] error: aborting due to previous error
[INFO] [stdout] 
[INFO] [stdout] 
[INFO] [stderr] error: could not compile `proc-macro2` due to 2 previous errors
[INFO] [stderr] error: could not compile `libc` due to 2 previous errors
[INFO] [stderr] error: could not compile `bytes` due to 2 previous errors
[INFO] [stdout] error: linking with `cc` failed: exit status: 1
[INFO] [stdout]   |
[INFO] [stdout]   = note: LC_ALL="C" PATH="/opt/rustwide/rustup-home/toolchains/1.69.0-x86_64-unknown-linux-gnu/lib/rustlib/x86_64-unknown-linux-gnu/bin:/opt/rustwide/cargo-home/bin:/usr/local/sbin:/usr/local/bin:/usr/sbin:/usr/bin:/sbin:/bin" VSLANG="1033" "cc" "-m64" "/tmp/rustcCzW7Gq/symbols.o" "/opt/rustwide/target/debug/build/httparse-fa671fbbd1a325a0/build_script_build-fa671fbbd1a325a0.build_script_build.475f5d70-cgu.0.rcgu.o" "/opt/rustwide/target/debug/build/httparse-fa671fbbd1a325a0/build_script_build-fa671fbbd1a325a0.build_script_build.475f5d70-cgu.1.rcgu.o" "/opt/rustwide/target/debug/build/httparse-fa671fbbd1a325a0/build_script_build-fa671fbbd1a325a0.build_script_build.475f5d70-cgu.10.rcgu.o" "/opt/rustwide/target/debug/build/httparse-fa671fbbd1a325a0/build_script_build-fa671fbbd1a325a0.build_script_build.475f5d70-cgu.11.rcgu.o" "/opt/rustwide/target/debug/build/httparse-fa671fbbd1a325a0/build_script_build-fa671fbbd1a325a0.build_script_build.475f5d70-cgu.12.rcgu.o" "/opt/rustwide/target/debug/build/httparse-fa671fbbd1a325a0/build_script_build-fa671fbbd1a325a0.build_script_build.475f5d70-cgu.13.rcgu.o" "/opt/rustwide/target/debug/build/httparse-fa671fbbd1a325a0/build_script_build-fa671fbbd1a325a0.build_script_build.475f5d70-cgu.14.rcgu.o" "/opt/rustwide/target/debug/build/httparse-fa671fbbd1a325a0/build_script_build-fa671fbbd1a325a0.build_script_build.475f5d70-cgu.15.rcgu.o" "/opt/rustwide/target/debug/build/httparse-fa671fbbd1a325a0/build_script_build-fa671fbbd1a325a0.build_script_build.475f5d70-cgu.2.rcgu.o" "/opt/rustwide/target/debug/build/httparse-fa671fbbd1a325a0/build_script_build-fa671fbbd1a325a0.build_script_build.475f5d70-cgu.3.rcgu.o" "/opt/rustwide/target/debug/build/httparse-fa671fbbd1a325a0/build_script_build-fa671fbbd1a325a0.build_script_build.475f5d70-cgu.4.rcgu.o" "/opt/rustwide/target/debug/build/httparse-fa671fbbd1a325a0/build_script_build-fa671fbbd1a325a0.build_script_build.475f5d70-cgu.5.rcgu.o" "/opt/rustwide/target/debug/build/httparse-fa671fbbd1a325a0/build_script_build-fa671fbbd1a325a0.build_script_build.475f5d70-cgu.6.rcgu.o" "/opt/rustwide/target/debug/build/httparse-fa671fbbd1a325a0/build_script_build-fa671fbbd1a325a0.build_script_build.475f5d70-cgu.7.rcgu.o" "/opt/rustwide/target/debug/build/httparse-fa671fbbd1a325a0/build_script_build-fa671fbbd1a325a0.build_script_build.475f5d70-cgu.8.rcgu.o" "/opt/rustwide/target/debug/build/httparse-fa671fbbd1a325a0/build_script_build-fa671fbbd1a325a0.build_script_build.475f5d70-cgu.9.rcgu.o" "/opt/rustwide/target/debug/build/httparse-fa671fbbd1a325a0/build_script_build-fa671fbbd1a325a0.k1yb6k6w7n4fbeg.rcgu.o" "-Wl,--as-needed" "-L" "/opt/rustwide/target/debug/deps" "-L" "/opt/rustwide/rustup-home/toolchains/1.69.0-x86_64-unknown-linux-gnu/lib/rustlib/x86_64-unknown-linux-gnu/lib" "-Wl,-Bstatic" "/opt/rustwide/rustup-home/toolchains/1.69.0-x86_64-unknown-linux-gnu/lib/rustlib/x86_64-unknown-linux-gnu/lib/libstd-89bc084783fdc439.rlib" "/opt/rustwide/rustup-home/toolchains/1.69.0-x86_64-unknown-linux-gnu/lib/rustlib/x86_64-unknown-linux-gnu/lib/libpanic_unwind-8bee4b287d4367c1.rlib" "/opt/rustwide/rustup-home/toolchains/1.69.0-x86_64-unknown-linux-gnu/lib/rustlib/x86_64-unknown-linux-gnu/lib/libobject-d61707aed80694c0.rlib" "/opt/rustwide/rustup-home/toolchains/1.69.0-x86_64-unknown-linux-gnu/lib/rustlib/x86_64-unknown-linux-gnu/lib/libmemchr-d85366256f22345b.rlib" "/opt/rustwide/rustup-home/toolchains/1.69.0-x86_64-unknown-linux-gnu/lib/rustlib/x86_64-unknown-linux-gnu/lib/libaddr2line-96069b86b8a8cae9.rlib" "/opt/rustwide/rustup-home/toolchains/1.69.0-x86_64-unknown-linux-gnu/lib/rustlib/x86_64-unknown-linux-gnu/lib/libgimli-d19d53abf68dfa6c.rlib" "/opt/rustwide/rustup-home/toolchains/1.69.0-x86_64-unknown-linux-gnu/lib/rustlib/x86_64-unknown-linux-gnu/lib/librustc_demangle-787cbccd19d64ac6.rlib" "/opt/rustwide/rustup-home/toolchains/1.69.0-x86_64-unknown-linux-gnu/lib/rustlib/x86_64-unknown-linux-gnu/lib/libstd_detect-b3837a36b830e0d0.rlib" "/opt/rustwide/rustup-home/toolchains/1.69.0-x86_64-unknown-linux-gnu/lib/rustlib/x86_64-unknown-linux-gnu/lib/libhashbrown-e3deb0e7e3f04966.rlib" "/opt/rustwide/rustup-home/toolchains/1.69.0-x86_64-unknown-linux-gnu/lib/rustlib/x86_64-unknown-linux-gnu/lib/libminiz_oxide-dabbb79c9815def4.rlib" "/opt/rustwide/rustup-home/toolchains/1.69.0-x86_64-unknown-linux-gnu/lib/rustlib/x86_64-unknown-linux-gnu/lib/libadler-305b01f34c9409f2.rlib" "/opt/rustwide/rustup-home/toolchains/1.69.0-x86_64-unknown-linux-gnu/lib/rustlib/x86_64-unknown-linux-gnu/lib/librustc_std_workspace_alloc-f833521df6074e73.rlib" "/opt/rustwide/rustup-home/toolchains/1.69.0-x86_64-unknown-linux-gnu/lib/rustlib/x86_64-unknown-linux-gnu/lib/libunwind-9ac333113350d171.rlib" "/opt/rustwide/rustup-home/toolchains/1.69.0-x86_64-unknown-linux-gnu/lib/rustlib/x86_64-unknown-linux-gnu/lib/libcfg_if-1c126114322d0eee.rlib" "/opt/rustwide/rustup-home/toolchains/1.69.0-x86_64-unknown-linux-gnu/lib/rustlib/x86_64-unknown-linux-gnu/lib/liblibc-bad9164fdeeecf92.rlib" "/opt/rustwide/rustup-home/toolchains/1.69.0-x86_64-unknown-linux-gnu/lib/rustlib/x86_64-unknown-linux-gnu/lib/liballoc-f9374b1e480fa681.rlib" "/opt/rustwide/rustup-home/toolchains/1.69.0-x86_64-unknown-linux-gnu/lib/rustlib/x86_64-unknown-linux-gnu/lib/librustc_std_workspace_core-207f06e41d9603af.rlib" "/opt/rustwide/rustup-home/toolchains/1.69.0-x86_64-unknown-linux-gnu/lib/rustlib/x86_64-unknown-linux-gnu/lib/libcore-7e2768e66e984e85.rlib" "/opt/rustwide/rustup-home/toolchains/1.69.0-x86_64-unknown-linux-gnu/lib/rustlib/x86_64-unknown-linux-gnu/lib/libcompiler_builtins-957b4aff41f8cd46.rlib" "-Wl,-Bdynamic" "-lgcc_s" "-lutil" "-lrt" "-lpthread" "-lm" "-ldl" "-lc" "-Wl,--eh-frame-hdr" "-Wl,-z,noexecstack" "-L" "/opt/rustwide/rustup-home/toolchains/1.69.0-x86_64-unknown-linux-gnu/lib/rustlib/x86_64-unknown-linux-gnu/lib" "-o" "/opt/rustwide/target/debug/build/httparse-fa671fbbd1a325a0/build_script_build-fa671fbbd1a325a0" "-Wl,--gc-sections" "-pie" "-Wl,-z,relro,-z,now" "-nodefaultlibs"
[INFO] [stdout]   = note: /usr/bin/ld: final link failed: No space left on device
[INFO] [stdout]           collect2: error: ld returned 1 exit status
[INFO] [stdout]           
[INFO] [stdout] 
[INFO] [stdout] 
[INFO] [stdout] error: aborting due to previous error
[INFO] [stdout] 
[INFO] [stdout] 
[INFO] [stderr] error: could not compile `httparse` due to 2 previous errors
[INFO] [stderr] LLVM ERROR: IO failure on output stream: No space left on device
[INFO] [stderr] error: could not compile `typenum`
[INFO] running `Command { std: "docker" "inspect" "45007f4fc9cb9d8c5c4ba80c78ab1890d30a97352369157e317b6c98c20562ac", kill_on_drop: false }`
[INFO] running `Command { std: "docker" "rm" "-f" "45007f4fc9cb9d8c5c4ba80c78ab1890d30a97352369157e317b6c98c20562ac", kill_on_drop: false }`
[INFO] [stdout] 45007f4fc9cb9d8c5c4ba80c78ab1890d30a97352369157e317b6c98c20562ac
