[INFO] cloning repository https://github.com/Scetch/uWindsorCourseSearchBot
[INFO] running `Command { std: "git" "-c" "credential.helper=" "-c" "credential.helper=/workspace/cargo-home/bin/git-credential-null" "clone" "--bare" "https://github.com/Scetch/uWindsorCourseSearchBot" "/workspace/cache/git-repos/https%3A%2F%2Fgithub.com%2FScetch%2FuWindsorCourseSearchBot", kill_on_drop: false }`
[INFO] [stderr] Cloning into bare repository '/workspace/cache/git-repos/https%3A%2F%2Fgithub.com%2FScetch%2FuWindsorCourseSearchBot'...
[INFO] running `Command { std: "git" "rev-parse" "HEAD", kill_on_drop: false }`
[INFO] [stdout] 9d2a34fa592fc9d6963eaec35d649fd9df9acfae
[INFO] testing Scetch/uWindsorCourseSearchBot against 1.69.0 for beta-1.70-1
[INFO] running `Command { std: "git" "clone" "/workspace/cache/git-repos/https%3A%2F%2Fgithub.com%2FScetch%2FuWindsorCourseSearchBot" "/workspace/builds/worker-3-tc1/source", kill_on_drop: false }`
[INFO] [stderr] Cloning into '/workspace/builds/worker-3-tc1/source'...
[INFO] [stderr] done.
[INFO] validating manifest of git repo https://github.com/Scetch/uWindsorCourseSearchBot on toolchain 1.69.0
[INFO] running `Command { std: CARGO_HOME="/workspace/cargo-home" RUSTUP_HOME="/workspace/rustup-home" "/workspace/cargo-home/bin/cargo" "+1.69.0" "metadata" "--manifest-path" "Cargo.toml" "--no-deps", kill_on_drop: false }`
[INFO] started tweaking git repo https://github.com/Scetch/uWindsorCourseSearchBot
[INFO] finished tweaking git repo https://github.com/Scetch/uWindsorCourseSearchBot
[INFO] tweaked toml for git repo https://github.com/Scetch/uWindsorCourseSearchBot written to /workspace/builds/worker-3-tc1/source/Cargo.toml
[INFO] crate git repo https://github.com/Scetch/uWindsorCourseSearchBot already has a lockfile, it will not be regenerated
[INFO] running `Command { std: CARGO_HOME="/workspace/cargo-home" RUSTUP_HOME="/workspace/rustup-home" "/workspace/cargo-home/bin/cargo" "+1.69.0" "fetch" "--manifest-path" "Cargo.toml", kill_on_drop: false }`
[INFO] [stderr]  Downloading crates ...
[INFO] [stderr]   Downloaded phf_shared v0.7.22
[INFO] [stderr]   Downloaded serde v1.0.70
[INFO] [stderr]   Downloaded openssl-sys v0.9.33
[INFO] [stderr]   Downloaded select v0.4.2
[INFO] [stderr]   Downloaded base64 v0.9.2
[INFO] [stderr]   Downloaded utf-8 v0.7.2
[INFO] [stderr]   Downloaded tokio-codec v0.1.0
[INFO] [stderr]   Downloaded levenshtein_automata v0.1.1
[INFO] [stderr]   Downloaded phf v0.7.22
[INFO] [stderr]   Downloaded phf_codegen v0.7.22
[INFO] [stderr]   Downloaded new_debug_unreachable v1.0.1
[INFO] [stderr]   Downloaded tokio-udp v0.1.1
[INFO] [stderr]   Downloaded string_cache_codegen v0.4.1
[INFO] [stderr]   Downloaded serde_urlencoded v0.5.2
[INFO] [stderr]   Downloaded string_cache v0.6.2
[INFO] [stderr]   Downloaded tokio-executor v0.1.2
[INFO] [stderr]   Downloaded maplit v0.1.6
[INFO] [stderr]   Downloaded phf_generator v0.7.22
[INFO] [stderr]   Downloaded vcpkg v0.2.4
[INFO] [stderr]   Downloaded hyper-tls v0.1.3
[INFO] [stderr]   Downloaded crossbeam-deque v0.3.1
[INFO] [stderr]   Downloaded smallvec v0.6.3
[INFO] [stderr]   Downloaded tokio-io v0.1.7
[INFO] [stderr]   Downloaded markup5ever v0.3.2
[INFO] [stderr]   Downloaded tokio-fs v0.1.2
[INFO] [stderr]   Downloaded crossbeam-utils v0.3.2
[INFO] [stderr]   Downloaded lazy_static v1.0.2
[INFO] [stderr]   Downloaded tokio-reactor v0.1.2
[INFO] [stderr]   Downloaded serde_derive v1.0.70
[INFO] [stderr]   Downloaded tokio-timer v0.2.4
[INFO] [stderr]   Downloaded crossbeam-epoch v0.4.3
[INFO] [stderr]   Downloaded tokio-threadpool v0.1.5
[INFO] [stderr]   Downloaded tokio v0.1.7
[INFO] [stderr]   Downloaded reqwest v0.8.6
[INFO] [stderr]   Downloaded html5ever v0.18.0
[INFO] [stderr]   Downloaded tendril v0.3.1
[INFO] [stderr]   Downloaded flate2 v1.0.1
[INFO] [stderr]   Downloaded rayon v1.0.2
[INFO] [stderr]   Downloaded encoding_rs v0.7.2
[INFO] [stderr]   Downloaded syn v0.14.4
[INFO] [stderr]   Downloaded census v0.1.1
[INFO] [stderr]   Downloaded mime v0.3.8
[INFO] [stderr]   Downloaded libflate v0.1.16
[INFO] [stderr]   Downloaded mime_guess v2.0.0-alpha.5
[INFO] [stderr]   Downloaded downcast v0.9.2
[INFO] [stderr]   Downloaded rental v0.5.1
[INFO] [stderr]   Downloaded rental-impl v0.5.0
[INFO] [stderr]   Downloaded fst-regex v0.2.0
[INFO] [stderr]   Downloaded owned-read v0.1.0
[INFO] [stderr]   Downloaded atomicwrites v0.2.2
[INFO] [stderr]   Downloaded mime_guess v1.8.5
[INFO] [stderr]   Downloaded bitpacking v0.5.1
[INFO] [stderr]   Downloaded tinysegmenter v0.1.0
[INFO] [stderr]   Downloaded flexi_logger v0.9.0
[INFO] [stderr]   Downloaded chan v0.1.21
[INFO] [stderr]   Downloaded regex v1.0.2
[INFO] [stderr]   Downloaded futures v0.1.22
[INFO] [stderr]   Downloaded tantivy v0.6.1
[INFO] [stderr]   Downloaded snap v0.2.4
[INFO] [stderr]   Downloaded serenity v0.5.4
[INFO] [stderr]   Downloaded fst v0.3.0
[INFO] [stderr]   Downloaded rust-stemmers v0.1.0
[INFO] running `Command { std: "docker" "create" "-v" "/var/lib/crater-agent-workspace/builds/worker-3-tc1/target:/opt/rustwide/target:rw,Z" "-v" "/var/lib/crater-agent-workspace/builds/worker-3-tc1/source:/opt/rustwide/workdir:ro,Z" "-v" "/var/lib/crater-agent-workspace/cargo-home:/opt/rustwide/cargo-home:ro,Z" "-v" "/var/lib/crater-agent-workspace/rustup-home:/opt/rustwide/rustup-home:ro,Z" "-e" "SOURCE_DIR=/opt/rustwide/workdir" "-e" "CARGO_TARGET_DIR=/opt/rustwide/target" "-e" "CARGO_HOME=/opt/rustwide/cargo-home" "-e" "RUSTUP_HOME=/opt/rustwide/rustup-home" "-w" "/opt/rustwide/workdir" "-m" "1610612736" "--user" "0:0" "--network" "none" "ghcr.io/rust-lang/crates-build-env/linux@sha256:97d61d7686bf65f8ecb15491ab51835e82dc9176a96a831f143a431b191fc501" "/opt/rustwide/cargo-home/bin/cargo" "+1.69.0" "metadata" "--no-deps" "--format-version=1", kill_on_drop: false }`
[INFO] [stdout] 2f18cbe86d847d75c5f2329d7b242d2af2a02a5b766c69d872179e3efe8af7c5
[INFO] running `Command { std: "docker" "start" "-a" "2f18cbe86d847d75c5f2329d7b242d2af2a02a5b766c69d872179e3efe8af7c5", kill_on_drop: false }`
[INFO] running `Command { std: "docker" "inspect" "2f18cbe86d847d75c5f2329d7b242d2af2a02a5b766c69d872179e3efe8af7c5", kill_on_drop: false }`
[INFO] running `Command { std: "docker" "rm" "-f" "2f18cbe86d847d75c5f2329d7b242d2af2a02a5b766c69d872179e3efe8af7c5", kill_on_drop: false }`
[INFO] [stdout] 2f18cbe86d847d75c5f2329d7b242d2af2a02a5b766c69d872179e3efe8af7c5
[INFO] running `Command { std: "docker" "create" "-v" "/var/lib/crater-agent-workspace/builds/worker-3-tc1/target:/opt/rustwide/target:rw,Z" "-v" "/var/lib/crater-agent-workspace/builds/worker-3-tc1/source:/opt/rustwide/workdir:ro,Z" "-v" "/var/lib/crater-agent-workspace/cargo-home:/opt/rustwide/cargo-home:ro,Z" "-v" "/var/lib/crater-agent-workspace/rustup-home:/opt/rustwide/rustup-home:ro,Z" "-e" "SOURCE_DIR=/opt/rustwide/workdir" "-e" "CARGO_TARGET_DIR=/opt/rustwide/target" "-e" "CARGO_INCREMENTAL=0" "-e" "RUST_BACKTRACE=full" "-e" "RUSTFLAGS=--cap-lints=warn" "-e" "RUSTDOCFLAGS=--cap-lints=warn" "-e" "CARGO_HOME=/opt/rustwide/cargo-home" "-e" "RUSTUP_HOME=/opt/rustwide/rustup-home" "-w" "/opt/rustwide/workdir" "-m" "1610612736" "--user" "0:0" "--network" "none" "ghcr.io/rust-lang/crates-build-env/linux@sha256:97d61d7686bf65f8ecb15491ab51835e82dc9176a96a831f143a431b191fc501" "/opt/rustwide/cargo-home/bin/cargo" "+1.69.0" "build" "--frozen" "--message-format=json", kill_on_drop: false }`
[INFO] [stdout] fb53c4718446d787bbaa13b4d0bc1b9333890eb6dcd662f52c4a48809782cd48
[INFO] running `Command { std: "docker" "start" "-a" "fb53c4718446d787bbaa13b4d0bc1b9333890eb6dcd662f52c4a48809782cd48", kill_on_drop: false }`
[INFO] [stderr]    Compiling libc v0.2.42
[INFO] [stderr]    Compiling cfg-if v0.1.4
[INFO] [stderr]    Compiling version_check v0.1.4
[INFO] [stderr]    Compiling byteorder v1.2.3
[INFO] [stderr]    Compiling lazy_static v1.0.2
[INFO] [stderr]    Compiling cc v1.0.18
[INFO] [stderr]    Compiling siphasher v0.2.2
[INFO] [stderr]    Compiling void v1.0.2
[INFO] [stderr]    Compiling futures v0.1.22
[INFO] [stderr]    Compiling unicode-xid v0.1.0
[INFO] [stderr]    Compiling nodrop v0.1.12
[INFO] [stderr]    Compiling memoffset v0.2.1
[INFO] [stderr]    Compiling scopeguard v0.3.3
[INFO] [stderr]    Compiling serde v1.0.70
[INFO] [stderr]    Compiling safemem v0.2.0
[INFO] [stderr]    Compiling lazy_static v0.2.11
[INFO] [stderr]    Compiling log v0.4.3
[INFO] [stderr]    Compiling unreachable v1.0.0
[INFO] [stderr]    Compiling arrayvec v0.4.7
[INFO] [stderr]    Compiling pkg-config v0.3.11
[INFO] [stderr]    Compiling crossbeam-utils v0.3.2
[INFO] [stderr]    Compiling proc-macro2 v0.3.8
[INFO] [stderr]    Compiling slab v0.4.0
[INFO] [stderr]    Compiling matches v0.1.6
[INFO] [stderr]    Compiling lazycell v0.6.0
[INFO] [stderr]    Compiling httparse v1.3.2
[INFO] [stderr]    Compiling percent-encoding v1.0.1
[INFO] [stderr]    Compiling unicode-bidi v0.3.4
[INFO] [stderr]    Compiling unicode-xid v0.0.4
[INFO] [stderr]    Compiling unicode-normalization v0.1.7
[INFO] [stderr]    Compiling log v0.3.9
[INFO] [stderr]    Compiling foreign-types-shared v0.1.1
[INFO] [stderr]    Compiling unicase v1.4.2
[INFO] [stderr]    Compiling string_cache_shared v0.3.0
[INFO] [stderr]    Compiling openssl v0.9.24
[INFO] [stderr]    Compiling foreign-types v0.3.2
[INFO] [stderr]    Compiling crossbeam-epoch v0.4.3
[INFO] [stderr]    Compiling rand v0.4.2
[INFO] [stderr]    Compiling num_cpus v1.8.0
[INFO] [stderr]    Compiling iovec v0.1.2
[INFO] [stderr] LLVM ERROR: IO failure on output stream: No space left on device
[INFO] [stderr] LLVM ERROR: IO failure on output stream: No space left on device
[INFO] [stderr] LLVM ERROR: IO failure on output stream: No space left on device
[INFO] [stdout] error: couldn't create a temp dir: No space left on device (os error 28) at path "/tmp/rustcFAeuqD"
[INFO] [stdout] 
[INFO] [stdout] 
[INFO] [stderr] error: could not compile `openssl`
[INFO] [stderr] warning: build failed, waiting for other jobs to finish...
[INFO] [stderr] error: could not compile `log`
[INFO] [stderr] error: could not compile `libc`
[INFO] [stderr] error: could not compile `httparse` due to previous error
[INFO] [stderr] thread 'rustc' panicked at 'assertion failed: pos.get() <= self.position()', compiler/rustc_metadata/src/rmeta/encoder.rs:435:9
[INFO] [stderr] LLVM ERROR: IO failure on output stream: No space left on device
[INFO] [stderr] LLVM ERROR: IO failure on output stream: No space left on device
[INFO] [stderr] error: could not compile `unicode-bidi`
[INFO] [stderr] error: could not compile `pkg-config`
[INFO] [stderr] LLVM ERROR: IO failure on output stream: No space left on device
[INFO] [stderr] error: could not compile `proc-macro2`
[INFO] [stdout] error: linking with `cc` failed: exit status: 1
[INFO] [stdout]   |
[INFO] [stdout]   = note: LC_ALL="C" PATH="/opt/rustwide/rustup-home/toolchains/1.69.0-x86_64-unknown-linux-gnu/lib/rustlib/x86_64-unknown-linux-gnu/bin:/opt/rustwide/cargo-home/bin:/usr/local/sbin:/usr/local/bin:/usr/sbin:/usr/bin:/sbin:/bin" VSLANG="1033" "cc" "-m64" "/tmp/rustc19JVKz/symbols.o" "/opt/rustwide/target/debug/build/unicase-d1359a5fd5900200/build_script_build-d1359a5fd5900200.build_script_build.ef3a6bbd-cgu.0.rcgu.o" "/opt/rustwide/target/debug/build/unicase-d1359a5fd5900200/build_script_build-d1359a5fd5900200.build_script_build.ef3a6bbd-cgu.1.rcgu.o" "/opt/rustwide/target/debug/build/unicase-d1359a5fd5900200/build_script_build-d1359a5fd5900200.build_script_build.ef3a6bbd-cgu.2.rcgu.o" "/opt/rustwide/target/debug/build/unicase-d1359a5fd5900200/build_script_build-d1359a5fd5900200.build_script_build.ef3a6bbd-cgu.3.rcgu.o" "/opt/rustwide/target/debug/build/unicase-d1359a5fd5900200/build_script_build-d1359a5fd5900200.build_script_build.ef3a6bbd-cgu.4.rcgu.o" "/opt/rustwide/target/debug/build/unicase-d1359a5fd5900200/build_script_build-d1359a5fd5900200.build_script_build.ef3a6bbd-cgu.5.rcgu.o" "/opt/rustwide/target/debug/build/unicase-d1359a5fd5900200/build_script_build-d1359a5fd5900200.build_script_build.ef3a6bbd-cgu.6.rcgu.o" "/opt/rustwide/target/debug/build/unicase-d1359a5fd5900200/build_script_build-d1359a5fd5900200.4333xg45yryx0zyo.rcgu.o" "-Wl,--as-needed" "-L" "/opt/rustwide/target/debug/deps" "-L" "/opt/rustwide/rustup-home/toolchains/1.69.0-x86_64-unknown-linux-gnu/lib/rustlib/x86_64-unknown-linux-gnu/lib" "-Wl,-Bstatic" "/opt/rustwide/target/debug/deps/libversion_check-ae90c135b2b1302f.rlib" "/opt/rustwide/rustup-home/toolchains/1.69.0-x86_64-unknown-linux-gnu/lib/rustlib/x86_64-unknown-linux-gnu/lib/libstd-89bc084783fdc439.rlib" "/opt/rustwide/rustup-home/toolchains/1.69.0-x86_64-unknown-linux-gnu/lib/rustlib/x86_64-unknown-linux-gnu/lib/libpanic_unwind-8bee4b287d4367c1.rlib" "/opt/rustwide/rustup-home/toolchains/1.69.0-x86_64-unknown-linux-gnu/lib/rustlib/x86_64-unknown-linux-gnu/lib/libobject-d61707aed80694c0.rlib" "/opt/rustwide/rustup-home/toolchains/1.69.0-x86_64-unknown-linux-gnu/lib/rustlib/x86_64-unknown-linux-gnu/lib/libmemchr-d85366256f22345b.rlib" "/opt/rustwide/rustup-home/toolchains/1.69.0-x86_64-unknown-linux-gnu/lib/rustlib/x86_64-unknown-linux-gnu/lib/libaddr2line-96069b86b8a8cae9.rlib" "/opt/rustwide/rustup-home/toolchains/1.69.0-x86_64-unknown-linux-gnu/lib/rustlib/x86_64-unknown-linux-gnu/lib/libgimli-d19d53abf68dfa6c.rlib" "/opt/rustwide/rustup-home/toolchains/1.69.0-x86_64-unknown-linux-gnu/lib/rustlib/x86_64-unknown-linux-gnu/lib/librustc_demangle-787cbccd19d64ac6.rlib" "/opt/rustwide/rustup-home/toolchains/1.69.0-x86_64-unknown-linux-gnu/lib/rustlib/x86_64-unknown-linux-gnu/lib/libstd_detect-b3837a36b830e0d0.rlib" "/opt/rustwide/rustup-home/toolchains/1.69.0-x86_64-unknown-linux-gnu/lib/rustlib/x86_64-unknown-linux-gnu/lib/libhashbrown-e3deb0e7e3f04966.rlib" "/opt/rustwide/rustup-home/toolchains/1.69.0-x86_64-unknown-linux-gnu/lib/rustlib/x86_64-unknown-linux-gnu/lib/libminiz_oxide-dabbb79c9815def4.rlib" "/opt/rustwide/rustup-home/toolchains/1.69.0-x86_64-unknown-linux-gnu/lib/rustlib/x86_64-unknown-linux-gnu/lib/libadler-305b01f34c9409f2.rlib" "/opt/rustwide/rustup-home/toolchains/1.69.0-x86_64-unknown-linux-gnu/lib/rustlib/x86_64-unknown-linux-gnu/lib/librustc_std_workspace_alloc-f833521df6074e73.rlib" "/opt/rustwide/rustup-home/toolchains/1.69.0-x86_64-unknown-linux-gnu/lib/rustlib/x86_64-unknown-linux-gnu/lib/libunwind-9ac333113350d171.rlib" "/opt/rustwide/rustup-home/toolchains/1.69.0-x86_64-unknown-linux-gnu/lib/rustlib/x86_64-unknown-linux-gnu/lib/libcfg_if-1c126114322d0eee.rlib" "/opt/rustwide/rustup-home/toolchains/1.69.0-x86_64-unknown-linux-gnu/lib/rustlib/x86_64-unknown-linux-gnu/lib/liblibc-bad9164fdeeecf92.rlib" "/opt/rustwide/rustup-home/toolchains/1.69.0-x86_64-unknown-linux-gnu/lib/rustlib/x86_64-unknown-linux-gnu/lib/liballoc-f9374b1e480fa681.rlib" "/opt/rustwide/rustup-home/toolchains/1.69.0-x86_64-unknown-linux-gnu/lib/rustlib/x86_64-unknown-linux-gnu/lib/librustc_std_workspace_core-207f06e41d9603af.rlib" "/opt/rustwide/rustup-home/toolchains/1.69.0-x86_64-unknown-linux-gnu/lib/rustlib/x86_64-unknown-linux-gnu/lib/libcore-7e2768e66e984e85.rlib" "/opt/rustwide/rustup-home/toolchains/1.69.0-x86_64-unknown-linux-gnu/lib/rustlib/x86_64-unknown-linux-gnu/lib/libcompiler_builtins-957b4aff41f8cd46.rlib" "-Wl,-Bdynamic" "-lgcc_s" "-lutil" "-lrt" "-lpthread" "-lm" "-ldl" "-lc" "-Wl,--eh-frame-hdr" "-Wl,-z,noexecstack" "-L" "/opt/rustwide/rustup-home/toolchains/1.69.0-x86_64-unknown-linux-gnu/lib/rustlib/x86_64-unknown-linux-gnu/lib" "-o" "/opt/rustwide/target/debug/build/unicase-d1359a5fd5900200/build_script_build-d1359a5fd5900200" "-Wl,--gc-sections" "-pie" "-Wl,-z,relro,-z,now" "-nodefaultlibs"
[INFO] [stdout]   = note: /usr/bin/ld: final link failed: No space left on device
[INFO] [stdout]           collect2: error: ld returned 1 exit status
[INFO] [stdout]           
[INFO] [stdout] 
[INFO] [stdout] 
[INFO] [stdout] error: aborting due to previous error
[INFO] [stdout] 
[INFO] [stdout] 
[INFO] [stderr] error: could not compile `unicase` due to 2 previous errors
[INFO] [stderr] error: could not compile `cc`
[INFO] [stderr] LLVM ERROR: IO failure on output stream: No space left on deviceLLVM ERROR: IO failure on output stream: No space left on device
[INFO] [stderr] thread 'rustc' panicked at 'assertion failed: pos.get() <= self.position()', compiler/rustc_metadata/src/rmeta/encoder.rs:454:9
[INFO] [stdout] error: couldn't create a temp dir: No space left on device (os error 28) at path "/opt/rustwide/target/debug/deps/rmeta7sbn2Q"
[INFO] [stdout] 
[INFO] [stdout] 
[INFO] [stderr] error: could not compile `crossbeam-epoch` due to previous error
[INFO] [stderr] error: could not compile `num_cpus`
[INFO] [stderr] error: could not compile `iovec`
[INFO] [stderr] 
[INFO] [stderr] Caused by:
[INFO] [stderr]   No space left on device (os error 28)
[INFO] [stderr] 
[INFO] [stderr] Caused by:
[INFO] [stderr]   failed to parse process output: `rustc --crate-name iovec /opt/rustwide/cargo-home/registry/src/github.com-1ecc6299db9ec823/iovec-0.1.2/src/lib.rs --error-format=json --json=diagnostic-rendered-ansi,artifacts,future-incompat --crate-type lib --emit=dep-info,metadata,link -C embed-bitcode=no -C debuginfo=2 -C metadata=89feb87d443def29 -C extra-filename=-89feb87d443def29 --out-dir /opt/rustwide/target/debug/deps -L dependency=/opt/rustwide/target/debug/deps --extern libc=/opt/rustwide/target/debug/deps/liblibc-97a74c0bdb7fab0e.rmeta --cap-lints allow --cap-lints=warn` (signal: 11, SIGSEGV: invalid memory reference)
[INFO] [stdout] error: couldn't create a temp dir: No space left on device (os error 28) at path "/opt/rustwide/target/debug/deps/rmetaAHq5eo"
[INFO] [stdout] 
[INFO] [stdout] 
[INFO] [stderr] error: could not compile `futures` due to previous error
[INFO] [stdout] error: couldn't create a temp dir: No space left on device (os error 28) at path "/opt/rustwide/target/debug/deps/rmetaAjAlPQ"
[INFO] [stdout] 
[INFO] [stdout] 
[INFO] [stderr] error: could not compile `rand` due to previous error
[INFO] [stdout] error: couldn't create a temp dir: No space left on device (os error 28) at path "/opt/rustwide/target/debug/deps/rmetalDxnqd"
[INFO] [stdout] 
[INFO] [stdout] 
[INFO] [stderr] error: could not compile `unicode-normalization` due to previous error
[INFO] [stdout] error: couldn't create a temp dir: No space left on device (os error 28) at path "/opt/rustwide/target/debug/deps/rmeta1o48fo"
[INFO] [stdout] 
[INFO] [stdout] 
[INFO] [stderr] error: could not compile `serde` due to previous error
[INFO] running `Command { std: "docker" "inspect" "fb53c4718446d787bbaa13b4d0bc1b9333890eb6dcd662f52c4a48809782cd48", kill_on_drop: false }`
[INFO] running `Command { std: "docker" "rm" "-f" "fb53c4718446d787bbaa13b4d0bc1b9333890eb6dcd662f52c4a48809782cd48", kill_on_drop: false }`
[INFO] [stdout] fb53c4718446d787bbaa13b4d0bc1b9333890eb6dcd662f52c4a48809782cd48
