[INFO] cloning repository https://github.com/S-H-GAMELINKS/iron-svelte
[INFO] running `Command { std: "git" "-c" "credential.helper=" "-c" "credential.helper=/workspace/cargo-home/bin/git-credential-null" "clone" "--bare" "https://github.com/S-H-GAMELINKS/iron-svelte" "/workspace/cache/git-repos/https%3A%2F%2Fgithub.com%2FS-H-GAMELINKS%2Firon-svelte", kill_on_drop: false }`
[INFO] [stderr] Cloning into bare repository '/workspace/cache/git-repos/https%3A%2F%2Fgithub.com%2FS-H-GAMELINKS%2Firon-svelte'...
[INFO] running `Command { std: "git" "rev-parse" "HEAD", kill_on_drop: false }`
[INFO] [stdout] 568fc78b91b38bb1ef5464c4ce9905d8ed43e016
[INFO] testing S-H-GAMELINKS/iron-svelte against 1.69.0 for beta-1.70-1
[INFO] running `Command { std: "git" "clone" "/workspace/cache/git-repos/https%3A%2F%2Fgithub.com%2FS-H-GAMELINKS%2Firon-svelte" "/workspace/builds/worker-4-tc1/source", kill_on_drop: false }`
[INFO] [stderr] Cloning into '/workspace/builds/worker-4-tc1/source'...
[INFO] [stderr] done.
[INFO] validating manifest of git repo https://github.com/S-H-GAMELINKS/iron-svelte on toolchain 1.69.0
[INFO] running `Command { std: CARGO_HOME="/workspace/cargo-home" RUSTUP_HOME="/workspace/rustup-home" "/workspace/cargo-home/bin/cargo" "+1.69.0" "metadata" "--manifest-path" "Cargo.toml" "--no-deps", kill_on_drop: false }`
[INFO] started tweaking git repo https://github.com/S-H-GAMELINKS/iron-svelte
[INFO] finished tweaking git repo https://github.com/S-H-GAMELINKS/iron-svelte
[INFO] tweaked toml for git repo https://github.com/S-H-GAMELINKS/iron-svelte written to /workspace/builds/worker-4-tc1/source/Cargo.toml
[INFO] crate git repo https://github.com/S-H-GAMELINKS/iron-svelte already has a lockfile, it will not be regenerated
[INFO] running `Command { std: CARGO_HOME="/workspace/cargo-home" RUSTUP_HOME="/workspace/rustup-home" "/workspace/cargo-home/bin/cargo" "+1.69.0" "fetch" "--manifest-path" "Cargo.toml", kill_on_drop: false }`
[INFO] [stderr]  Downloading crates ...
[INFO] [stderr]   Downloaded iron v0.6.0
[INFO] running `Command { std: "docker" "create" "-v" "/var/lib/crater-agent-workspace/builds/worker-4-tc1/target:/opt/rustwide/target:rw,Z" "-v" "/var/lib/crater-agent-workspace/builds/worker-4-tc1/source:/opt/rustwide/workdir:ro,Z" "-v" "/var/lib/crater-agent-workspace/cargo-home:/opt/rustwide/cargo-home:ro,Z" "-v" "/var/lib/crater-agent-workspace/rustup-home:/opt/rustwide/rustup-home:ro,Z" "-e" "SOURCE_DIR=/opt/rustwide/workdir" "-e" "CARGO_TARGET_DIR=/opt/rustwide/target" "-e" "CARGO_HOME=/opt/rustwide/cargo-home" "-e" "RUSTUP_HOME=/opt/rustwide/rustup-home" "-w" "/opt/rustwide/workdir" "-m" "1610612736" "--user" "0:0" "--network" "none" "ghcr.io/rust-lang/crates-build-env/linux@sha256:97d61d7686bf65f8ecb15491ab51835e82dc9176a96a831f143a431b191fc501" "/opt/rustwide/cargo-home/bin/cargo" "+1.69.0" "metadata" "--no-deps" "--format-version=1", kill_on_drop: false }`
[INFO] [stdout] 1bd015ea8923bd6f04dc3b10d7f3d3847f214de97dff4505f0dfc313797c5750
[INFO] running `Command { std: "docker" "start" "-a" "1bd015ea8923bd6f04dc3b10d7f3d3847f214de97dff4505f0dfc313797c5750", kill_on_drop: false }`
[INFO] running `Command { std: "docker" "inspect" "1bd015ea8923bd6f04dc3b10d7f3d3847f214de97dff4505f0dfc313797c5750", kill_on_drop: false }`
[INFO] running `Command { std: "docker" "rm" "-f" "1bd015ea8923bd6f04dc3b10d7f3d3847f214de97dff4505f0dfc313797c5750", kill_on_drop: false }`
[INFO] [stdout] 1bd015ea8923bd6f04dc3b10d7f3d3847f214de97dff4505f0dfc313797c5750
[INFO] running `Command { std: "docker" "create" "-v" "/var/lib/crater-agent-workspace/builds/worker-4-tc1/target:/opt/rustwide/target:rw,Z" "-v" "/var/lib/crater-agent-workspace/builds/worker-4-tc1/source:/opt/rustwide/workdir:ro,Z" "-v" "/var/lib/crater-agent-workspace/cargo-home:/opt/rustwide/cargo-home:ro,Z" "-v" "/var/lib/crater-agent-workspace/rustup-home:/opt/rustwide/rustup-home:ro,Z" "-e" "SOURCE_DIR=/opt/rustwide/workdir" "-e" "CARGO_TARGET_DIR=/opt/rustwide/target" "-e" "CARGO_INCREMENTAL=0" "-e" "RUST_BACKTRACE=full" "-e" "RUSTFLAGS=--cap-lints=warn" "-e" "RUSTDOCFLAGS=--cap-lints=warn" "-e" "CARGO_HOME=/opt/rustwide/cargo-home" "-e" "RUSTUP_HOME=/opt/rustwide/rustup-home" "-w" "/opt/rustwide/workdir" "-m" "1610612736" "--user" "0:0" "--network" "none" "ghcr.io/rust-lang/crates-build-env/linux@sha256:97d61d7686bf65f8ecb15491ab51835e82dc9176a96a831f143a431b191fc501" "/opt/rustwide/cargo-home/bin/cargo" "+1.69.0" "build" "--frozen" "--message-format=json", kill_on_drop: false }`
[INFO] [stdout] 20c3950c28fef900cdc19e411ef7e31534e171d15f2afb08196cc20f7181cc33
[INFO] running `Command { std: "docker" "start" "-a" "20c3950c28fef900cdc19e411ef7e31534e171d15f2afb08196cc20f7181cc33", kill_on_drop: false }`
[INFO] [stderr]    Compiling autocfg v0.1.5
[INFO] [stderr]    Compiling rand_core v0.4.0
[INFO] [stderr]    Compiling libc v0.2.60
[INFO] [stderr]    Compiling version_check v0.1.5
[INFO] [stderr]    Compiling siphasher v0.2.3
[INFO] [stderr]    Compiling log v0.4.7
[INFO] [stderr]    Compiling cfg-if v0.1.9
[INFO] [stderr]    Compiling smallvec v0.6.10
[INFO] [stderr]    Compiling matches v0.1.8
[INFO] [stderr]    Compiling traitobject v0.1.0
[INFO] [stderr]    Compiling byteorder v1.3.2
[INFO] [stderr]    Compiling httparse v1.3.4
[INFO] [stderr]    Compiling safemem v0.3.0
[INFO] [stderr]    Compiling percent-encoding v1.0.1
[INFO] [stderr]    Compiling language-tags v0.2.2
[INFO] [stderr]    Compiling typeable v0.1.2
[INFO] [stderr]    Compiling unicode-bidi v0.3.4
[INFO] [stderr]    Compiling modifier v0.1.0
[INFO] [stderr]    Compiling unsafe-any v0.4.2
[INFO] [stderr]    Compiling sequence_trie v0.3.6
[INFO] [stderr]    Compiling rand_core v0.3.1
[INFO] [stderr]    Compiling rand_jitter v0.1.4
[INFO] [stderr]    Compiling unicode-normalization v0.1.8
[INFO] [stderr]    Compiling typemap v0.3.3
[INFO] [stderr]    Compiling rand_xorshift v0.1.1
[INFO] [stderr]    Compiling rand_hc v0.1.0
[INFO] [stderr]    Compiling rand_isaac v0.1.1
[INFO] [stderr]    Compiling unicase v1.4.2
[INFO] [stderr]    Compiling rand_pcg v0.1.2
[INFO] [stdout] error: couldn't create a temp dir: No space left on device (os error 28) at path "/opt/rustwide/target/debug/deps/rmetaCwKgty"
[INFO] [stdout] 
[INFO] [stdout] 
[INFO] [stdout] error: aborting due to previous error
[INFO] [stdout] 
[INFO] [stdout] 
[INFO] [stdout] error: linking with `cc` failed: exit status: 1
[INFO] [stdout]   |
[INFO] [stdout]   = note: LC_ALL="C" PATH="/opt/rustwide/rustup-home/toolchains/1.69.0-x86_64-unknown-linux-gnu/lib/rustlib/x86_64-unknown-linux-gnu/bin:/opt/rustwide/cargo-home/bin:/usr/local/sbin:/usr/local/bin:/usr/sbin:/usr/bin:/sbin:/bin" VSLANG="1033" "cc" "-m64" "/tmp/rustcv1mjHF/symbols.o" "/opt/rustwide/target/debug/build/libc-6b4736ec56452460/build_script_build-6b4736ec56452460.build_script_build.693b53bd-cgu.0.rcgu.o" "/opt/rustwide/target/debug/build/libc-6b4736ec56452460/build_script_build-6b4736ec56452460.build_script_build.693b53bd-cgu.1.rcgu.o" "/opt/rustwide/target/debug/build/libc-6b4736ec56452460/build_script_build-6b4736ec56452460.build_script_build.693b53bd-cgu.10.rcgu.o" "/opt/rustwide/target/debug/build/libc-6b4736ec56452460/build_script_build-6b4736ec56452460.build_script_build.693b53bd-cgu.11.rcgu.o" "/opt/rustwide/target/debug/build/libc-6b4736ec56452460/build_script_build-6b4736ec56452460.build_script_build.693b53bd-cgu.12.rcgu.o" "/opt/rustwide/target/debug/build/libc-6b4736ec56452460/build_script_build-6b4736ec56452460.build_script_build.693b53bd-cgu.13.rcgu.o" "/opt/rustwide/target/debug/build/libc-6b4736ec56452460/build_script_build-6b4736ec56452460.build_script_build.693b53bd-cgu.14.rcgu.o" "/opt/rustwide/target/debug/build/libc-6b4736ec56452460/build_script_build-6b4736ec56452460.build_script_build.693b53bd-cgu.15.rcgu.o" "/opt/rustwide/target/debug/build/libc-6b4736ec56452460/build_script_build-6b4736ec56452460.build_script_build.693b53bd-cgu.2.rcgu.o" "/opt/rustwide/target/debug/build/libc-6b4736ec56452460/build_script_build-6b4736ec56452460.build_script_build.693b53bd-cgu.3.rcgu.o" "/opt/rustwide/target/debug/build/libc-6b4736ec56452460/build_script_build-6b4736ec56452460.build_script_build.693b53bd-cgu.4.rcgu.o" "/opt/rustwide/target/debug/build/libc-6b4736ec56452460/build_script_build-6b4736ec56452460.build_script_build.693b53bd-cgu.5.rcgu.o" "/opt/rustwide/target/debug/build/libc-6b4736ec56452460/build_script_build-6b4736ec56452460.build_script_build.693b53bd-cgu.6.rcgu.o" "/opt/rustwide/target/debug/build/libc-6b4736ec56452460/build_script_build-6b4736ec56452460.build_script_build.693b53bd-cgu.7.rcgu.o" "/opt/rustwide/target/debug/build/libc-6b4736ec56452460/build_script_build-6b4736ec56452460.build_script_build.693b53bd-cgu.8.rcgu.o" "/opt/rustwide/target/debug/build/libc-6b4736ec56452460/build_script_build-6b4736ec56452460.build_script_build.693b53bd-cgu.9.rcgu.o" "/opt/rustwide/target/debug/build/libc-6b4736ec56452460/build_script_build-6b4736ec56452460.2h13mtn471y4xedt.rcgu.o" "-Wl,--as-needed" "-L" "/opt/rustwide/target/debug/deps" "-L" "/opt/rustwide/rustup-home/toolchains/1.69.0-x86_64-unknown-linux-gnu/lib/rustlib/x86_64-unknown-linux-gnu/lib" "-Wl,-Bstatic" "/opt/rustwide/rustup-home/toolchains/1.69.0-x86_64-unknown-linux-gnu/lib/rustlib/x86_64-unknown-linux-gnu/lib/libstd-89bc084783fdc439.rlib" "/opt/rustwide/rustup-home/toolchains/1.69.0-x86_64-unknown-linux-gnu/lib/rustlib/x86_64-unknown-linux-gnu/lib/libpanic_unwind-8bee4b287d4367c1.rlib" "/opt/rustwide/rustup-home/toolchains/1.69.0-x86_64-unknown-linux-gnu/lib/rustlib/x86_64-unknown-linux-gnu/lib/libobject-d61707aed80694c0.rlib" "/opt/rustwide/rustup-home/toolchains/1.69.0-x86_64-unknown-linux-gnu/lib/rustlib/x86_64-unknown-linux-gnu/lib/libmemchr-d85366256f22345b.rlib" "/opt/rustwide/rustup-home/toolchains/1.69.0-x86_64-unknown-linux-gnu/lib/rustlib/x86_64-unknown-linux-gnu/lib/libaddr2line-96069b86b8a8cae9.rlib" "/opt/rustwide/rustup-home/toolchains/1.69.0-x86_64-unknown-linux-gnu/lib/rustlib/x86_64-unknown-linux-gnu/lib/libgimli-d19d53abf68dfa6c.rlib" "/opt/rustwide/rustup-home/toolchains/1.69.0-x86_64-unknown-linux-gnu/lib/rustlib/x86_64-unknown-linux-gnu/lib/librustc_demangle-787cbccd19d64ac6.rlib" "/opt/rustwide/rustup-home/toolchains/1.69.0-x86_64-unknown-linux-gnu/lib/rustlib/x86_64-unknown-linux-gnu/lib/libstd_detect-b3837a36b830e0d0.rlib" "/opt/rustwide/rustup-home/toolchains/1.69.0-x86_64-unknown-linux-gnu/lib/rustlib/x86_64-unknown-linux-gnu/lib/libhashbrown-e3deb0e7e3f04966.rlib" "/opt/rustwide/rustup-home/toolchains/1.69.0-x86_64-unknown-linux-gnu/lib/rustlib/x86_64-unknown-linux-gnu/lib/libminiz_oxide-dabbb79c9815def4.rlib" "/opt/rustwide/rustup-home/toolchains/1.69.0-x86_64-unknown-linux-gnu/lib/rustlib/x86_64-unknown-linux-gnu/lib/libadler-305b01f34c9409f2.rlib" "/opt/rustwide/rustup-home/toolchains/1.69.0-x86_64-unknown-linux-gnu/lib/rustlib/x86_64-unknown-linux-gnu/lib/librustc_std_workspace_alloc-f833521df6074e73.rlib" "/opt/rustwide/rustup-home/toolchains/1.69.0-x86_64-unknown-linux-gnu/lib/rustlib/x86_64-unknown-linux-gnu/lib/libunwind-9ac333113350d171.rlib" "/opt/rustwide/rustup-home/toolchains/1.69.0-x86_64-unknown-linux-gnu/lib/rustlib/x86_64-unknown-linux-gnu/lib/libcfg_if-1c126114322d0eee.rlib" "/opt/rustwide/rustup-home/toolchains/1.69.0-x86_64-unknown-linux-gnu/lib/rustlib/x86_64-unknown-linux-gnu/lib/liblibc-bad9164fdeeecf92.rlib" "/opt/rustwide/rustup-home/toolchains/1.69.0-x86_64-unknown-linux-gnu/lib/rustlib/x86_64-unknown-linux-gnu/lib/liballoc-f9374b1e480fa681.rlib" "/opt/rustwide/rustup-home/toolchains/1.69.0-x86_64-unknown-linux-gnu/lib/rustlib/x86_64-unknown-linux-gnu/lib/librustc_std_workspace_core-207f06e41d9603af.rlib" "/opt/rustwide/rustup-home/toolchains/1.69.0-x86_64-unknown-linux-gnu/lib/rustlib/x86_64-unknown-linux-gnu/lib/libcore-7e2768e66e984e85.rlib" "/opt/rustwide/rustup-home/toolchains/1.69.0-x86_64-unknown-linux-gnu/lib/rustlib/x86_64-unknown-linux-gnu/lib/libcompiler_builtins-957b4aff41f8cd46.rlib" "-Wl,-Bdynamic" "-lgcc_s" "-lutil" "-lrt" "-lpthread" "-lm" "-ldl" "-lc" "-Wl,--eh-frame-hdr" "-Wl,-z,noexecstack" "-L" "/opt/rustwide/rustup-home/toolchains/1.69.0-x86_64-unknown-linux-gnu/lib/rustlib/x86_64-unknown-linux-gnu/lib" "-o" "/opt/rustwide/target/debug/build/libc-6b4736ec56452460/build_script_build-6b4736ec56452460" "-Wl,--gc-sections" "-pie" "-Wl,-z,relro,-z,now" "-nodefaultlibs"
[INFO] [stdout]   = note: /usr/bin/ld: final link failed: No space left on device
[INFO] [stdout]           collect2: error: ld returned 1 exit status
[INFO] [stdout]           
[INFO] [stdout] 
[INFO] [stdout] 
[INFO] [stdout] error: aborting due to previous error
[INFO] [stdout] 
[INFO] [stdout] 
[INFO] [stderr] error: could not compile `unicode-bidi` due to 2 previous errors
[INFO] [stderr] warning: build failed, waiting for other jobs to finish...
[INFO] [stderr] error: could not compile `libc` due to 2 previous errors
[INFO] [stderr] LLVM ERROR: IO failure on output stream: No space left on device
[INFO] [stderr] LLVM ERROR: IO failure on output stream: No space left on device
[INFO] [stderr] LLVM ERROR: IO failure on output stream: No space left on device
[INFO] [stderr] error: could not compile `unicase`
[INFO] [stdout] error: linking with `cc` failed: exit status: 1
[INFO] [stdout]   |
[INFO] [stdout]   = note: LC_ALL="C" PATH="/opt/rustwide/rustup-home/toolchains/1.69.0-x86_64-unknown-linux-gnu/lib/rustlib/x86_64-unknown-linux-gnu/bin:/opt/rustwide/cargo-home/bin:/usr/local/sbin:/usr/local/bin:/usr/sbin:/usr/bin:/sbin:/bin" VSLANG="1033" "cc" "-m64" "/tmp/rustcnDYazZ/symbols.o" "/opt/rustwide/target/debug/build/byteorder-f01ac36bada3baa0/build_script_build-f01ac36bada3baa0.build_script_build.6e33e2dc-cgu.0.rcgu.o" "/opt/rustwide/target/debug/build/byteorder-f01ac36bada3baa0/build_script_build-f01ac36bada3baa0.build_script_build.6e33e2dc-cgu.1.rcgu.o" "/opt/rustwide/target/debug/build/byteorder-f01ac36bada3baa0/build_script_build-f01ac36bada3baa0.build_script_build.6e33e2dc-cgu.10.rcgu.o" "/opt/rustwide/target/debug/build/byteorder-f01ac36bada3baa0/build_script_build-f01ac36bada3baa0.build_script_build.6e33e2dc-cgu.11.rcgu.o" "/opt/rustwide/target/debug/build/byteorder-f01ac36bada3baa0/build_script_build-f01ac36bada3baa0.build_script_build.6e33e2dc-cgu.12.rcgu.o" "/opt/rustwide/target/debug/build/byteorder-f01ac36bada3baa0/build_script_build-f01ac36bada3baa0.build_script_build.6e33e2dc-cgu.13.rcgu.o" "/opt/rustwide/target/debug/build/byteorder-f01ac36bada3baa0/build_script_build-f01ac36bada3baa0.build_script_build.6e33e2dc-cgu.14.rcgu.o" "/opt/rustwide/target/debug/build/byteorder-f01ac36bada3baa0/build_script_build-f01ac36bada3baa0.build_script_build.6e33e2dc-cgu.15.rcgu.o" "/opt/rustwide/target/debug/build/byteorder-f01ac36bada3baa0/build_script_build-f01ac36bada3baa0.build_script_build.6e33e2dc-cgu.2.rcgu.o" "/opt/rustwide/target/debug/build/byteorder-f01ac36bada3baa0/build_script_build-f01ac36bada3baa0.build_script_build.6e33e2dc-cgu.3.rcgu.o" "/opt/rustwide/target/debug/build/byteorder-f01ac36bada3baa0/build_script_build-f01ac36bada3baa0.build_script_build.6e33e2dc-cgu.4.rcgu.o" "/opt/rustwide/target/debug/build/byteorder-f01ac36bada3baa0/build_script_build-f01ac36bada3baa0.build_script_build.6e33e2dc-cgu.5.rcgu.o" "/opt/rustwide/target/debug/build/byteorder-f01ac36bada3baa0/build_script_build-f01ac36bada3baa0.build_script_build.6e33e2dc-cgu.6.rcgu.o" "/opt/rustwide/target/debug/build/byteorder-f01ac36bada3baa0/build_script_build-f01ac36bada3baa0.build_script_build.6e33e2dc-cgu.7.rcgu.o" "/opt/rustwide/target/debug/build/byteorder-f01ac36bada3baa0/build_script_build-f01ac36bada3baa0.build_script_build.6e33e2dc-cgu.8.rcgu.o" "/opt/rustwide/target/debug/build/byteorder-f01ac36bada3baa0/build_script_build-f01ac36bada3baa0.build_script_build.6e33e2dc-cgu.9.rcgu.o" "/opt/rustwide/target/debug/build/byteorder-f01ac36bada3baa0/build_script_build-f01ac36bada3baa0.4qvnow474vc3rdct.rcgu.o" "-Wl,--as-needed" "-L" "/opt/rustwide/target/debug/deps" "-L" "/opt/rustwide/rustup-home/toolchains/1.69.0-x86_64-unknown-linux-gnu/lib/rustlib/x86_64-unknown-linux-gnu/lib" "-Wl,-Bstatic" "/opt/rustwide/rustup-home/toolchains/1.69.0-x86_64-unknown-linux-gnu/lib/rustlib/x86_64-unknown-linux-gnu/lib/libstd-89bc084783fdc439.rlib" "/opt/rustwide/rustup-home/toolchains/1.69.0-x86_64-unknown-linux-gnu/lib/rustlib/x86_64-unknown-linux-gnu/lib/libpanic_unwind-8bee4b287d4367c1.rlib" "/opt/rustwide/rustup-home/toolchains/1.69.0-x86_64-unknown-linux-gnu/lib/rustlib/x86_64-unknown-linux-gnu/lib/libobject-d61707aed80694c0.rlib" "/opt/rustwide/rustup-home/toolchains/1.69.0-x86_64-unknown-linux-gnu/lib/rustlib/x86_64-unknown-linux-gnu/lib/libmemchr-d85366256f22345b.rlib" "/opt/rustwide/rustup-home/toolchains/1.69.0-x86_64-unknown-linux-gnu/lib/rustlib/x86_64-unknown-linux-gnu/lib/libaddr2line-96069b86b8a8cae9.rlib" "/opt/rustwide/rustup-home/toolchains/1.69.0-x86_64-unknown-linux-gnu/lib/rustlib/x86_64-unknown-linux-gnu/lib/libgimli-d19d53abf68dfa6c.rlib" "/opt/rustwide/rustup-home/toolchains/1.69.0-x86_64-unknown-linux-gnu/lib/rustlib/x86_64-unknown-linux-gnu/lib/librustc_demangle-787cbccd19d64ac6.rlib" "/opt/rustwide/rustup-home/toolchains/1.69.0-x86_64-unknown-linux-gnu/lib/rustlib/x86_64-unknown-linux-gnu/lib/libstd_detect-b3837a36b830e0d0.rlib" "/opt/rustwide/rustup-home/toolchains/1.69.0-x86_64-unknown-linux-gnu/lib/rustlib/x86_64-unknown-linux-gnu/lib/libhashbrown-e3deb0e7e3f04966.rlib" "/opt/rustwide/rustup-home/toolchains/1.69.0-x86_64-unknown-linux-gnu/lib/rustlib/x86_64-unknown-linux-gnu/lib/libminiz_oxide-dabbb79c9815def4.rlib" "/opt/rustwide/rustup-home/toolchains/1.69.0-x86_64-unknown-linux-gnu/lib/rustlib/x86_64-unknown-linux-gnu/lib/libadler-305b01f34c9409f2.rlib" "/opt/rustwide/rustup-home/toolchains/1.69.0-x86_64-unknown-linux-gnu/lib/rustlib/x86_64-unknown-linux-gnu/lib/librustc_std_workspace_alloc-f833521df6074e73.rlib" "/opt/rustwide/rustup-home/toolchains/1.69.0-x86_64-unknown-linux-gnu/lib/rustlib/x86_64-unknown-linux-gnu/lib/libunwind-9ac333113350d171.rlib" "/opt/rustwide/rustup-home/toolchains/1.69.0-x86_64-unknown-linux-gnu/lib/rustlib/x86_64-unknown-linux-gnu/lib/libcfg_if-1c126114322d0eee.rlib" "/opt/rustwide/rustup-home/toolchains/1.69.0-x86_64-unknown-linux-gnu/lib/rustlib/x86_64-unknown-linux-gnu/lib/liblibc-bad9164fdeeecf92.rlib" "/opt/rustwide/rustup-home/toolchains/1.69.0-x86_64-unknown-linux-gnu/lib/rustlib/x86_64-unknown-linux-gnu/lib/liballoc-f9374b1e480fa681.rlib" "/opt/rustwide/rustup-home/toolchains/1.69.0-x86_64-unknown-linux-gnu/lib/rustlib/x86_64-unknown-linux-gnu/lib/librustc_std_workspace_core-207f06e41d9603af.rlib" "/opt/rustwide/rustup-home/toolchains/1.69.0-x86_64-unknown-linux-gnu/lib/rustlib/x86_64-unknown-linux-gnu/lib/libcore-7e2768e66e984e85.rlib" "/opt/rustwide/rustup-home/toolchains/1.69.0-x86_64-unknown-linux-gnu/lib/rustlib/x86_64-unknown-linux-gnu/lib/libcompiler_builtins-957b4aff41f8cd46.rlib" "-Wl,-Bdynamic" "-lgcc_s" "-lutil" "-lrt" "-lpthread" "-lm" "-ldl" "-lc" "-Wl,--eh-frame-hdr" "-Wl,-z,noexecstack" "-L" "/opt/rustwide/rustup-home/toolchains/1.69.0-x86_64-unknown-linux-gnu/lib/rustlib/x86_64-unknown-linux-gnu/lib" "-o" "/opt/rustwide/target/debug/build/byteorder-f01ac36bada3baa0/build_script_build-f01ac36bada3baa0" "-Wl,--gc-sections" "-pie" "-Wl,-z,relro,-z,now" "-nodefaultlibs"
[INFO] [stdout]   = note: /usr/bin/ld: final link failed: No space left on device
[INFO] [stdout]           collect2: error: ld returned 1 exit status
[INFO] [stdout]           
[INFO] [stdout] 
[INFO] [stdout] 
[INFO] [stdout] error: aborting due to previous error
[INFO] [stdout] 
[INFO] [stdout] 
[INFO] [stdout] error: linking with `cc` failed: exit status: 1
[INFO] [stdout]   |
[INFO] [stdout]   = note: LC_ALL="C" PATH="/opt/rustwide/rustup-home/toolchains/1.69.0-x86_64-unknown-linux-gnu/lib/rustlib/x86_64-unknown-linux-gnu/bin:/opt/rustwide/cargo-home/bin:/usr/local/sbin:/usr/local/bin:/usr/sbin:/usr/bin:/sbin:/bin" VSLANG="1033" "cc" "-m64" "/tmp/rustcsnm7NO/symbols.o" "/opt/rustwide/target/debug/build/httparse-2521025273c9c549/build_script_build-2521025273c9c549.build_script_build.12eac927-cgu.0.rcgu.o" "/opt/rustwide/target/debug/build/httparse-2521025273c9c549/build_script_build-2521025273c9c549.build_script_build.12eac927-cgu.1.rcgu.o" "/opt/rustwide/target/debug/build/httparse-2521025273c9c549/build_script_build-2521025273c9c549.build_script_build.12eac927-cgu.10.rcgu.o" "/opt/rustwide/target/debug/build/httparse-2521025273c9c549/build_script_build-2521025273c9c549.build_script_build.12eac927-cgu.11.rcgu.o" "/opt/rustwide/target/debug/build/httparse-2521025273c9c549/build_script_build-2521025273c9c549.build_script_build.12eac927-cgu.12.rcgu.o" "/opt/rustwide/target/debug/build/httparse-2521025273c9c549/build_script_build-2521025273c9c549.build_script_build.12eac927-cgu.13.rcgu.o" "/opt/rustwide/target/debug/build/httparse-2521025273c9c549/build_script_build-2521025273c9c549.build_script_build.12eac927-cgu.14.rcgu.o" "/opt/rustwide/target/debug/build/httparse-2521025273c9c549/build_script_build-2521025273c9c549.build_script_build.12eac927-cgu.15.rcgu.o" "/opt/rustwide/target/debug/build/httparse-2521025273c9c549/build_script_build-2521025273c9c549.build_script_build.12eac927-cgu.2.rcgu.o" "/opt/rustwide/target/debug/build/httparse-2521025273c9c549/build_script_build-2521025273c9c549.build_script_build.12eac927-cgu.3.rcgu.o" "/opt/rustwide/target/debug/build/httparse-2521025273c9c549/build_script_build-2521025273c9c549.build_script_build.12eac927-cgu.4.rcgu.o" "/opt/rustwide/target/debug/build/httparse-2521025273c9c549/build_script_build-2521025273c9c549.build_script_build.12eac927-cgu.5.rcgu.o" "/opt/rustwide/target/debug/build/httparse-2521025273c9c549/build_script_build-2521025273c9c549.build_script_build.12eac927-cgu.6.rcgu.o" "/opt/rustwide/target/debug/build/httparse-2521025273c9c549/build_script_build-2521025273c9c549.build_script_build.12eac927-cgu.7.rcgu.o" "/opt/rustwide/target/debug/build/httparse-2521025273c9c549/build_script_build-2521025273c9c549.build_script_build.12eac927-cgu.8.rcgu.o" "/opt/rustwide/target/debug/build/httparse-2521025273c9c549/build_script_build-2521025273c9c549.build_script_build.12eac927-cgu.9.rcgu.o" "/opt/rustwide/target/debug/build/httparse-2521025273c9c549/build_script_build-2521025273c9c549.1eeh3tfpbvt07vx0.rcgu.o" "-Wl,--as-needed" "-L" "/opt/rustwide/target/debug/deps" "-L" "/opt/rustwide/rustup-home/toolchains/1.69.0-x86_64-unknown-linux-gnu/lib/rustlib/x86_64-unknown-linux-gnu/lib" "-Wl,-Bstatic" "/opt/rustwide/rustup-home/toolchains/1.69.0-x86_64-unknown-linux-gnu/lib/rustlib/x86_64-unknown-linux-gnu/lib/libstd-89bc084783fdc439.rlib" "/opt/rustwide/rustup-home/toolchains/1.69.0-x86_64-unknown-linux-gnu/lib/rustlib/x86_64-unknown-linux-gnu/lib/libpanic_unwind-8bee4b287d4367c1.rlib" "/opt/rustwide/rustup-home/toolchains/1.69.0-x86_64-unknown-linux-gnu/lib/rustlib/x86_64-unknown-linux-gnu/lib/libobject-d61707aed80694c0.rlib" "/opt/rustwide/rustup-home/toolchains/1.69.0-x86_64-unknown-linux-gnu/lib/rustlib/x86_64-unknown-linux-gnu/lib/libmemchr-d85366256f22345b.rlib" "/opt/rustwide/rustup-home/toolchains/1.69.0-x86_64-unknown-linux-gnu/lib/rustlib/x86_64-unknown-linux-gnu/lib/libaddr2line-96069b86b8a8cae9.rlib" "/opt/rustwide/rustup-home/toolchains/1.69.0-x86_64-unknown-linux-gnu/lib/rustlib/x86_64-unknown-linux-gnu/lib/libgimli-d19d53abf68dfa6c.rlib" "/opt/rustwide/rustup-home/toolchains/1.69.0-x86_64-unknown-linux-gnu/lib/rustlib/x86_64-unknown-linux-gnu/lib/librustc_demangle-787cbccd19d64ac6.rlib" "/opt/rustwide/rustup-home/toolchains/1.69.0-x86_64-unknown-linux-gnu/lib/rustlib/x86_64-unknown-linux-gnu/lib/libstd_detect-b3837a36b830e0d0.rlib" "/opt/rustwide/rustup-home/toolchains/1.69.0-x86_64-unknown-linux-gnu/lib/rustlib/x86_64-unknown-linux-gnu/lib/libhashbrown-e3deb0e7e3f04966.rlib" "/opt/rustwide/rustup-home/toolchains/1.69.0-x86_64-unknown-linux-gnu/lib/rustlib/x86_64-unknown-linux-gnu/lib/libminiz_oxide-dabbb79c9815def4.rlib" "/opt/rustwide/rustup-home/toolchains/1.69.0-x86_64-unknown-linux-gnu/lib/rustlib/x86_64-unknown-linux-gnu/lib/libadler-305b01f34c9409f2.rlib" "/opt/rustwide/rustup-home/toolchains/1.69.0-x86_64-unknown-linux-gnu/lib/rustlib/x86_64-unknown-linux-gnu/lib/librustc_std_workspace_alloc-f833521df6074e73.rlib" "/opt/rustwide/rustup-home/toolchains/1.69.0-x86_64-unknown-linux-gnu/lib/rustlib/x86_64-unknown-linux-gnu/lib/libunwind-9ac333113350d171.rlib" "/opt/rustwide/rustup-home/toolchains/1.69.0-x86_64-unknown-linux-gnu/lib/rustlib/x86_64-unknown-linux-gnu/lib/libcfg_if-1c126114322d0eee.rlib" "/opt/rustwide/rustup-home/toolchains/1.69.0-x86_64-unknown-linux-gnu/lib/rustlib/x86_64-unknown-linux-gnu/lib/liblibc-bad9164fdeeecf92.rlib" "/opt/rustwide/rustup-home/toolchains/1.69.0-x86_64-unknown-linux-gnu/lib/rustlib/x86_64-unknown-linux-gnu/lib/liballoc-f9374b1e480fa681.rlib" "/opt/rustwide/rustup-home/toolchains/1.69.0-x86_64-unknown-linux-gnu/lib/rustlib/x86_64-unknown-linux-gnu/lib/librustc_std_workspace_core-207f06e41d9603af.rlib" "/opt/rustwide/rustup-home/toolchains/1.69.0-x86_64-unknown-linux-gnu/lib/rustlib/x86_64-unknown-linux-gnu/lib/libcore-7e2768e66e984e85.rlib" "/opt/rustwide/rustup-home/toolchains/1.69.0-x86_64-unknown-linux-gnu/lib/rustlib/x86_64-unknown-linux-gnu/lib/libcompiler_builtins-957b4aff41f8cd46.rlib" "-Wl,-Bdynamic" "-lgcc_s" "-lutil" "-lrt" "-lpthread" "-lm" "-ldl" "-lc" "-Wl,--eh-frame-hdr" "-Wl,-z,noexecstack" "-L" "/opt/rustwide/rustup-home/toolchains/1.69.0-x86_64-unknown-linux-gnu/lib/rustlib/x86_64-unknown-linux-gnu/lib" "-o" "/opt/rustwide/target/debug/build/httparse-2521025273c9c549/build_script_build-2521025273c9c549" "-Wl,--gc-sections" "-pie" "-Wl,-z,relro,-z,now" "-nodefaultlibs"
[INFO] [stdout]   = note: /usr/bin/ld: final link failed: No space left on device
[INFO] [stdout]           collect2: error: ld returned 1 exit status
[INFO] [stdout]           
[INFO] [stdout] 
[INFO] [stdout] 
[INFO] [stdout] error: aborting due to previous error
[INFO] [stdout] 
[INFO] [stdout] 
[INFO] [stderr] error: could not compile `language-tags`
[INFO] [stderr] error: could not compile `rand_jitter`
[INFO] [stderr] error: could not compile `byteorder` due to 2 previous errors
[INFO] [stderr] error: could not compile `httparse` due to 2 previous errors
[INFO] [stderr] LLVM ERROR: IO failure on output stream: No space left on device
[INFO] [stderr] LLVM ERROR: IO failure on output stream: No space left on device
[INFO] [stderr] LLVM ERROR: IO failure on output stream: No space left on device
[INFO] [stderr] error: could not compile `rand_pcg`
[INFO] [stderr] thread 'rustc' panicked at 'assertion failed: pos.get() <= self.position()', compiler/rustc_metadata/src/rmeta/encoder.rs:435:9
[INFO] [stderr] error: could not compile `rand_xorshift`
[INFO] [stderr] error: could not compile `typemap`
[INFO] [stdout] error: couldn't create a temp dir: No space left on device (os error 28) at path "/opt/rustwide/target/debug/deps/rmetakNaVJV"
[INFO] [stdout] 
[INFO] [stdout] 
[INFO] [stdout] error: couldn't create a temp dir: No space left on device (os error 28) at path "/opt/rustwide/target/debug/deps/rmetaGe8yt9"
[INFO] [stdout] 
[INFO] [stdout] 
[INFO] [stderr] error: could not compile `rand_isaac` due to previous error
[INFO] [stderr] error: could not compile `log` due to previous error
[INFO] [stderr] error: could not compile `rand_hc`
[INFO] [stdout] error: couldn't create a temp dir: No space left on device (os error 28) at path "/opt/rustwide/target/debug/deps/rmetawfcyfi"
[INFO] [stdout] 
[INFO] [stdout] 
[INFO] [stderr] error: could not compile `unicode-normalization` due to previous error
[INFO] running `Command { std: "docker" "inspect" "20c3950c28fef900cdc19e411ef7e31534e171d15f2afb08196cc20f7181cc33", kill_on_drop: false }`
[INFO] running `Command { std: "docker" "rm" "-f" "20c3950c28fef900cdc19e411ef7e31534e171d15f2afb08196cc20f7181cc33", kill_on_drop: false }`
[INFO] [stdout] 20c3950c28fef900cdc19e411ef7e31534e171d15f2afb08196cc20f7181cc33
