[INFO] cloning repository https://github.com/Rigellute/walk-the-world-backend
[INFO] running `Command { std: "git" "-c" "credential.helper=" "-c" "credential.helper=/workspace/cargo-home/bin/git-credential-null" "clone" "--bare" "https://github.com/Rigellute/walk-the-world-backend" "/workspace/cache/git-repos/https%3A%2F%2Fgithub.com%2FRigellute%2Fwalk-the-world-backend", kill_on_drop: false }`
[INFO] [stderr] Cloning into bare repository '/workspace/cache/git-repos/https%3A%2F%2Fgithub.com%2FRigellute%2Fwalk-the-world-backend'...
[INFO] running `Command { std: "git" "rev-parse" "HEAD", kill_on_drop: false }`
[INFO] [stdout] c5b79244796c6532857d1c950d1d04b6348fcacf
[INFO] testing Rigellute/walk-the-world-backend against 1.69.0 for beta-1.70-1
[INFO] running `Command { std: "git" "clone" "/workspace/cache/git-repos/https%3A%2F%2Fgithub.com%2FRigellute%2Fwalk-the-world-backend" "/workspace/builds/worker-5-tc1/source", kill_on_drop: false }`
[INFO] [stderr] Cloning into '/workspace/builds/worker-5-tc1/source'...
[INFO] [stderr] done.
[INFO] validating manifest of git repo https://github.com/Rigellute/walk-the-world-backend on toolchain 1.69.0
[INFO] running `Command { std: CARGO_HOME="/workspace/cargo-home" RUSTUP_HOME="/workspace/rustup-home" "/workspace/cargo-home/bin/cargo" "+1.69.0" "metadata" "--manifest-path" "Cargo.toml" "--no-deps", kill_on_drop: false }`
[INFO] started tweaking git repo https://github.com/Rigellute/walk-the-world-backend
[INFO] finished tweaking git repo https://github.com/Rigellute/walk-the-world-backend
[INFO] tweaked toml for git repo https://github.com/Rigellute/walk-the-world-backend written to /workspace/builds/worker-5-tc1/source/Cargo.toml
[INFO] crate git repo https://github.com/Rigellute/walk-the-world-backend already has a lockfile, it will not be regenerated
[INFO] running `Command { std: CARGO_HOME="/workspace/cargo-home" RUSTUP_HOME="/workspace/rustup-home" "/workspace/cargo-home/bin/cargo" "+1.69.0" "fetch" "--manifest-path" "Cargo.toml", kill_on_drop: false }`
[INFO] [stderr]  Downloading crates ...
[INFO] [stderr]   Downloaded lock_api v0.3.2
[INFO] [stderr]   Downloaded rusoto_credential v0.41.1
[INFO] [stderr]   Downloaded rusoto_core v0.41.0
[INFO] [stderr]   Downloaded wasm-bindgen-shared v0.2.56
[INFO] [stderr]   Downloaded wasm-bindgen-macro v0.2.56
[INFO] [stderr]   Downloaded signal-hook v0.1.12
[INFO] [stderr]   Downloaded lambda_runtime v0.2.1
[INFO] [stderr]   Downloaded serde_json v1.0.44
[INFO] [stderr]   Downloaded wasm-bindgen-macro-support v0.2.56
[INFO] [stderr]   Downloaded wasm-bindgen-backend v0.2.56
[INFO] [stderr]   Downloaded lambda_runtime_errors v0.1.1
[INFO] [stderr]   Downloaded web-sys v0.3.33
[INFO] [stderr]   Downloaded js-sys v0.3.33
[INFO] [stderr]   Downloaded wasm-bindgen-webidl v0.2.56
[INFO] [stderr]   Downloaded hyper-rustls v0.17.1
[INFO] [stderr]   Downloaded tokio-rustls v0.10.2
[INFO] [stderr]   Downloaded futures-backoff v0.1.0
[INFO] [stderr]   Downloaded futures-timer v0.1.1
[INFO] [stderr]   Downloaded lambda_runtime_core v0.1.2
[INFO] [stderr]   Downloaded tokio-process v0.2.4
[INFO] [stderr]   Downloaded lambda_runtime_client v0.2.2
[INFO] [stderr]   Downloaded simple-error v0.2.1
[INFO] [stderr]   Downloaded lambda_runtime_errors_derive v0.1.1
[INFO] [stderr]   Downloaded wasm-bindgen v0.2.56
[INFO] [stderr]   Downloaded dynomite-derive v0.7.0
[INFO] [stderr]   Downloaded aws_lambda_events v0.2.5
[INFO] [stderr]   Downloaded dynomite v0.7.0
[INFO] [stderr]   Downloaded rusoto_dynamodb v0.41.0
[INFO] running `Command { std: "docker" "create" "-v" "/var/lib/crater-agent-workspace/builds/worker-5-tc1/target:/opt/rustwide/target:rw,Z" "-v" "/var/lib/crater-agent-workspace/builds/worker-5-tc1/source:/opt/rustwide/workdir:ro,Z" "-v" "/var/lib/crater-agent-workspace/cargo-home:/opt/rustwide/cargo-home:ro,Z" "-v" "/var/lib/crater-agent-workspace/rustup-home:/opt/rustwide/rustup-home:ro,Z" "-e" "SOURCE_DIR=/opt/rustwide/workdir" "-e" "CARGO_TARGET_DIR=/opt/rustwide/target" "-e" "CARGO_HOME=/opt/rustwide/cargo-home" "-e" "RUSTUP_HOME=/opt/rustwide/rustup-home" "-w" "/opt/rustwide/workdir" "-m" "1610612736" "--user" "0:0" "--network" "none" "ghcr.io/rust-lang/crates-build-env/linux@sha256:97d61d7686bf65f8ecb15491ab51835e82dc9176a96a831f143a431b191fc501" "/opt/rustwide/cargo-home/bin/cargo" "+1.69.0" "metadata" "--no-deps" "--format-version=1", kill_on_drop: false }`
[INFO] [stdout] 0b628892c97178bba636872ec761ca5436a5361070e3e808a667a755716b23e2
[INFO] running `Command { std: "docker" "start" "-a" "0b628892c97178bba636872ec761ca5436a5361070e3e808a667a755716b23e2", kill_on_drop: false }`
[INFO] running `Command { std: "docker" "inspect" "0b628892c97178bba636872ec761ca5436a5361070e3e808a667a755716b23e2", kill_on_drop: false }`
[INFO] running `Command { std: "docker" "rm" "-f" "0b628892c97178bba636872ec761ca5436a5361070e3e808a667a755716b23e2", kill_on_drop: false }`
[INFO] [stdout] 0b628892c97178bba636872ec761ca5436a5361070e3e808a667a755716b23e2
[INFO] running `Command { std: "docker" "create" "-v" "/var/lib/crater-agent-workspace/builds/worker-5-tc1/target:/opt/rustwide/target:rw,Z" "-v" "/var/lib/crater-agent-workspace/builds/worker-5-tc1/source:/opt/rustwide/workdir:ro,Z" "-v" "/var/lib/crater-agent-workspace/cargo-home:/opt/rustwide/cargo-home:ro,Z" "-v" "/var/lib/crater-agent-workspace/rustup-home:/opt/rustwide/rustup-home:ro,Z" "-e" "SOURCE_DIR=/opt/rustwide/workdir" "-e" "CARGO_TARGET_DIR=/opt/rustwide/target" "-e" "CARGO_INCREMENTAL=0" "-e" "RUST_BACKTRACE=full" "-e" "RUSTFLAGS=--cap-lints=warn" "-e" "RUSTDOCFLAGS=--cap-lints=warn" "-e" "CARGO_HOME=/opt/rustwide/cargo-home" "-e" "RUSTUP_HOME=/opt/rustwide/rustup-home" "-w" "/opt/rustwide/workdir" "-m" "1610612736" "--user" "0:0" "--network" "none" "ghcr.io/rust-lang/crates-build-env/linux@sha256:97d61d7686bf65f8ecb15491ab51835e82dc9176a96a831f143a431b191fc501" "/opt/rustwide/cargo-home/bin/cargo" "+1.69.0" "build" "--frozen" "--message-format=json", kill_on_drop: false }`
[INFO] [stdout] 6d863d2efd43389aafb1a3d49efb431000807a9981f1921e62d5382d3764f5df
[INFO] running `Command { std: "docker" "start" "-a" "6d863d2efd43389aafb1a3d49efb431000807a9981f1921e62d5382d3764f5df", kill_on_drop: false }`
[INFO] [stderr]    Compiling libc v0.2.66
[INFO] [stderr]    Compiling cfg-if v0.1.10
[INFO] [stderr]    Compiling proc-macro2 v1.0.6
[INFO] [stderr]    Compiling unicode-xid v0.2.0
[INFO] [stderr]    Compiling syn v1.0.11
[INFO] [stderr]    Compiling semver-parser v0.7.0
[INFO] [stderr]    Compiling lazy_static v1.4.0
[INFO] [stderr]    Compiling byteorder v1.3.2
[INFO] [stderr]    Compiling serde v1.0.104
[INFO] [stderr]    Compiling autocfg v0.1.7
[INFO] [stderr]    Compiling futures v0.1.29
[INFO] [stderr]    Compiling log v0.4.8
[INFO] [stderr]    Compiling either v1.5.3
[INFO] [stderr]    Compiling cc v1.0.48
[INFO] [stderr]    Compiling slab v0.4.2
[INFO] [stderr]    Compiling scopeguard v1.0.0
[INFO] [stderr]    Compiling maybe-uninit v2.0.0
[INFO] [stderr]    Compiling crossbeam-utils v0.6.6
[INFO] [stderr]    Compiling fnv v1.0.6
[INFO] [stderr]    Compiling lock_api v0.3.2
[INFO] [stderr]    Compiling itoa v0.4.4
[INFO] [stderr]    Compiling semver v0.9.0
[INFO] [stderr]    Compiling ryu v1.0.2
[INFO] [stderr]    Compiling httparse v1.3.4
[INFO] [stderr]    Compiling rustc_version v0.2.3
[INFO] [stderr]    Compiling crossbeam-utils v0.7.0
[INFO] [stderr]    Compiling crossbeam-epoch v0.8.0
[INFO] [stderr]    Compiling crossbeam-queue v0.1.2
[INFO] [stderr]    Compiling num-traits v0.2.10
[INFO] [stderr]    Compiling indexmap v1.3.0
[INFO] [stderr]    Compiling num-integer v0.1.41
[INFO] [stderr]    Compiling smallvec v0.6.13
[INFO] [stderr]    Compiling typenum v1.11.2
[INFO] [stderr]    Compiling parking_lot_core v0.6.2
[INFO] [stderr]    Compiling parking_lot v0.9.0
[INFO] [stderr]    Compiling memoffset v0.5.3
[INFO] [stderr]    Compiling hyper v0.12.35
[INFO] [stderr]    Compiling untrusted v0.7.0
[INFO] [stderr]    Compiling try-lock v0.2.2
[INFO] [stderr]    Compiling quote v1.0.2
[INFO] [stderr]    Compiling iovec v0.1.4
[INFO] [stderr]    Compiling num_cpus v1.11.1
[INFO] [stderr]    Compiling net2 v0.2.33
[INFO] [stderr]    Compiling time v0.1.42
[INFO] [stderr]    Compiling ring v0.16.9
[INFO] [stderr]    Compiling spin v0.5.2
[INFO] [stderr]    Compiling tokio-executor v0.1.9
[INFO] [stderr]    Compiling mio v0.6.21
[INFO] [stderr]    Compiling tokio-sync v0.1.7
[INFO] [stderr]    Compiling want v0.2.0
[INFO] [stderr]    Compiling tokio-timer v0.2.12
[INFO] [stderr]    Compiling tokio-current-thread v0.1.6
[INFO] [stderr]    Compiling futures-cpupool v0.1.8
[INFO] [stderr]    Compiling crossbeam-deque v0.7.2
[INFO] [stderr]    Compiling backtrace-sys v0.1.32
[INFO] [stderr]    Compiling proc-macro2 v0.4.30
[INFO] [stderr]    Compiling unicode-xid v0.1.0
[INFO] [stderr]    Compiling tokio-threadpool v0.1.17
[INFO] [stderr]    Compiling failure_derive v0.1.6
[INFO] [stderr]    Compiling rustc-demangle v0.1.16
[INFO] [stderr]    Compiling memchr v2.2.1
[INFO] [stderr]    Compiling syn v0.15.44
[INFO] [stderr]    Compiling mio-uds v0.6.7
[INFO] [stderr]    Compiling arc-swap v0.4.4
[INFO] [stderr]    Compiling getrandom v0.1.13
[INFO] [stderr]    Compiling base64 v0.10.1
[INFO] [stderr]    Compiling byte-tools v0.3.1
[INFO] [stderr]    Compiling generic-array v0.12.3
[INFO] [stderr]    Compiling block-padding v0.1.5
[INFO] [stderr]    Compiling thread_local v0.3.6
[INFO] [stderr]    Compiling regex-syntax v0.6.12
[INFO] [stderr]    Compiling signal-hook-registry v1.2.0
[INFO] [stderr]    Compiling subtle v1.0.0
[INFO] [stderr]    Compiling ppv-lite86 v0.2.6
[INFO] [stderr]    Compiling dirs v1.0.5
[INFO] [stderr]    Compiling signal-hook v0.1.12
[INFO] [stderr]    Compiling digest v0.8.1
[INFO] [stderr]    Compiling block-buffer v0.7.3
[INFO] [stderr]    Compiling crypto-mac v0.7.0
[INFO] [stderr]    Compiling quote v0.6.13
[INFO] [stderr]    Compiling rusoto_core v0.41.0
[INFO] [stderr]    Compiling shlex v0.1.1
[INFO] [stderr]    Compiling backtrace v0.3.40
[INFO] [stderr]    Compiling aho-corasick v0.7.6
[INFO] [stderr]    Compiling rand_core v0.5.1
[INFO] [stderr]    Compiling opaque-debug v0.2.3
[INFO] [stderr]    Compiling c2-chacha v0.2.3
[INFO] [stderr]    Compiling fake-simd v0.1.2
[INFO] [stderr]    Compiling hmac v0.7.1
[INFO] [stderr]    Compiling lambda_runtime_core v0.1.2
[INFO] [stderr]    Compiling percent-encoding v2.1.0
[INFO] [stderr]    Compiling sha2 v0.8.0
[INFO] [stderr]    Compiling xml-rs v0.8.0
[INFO] [stderr]    Compiling md5 v0.6.1
[INFO] [stderr]    Compiling rand_chacha v0.2.1
[INFO] [stderr]    Compiling hex v0.3.2
[INFO] [stderr]    Compiling futures-timer v0.1.1
[INFO] [stderr]    Compiling rand v0.4.6
[INFO] [stderr]    Compiling rand v0.7.2
[INFO] [stderr]    Compiling atty v0.2.13
[INFO] [stderr]    Compiling safemem v0.3.3
[INFO] [stderr]    Compiling simple-error v0.2.1
[INFO] [stderr]    Compiling colored v1.9.0
[INFO] [stderr]    Compiling base64 v0.9.3
[INFO] [stderr] thread 'rustc' panicked at 'assertion failed: pos.get() <= self.position()', compiler/rustc_metadata/src/rmeta/encoder.rs:435:9
[INFO] [stderr] thread 'rustc' panicked at 'assertion failed: pos.get() <= self.position()', compiler/rustc_metadata/src/rmeta/encoder.rs:435:9
[INFO] [stderr] thread 'rustc' panicked at 'assertion failed: pos.get() <= self.position()', compiler/rustc_metadata/src/rmeta/encoder.rs:435:9
[INFO] [stderr] LLVM ERROR: IO failure on output stream: No space left on device
[INFO] [stderr] LLVM ERROR: IO failure on output stream: No space left on device
[INFO] [stderr] LLVM ERROR: IO failure on output stream: No space left on device
[INFO] [stderr] error: could not compile `colored`
[INFO] [stderr] warning: build failed, waiting for other jobs to finish...
[INFO] [stderr] error: could not compile `aho-corasick`
[INFO] [stderr] error: could not compile `xml-rs`
[INFO] [stderr] error: could not compile `base64`
[INFO] [stderr] error: could not compile `hex`
[INFO] [stderr] error: could not compile `regex-syntax`
[INFO] [stdout] error: couldn't create a temp dir: No space left on device (os error 28) at path "/opt/rustwide/target/debug/deps/rmetau4xW55"
[INFO] [stdout] 
[INFO] [stdout] 
[INFO] [stderr] error: could not compile `rand` due to previous error
[INFO] [stdout] error: couldn't create a temp dir: No space left on device (os error 28) at path "/opt/rustwide/target/debug/deps/rmetaK93n7S"
[INFO] [stdout] 
[INFO] [stdout] 
[INFO] [stderr] error: could not compile `syn` due to previous error
[INFO] [stdout] error: couldn't create a temp dir: No space left on device (os error 28) at path "/opt/rustwide/target/debug/deps/rmetayEH2V7"
[INFO] [stdout] 
[INFO] [stdout] 
[INFO] [stderr] error: could not compile `rand` due to previous error
[INFO] [stdout] error: couldn't create a temp dir: No space left on device (os error 28) at path "/opt/rustwide/target/debug/deps/rmetazvUqZd"
[INFO] [stdout] 
[INFO] [stdout] 
[INFO] [stderr] error: could not compile `ring` due to previous error
[INFO] [stdout] error: couldn't create a temp dir: No space left on device (os error 28) at path "/opt/rustwide/target/debug/deps/rmetaMXAiOh"
[INFO] [stdout] 
[INFO] [stdout] 
[INFO] [stderr] error: could not compile `syn` due to previous error
[INFO] running `Command { std: "docker" "inspect" "6d863d2efd43389aafb1a3d49efb431000807a9981f1921e62d5382d3764f5df", kill_on_drop: false }`
[INFO] running `Command { std: "docker" "rm" "-f" "6d863d2efd43389aafb1a3d49efb431000807a9981f1921e62d5382d3764f5df", kill_on_drop: false }`
[INFO] [stdout] 6d863d2efd43389aafb1a3d49efb431000807a9981f1921e62d5382d3764f5df
