[INFO] cloning repository https://github.com/PicoJr/galaxy
[INFO] running `Command { std: "git" "-c" "credential.helper=" "-c" "credential.helper=/workspace/cargo-home/bin/git-credential-null" "clone" "--bare" "https://github.com/PicoJr/galaxy" "/workspace/cache/git-repos/https%3A%2F%2Fgithub.com%2FPicoJr%2Fgalaxy", kill_on_drop: false }`
[INFO] [stderr] Cloning into bare repository '/workspace/cache/git-repos/https%3A%2F%2Fgithub.com%2FPicoJr%2Fgalaxy'...
[INFO] running `Command { std: "git" "rev-parse" "HEAD", kill_on_drop: false }`
[INFO] [stdout] 524a6453929fa076505a2c54a67c905761cd51a2
[INFO] testing PicoJr/galaxy against 1.69.0 for beta-1.70-1
[INFO] running `Command { std: "git" "clone" "/workspace/cache/git-repos/https%3A%2F%2Fgithub.com%2FPicoJr%2Fgalaxy" "/workspace/builds/worker-7-tc1/source", kill_on_drop: false }`
[INFO] [stderr] Cloning into '/workspace/builds/worker-7-tc1/source'...
[INFO] [stderr] done.
[INFO] validating manifest of git repo https://github.com/PicoJr/galaxy on toolchain 1.69.0
[INFO] running `Command { std: CARGO_HOME="/workspace/cargo-home" RUSTUP_HOME="/workspace/rustup-home" "/workspace/cargo-home/bin/cargo" "+1.69.0" "metadata" "--manifest-path" "Cargo.toml" "--no-deps", kill_on_drop: false }`
[INFO] started tweaking git repo https://github.com/PicoJr/galaxy
[INFO] finished tweaking git repo https://github.com/PicoJr/galaxy
[INFO] tweaked toml for git repo https://github.com/PicoJr/galaxy written to /workspace/builds/worker-7-tc1/source/Cargo.toml
[INFO] crate git repo https://github.com/PicoJr/galaxy already has a lockfile, it will not be regenerated
[INFO] running `Command { std: CARGO_HOME="/workspace/cargo-home" RUSTUP_HOME="/workspace/rustup-home" "/workspace/cargo-home/bin/cargo" "+1.69.0" "fetch" "--manifest-path" "Cargo.toml", kill_on_drop: false }`
[INFO] [stderr]  Downloading crates ...
[INFO] [stderr]   Downloaded wayland-scanner v0.21.12
[INFO] [stderr]   Downloaded serde v1.0.91
[INFO] [stderr]   Downloaded wayland-client v0.21.12
[INFO] [stderr]   Downloaded wayland-sys v0.21.12
[INFO] [stderr]   Downloaded wayland-commons v0.21.12
[INFO] [stderr]   Downloaded serde_derive v1.0.91
[INFO] [stderr]   Downloaded downcast-rs v1.0.4
[INFO] [stderr]   Downloaded nix v0.13.0
[INFO] [stderr]   Downloaded smithay-client-toolkit v0.4.5
[INFO] [stderr]   Downloaded wayland-protocols v0.21.12
[INFO] [stderr]   Downloaded piston-gfx_texture v0.34.0
[INFO] [stderr]   Downloaded piston-viewport v0.3.0
[INFO] [stderr]   Downloaded piston2d-opengl_graphics v0.59.0
[INFO] [stderr]   Downloaded gl v0.10.0
[INFO] [stderr]   Downloaded gleam v0.6.17
[INFO] [stderr]   Downloaded piston2d-graphics v0.26.0
[INFO] [stderr]   Downloaded rusttype v0.7.6
[INFO] [stderr]   Downloaded rusttype v0.4.3
[INFO] [stderr]   Downloaded pistoncore-event_loop v0.37.0
[INFO] [stderr]   Downloaded pistoncore-input v0.21.0
[INFO] [stderr]   Downloaded pistoncore-window v0.32.0
[INFO] [stderr]   Downloaded pistoncore-glutin_window v0.48.0
[INFO] [stderr]   Downloaded piston v0.37.0
[INFO] [stderr]   Downloaded piston2d-gfx_graphics v0.52.0
[INFO] [stderr]   Downloaded piston_window v0.81.0
[INFO] running `Command { std: "docker" "create" "-v" "/var/lib/crater-agent-workspace/builds/worker-7-tc1/target:/opt/rustwide/target:rw,Z" "-v" "/var/lib/crater-agent-workspace/builds/worker-7-tc1/source:/opt/rustwide/workdir:ro,Z" "-v" "/var/lib/crater-agent-workspace/cargo-home:/opt/rustwide/cargo-home:ro,Z" "-v" "/var/lib/crater-agent-workspace/rustup-home:/opt/rustwide/rustup-home:ro,Z" "-e" "SOURCE_DIR=/opt/rustwide/workdir" "-e" "CARGO_TARGET_DIR=/opt/rustwide/target" "-e" "CARGO_HOME=/opt/rustwide/cargo-home" "-e" "RUSTUP_HOME=/opt/rustwide/rustup-home" "-w" "/opt/rustwide/workdir" "-m" "1610612736" "--user" "0:0" "--network" "none" "ghcr.io/rust-lang/crates-build-env/linux@sha256:97d61d7686bf65f8ecb15491ab51835e82dc9176a96a831f143a431b191fc501" "/opt/rustwide/cargo-home/bin/cargo" "+1.69.0" "metadata" "--no-deps" "--format-version=1", kill_on_drop: false }`
[INFO] [stdout] 5102aabad185a3a7dfca4ebd2da93d99b80e04313c49777897e56205cf7e5595
[INFO] running `Command { std: "docker" "start" "-a" "5102aabad185a3a7dfca4ebd2da93d99b80e04313c49777897e56205cf7e5595", kill_on_drop: false }`
[INFO] running `Command { std: "docker" "inspect" "5102aabad185a3a7dfca4ebd2da93d99b80e04313c49777897e56205cf7e5595", kill_on_drop: false }`
[INFO] running `Command { std: "docker" "rm" "-f" "5102aabad185a3a7dfca4ebd2da93d99b80e04313c49777897e56205cf7e5595", kill_on_drop: false }`
[INFO] [stdout] 5102aabad185a3a7dfca4ebd2da93d99b80e04313c49777897e56205cf7e5595
[INFO] running `Command { std: "docker" "create" "-v" "/var/lib/crater-agent-workspace/builds/worker-7-tc1/target:/opt/rustwide/target:rw,Z" "-v" "/var/lib/crater-agent-workspace/builds/worker-7-tc1/source:/opt/rustwide/workdir:ro,Z" "-v" "/var/lib/crater-agent-workspace/cargo-home:/opt/rustwide/cargo-home:ro,Z" "-v" "/var/lib/crater-agent-workspace/rustup-home:/opt/rustwide/rustup-home:ro,Z" "-e" "SOURCE_DIR=/opt/rustwide/workdir" "-e" "CARGO_TARGET_DIR=/opt/rustwide/target" "-e" "CARGO_INCREMENTAL=0" "-e" "RUST_BACKTRACE=full" "-e" "RUSTFLAGS=--cap-lints=warn" "-e" "RUSTDOCFLAGS=--cap-lints=warn" "-e" "CARGO_HOME=/opt/rustwide/cargo-home" "-e" "RUSTUP_HOME=/opt/rustwide/rustup-home" "-w" "/opt/rustwide/workdir" "-m" "1610612736" "--user" "0:0" "--network" "none" "ghcr.io/rust-lang/crates-build-env/linux@sha256:97d61d7686bf65f8ecb15491ab51835e82dc9176a96a831f143a431b191fc501" "/opt/rustwide/cargo-home/bin/cargo" "+1.69.0" "build" "--frozen" "--message-format=json", kill_on_drop: false }`
[INFO] [stdout] f55626e15b8307adea54b649b26a72c161f3fa8aeab6e54e6591056b5f8cd269
[INFO] running `Command { std: "docker" "start" "-a" "f55626e15b8307adea54b649b26a72c161f3fa8aeab6e54e6591056b5f8cd269", kill_on_drop: false }`
[INFO] [stderr]    Compiling bitflags v1.0.4
[INFO] [stderr]    Compiling cfg-if v0.1.7
[INFO] [stderr]    Compiling libc v0.2.54
[INFO] [stderr]    Compiling proc-macro2 v0.4.29
[INFO] [stderr]    Compiling unicode-xid v0.1.0
[INFO] [stderr]    Compiling lazy_static v1.3.0
[INFO] [stderr]    Compiling num-traits v0.2.6
[INFO] [stderr]    Compiling syn v0.15.33
[INFO] [stderr]    Compiling byteorder v1.3.1
[INFO] [stderr]    Compiling rand_core v0.4.0
[INFO] [stderr]    Compiling arrayvec v0.4.10
[INFO] [stderr]    Compiling cc v1.0.36
[INFO] [stderr]    Compiling nodrop v0.1.13
[INFO] [stderr]    Compiling scopeguard v0.3.3
[INFO] [stderr]    Compiling void v1.0.2
[INFO] [stderr]    Compiling xml-rs v0.8.0
[INFO] [stderr]    Compiling log v0.4.6
[INFO] [stderr]    Compiling xml-rs v0.7.0
[INFO] [stderr]    Compiling piston-float v0.3.0
[INFO] [stderr]    Compiling semver-parser v0.7.0
[INFO] [stderr]    Compiling khronos_api v2.2.0
[INFO] [stderr]    Compiling serde v1.0.91
[INFO] [stderr]    Compiling downcast-rs v1.0.4
[INFO] [stderr]    Compiling rand_core v0.3.1
[INFO] [stderr]    Compiling autocfg v0.1.2
[INFO] [stderr]    Compiling num-integer v0.1.39
[INFO] [stderr]    Compiling crossbeam-utils v0.2.2
[INFO] [stderr]    Compiling semver v0.9.0
[INFO] [stderr]    Compiling khronos_api v3.1.0
[INFO] [stderr]    Compiling memoffset v0.2.1
[INFO] [stderr]    Compiling shader_version v0.3.0
[INFO] [stderr]    Compiling smallvec v0.6.9
[INFO] [stderr]    Compiling rayon-core v1.4.1
[INFO] [stderr]    Compiling rustc_version v0.2.3
[INFO] [stderr]    Compiling gl_generator v0.9.0
[INFO] [stderr]    Compiling wayland-scanner v0.20.12
[INFO] [stderr]    Compiling stb_truetype v0.2.6
[INFO] [stderr]    Compiling stable_deref_trait v1.1.1
[INFO] [stderr]    Compiling pkg-config v0.3.14
[INFO] [stderr]    Compiling adler32 v1.0.3
[INFO] [stderr]    Compiling num-iter v0.1.37
[INFO] [stderr]    Compiling owning_ref v0.4.0
[INFO] [stderr]    Compiling crossbeam-epoch v0.3.1
[INFO] [stderr]    Compiling quote v0.6.12
[INFO] [stderr]    Compiling num_cpus v1.10.0
[INFO] [stderr]    Compiling lock_api v0.1.5
[INFO] [stderr]    Compiling libloading v0.5.0
[INFO] [stderr]    Compiling wayland-scanner v0.21.12
[INFO] [stderr]    Compiling crossbeam-deque v0.2.0
[INFO] [stderr]    Compiling nix v0.13.0
[INFO] [stderr]    Compiling num-derive v0.2.5
[INFO] [stderr]    Compiling rayon v1.0.3
[INFO] [stderr]    Compiling wayland-client v0.20.12
[INFO] [stderr]    Compiling approx v0.3.2
[INFO] [stderr]    Compiling x11-dl v2.18.3
[INFO] [stderr]    Compiling ordered-float v1.0.2
[INFO] [stderr]    Compiling gl_generator v0.10.0
[INFO] [stderr]    Compiling deflate v0.7.19
[INFO] [stderr]    Compiling inflate v0.4.5
[INFO] [stderr]    Compiling rand_chacha v0.1.1
[INFO] [stderr]    Compiling rand_pcg v0.1.2
[INFO] [stderr]    Compiling piston-viewport v0.3.0
[INFO] [stderr]    Compiling either v1.5.2
[INFO] [stderr]    Compiling dlib v0.4.1
[INFO] [stderr]    Compiling lzw v0.10.0
[INFO] [stderr]    Compiling num-rational v0.2.1
[INFO] [stderr]    Compiling rusttype v0.7.6
[INFO] [stderr]    Compiling wayland-sys v0.20.12
[INFO] [stderr]    Compiling wayland-sys v0.21.12
[INFO] [stderr]    Compiling wayland-commons v0.20.12
[INFO] [stderr]    Compiling wayland-protocols v0.20.12
[INFO] [stderr]    Compiling rand v0.5.6
[INFO] [stderr]    Compiling parking_lot_core v0.3.1
[INFO] [stderr]    Compiling rand v0.6.5
[INFO] [stderr]    Compiling piston-viewport v0.5.0
[INFO] [stderr]    Compiling percent-encoding v1.0.1
[INFO] [stderr]    Compiling color_quant v1.0.1
[INFO] [stderr]    Compiling nix v0.11.0
[INFO] [stderr]    Compiling shared_library v0.1.9
[INFO] [stderr]    Compiling gif v0.10.1
[INFO] [stderr]    Compiling rand_os v0.1.3
[INFO] [stderr]    Compiling parking_lot_core v0.4.0
[INFO] [stderr]    Compiling rand_hc v0.1.0
[INFO] [stderr]    Compiling rand_isaac v0.1.1
[INFO] [stderr]    Compiling rand_xorshift v0.1.1
[INFO] [stderr]    Compiling wayland-client v0.21.12
[INFO] [stderr]    Compiling wayland-protocols v0.21.12
[INFO] [stderr]    Compiling rand_jitter v0.1.4
[INFO] [stderr]    Compiling draw_state v0.8.0
[INFO] [stderr]    Compiling scoped_threadpool v0.1.9
[INFO] [stderr]    Compiling same-file v1.0.4
[INFO] [stderr]    Compiling piston-texture v0.6.0
[INFO] [stderr]    Compiling jpeg-decoder v0.1.15
[INFO] [stderr]    Compiling walkdir v2.2.7
[INFO] [stderr]    Compiling osmesa-sys v0.1.2
[INFO] [stdout] error: linking with `cc` failed: exit status: 1
[INFO] [stdout]   |
[INFO] [stdout]   = note: LC_ALL="C" PATH="/opt/rustwide/rustup-home/toolchains/1.69.0-x86_64-unknown-linux-gnu/lib/rustlib/x86_64-unknown-linux-gnu/bin:/opt/rustwide/cargo-home/bin:/usr/local/sbin:/usr/local/bin:/usr/sbin:/usr/bin:/sbin:/bin" VSLANG="1033" "cc" "-m64" "/tmp/rustcCZT7ID/symbols.o" "/opt/rustwide/target/debug/build/wayland-protocols-ddf111dcf875c024/build_script_build-ddf111dcf875c024.build_script_build.d17d7dad-cgu.0.rcgu.o" "/opt/rustwide/target/debug/build/wayland-protocols-ddf111dcf875c024/build_script_build-ddf111dcf875c024.build_script_build.d17d7dad-cgu.1.rcgu.o" "/opt/rustwide/target/debug/build/wayland-protocols-ddf111dcf875c024/build_script_build-ddf111dcf875c024.build_script_build.d17d7dad-cgu.10.rcgu.o" "/opt/rustwide/target/debug/build/wayland-protocols-ddf111dcf875c024/build_script_build-ddf111dcf875c024.build_script_build.d17d7dad-cgu.11.rcgu.o" "/opt/rustwide/target/debug/build/wayland-protocols-ddf111dcf875c024/build_script_build-ddf111dcf875c024.build_script_build.d17d7dad-cgu.12.rcgu.o" "/opt/rustwide/target/debug/build/wayland-protocols-ddf111dcf875c024/build_script_build-ddf111dcf875c024.build_script_build.d17d7dad-cgu.13.rcgu.o" "/opt/rustwide/target/debug/build/wayland-protocols-ddf111dcf875c024/build_script_build-ddf111dcf875c024.build_script_build.d17d7dad-cgu.14.rcgu.o" "/opt/rustwide/target/debug/build/wayland-protocols-ddf111dcf875c024/build_script_build-ddf111dcf875c024.build_script_build.d17d7dad-cgu.15.rcgu.o" "/opt/rustwide/target/debug/build/wayland-protocols-ddf111dcf875c024/build_script_build-ddf111dcf875c024.build_script_build.d17d7dad-cgu.2.rcgu.o" "/opt/rustwide/target/debug/build/wayland-protocols-ddf111dcf875c024/build_script_build-ddf111dcf875c024.build_script_build.d17d7dad-cgu.3.rcgu.o" "/opt/rustwide/target/debug/build/wayland-protocols-ddf111dcf875c024/build_script_build-ddf111dcf875c024.build_script_build.d17d7dad-cgu.4.rcgu.o" "/opt/rustwide/target/debug/build/wayland-protocols-ddf111dcf875c024/build_script_build-ddf111dcf875c024.build_script_build.d17d7dad-cgu.5.rcgu.o" "/opt/rustwide/target/debug/build/wayland-protocols-ddf111dcf875c024/build_script_build-ddf111dcf875c024.build_script_build.d17d7dad-cgu.6.rcgu.o" "/opt/rustwide/target/debug/build/wayland-protocols-ddf111dcf875c024/build_script_build-ddf111dcf875c024.build_script_build.d17d7dad-cgu.7.rcgu.o" "/opt/rustwide/target/debug/build/wayland-protocols-ddf111dcf875c024/build_script_build-ddf111dcf875c024.build_script_build.d17d7dad-cgu.8.rcgu.o" "/opt/rustwide/target/debug/build/wayland-protocols-ddf111dcf875c024/build_script_build-ddf111dcf875c024.build_script_build.d17d7dad-cgu.9.rcgu.o" "/opt/rustwide/target/debug/build/wayland-protocols-ddf111dcf875c024/build_script_build-ddf111dcf875c024.2wvi7cdg6bikqr5q.rcgu.o" "-Wl,--as-needed" "-L" "/opt/rustwide/target/debug/deps" "-L" "/opt/rustwide/rustup-home/toolchains/1.69.0-x86_64-unknown-linux-gnu/lib/rustlib/x86_64-unknown-linux-gnu/lib" "-Wl,-Bstatic" "/opt/rustwide/target/debug/deps/libwayland_scanner-2e3bcb659ae83ee8.rlib" "/opt/rustwide/target/debug/deps/libxml-026f76907be079d5.rlib" "/opt/rustwide/target/debug/deps/libquote-20dc6b7fcf6dc4b4.rlib" "/opt/rustwide/target/debug/deps/libproc_macro2-fb51f3a180b70975.rlib" "/opt/rustwide/target/debug/deps/libunicode_xid-d9678ef7bb9870d6.rlib" "/opt/rustwide/rustup-home/toolchains/1.69.0-x86_64-unknown-linux-gnu/lib/rustlib/x86_64-unknown-linux-gnu/lib/libproc_macro-3627dfecd49b0535.rlib" "/opt/rustwide/rustup-home/toolchains/1.69.0-x86_64-unknown-linux-gnu/lib/rustlib/x86_64-unknown-linux-gnu/lib/libstd-89bc084783fdc439.rlib" "/opt/rustwide/rustup-home/toolchains/1.69.0-x86_64-unknown-linux-gnu/lib/rustlib/x86_64-unknown-linux-gnu/lib/libpanic_unwind-8bee4b287d4367c1.rlib" "/opt/rustwide/rustup-home/toolchains/1.69.0-x86_64-unknown-linux-gnu/lib/rustlib/x86_64-unknown-linux-gnu/lib/libobject-d61707aed80694c0.rlib" "/opt/rustwide/rustup-home/toolchains/1.69.0-x86_64-unknown-linux-gnu/lib/rustlib/x86_64-unknown-linux-gnu/lib/libmemchr-d85366256f22345b.rlib" "/opt/rustwide/rustup-home/toolchains/1.69.0-x86_64-unknown-linux-gnu/lib/rustlib/x86_64-unknown-linux-gnu/lib/libaddr2line-96069b86b8a8cae9.rlib" "/opt/rustwide/rustup-home/toolchains/1.69.0-x86_64-unknown-linux-gnu/lib/rustlib/x86_64-unknown-linux-gnu/lib/libgimli-d19d53abf68dfa6c.rlib" "/opt/rustwide/rustup-home/toolchains/1.69.0-x86_64-unknown-linux-gnu/lib/rustlib/x86_64-unknown-linux-gnu/lib/librustc_demangle-787cbccd19d64ac6.rlib" "/opt/rustwide/rustup-home/toolchains/1.69.0-x86_64-unknown-linux-gnu/lib/rustlib/x86_64-unknown-linux-gnu/lib/libstd_detect-b3837a36b830e0d0.rlib" "/opt/rustwide/rustup-home/toolchains/1.69.0-x86_64-unknown-linux-gnu/lib/rustlib/x86_64-unknown-linux-gnu/lib/libhashbrown-e3deb0e7e3f04966.rlib" "/opt/rustwide/rustup-home/toolchains/1.69.0-x86_64-unknown-linux-gnu/lib/rustlib/x86_64-unknown-linux-gnu/lib/libminiz_oxide-dabbb79c9815def4.rlib" "/opt/rustwide/rustup-home/toolchains/1.69.0-x86_64-unknown-linux-gnu/lib/rustlib/x86_64-unknown-linux-gnu/lib/libadler-305b01f34c9409f2.rlib" "/opt/rustwide/rustup-home/toolchains/1.69.0-x86_64-unknown-linux-gnu/lib/rustlib/x86_64-unknown-linux-gnu/lib/librustc_std_workspace_alloc-f833521df6074e73.rlib" "/opt/rustwide/rustup-home/toolchains/1.69.0-x86_64-unknown-linux-gnu/lib/rustlib/x86_64-unknown-linux-gnu/lib/libunwind-9ac333113350d171.rlib" "/opt/rustwide/rustup-home/toolchains/1.69.0-x86_64-unknown-linux-gnu/lib/rustlib/x86_64-unknown-linux-gnu/lib/libcfg_if-1c126114322d0eee.rlib" "/opt/rustwide/rustup-home/toolchains/1.69.0-x86_64-unknown-linux-gnu/lib/rustlib/x86_64-unknown-linux-gnu/lib/liblibc-bad9164fdeeecf92.rlib" "/opt/rustwide/rustup-home/toolchains/1.69.0-x86_64-unknown-linux-gnu/lib/rustlib/x86_64-unknown-linux-gnu/lib/liballoc-f9374b1e480fa681.rlib" "/opt/rustwide/rustup-home/toolchains/1.69.0-x86_64-unknown-linux-gnu/lib/rustlib/x86_64-unknown-linux-gnu/lib/librustc_std_workspace_core-207f06e41d9603af.rlib" "/opt/rustwide/rustup-home/toolchains/1.69.0-x86_64-unknown-linux-gnu/lib/rustlib/x86_64-unknown-linux-gnu/lib/libcore-7e2768e66e984e85.rlib" "/opt/rustwide/rustup-home/toolchains/1.69.0-x86_64-unknown-linux-gnu/lib/rustlib/x86_64-unknown-linux-gnu/lib/libcompiler_builtins-957b4aff41f8cd46.rlib" "-Wl,-Bdynamic" "-lgcc_s" "-lutil" "-lrt" "-lpthread" "-lm" "-ldl" "-lc" "-Wl,--eh-frame-hdr" "-Wl,-z,noexecstack" "-L" "/opt/rustwide/rustup-home/toolchains/1.69.0-x86_64-unknown-linux-gnu/lib/rustlib/x86_64-unknown-linux-gnu/lib" "-o" "/opt/rustwide/target/debug/build/wayland-protocols-ddf111dcf875c024/build_script_build-ddf111dcf875c024" "-Wl,--gc-sections" "-pie" "-Wl,-z,relro,-z,now" "-nodefaultlibs"
[INFO] [stdout]   = note: /usr/bin/ld: final link failed: No space left on device
[INFO] [stdout]           collect2: error: ld returned 1 exit status
[INFO] [stdout]           
[INFO] [stdout] 
[INFO] [stdout] 
[INFO] [stdout] error: aborting due to previous error
[INFO] [stdout] 
[INFO] [stdout] 
[INFO] [stdout] error: linking with `cc` failed: exit status: 1
[INFO] [stdout]   |
[INFO] [stdout]   = note: LC_ALL="C" PATH="/opt/rustwide/rustup-home/toolchains/1.69.0-x86_64-unknown-linux-gnu/lib/rustlib/x86_64-unknown-linux-gnu/bin:/opt/rustwide/cargo-home/bin:/usr/local/sbin:/usr/local/bin:/usr/sbin:/usr/bin:/sbin:/bin" VSLANG="1033" "cc" "-m64" "/tmp/rustc1Akpal/symbols.o" "/opt/rustwide/target/debug/build/wayland-client-76877d017d42a677/build_script_build-76877d017d42a677.build_script_build.6779c176-cgu.0.rcgu.o" "/opt/rustwide/target/debug/build/wayland-client-76877d017d42a677/build_script_build-76877d017d42a677.build_script_build.6779c176-cgu.1.rcgu.o" "/opt/rustwide/target/debug/build/wayland-client-76877d017d42a677/build_script_build-76877d017d42a677.build_script_build.6779c176-cgu.10.rcgu.o" "/opt/rustwide/target/debug/build/wayland-client-76877d017d42a677/build_script_build-76877d017d42a677.build_script_build.6779c176-cgu.11.rcgu.o" "/opt/rustwide/target/debug/build/wayland-client-76877d017d42a677/build_script_build-76877d017d42a677.build_script_build.6779c176-cgu.12.rcgu.o" "/opt/rustwide/target/debug/build/wayland-client-76877d017d42a677/build_script_build-76877d017d42a677.build_script_build.6779c176-cgu.13.rcgu.o" "/opt/rustwide/target/debug/build/wayland-client-76877d017d42a677/build_script_build-76877d017d42a677.build_script_build.6779c176-cgu.14.rcgu.o" "/opt/rustwide/target/debug/build/wayland-client-76877d017d42a677/build_script_build-76877d017d42a677.build_script_build.6779c176-cgu.15.rcgu.o" "/opt/rustwide/target/debug/build/wayland-client-76877d017d42a677/build_script_build-76877d017d42a677.build_script_build.6779c176-cgu.2.rcgu.o" "/opt/rustwide/target/debug/build/wayland-client-76877d017d42a677/build_script_build-76877d017d42a677.build_script_build.6779c176-cgu.3.rcgu.o" "/opt/rustwide/target/debug/build/wayland-client-76877d017d42a677/build_script_build-76877d017d42a677.build_script_build.6779c176-cgu.4.rcgu.o" "/opt/rustwide/target/debug/build/wayland-client-76877d017d42a677/build_script_build-76877d017d42a677.build_script_build.6779c176-cgu.5.rcgu.o" "/opt/rustwide/target/debug/build/wayland-client-76877d017d42a677/build_script_build-76877d017d42a677.build_script_build.6779c176-cgu.6.rcgu.o" "/opt/rustwide/target/debug/build/wayland-client-76877d017d42a677/build_script_build-76877d017d42a677.build_script_build.6779c176-cgu.7.rcgu.o" "/opt/rustwide/target/debug/build/wayland-client-76877d017d42a677/build_script_build-76877d017d42a677.build_script_build.6779c176-cgu.8.rcgu.o" "/opt/rustwide/target/debug/build/wayland-client-76877d017d42a677/build_script_build-76877d017d42a677.build_script_build.6779c176-cgu.9.rcgu.o" "/opt/rustwide/target/debug/build/wayland-client-76877d017d42a677/build_script_build-76877d017d42a677.4s3l1hhuryq8c2lz.rcgu.o" "-Wl,--as-needed" "-L" "/opt/rustwide/target/debug/deps" "-L" "/opt/rustwide/rustup-home/toolchains/1.69.0-x86_64-unknown-linux-gnu/lib/rustlib/x86_64-unknown-linux-gnu/lib" "-Wl,-Bstatic" "/opt/rustwide/target/debug/deps/libwayland_scanner-2e3bcb659ae83ee8.rlib" "/opt/rustwide/target/debug/deps/libxml-026f76907be079d5.rlib" "/opt/rustwide/target/debug/deps/libquote-20dc6b7fcf6dc4b4.rlib" "/opt/rustwide/target/debug/deps/libproc_macro2-fb51f3a180b70975.rlib" "/opt/rustwide/target/debug/deps/libunicode_xid-d9678ef7bb9870d6.rlib" "/opt/rustwide/rustup-home/toolchains/1.69.0-x86_64-unknown-linux-gnu/lib/rustlib/x86_64-unknown-linux-gnu/lib/libproc_macro-3627dfecd49b0535.rlib" "/opt/rustwide/rustup-home/toolchains/1.69.0-x86_64-unknown-linux-gnu/lib/rustlib/x86_64-unknown-linux-gnu/lib/libstd-89bc084783fdc439.rlib" "/opt/rustwide/rustup-home/toolchains/1.69.0-x86_64-unknown-linux-gnu/lib/rustlib/x86_64-unknown-linux-gnu/lib/libpanic_unwind-8bee4b287d4367c1.rlib" "/opt/rustwide/rustup-home/toolchains/1.69.0-x86_64-unknown-linux-gnu/lib/rustlib/x86_64-unknown-linux-gnu/lib/libobject-d61707aed80694c0.rlib" "/opt/rustwide/rustup-home/toolchains/1.69.0-x86_64-unknown-linux-gnu/lib/rustlib/x86_64-unknown-linux-gnu/lib/libmemchr-d85366256f22345b.rlib" "/opt/rustwide/rustup-home/toolchains/1.69.0-x86_64-unknown-linux-gnu/lib/rustlib/x86_64-unknown-linux-gnu/lib/libaddr2line-96069b86b8a8cae9.rlib" "/opt/rustwide/rustup-home/toolchains/1.69.0-x86_64-unknown-linux-gnu/lib/rustlib/x86_64-unknown-linux-gnu/lib/libgimli-d19d53abf68dfa6c.rlib" "/opt/rustwide/rustup-home/toolchains/1.69.0-x86_64-unknown-linux-gnu/lib/rustlib/x86_64-unknown-linux-gnu/lib/librustc_demangle-787cbccd19d64ac6.rlib" "/opt/rustwide/rustup-home/toolchains/1.69.0-x86_64-unknown-linux-gnu/lib/rustlib/x86_64-unknown-linux-gnu/lib/libstd_detect-b3837a36b830e0d0.rlib" "/opt/rustwide/rustup-home/toolchains/1.69.0-x86_64-unknown-linux-gnu/lib/rustlib/x86_64-unknown-linux-gnu/lib/libhashbrown-e3deb0e7e3f04966.rlib" "/opt/rustwide/rustup-home/toolchains/1.69.0-x86_64-unknown-linux-gnu/lib/rustlib/x86_64-unknown-linux-gnu/lib/libminiz_oxide-dabbb79c9815def4.rlib" "/opt/rustwide/rustup-home/toolchains/1.69.0-x86_64-unknown-linux-gnu/lib/rustlib/x86_64-unknown-linux-gnu/lib/libadler-305b01f34c9409f2.rlib" "/opt/rustwide/rustup-home/toolchains/1.69.0-x86_64-unknown-linux-gnu/lib/rustlib/x86_64-unknown-linux-gnu/lib/librustc_std_workspace_alloc-f833521df6074e73.rlib" "/opt/rustwide/rustup-home/toolchains/1.69.0-x86_64-unknown-linux-gnu/lib/rustlib/x86_64-unknown-linux-gnu/lib/libunwind-9ac333113350d171.rlib" "/opt/rustwide/rustup-home/toolchains/1.69.0-x86_64-unknown-linux-gnu/lib/rustlib/x86_64-unknown-linux-gnu/lib/libcfg_if-1c126114322d0eee.rlib" "/opt/rustwide/rustup-home/toolchains/1.69.0-x86_64-unknown-linux-gnu/lib/rustlib/x86_64-unknown-linux-gnu/lib/liblibc-bad9164fdeeecf92.rlib" "/opt/rustwide/rustup-home/toolchains/1.69.0-x86_64-unknown-linux-gnu/lib/rustlib/x86_64-unknown-linux-gnu/lib/liballoc-f9374b1e480fa681.rlib" "/opt/rustwide/rustup-home/toolchains/1.69.0-x86_64-unknown-linux-gnu/lib/rustlib/x86_64-unknown-linux-gnu/lib/librustc_std_workspace_core-207f06e41d9603af.rlib" "/opt/rustwide/rustup-home/toolchains/1.69.0-x86_64-unknown-linux-gnu/lib/rustlib/x86_64-unknown-linux-gnu/lib/libcore-7e2768e66e984e85.rlib" "/opt/rustwide/rustup-home/toolchains/1.69.0-x86_64-unknown-linux-gnu/lib/rustlib/x86_64-unknown-linux-gnu/lib/libcompiler_builtins-957b4aff41f8cd46.rlib" "-Wl,-Bdynamic" "-lgcc_s" "-lutil" "-lrt" "-lpthread" "-lm" "-ldl" "-lc" "-Wl,--eh-frame-hdr" "-Wl,-z,noexecstack" "-L" "/opt/rustwide/rustup-home/toolchains/1.69.0-x86_64-unknown-linux-gnu/lib/rustlib/x86_64-unknown-linux-gnu/lib" "-o" "/opt/rustwide/target/debug/build/wayland-client-76877d017d42a677/build_script_build-76877d017d42a677" "-Wl,--gc-sections" "-pie" "-Wl,-z,relro,-z,now" "-nodefaultlibs"
[INFO] [stdout]   = note: /usr/bin/ld: final link failed: No space left on device
[INFO] [stdout]           collect2: error: ld returned 1 exit status
[INFO] [stdout]           
[INFO] [stdout] 
[INFO] [stdout] 
[INFO] [stdout] error: aborting due to previous error
[INFO] [stdout] 
[INFO] [stdout] 
[INFO] [stderr] error: could not compile `wayland-protocols` due to 2 previous errors
[INFO] [stderr] warning: build failed, waiting for other jobs to finish...
[INFO] [stderr] error: could not compile `wayland-client` due to 2 previous errors
[INFO] [stderr] LLVM ERROR: IO failure on output stream: No space left on device
[INFO] [stderr] thread 'rustc' panicked at 'assertion failed: pos.get() <= self.position()', compiler/rustc_metadata/src/rmeta/encoder.rs:435:9
[INFO] [stderr] LLVM ERROR: IO failure on output stream: No space left on device
[INFO] [stderr] LLVM ERROR: IO failure on output stream: No space left on device
[INFO] [stderr] LLVM ERROR: IO failure on output stream: No space left on device
[INFO] [stderr] error: could not compile `parking_lot_core`
[INFO] [stderr] LLVM ERROR: IO failure on output stream: No space left on device
[INFO] [stderr] error: could not compile `walkdir`
[INFO] [stderr] error: could not compile `scoped_threadpool`
[INFO] [stderr] error: failed to run custom build command for `wayland-protocols v0.20.12`
[INFO] [stderr] note: To improve backtraces for build dependencies, set the CARGO_PROFILE_DEV_BUILD_OVERRIDE_DEBUG=true environment variable to enable debug information generation.
[INFO] [stderr] 
[INFO] [stderr] Caused by:
[INFO] [stderr]   process didn't exit successfully: `/opt/rustwide/target/debug/build/wayland-protocols-356a8b38e3cb6291/build-script-build` (exit status: 101)
[INFO] [stderr]   --- stderr
[INFO] [stderr]   thread 'main' panicked at 'called `Result::unwrap()` on an `Err` value: Os { code: 28, kind: StorageFull, message: "No space left on device" }', /opt/rustwide/cargo-home/registry/src/github.com-1ecc6299db9ec823/wayland-scanner-0.20.12/src/lib.rs:159:79
[INFO] [stderr]   stack backtrace:
[INFO] [stderr]      0:     0x556a0bffac3a - std::backtrace_rs::backtrace::libunwind::trace::ha9053a9a07ca49cb
[INFO] [stderr]                                  at /rustc/84c898d65adf2f39a5a98507f1fe0ce10a2b8dbc/library/std/src/../../backtrace/src/backtrace/libunwind.rs:93:5
[INFO] [stderr]      1:     0x556a0bffac3a - std::backtrace_rs::backtrace::trace_unsynchronized::h9c2852a457ad564e
[INFO] [stderr]                                  at /rustc/84c898d65adf2f39a5a98507f1fe0ce10a2b8dbc/library/std/src/../../backtrace/src/backtrace/mod.rs:66:5
[INFO] [stderr]      2:     0x556a0bffac3a - std::sys_common::backtrace::_print_fmt::h457936fbfaa0070f
[INFO] [stderr]                                  at /rustc/84c898d65adf2f39a5a98507f1fe0ce10a2b8dbc/library/std/src/sys_common/backtrace.rs:65:5
[INFO] [stderr]      3:     0x556a0bffac3a - <std::sys_common::backtrace::_print::DisplayBacktrace as core::fmt::Display>::fmt::h5779d7bf7f70cb0c
[INFO] [stderr]                                  at /rustc/84c898d65adf2f39a5a98507f1fe0ce10a2b8dbc/library/std/src/sys_common/backtrace.rs:44:22
[INFO] [stderr]      4:     0x556a0c0156ee - core::fmt::write::h5a4baaff1bcd3eb5
[INFO] [stderr]                                  at /rustc/84c898d65adf2f39a5a98507f1fe0ce10a2b8dbc/library/core/src/fmt/mod.rs:1232:17
[INFO] [stderr]      5:     0x556a0bff8bc5 - std::io::Write::write_fmt::h4bc1f301cb9e9cce
[INFO] [stderr]                                  at /rustc/84c898d65adf2f39a5a98507f1fe0ce10a2b8dbc/library/std/src/io/mod.rs:1684:15
[INFO] [stderr]      6:     0x556a0bffaa05 - std::sys_common::backtrace::_print::h5fcdc36060f177e8
[INFO] [stderr]                                  at /rustc/84c898d65adf2f39a5a98507f1fe0ce10a2b8dbc/library/std/src/sys_common/backtrace.rs:47:5
[INFO] [stderr]      7:     0x556a0bffaa05 - std::sys_common::backtrace::print::h54ca9458b876c8bf
[INFO] [stderr]                                  at /rustc/84c898d65adf2f39a5a98507f1fe0ce10a2b8dbc/library/std/src/sys_common/backtrace.rs:34:9
[INFO] [stderr]      8:     0x556a0bffc05f - std::panicking::default_hook::{{closure}}::hbe471161c7664ed6
[INFO] [stderr]                                  at /rustc/84c898d65adf2f39a5a98507f1fe0ce10a2b8dbc/library/std/src/panicking.rs:271:22
[INFO] [stderr]      9:     0x556a0bffbd9b - std::panicking::default_hook::ha3500da57aa4ac4f
[INFO] [stderr]                                  at /rustc/84c898d65adf2f39a5a98507f1fe0ce10a2b8dbc/library/std/src/panicking.rs:290:9
[INFO] [stderr]     10:     0x556a0bffc608 - std::panicking::rust_panic_with_hook::h50c09d000dc561d2
[INFO] [stderr]                                  at /rustc/84c898d65adf2f39a5a98507f1fe0ce10a2b8dbc/library/std/src/panicking.rs:692:13
[INFO] [stderr]     11:     0x556a0bffc509 - std::panicking::begin_panic_handler::{{closure}}::h9e2b2176e00e0d9c
[INFO] [stderr]                                  at /rustc/84c898d65adf2f39a5a98507f1fe0ce10a2b8dbc/library/std/src/panicking.rs:583:13
[INFO] [stderr]     12:     0x556a0bffb0a6 - std::sys_common::backtrace::__rust_end_short_backtrace::h5739b8e512c09d02
[INFO] [stderr]                                  at /rustc/84c898d65adf2f39a5a98507f1fe0ce10a2b8dbc/library/std/src/sys_common/backtrace.rs:150:18
[INFO] [stderr]     13:     0x556a0bffc212 - rust_begin_unwind
[INFO] [stderr]                                  at /rustc/84c898d65adf2f39a5a98507f1fe0ce10a2b8dbc/library/std/src/panicking.rs:579:5
[INFO] [stderr]     14:     0x556a0bf83fb3 - core::panicking::panic_fmt::hf33a1475b4dc5c3e
[INFO] [stderr]                                  at /rustc/84c898d65adf2f39a5a98507f1fe0ce10a2b8dbc/library/core/src/panicking.rs:64:14
[INFO] [stderr]     15:     0x556a0bf843a3 - core::result::unwrap_failed::hdff5465d74574b44
[INFO] [stderr]                                  at /rustc/84c898d65adf2f39a5a98507f1fe0ce10a2b8dbc/library/core/src/result.rs:1750:5
[INFO] [stderr]     16:     0x556a0bf918bb - core::result::Result<T,E>::unwrap::hb91a51765e6b42e6
[INFO] [stderr]     17:     0x556a0bfa9a0c - wayland_scanner::generate_c_code::h5b4660009bb290c9
[INFO] [stderr]     18:     0x556a0bf95b5f - build_script_build::generate_protocol::hd84e4b477f5fb989
[INFO] [stderr]     19:     0x556a0bf96a04 - build_script_build::main::h5c48a8198ee6039c
[INFO] [stderr]     20:     0x556a0bfaabc3 - core::ops::function::FnOnce::call_once::h85b8f4668f4f4700
[INFO] [stderr]     21:     0x556a0bfabe99 - std::sys_common::backtrace::__rust_begin_short_backtrace::h16791d8fbb02d4ae
[INFO] [stderr]     22:     0x556a0bfa9fe9 - std::rt::lang_start::{{closure}}::hb5f1873844209398
[INFO] [stderr]     23:     0x556a0bff686c - core::ops::function::impls::<impl core::ops::function::FnOnce<A> for &F>::call_once::hd6efcd3bec896f2c
[INFO] [stderr]                                  at /rustc/84c898d65adf2f39a5a98507f1fe0ce10a2b8dbc/library/core/src/ops/function.rs:287:13
[INFO] [stderr]     24:     0x556a0bff686c - std::panicking::try::do_call::hce04e543bb1f4cbb
[INFO] [stderr]                                  at /rustc/84c898d65adf2f39a5a98507f1fe0ce10a2b8dbc/library/std/src/panicking.rs:487:40
[INFO] [stderr]     25:     0x556a0bff686c - std::panicking::try::h3342dd4e1f680968
[INFO] [stderr]                                  at /rustc/84c898d65adf2f39a5a98507f1fe0ce10a2b8dbc/library/std/src/panicking.rs:451:19
[INFO] [stderr]     26:     0x556a0bff686c - std::panic::catch_unwind::h148ce1e59ac0cee7
[INFO] [stderr]                                  at /rustc/84c898d65adf2f39a5a98507f1fe0ce10a2b8dbc/library/std/src/panic.rs:140:14
[INFO] [stderr]     27:     0x556a0bff686c - std::rt::lang_start_internal::{{closure}}::h25f9dda2057a67fe
[INFO] [stderr]                                  at /rustc/84c898d65adf2f39a5a98507f1fe0ce10a2b8dbc/library/std/src/rt.rs:148:48
[INFO] [stderr]     28:     0x556a0bff686c - std::panicking::try::do_call::h7caaaeaf9401650b
[INFO] [stderr]                                  at /rustc/84c898d65adf2f39a5a98507f1fe0ce10a2b8dbc/library/std/src/panicking.rs:487:40
[INFO] [stderr]     29:     0x556a0bff686c - std::panicking::try::he7d15285746cbbc2
[INFO] [stderr]                                  at /rustc/84c898d65adf2f39a5a98507f1fe0ce10a2b8dbc/library/std/src/panicking.rs:451:19
[INFO] [stderr]     30:     0x556a0bff686c - std::panic::catch_unwind::h89fb4f50c0301fe0
[INFO] [stderr]                                  at /rustc/84c898d65adf2f39a5a98507f1fe0ce10a2b8dbc/library/std/src/panic.rs:140:14
[INFO] [stderr]     31:     0x556a0bff686c - std::rt::lang_start_internal::h078acd489417d3c1
[INFO] [stderr]                                  at /rustc/84c898d65adf2f39a5a98507f1fe0ce10a2b8dbc/library/std/src/rt.rs:148:20
[INFO] [stderr]     32:     0x556a0bfa9fc7 - std::rt::lang_start::h161e2dc77d7f6896
[INFO] [stderr]     33:     0x556a0bf96a75 - main
[INFO] [stderr]     34:     0x7f8cd6f11d90 - <unknown>
[INFO] [stderr]     35:     0x7f8cd6f11e40 - __libc_start_main
[INFO] [stderr]     36:     0x556a0bf84585 - _start
[INFO] [stderr]     37:                0x0 - <unknown>
[INFO] [stderr] error: could not compile `rand`
[INFO] [stdout] error: couldn't create a temp dir: No space left on device (os error 28) at path "/opt/rustwide/target/debug/deps/rmetaB6FaMW"
[INFO] [stdout] 
[INFO] [stdout] 
[INFO] [stderr] LLVM ERROR: IO failure on output stream: No space left on device
[INFO] [stderr] error: could not compile `osmesa-sys` due to previous error
[INFO] [stderr] error: could not compile `wayland-client`
[INFO] [stderr] error: could not compile `x11-dl`
[INFO] [stderr] error: could not compile `serde`
[INFO] [stderr] LLVM ERROR: IO failure on output stream: No space left on device
[INFO] [stderr] error: could not compile `jpeg-decoder`
[INFO] [stdout] error: error writing dependencies to `/opt/rustwide/target/debug/deps/nix-f06632c35195d2ca.d`: No space left on device (os error 28)
[INFO] [stdout] 
[INFO] [stdout] 
[INFO] [stderr] error: could not compile `nix` due to previous error
[INFO] [stdout] error: couldn't create a temp dir: No space left on device (os error 28) at path "/opt/rustwide/target/debug/deps/rmetaqmN7Ns"
[INFO] [stdout] 
[INFO] [stdout] 
[INFO] [stderr] error: could not compile `nix` due to previous error
[INFO] [stdout] error: couldn't create a temp dir: No space left on device (os error 28) at path "/opt/rustwide/target/debug/deps/rmeta42Rqef"
[INFO] [stdout] 
[INFO] [stdout] 
[INFO] [stdout] error: couldn't create a temp dir: No space left on device (os error 28) at path "/opt/rustwide/target/debug/deps/rmetaWPp7jO"
[INFO] [stdout] 
[INFO] [stdout] 
[INFO] [stderr] error: could not compile `syn` due to previous error
[INFO] [stderr] error: could not compile `rand` due to previous error
[INFO] running `Command { std: "docker" "inspect" "f55626e15b8307adea54b649b26a72c161f3fa8aeab6e54e6591056b5f8cd269", kill_on_drop: false }`
[INFO] running `Command { std: "docker" "rm" "-f" "f55626e15b8307adea54b649b26a72c161f3fa8aeab6e54e6591056b5f8cd269", kill_on_drop: false }`
[INFO] [stdout] f55626e15b8307adea54b649b26a72c161f3fa8aeab6e54e6591056b5f8cd269
