[INFO] cloning repository https://github.com/Navisjon/uwh-refbox-rs
[INFO] running `Command { std: "git" "-c" "credential.helper=" "-c" "credential.helper=/workspace/cargo-home/bin/git-credential-null" "clone" "--bare" "https://github.com/Navisjon/uwh-refbox-rs" "/workspace/cache/git-repos/https%3A%2F%2Fgithub.com%2FNavisjon%2Fuwh-refbox-rs", kill_on_drop: false }`
[INFO] [stderr] Cloning into bare repository '/workspace/cache/git-repos/https%3A%2F%2Fgithub.com%2FNavisjon%2Fuwh-refbox-rs'...
[INFO] running `Command { std: "git" "rev-parse" "HEAD", kill_on_drop: false }`
[INFO] [stdout] 7e4004ab82ceb63bf80a65ea005c08edb6e5ad07
[INFO] testing Navisjon/uwh-refbox-rs against 1.69.0 for beta-1.70-1
[INFO] running `Command { std: "git" "clone" "/workspace/cache/git-repos/https%3A%2F%2Fgithub.com%2FNavisjon%2Fuwh-refbox-rs" "/workspace/builds/worker-3-tc1/source", kill_on_drop: false }`
[INFO] [stderr] Cloning into '/workspace/builds/worker-3-tc1/source'...
[INFO] [stderr] done.
[INFO] validating manifest of git repo https://github.com/Navisjon/uwh-refbox-rs on toolchain 1.69.0
[INFO] running `Command { std: CARGO_HOME="/workspace/cargo-home" RUSTUP_HOME="/workspace/rustup-home" "/workspace/cargo-home/bin/cargo" "+1.69.0" "metadata" "--manifest-path" "Cargo.toml" "--no-deps", kill_on_drop: false }`
[INFO] started tweaking git repo https://github.com/Navisjon/uwh-refbox-rs
[INFO] finished tweaking git repo https://github.com/Navisjon/uwh-refbox-rs
[INFO] tweaked toml for git repo https://github.com/Navisjon/uwh-refbox-rs written to /workspace/builds/worker-3-tc1/source/Cargo.toml
[INFO] crate git repo https://github.com/Navisjon/uwh-refbox-rs already has a lockfile, it will not be regenerated
[INFO] running `Command { std: CARGO_HOME="/workspace/cargo-home" RUSTUP_HOME="/workspace/rustup-home" "/workspace/cargo-home/bin/cargo" "+1.69.0" "fetch" "--manifest-path" "Cargo.toml", kill_on_drop: false }`
[INFO] [stderr]  Downloading crates ...
[INFO] [stderr]   Downloaded transpose v0.2.2
[INFO] [stderr]   Downloaded symphonia-codec-pcm v0.5.1
[INFO] [stderr]   Downloaded enum-derive-2018 v2.0.1
[INFO] [stderr]   Downloaded iced_glutin v0.3.0
[INFO] [stderr]   Downloaded skip_error v3.1.1
[INFO] [stderr]   Downloaded symphonia-format-wav v0.5.1
[INFO] [stderr]   Downloaded gloo-timers v0.2.5
[INFO] [stderr]   Downloaded symphonia-codec-vorbis v0.5.1
[INFO] [stderr]   Downloaded symphonia v0.5.1
[INFO] [stderr]   Downloaded symphonia-utils-xiph v0.5.1
[INFO] [stderr]   Downloaded coarsetime v0.1.22
[INFO] [stderr]   Downloaded window_clipboard v0.2.4
[INFO] [stderr]   Downloaded strength_reduce v0.2.4
[INFO] [stderr]   Downloaded symphonia-format-mkv v0.5.1
[INFO] [stderr]   Downloaded macro-attr-2018 v2.1.2
[INFO] [stderr]   Downloaded conquer-once v0.3.2
[INFO] [stderr]   Downloaded conquer-util v0.3.0
[INFO] [stderr]   Downloaded creek-core v0.1.0
[INFO] [stderr]   Downloaded iced_glow v0.3.0
[INFO] [stderr]   Downloaded symphonia-metadata v0.5.1
[INFO] [stderr]   Downloaded log-panics v2.1.0
[INFO] [stderr]   Downloaded mio-serial v5.0.4
[INFO] [stderr]   Downloaded realfft v3.2.0
[INFO] [stderr]   Downloaded symphonia-format-ogg v0.5.1
[INFO] [stderr]   Downloaded rtrb v0.2.3
[INFO] [stderr]   Downloaded rubato v0.12.0
[INFO] [stderr]   Downloaded symphonia-bundle-flac v0.5.1
[INFO] [stderr]   Downloaded object v0.30.2
[INFO] [stderr]   Downloaded glow_glyph v0.5.1
[INFO] [stderr]   Downloaded x11-dl v2.20.1
[INFO] [stderr]   Downloaded rppal v0.14.1
[INFO] [stderr]   Downloaded symphonia-core v0.5.1
[INFO] [stderr]   Downloaded nom v7.1.2
[INFO] [stderr]   Downloaded owned_ttf_parser v0.18.0
[INFO] [stderr]   Downloaded miniquad v0.3.14
[INFO] [stderr]   Downloaded clap v4.1.0
[INFO] [stderr]   Downloaded macroquad v0.3.25
[INFO] [stderr]   Downloaded rustfft v6.1.0
[INFO] [stderr]   Downloaded creek v0.2.3
[INFO] [stderr]   Downloaded creek-decode-symphonia v0.1.1
[INFO] [stderr]   Downloaded creek-encode-wav v0.1.0
[INFO] [stderr]   Downloaded collect_array v0.1.3
[INFO] [stderr]   Downloaded array-concat v0.5.1
[INFO] [stderr]   Downloaded web-audio-api v0.26.0
[INFO] running `Command { std: "docker" "create" "-v" "/var/lib/crater-agent-workspace/builds/worker-3-tc1/target:/opt/rustwide/target:rw,Z" "-v" "/var/lib/crater-agent-workspace/builds/worker-3-tc1/source:/opt/rustwide/workdir:ro,Z" "-v" "/var/lib/crater-agent-workspace/cargo-home:/opt/rustwide/cargo-home:ro,Z" "-v" "/var/lib/crater-agent-workspace/rustup-home:/opt/rustwide/rustup-home:ro,Z" "-e" "SOURCE_DIR=/opt/rustwide/workdir" "-e" "CARGO_TARGET_DIR=/opt/rustwide/target" "-e" "CARGO_HOME=/opt/rustwide/cargo-home" "-e" "RUSTUP_HOME=/opt/rustwide/rustup-home" "-w" "/opt/rustwide/workdir" "-m" "1610612736" "--user" "0:0" "--network" "none" "ghcr.io/rust-lang/crates-build-env/linux@sha256:97d61d7686bf65f8ecb15491ab51835e82dc9176a96a831f143a431b191fc501" "/opt/rustwide/cargo-home/bin/cargo" "+1.69.0" "metadata" "--no-deps" "--format-version=1", kill_on_drop: false }`
[INFO] [stdout] 6b081aef3c891c40af650e60e1a89f2728d7802d12bcf319c811afcfbd92a604
[INFO] running `Command { std: "docker" "start" "-a" "6b081aef3c891c40af650e60e1a89f2728d7802d12bcf319c811afcfbd92a604", kill_on_drop: false }`
[INFO] running `Command { std: "docker" "inspect" "6b081aef3c891c40af650e60e1a89f2728d7802d12bcf319c811afcfbd92a604", kill_on_drop: false }`
[INFO] running `Command { std: "docker" "rm" "-f" "6b081aef3c891c40af650e60e1a89f2728d7802d12bcf319c811afcfbd92a604", kill_on_drop: false }`
[INFO] [stdout] 6b081aef3c891c40af650e60e1a89f2728d7802d12bcf319c811afcfbd92a604
[INFO] running `Command { std: "docker" "create" "-v" "/var/lib/crater-agent-workspace/builds/worker-3-tc1/target:/opt/rustwide/target:rw,Z" "-v" "/var/lib/crater-agent-workspace/builds/worker-3-tc1/source:/opt/rustwide/workdir:ro,Z" "-v" "/var/lib/crater-agent-workspace/cargo-home:/opt/rustwide/cargo-home:ro,Z" "-v" "/var/lib/crater-agent-workspace/rustup-home:/opt/rustwide/rustup-home:ro,Z" "-e" "SOURCE_DIR=/opt/rustwide/workdir" "-e" "CARGO_TARGET_DIR=/opt/rustwide/target" "-e" "CARGO_INCREMENTAL=0" "-e" "RUST_BACKTRACE=full" "-e" "RUSTFLAGS=--cap-lints=warn" "-e" "RUSTDOCFLAGS=--cap-lints=warn" "-e" "CARGO_HOME=/opt/rustwide/cargo-home" "-e" "RUSTUP_HOME=/opt/rustwide/rustup-home" "-w" "/opt/rustwide/workdir" "-m" "1610612736" "--user" "0:0" "--network" "none" "ghcr.io/rust-lang/crates-build-env/linux@sha256:97d61d7686bf65f8ecb15491ab51835e82dc9176a96a831f143a431b191fc501" "/opt/rustwide/cargo-home/bin/cargo" "+1.69.0" "build" "--frozen" "--message-format=json", kill_on_drop: false }`
[INFO] [stdout] 15b6240a68a0e2bc8d7b9edf3378e4f242e91d0a7a484fd40e376884296f1023
[INFO] running `Command { std: "docker" "start" "-a" "15b6240a68a0e2bc8d7b9edf3378e4f242e91d0a7a484fd40e376884296f1023", kill_on_drop: false }`
[INFO] [stderr]    Compiling autocfg v1.1.0
[INFO] [stderr]    Compiling cfg-if v1.0.0
[INFO] [stderr]    Compiling libc v0.2.139
[INFO] [stderr]    Compiling proc-macro2 v1.0.49
[INFO] [stderr]    Compiling unicode-ident v1.0.6
[INFO] [stderr]    Compiling quote v1.0.23
[INFO] [stderr]    Compiling syn v1.0.107
[INFO] [stderr]    Compiling version_check v0.9.4
[INFO] [stderr]    Compiling bitflags v1.3.2
[INFO] [stderr]    Compiling log v0.4.17
[INFO] [stderr]    Compiling memchr v2.5.0
[INFO] [stderr]    Compiling pkg-config v0.3.26
[INFO] [stderr]    Compiling once_cell v1.17.0
[INFO] [stderr]    Compiling futures-core v0.3.25
[INFO] [stderr]    Compiling crossbeam-utils v0.8.14
[INFO] [stderr]    Compiling lazy_static v1.4.0
[INFO] [stderr]    Compiling pin-project-lite v0.2.9
[INFO] [stderr]    Compiling scopeguard v1.1.0
[INFO] [stderr]    Compiling smallvec v1.10.0
[INFO] [stderr]    Compiling xml-rs v0.8.4
[INFO] [stderr]    Compiling serde_derive v1.0.152
[INFO] [stderr]    Compiling futures-io v0.3.25
[INFO] [stderr]    Compiling serde v1.0.152
[INFO] [stderr]    Compiling futures-sink v0.3.25
[INFO] [stderr]    Compiling pin-utils v0.1.0
[INFO] [stderr]    Compiling value-bag v1.0.0-alpha.9
[INFO] [stderr]    Compiling futures-channel v0.3.25
[INFO] [stderr]    Compiling num-traits v0.2.15
[INFO] [stderr]    Compiling memoffset v0.6.5
[INFO] [stderr]    Compiling slab v0.4.7
[INFO] [stderr]    Compiling memoffset v0.7.1
[INFO] [stderr]    Compiling lock_api v0.4.9
[INFO] [stderr]    Compiling bytes v1.3.0
[INFO] [stderr]    Compiling futures-task v0.3.25
[INFO] [stderr]    Compiling tokio v1.24.1
[INFO] [stderr]    Compiling futures-util v0.3.25
[INFO] [stderr]    Compiling wayland-sys v0.29.5
[INFO] [stderr]    Compiling libloading v0.7.4
[INFO] [stderr]    Compiling crossbeam-epoch v0.9.13
[INFO] [stderr]    Compiling parking v2.0.0
[INFO] [stderr]    Compiling event-listener v2.5.3
[INFO] [stderr]    Compiling fastrand v1.8.0
[INFO] [stderr]    Compiling waker-fn v1.1.0
[INFO] [stderr]    Compiling concurrent-queue v2.0.0
[INFO] [stderr]    Compiling num-integer v0.1.45
[INFO] [stderr]    Compiling dlib v0.5.0
[INFO] [stderr]    Compiling wayland-scanner v0.29.5
[INFO] [stderr]    Compiling encoding_rs v0.8.31
[INFO] [stderr]    Compiling cc v1.0.78
[INFO] [stderr]    Compiling futures-lite v1.12.0
[INFO] [stderr]    Compiling crossbeam-channel v0.5.6
[INFO] [stderr]    Compiling polling v2.5.2
[INFO] [stderr]    Compiling downcast-rs v1.2.0
[INFO] [stderr]    Compiling thiserror v1.0.38
[INFO] [stderr]    Compiling rayon-core v1.10.1
[INFO] [stderr]    Compiling scoped-tls v1.0.1
[INFO] [stderr]    Compiling async-io v1.12.0
[INFO] [stderr]    Compiling proc-macro-error-attr v1.0.4
[INFO] [stderr]    Compiling static_assertions v1.1.0
[INFO] [stderr]    Compiling minimal-lexical v0.2.1
[INFO] [stderr]    Compiling proc-macro-error v1.0.4
[INFO] [stderr]    Compiling adler v1.0.2
[INFO] [stderr]    Compiling crossbeam-deque v0.8.2
[INFO] [stderr]    Compiling ppv-lite86 v0.2.17
[INFO] [stderr]    Compiling nom v7.1.2
[INFO] [stderr]    Compiling num_cpus v1.15.0
[INFO] [stderr]    Compiling getrandom v0.2.8
[INFO] [stderr]    Compiling socket2 v0.4.7
[INFO] [stderr]    Compiling nix v0.24.3
[INFO] [stderr] LLVM ERROR: IO failure on output stream: No space left on device
[INFO] [stderr] LLVM ERROR: IO failure on output stream: No space left on device
[INFO] [stderr] thread 'rustc' panicked at 'assertion failed: pos.get() <= self.position()', compiler/rustc_metadata/src/rmeta/encoder.rs:435:9
[INFO] [stderr] thread 'rustc' panicked at 'assertion failed: pos.get() <= self.position()', compiler/rustc_metadata/src/rmeta/encoder.rs:435:9
[INFO] [stderr] LLVM ERROR: IO failure on output stream: No space left on device
[INFO] [stderr] LLVM ERROR: IO failure on output stream: No space left on device
[INFO] [stderr] error: could not compile `minimal-lexical`
[INFO] [stderr] warning: build failed, waiting for other jobs to finish...
[INFO] [stderr] error: could not compile `crossbeam-epoch`
[INFO] [stderr] error: could not compile `crossbeam-channel`
[INFO] [stderr] LLVM ERROR: IO failure on output stream: No space left on device
[INFO] [stderr] error: could not compile `libc`
[INFO] [stderr] error: could not compile `cc`
[INFO] [stdout] error: couldn't create a temp dir: No space left on device (os error 28) at path "/opt/rustwide/target/debug/deps/rmetaOCKjIe"
[INFO] [stdout] 
[INFO] [stdout] 
[INFO] [stderr] error: could not compile `num_cpus` due to previous error
[INFO] [stderr] error: could not compile `futures-lite`
[INFO] [stderr] error: could not compile `wayland-scanner`
[INFO] [stderr] LLVM ERROR: IO failure on output stream: No space left on device
[INFO] [stderr] thread 'rustc' panicked at 'assertion failed: pos.get() <= self.position()', compiler/rustc_metadata/src/rmeta/encoder.rs:435:9
[INFO] [stderr] error: could not compile `getrandom`
[INFO] [stdout] error: error writing dependencies to `/opt/rustwide/target/debug/deps/nom-8f21341b5c880375.d`: No space left on device (os error 28)
[INFO] [stdout] 
[INFO] [stdout] 
[INFO] [stderr] error: could not compile `nom` due to previous error
[INFO] [stderr] error: could not compile `num-traits`
[INFO] [stderr] thread 'rustc' panicked at 'assertion failed: pos.get() <= self.position()', compiler/rustc_metadata/src/rmeta/encoder.rs:435:9
[INFO] [stderr] thread 'rustc' panicked at 'assertion failed: pos.get() <= self.position()', compiler/rustc_metadata/src/rmeta/encoder.rs:435:9
[INFO] [stderr] error: could not compile `socket2`
[INFO] [stderr] error: could not compile `ppv-lite86`
[INFO] [stderr] thread 'rustc' panicked at 'assertion failed: pos.get() <= self.position()', compiler/rustc_metadata/src/rmeta/encoder.rs:435:9
[INFO] [stderr] error: could not compile `encoding_rs`
[INFO] [stderr] thread 'rustc' panicked at 'assertion failed: pos.get() <= self.position()', compiler/rustc_metadata/src/rmeta/encoder.rs:435:9
[INFO] [stderr] error: could not compile `nix`
[INFO] [stderr] thread 'rustc' panicked at 'assertion failed: pos.get() <= self.position()', compiler/rustc_metadata/src/rmeta/encoder.rs:435:9
[INFO] [stderr] error: could not compile `syn`
[INFO] running `Command { std: "docker" "inspect" "15b6240a68a0e2bc8d7b9edf3378e4f242e91d0a7a484fd40e376884296f1023", kill_on_drop: false }`
[INFO] running `Command { std: "docker" "rm" "-f" "15b6240a68a0e2bc8d7b9edf3378e4f242e91d0a7a484fd40e376884296f1023", kill_on_drop: false }`
[INFO] [stdout] 15b6240a68a0e2bc8d7b9edf3378e4f242e91d0a7a484fd40e376884296f1023
