[INFO] cloning repository https://github.com/LeonP3ng/learn-substrate
[INFO] running `Command { std: "git" "-c" "credential.helper=" "-c" "credential.helper=/workspace/cargo-home/bin/git-credential-null" "clone" "--bare" "https://github.com/LeonP3ng/learn-substrate" "/workspace/cache/git-repos/https%3A%2F%2Fgithub.com%2FLeonP3ng%2Flearn-substrate", kill_on_drop: false }`
[INFO] [stderr] Cloning into bare repository '/workspace/cache/git-repos/https%3A%2F%2Fgithub.com%2FLeonP3ng%2Flearn-substrate'...
[INFO] running `Command { std: "git" "rev-parse" "HEAD", kill_on_drop: false }`
[INFO] [stdout] 5a85f55c42b46cc573b7d480294064f9e06fcc7d
[INFO] testing LeonP3ng/learn-substrate against 1.69.0 for beta-1.70-1
[INFO] running `Command { std: "git" "clone" "/workspace/cache/git-repos/https%3A%2F%2Fgithub.com%2FLeonP3ng%2Flearn-substrate" "/workspace/builds/worker-0-tc1/source", kill_on_drop: false }`
[INFO] [stderr] Cloning into '/workspace/builds/worker-0-tc1/source'...
[INFO] [stderr] done.
[INFO] validating manifest of git repo https://github.com/LeonP3ng/learn-substrate on toolchain 1.69.0
[INFO] running `Command { std: CARGO_HOME="/workspace/cargo-home" RUSTUP_HOME="/workspace/rustup-home" "/workspace/cargo-home/bin/cargo" "+1.69.0" "metadata" "--manifest-path" "Cargo.toml" "--no-deps", kill_on_drop: false }`
[INFO] started tweaking git repo https://github.com/LeonP3ng/learn-substrate
[INFO] finished tweaking git repo https://github.com/LeonP3ng/learn-substrate
[INFO] tweaked toml for git repo https://github.com/LeonP3ng/learn-substrate written to /workspace/builds/worker-0-tc1/source/Cargo.toml
[INFO] crate git repo https://github.com/LeonP3ng/learn-substrate already has a lockfile, it will not be regenerated
[INFO] running `Command { std: CARGO_HOME="/workspace/cargo-home" RUSTUP_HOME="/workspace/rustup-home" "/workspace/cargo-home/bin/cargo" "+1.69.0" "fetch" "--manifest-path" "Cargo.toml", kill_on_drop: false }`
[INFO] [stderr]     Blocking waiting for file lock on package cache
[INFO] running `Command { std: "docker" "create" "-v" "/var/lib/crater-agent-workspace/builds/worker-0-tc1/target:/opt/rustwide/target:rw,Z" "-v" "/var/lib/crater-agent-workspace/builds/worker-0-tc1/source:/opt/rustwide/workdir:ro,Z" "-v" "/var/lib/crater-agent-workspace/cargo-home:/opt/rustwide/cargo-home:ro,Z" "-v" "/var/lib/crater-agent-workspace/rustup-home:/opt/rustwide/rustup-home:ro,Z" "-e" "SOURCE_DIR=/opt/rustwide/workdir" "-e" "CARGO_TARGET_DIR=/opt/rustwide/target" "-e" "CARGO_HOME=/opt/rustwide/cargo-home" "-e" "RUSTUP_HOME=/opt/rustwide/rustup-home" "-w" "/opt/rustwide/workdir" "-m" "1610612736" "--user" "0:0" "--network" "none" "ghcr.io/rust-lang/crates-build-env/linux@sha256:97d61d7686bf65f8ecb15491ab51835e82dc9176a96a831f143a431b191fc501" "/opt/rustwide/cargo-home/bin/cargo" "+1.69.0" "metadata" "--no-deps" "--format-version=1", kill_on_drop: false }`
[INFO] [stdout] 0d8106adf2ff8df71497a441b8a67a9183bef8ffded351a65657c6e29c49ebb9
[INFO] running `Command { std: "docker" "start" "-a" "0d8106adf2ff8df71497a441b8a67a9183bef8ffded351a65657c6e29c49ebb9", kill_on_drop: false }`
[INFO] running `Command { std: "docker" "inspect" "0d8106adf2ff8df71497a441b8a67a9183bef8ffded351a65657c6e29c49ebb9", kill_on_drop: false }`
[INFO] running `Command { std: "docker" "rm" "-f" "0d8106adf2ff8df71497a441b8a67a9183bef8ffded351a65657c6e29c49ebb9", kill_on_drop: false }`
[INFO] [stdout] 0d8106adf2ff8df71497a441b8a67a9183bef8ffded351a65657c6e29c49ebb9
[INFO] running `Command { std: "docker" "create" "-v" "/var/lib/crater-agent-workspace/builds/worker-0-tc1/target:/opt/rustwide/target:rw,Z" "-v" "/var/lib/crater-agent-workspace/builds/worker-0-tc1/source:/opt/rustwide/workdir:ro,Z" "-v" "/var/lib/crater-agent-workspace/cargo-home:/opt/rustwide/cargo-home:ro,Z" "-v" "/var/lib/crater-agent-workspace/rustup-home:/opt/rustwide/rustup-home:ro,Z" "-e" "SOURCE_DIR=/opt/rustwide/workdir" "-e" "CARGO_TARGET_DIR=/opt/rustwide/target" "-e" "CARGO_INCREMENTAL=0" "-e" "RUST_BACKTRACE=full" "-e" "RUSTFLAGS=--cap-lints=warn" "-e" "RUSTDOCFLAGS=--cap-lints=warn" "-e" "CARGO_HOME=/opt/rustwide/cargo-home" "-e" "RUSTUP_HOME=/opt/rustwide/rustup-home" "-w" "/opt/rustwide/workdir" "-m" "1610612736" "--user" "0:0" "--network" "none" "ghcr.io/rust-lang/crates-build-env/linux@sha256:97d61d7686bf65f8ecb15491ab51835e82dc9176a96a831f143a431b191fc501" "/opt/rustwide/cargo-home/bin/cargo" "+1.69.0" "build" "--frozen" "--message-format=json", kill_on_drop: false }`
[INFO] [stdout] aa912893d5d74e46c2ca4f2ff9146657e653c9ea0f1f5f2b54695678c8f9f652
[INFO] running `Command { std: "docker" "start" "-a" "aa912893d5d74e46c2ca4f2ff9146657e653c9ea0f1f5f2b54695678c8f9f652", kill_on_drop: false }`
[INFO] [stderr]     Blocking waiting for file lock on package cache
[INFO] [stderr]    Compiling proc-macro2 v1.0.27
[INFO] [stderr]    Compiling unicode-xid v0.2.2
[INFO] [stderr]    Compiling syn v1.0.73
[INFO] [stderr]    Compiling libc v0.2.97
[INFO] [stderr]    Compiling cfg-if v1.0.0
[INFO] [stderr]    Compiling version_check v0.9.3
[INFO] [stderr]    Compiling autocfg v1.0.1
[INFO] [stderr]    Compiling serde_derive v1.0.126
[INFO] [stderr]    Compiling serde v1.0.126
[INFO] [stderr]    Compiling log v0.4.14
[INFO] [stderr]    Compiling memchr v2.4.0
[INFO] [stderr]    Compiling lazy_static v1.4.0
[INFO] [stderr]    Compiling scopeguard v1.1.0
[INFO] [stderr]    Compiling ppv-lite86 v0.2.10
[INFO] [stderr]    Compiling smallvec v1.6.1
[INFO] [stderr]    Compiling byteorder v1.4.3
[INFO] [stderr]    Compiling typenum v1.13.0
[INFO] [stderr]    Compiling futures v0.1.31
[INFO] [stderr]    Compiling slab v0.4.3
[INFO] [stderr]    Compiling cfg-if v0.1.10
[INFO] [stderr]    Compiling either v1.6.1
[INFO] [stderr]    Compiling instant v0.1.9
[INFO] [stderr]    Compiling lock_api v0.4.4
[INFO] [stderr]    Compiling futures-core v0.3.15
[INFO] [stderr]    Compiling hashbrown v0.11.2
[INFO] [stderr]    Compiling value-bag v1.0.0-alpha.7
[INFO] [stderr]    Compiling pin-project-lite v0.2.7
[INFO] [stderr]    Compiling generic-array v0.14.4
[INFO] [stderr]    Compiling futures-io v0.3.15
[INFO] [stderr]    Compiling anyhow v1.0.41
[INFO] [stderr]    Compiling proc-macro-hack v0.5.19
[INFO] [stderr]    Compiling indexmap v1.7.0
[INFO] [stderr]    Compiling futures-sink v0.3.15
[INFO] [stderr]    Compiling futures-macro v0.3.15
[INFO] [stderr]    Compiling proc-macro-nested v0.1.7
[INFO] [stderr]    Compiling futures-channel v0.3.15
[INFO] [stderr]    Compiling futures-task v0.3.15
[INFO] [stderr]    Compiling futures-util v0.3.15
[INFO] [stderr]    Compiling getrandom v0.1.16
[INFO] [stderr]    Compiling pin-utils v0.1.0
[INFO] [stderr]    Compiling subtle v2.4.0
[INFO] [stderr]    Compiling quote v1.0.9
[INFO] [stderr]    Compiling opaque-debug v0.3.0
[INFO] [stderr]    Compiling static_assertions v1.1.0
[INFO] [stderr]    Compiling crunchy v0.2.2
[INFO] [stderr]    Compiling tinyvec_macros v0.1.0
[INFO] [stderr]    Compiling block-padding v0.2.1
[INFO] [stderr]    Compiling cpufeatures v0.1.5
[INFO] [stderr]    Compiling constant_time_eq v0.1.5
[INFO] [stderr]    Compiling jobserver v0.1.22
[INFO] [stderr]    Compiling getrandom v0.2.3
[INFO] [stderr]    Compiling num_cpus v1.13.0
[INFO] [stderr]    Compiling parking_lot_core v0.8.3
[INFO] [stderr]    Compiling tinyvec v1.2.0
[INFO] [stderr]    Compiling cc v1.0.68
[INFO] [stderr]    Compiling rand_core v0.6.3
[INFO] [stderr]    Compiling regex-syntax v0.6.25
[INFO] [stderr]    Compiling arrayref v0.3.6
[INFO] [stderr]    Compiling parking_lot v0.11.1
[INFO] [stderr]    Compiling rand_core v0.5.1
[INFO] [stderr]    Compiling byte-tools v0.3.1
[INFO] [stderr]    Compiling arrayvec v0.5.2
[INFO] [stderr]    Compiling block-padding v0.1.5
[INFO] [stderr]    Compiling itoa v0.4.7
[INFO] [stderr]    Compiling rand_chacha v0.3.1
[INFO] [stderr]    Compiling once_cell v1.8.0
[INFO] [stderr]    Compiling rand_pcg v0.2.1
[INFO] [stderr]    Compiling rand_chacha v0.2.2
[INFO] [stderr]    Compiling generic-array v0.12.4
[INFO] [stderr]    Compiling keccak v0.1.0
[INFO] [stderr]    Compiling aho-corasick v0.7.18
[INFO] [stderr]    Compiling fake-simd v0.1.2
[INFO] [stderr]    Compiling opaque-debug v0.2.3
[INFO] [stderr]    Compiling subtle v1.0.0
[INFO] [stderr]    Compiling rand v0.8.4
[INFO] [stderr]    Compiling rand v0.7.3
[INFO] [stderr]    Compiling signature v1.3.1
[INFO] [stderr]    Compiling digest v0.8.1
[INFO] [stderr]    Compiling block-buffer v0.7.3
[INFO] [stderr]    Compiling crypto-mac v0.7.0
[INFO] [stderr]    Compiling libm v0.2.1
[INFO] [stderr]    Compiling num-traits v0.2.14
[INFO] [stderr]    Compiling digest v0.9.0
[INFO] [stderr]    Compiling unicode-normalization v0.1.19
[INFO] [stderr]    Compiling block-buffer v0.9.0
[INFO] [stderr]    Compiling crypto-mac v0.8.0
[INFO] [stderr]    Compiling ed25519 v1.1.1
[INFO] [stderr]    Compiling sha2 v0.8.2
[INFO] [stderr]    Compiling hmac v0.7.1
[INFO] [stderr]    Compiling radium v0.6.2
[INFO] [stderr]    Compiling sha2 v0.9.5
[INFO] [stderr]    Compiling ryu v1.0.5
[INFO] [stderr]    Compiling hmac-drbg v0.2.0
[INFO] [stderr]    Compiling serde_json v1.0.64
[INFO] [stderr]    Compiling rustc-hash v1.1.0
[INFO] [stderr]    Compiling wyz v0.2.0
[INFO] [stderr]    Compiling tap v1.0.1
[INFO] [stderr]    Compiling funty v1.1.0
[INFO] [stderr]    Compiling lock_api v0.3.4
[INFO] [stderr]    Compiling byte-slice-cast v1.0.0
[INFO] [stderr]    Compiling arrayvec v0.7.1
[INFO] [stderr]    Compiling num-integer v0.1.44
[INFO] [stderr]    Compiling libsecp256k1 v0.3.5
[INFO] [stderr]    Compiling hex v0.4.3
[INFO] [stderr]    Compiling ahash v0.4.7
[INFO] [stderr]    Compiling stable_deref_trait v1.2.0
[INFO] [stderr]    Compiling tracing-core v0.1.18
[INFO] [stderr]    Compiling fallible-iterator v0.2.0
[INFO] [stderr]    Compiling bitvec v0.20.4
[INFO] [stderr]    Compiling hashbrown v0.9.1
[INFO] [stderr]    Compiling rustc-hex v2.1.0
[INFO] [stderr]    Compiling miniz_oxide v0.4.4
[INFO] [stderr]    Compiling bytes v1.0.1
[INFO] [stderr]    Compiling regex v1.5.4
[INFO] [stderr]    Compiling uint v0.9.1
[INFO] [stderr]    Compiling fixed-hash v0.7.0
[INFO] [stderr]    Compiling parking_lot_core v0.7.2
[INFO] [stderr]    Compiling adler v1.0.2
[INFO] [stderr]    Compiling time v0.1.44
[INFO] [stderr]    Compiling parity-util-mem v0.9.0
[INFO] [stderr]    Compiling num-bigint v0.2.6
[INFO] [stderr]    Compiling sp-std v3.0.0 (https://github.com/paritytech/substrate.git?tag=monthly-2021-07#83808aa8)
[INFO] [stderr]    Compiling fnv v1.0.7
[INFO] [stderr]    Compiling ansi_term v0.12.1
[INFO] [stderr]    Compiling parking_lot v0.10.2
[INFO] [stderr]    Compiling num-rational v0.2.4
[INFO] [stderr]    Compiling ref-cast v1.0.6
[INFO] [stderr]    Compiling rustc-demangle v0.1.20
[INFO] [stderr]    Compiling arrayvec v0.4.12
[INFO] [stderr]    Compiling erased-serde v0.3.16
[INFO] [stderr]    Compiling parity-wasm v0.42.2
[INFO] [stderr]    Compiling regex-automata v0.1.10
[INFO] [stderr]    Compiling zstd-sys v1.4.20+zstd.1.4.9
[INFO] [stderr]    Compiling slog v2.7.0
[INFO] [stderr]    Compiling nodrop v0.1.14
[INFO] [stderr]    Compiling unicode-segmentation v1.8.0
[INFO] [stderr]    Compiling thread_local v1.1.3
[INFO] [stderr]    Compiling sharded-slab v0.1.1
[INFO] [stderr]    Compiling chrono v0.4.19
[INFO] [stderr]    Compiling Inflector v0.11.4
[INFO] [stderr]    Compiling hash-db v0.15.2
[INFO] [stderr]    Compiling downcast-rs v1.2.0
[INFO] [stderr]    Compiling memory_units v0.3.0
[INFO] [stderr]    Compiling blake2-rfc v0.2.18
[INFO] [stderr]    Compiling backtrace v0.3.60
[INFO] [stderr]    Compiling tiny-keccak v2.0.2
[INFO] [stderr]    Compiling heck v0.3.3
[INFO] [stderr]    Compiling zstd-safe v3.0.1+zstd.1.4.9
[INFO] [stderr]    Compiling environmental v1.1.3
[INFO] [stderr]    Compiling matchers v0.0.1
[INFO] [stderr]    Compiling hmac v0.8.1
[INFO] [stderr]    Compiling pbkdf2 v0.4.0
[INFO] [stderr]    Compiling pbkdf2 v0.3.0
[INFO] [stderr]    Compiling object v0.25.3
[INFO] [stderr]    Compiling dyn-clone v1.0.4
[INFO] [stderr]    Compiling async-trait v0.1.50
[INFO] [stderr]    Compiling twox-hash v1.6.0
[INFO] [stderr]    Compiling hash256-std-hasher v0.15.2
[INFO] [stderr]    Compiling base58 v0.1.0
[INFO] [stderr]    Compiling remove_dir_all v0.5.3
[INFO] [stderr]    Compiling tempfile v3.2.0
[INFO] [stderr]    Compiling itertools v0.9.0
[INFO] [stderr]    Compiling convert_case v0.4.0
[INFO] [stderr]    Compiling which v4.1.0
[INFO] [stderr]    Compiling synstructure v0.12.4
[INFO] [stderr]    Compiling wasmi-validation v0.4.0
[INFO] [stderr]    Compiling fixedbitset v0.2.0
[INFO] [stderr]    Compiling multimap v0.8.3
[INFO] [stderr]    Compiling prost-build v0.7.0
[INFO] [stderr]    Compiling trie-root v0.16.0
[INFO] [stderr]    Compiling paste v1.0.5
[INFO] [stderr]    Compiling ring v0.16.20
[INFO] [stderr]    Compiling matches v0.1.8
[INFO] [stderr]    Compiling unicode-bidi v0.3.5
[INFO] [stderr]    Compiling integer-sqrt v0.1.5
[INFO] [stderr]    Compiling wasmi v0.9.0
[INFO] [stderr]    Compiling semver-parser v0.7.0
[INFO] [stderr]    Compiling spin v0.5.2
[INFO] [stderr]    Compiling untrusted v0.7.1
[INFO] [stderr]    Compiling iovec v0.1.4
[INFO] [stderr]    Compiling proc-macro-error-attr v1.0.4
[INFO] [stderr]    Compiling percent-encoding v2.1.0
[INFO] [stderr]    Compiling idna v0.2.3
[INFO] [stderr]    Compiling form_urlencoded v1.0.1
[INFO] [stderr]    Compiling proc-macro-error v1.0.4
[INFO] [stderr] thread 'rustc' panicked at 'assertion failed: pos.get() <= self.position()', compiler/rustc_metadata/src/rmeta/encoder.rs:435:9
[INFO] [stderr] stack backtrace:
[INFO] [stderr]    0:     0x7f1bed7b831a - std::backtrace_rs::backtrace::libunwind::trace::ha9053a9a07ca49cb
[INFO] [stderr]                                at /rustc/84c898d65adf2f39a5a98507f1fe0ce10a2b8dbc/library/std/src/../../backtrace/src/backtrace/libunwind.rs:93:5
[INFO] [stderr]    1:     0x7f1bed7b831a - std::backtrace_rs::backtrace::trace_unsynchronized::h9c2852a457ad564e
[INFO] [stderr]                                at /rustc/84c898d65adf2f39a5a98507f1fe0ce10a2b8dbc/library/std/src/../../backtrace/src/backtrace/mod.rs:66:5
[INFO] [stderr]    2:     0x7f1bed7b831a - std::sys_common::backtrace::_print_fmt::h457936fbfaa0070f
[INFO] [stderr]                                at /rustc/84c898d65adf2f39a5a98507f1fe0ce10a2b8dbc/library/std/src/sys_common/backtrace.rs:65:5
[INFO] [stderr]    3:     0x7f1bed7b831a - <std::sys_common::backtrace::_print::DisplayBacktrace as core::fmt::Display>::fmt::h5779d7bf7f70cb0c
[INFO] [stderr]                                at /rustc/84c898d65adf2f39a5a98507f1fe0ce10a2b8dbc/library/std/src/sys_common/backtrace.rs:44:22
[INFO] [stderr]    4:     0x7f1bed81bb6e - core::fmt::write::h5a4baaff1bcd3eb5
[INFO] [stderr]                                at /rustc/84c898d65adf2f39a5a98507f1fe0ce10a2b8dbc/library/core/src/fmt/mod.rs:1232:17
[INFO] [stderr]    5:     0x7f1bed7ab2c5 - std::io::Write::write_fmt::h4bc1f301cb9e9cce
[INFO] [stderr]                                at /rustc/84c898d65adf2f39a5a98507f1fe0ce10a2b8dbc/library/std/src/io/mod.rs:1684:15
[INFO] [stderr]    6:     0x7f1bed7b80e5 - std::sys_common::backtrace::_print::h5fcdc36060f177e8
[INFO] [stderr]                                at /rustc/84c898d65adf2f39a5a98507f1fe0ce10a2b8dbc/library/std/src/sys_common/backtrace.rs:47:5
[INFO] [stderr]    7:     0x7f1bed7b80e5 - std::sys_common::backtrace::print::h54ca9458b876c8bf
[INFO] [stderr]                                at /rustc/84c898d65adf2f39a5a98507f1fe0ce10a2b8dbc/library/std/src/sys_common/backtrace.rs:34:9
[INFO] [stderr]    8:     0x7f1bed7bae5f - std::panicking::default_hook::{{closure}}::hbe471161c7664ed6
[INFO] [stderr]                                at /rustc/84c898d65adf2f39a5a98507f1fe0ce10a2b8dbc/library/std/src/panicking.rs:271:22
[INFO] [stderr]    9:     0x7f1bed7bab9b - std::panicking::default_hook::ha3500da57aa4ac4f
[INFO] [stderr]                                at /rustc/84c898d65adf2f39a5a98507f1fe0ce10a2b8dbc/library/std/src/panicking.rs:290:9
[INFO] [stdout] error: linking with `cc` failed: exit status: 1
[INFO] [stdout]   |
[INFO] [stdout]   = note: LC_ALL="C" PATH="/opt/rustwide/rustup-home/toolchains/1.69.0-x86_64-unknown-linux-gnu/lib/rustlib/x86_64-unknown-linux-gnu/bin:/opt/rustwide/cargo-home/bin:/usr/local/sbin:/usr/local/bin:/usr/sbin:/usr/bin:/sbin:/bin" VSLANG="1033" "cc" "-m64" "/tmp/rustcRkQrTW/symbols.o" "/opt/rustwide/target/debug/build/proc-macro-error-attr-3aa9dd87d1fbe2b4/build_script_build-3aa9dd87d1fbe2b4.build_script_build.124eddc4-cgu.0.rcgu.o" "/opt/rustwide/target/debug/build/proc-macro-error-attr-3aa9dd87d1fbe2b4/build_script_build-3aa9dd87d1fbe2b4.build_script_build.124eddc4-cgu.1.rcgu.o" "/opt/rustwide/target/debug/build/proc-macro-error-attr-3aa9dd87d1fbe2b4/build_script_build-3aa9dd87d1fbe2b4.build_script_build.124eddc4-cgu.2.rcgu.o" "/opt/rustwide/target/debug/build/proc-macro-error-attr-3aa9dd87d1fbe2b4/build_script_build-3aa9dd87d1fbe2b4.build_script_build.124eddc4-cgu.3.rcgu.o" "/opt/rustwide/target/debug/build/proc-macro-error-attr-3aa9dd87d1fbe2b4/build_script_build-3aa9dd87d1fbe2b4.build_script_build.124eddc4-cgu.4.rcgu.o" "/opt/rustwide/target/debug/build/proc-macro-error-attr-3aa9dd87d1fbe2b4/build_script_build-3aa9dd87d1fbe2b4.build_script_build.124eddc4-cgu.5.rcgu.o" "/opt/rustwide/target/debug/build/proc-macro-error-attr-3aa9dd87d1fbe2b4/build_script_build-3aa9dd87d1fbe2b4.27o9qz8ftv2b4sva.rcgu.o" "-Wl,--as-needed" "-L" "/opt/rustwide/target/debug/deps" "-L" "/opt/rustwide/rustup-home/toolchains/1.69.0-x86_64-unknown-linux-gnu/lib/rustlib/x86_64-unknown-linux-gnu/lib" "-Wl,-Bstatic" "/opt/rustwide/target/debug/deps/libversion_check-f356d3569f511e40.rlib" "/opt/rustwide/rustup-home/toolchains/1.69.0-x86_64-unknown-linux-gnu/lib/rustlib/x86_64-unknown-linux-gnu/lib/libstd-89bc084783fdc439.rlib" "/opt/rustwide/rustup-home/toolchains/1.69.0-x86_64-unknown-linux-gnu/lib/rustlib/x86_64-unknown-linux-gnu/lib/libpanic_unwind-8bee4b287d4367c1.rlib" "/opt/rustwide/rustup-home/toolchains/1.69.0-x86_64-unknown-linux-gnu/lib/rustlib/x86_64-unknown-linux-gnu/lib/libobject-d61707aed80694c0.rlib" "/opt/rustwide/rustup-home/toolchains/1.69.0-x86_64-unknown-linux-gnu/lib/rustlib/x86_64-unknown-linux-gnu/lib/libmemchr-d85366256f22345b.rlib" "/opt/rustwide/rustup-home/toolchains/1.69.0-x86_64-unknown-linux-gnu/lib/rustlib/x86_64-unknown-linux-gnu/lib/libaddr2line-96069b86b8a8cae9.rlib" "/opt/rustwide/rustup-home/toolchains/1.69.0-x86_64-unknown-linux-gnu/lib/rustlib/x86_64-unknown-linux-gnu/lib/libgimli-d19d53abf68dfa6c.rlib" "/opt/rustwide/rustup-home/toolchains/1.69.0-x86_64-unknown-linux-gnu/lib/rustlib/x86_64-unknown-linux-gnu/lib/librustc_demangle-787cbccd19d64ac6.rlib" "/opt/rustwide/rustup-home/toolchains/1.69.0-x86_64-unknown-linux-gnu/lib/rustlib/x86_64-unknown-linux-gnu/lib/libstd_detect-b3837a36b830e0d0.rlib" "/opt/rustwide/rustup-home/toolchains/1.69.0-x86_64-unknown-linux-gnu/lib/rustlib/x86_64-unknown-linux-gnu/lib/libhashbrown-e3deb0e7e3f04966.rlib" "/opt/rustwide/rustup-home/toolchains/1.69.0-x86_64-unknown-linux-gnu/lib/rustlib/x86_64-unknown-linux-gnu/lib/libminiz_oxide-dabbb79c9815def4.rlib" "/opt/rustwide/rustup-home/toolchains/1.69.0-x86_64-unknown-linux-gnu/lib/rustlib/x86_64-unknown-linux-gnu/lib/libadler-305b01f34c9409f2.rlib" "/opt/rustwide/rustup-home/toolchains/1.69.0-x86_64-unknown-linux-gnu/lib/rustlib/x86_64-unknown-linux-gnu/lib/librustc_std_workspace_alloc-f833521df6074e73.rlib" "/opt/rustwide/rustup-home/toolchains/1.69.0-x86_64-unknown-linux-gnu/lib/rustlib/x86_64-unknown-linux-gnu/lib/libunwind-9ac333113350d171.rlib" "/opt/rustwide/rustup-home/toolchains/1.69.0-x86_64-unknown-linux-gnu/lib/rustlib/x86_64-unknown-linux-gnu/lib/libcfg_if-1c126114322d0eee.rlib" "/opt/rustwide/rustup-home/toolchains/1.69.0-x86_64-unknown-linux-gnu/lib/rustlib/x86_64-unknown-linux-gnu/lib/liblibc-bad9164fdeeecf92.rlib" "/opt/rustwide/rustup-home/toolchains/1.69.0-x86_64-unknown-linux-gnu/lib/rustlib/x86_64-unknown-linux-gnu/lib/liballoc-f9374b1e480fa681.rlib" "/opt/rustwide/rustup-home/toolchains/1.69.0-x86_64-unknown-linux-gnu/lib/rustlib/x86_64-unknown-linux-gnu/lib/librustc_std_workspace_core-207f06e41d9603af.rlib" "/opt/rustwide/rustup-home/toolchains/1.69.0-x86_64-unknown-linux-gnu/lib/rustlib/x86_64-unknown-linux-gnu/lib/libcore-7e2768e66e984e85.rlib" "/opt/rustwide/rustup-home/toolchains/1.69.0-x86_64-unknown-linux-gnu/lib/rustlib/x86_64-unknown-linux-gnu/lib/libcompiler_builtins-957b4aff41f8cd46.rlib" "-Wl,-Bdynamic" "-lgcc_s" "-lutil" "-lrt" "-lpthread" "-lm" "-ldl" "-lc" "-Wl,--eh-frame-hdr" "-Wl,-z,noexecstack" "-L" "/opt/rustwide/rustup-home/toolchains/1.69.0-x86_64-unknown-linux-gnu/lib/rustlib/x86_64-unknown-linux-gnu/lib" "-o" "/opt/rustwide/target/debug/build/proc-macro-error-attr-3aa9dd87d1fbe2b4/build_script_build-3aa9dd87d1fbe2b4" "-Wl,--gc-sections" "-pie" "-Wl,-z,relro,-z,now" "-nodefaultlibs"
[INFO] [stdout]   = note: /usr/bin/ld: final link failed: No space left on device
[INFO] [stdout]           collect2: error: ld returned 1 exit status
[INFO] [stdout]           
[INFO] [stdout] 
[INFO] [stdout] 
[INFO] [stdout] error: linking with `cc` failed: exit status: 1
[INFO] [stdout]   |
[INFO] [stdout]   = note: LC_ALL="C" PATH="/opt/rustwide/rustup-home/toolchains/1.69.0-x86_64-unknown-linux-gnu/lib/rustlib/x86_64-unknown-linux-gnu/bin:/opt/rustwide/cargo-home/bin:/usr/local/sbin:/usr/local/bin:/usr/sbin:/usr/bin:/sbin:/bin" VSLANG="1033" "cc" "-m64" "/tmp/rustcB7z9IX/symbols.o" "/opt/rustwide/target/debug/build/ring-9b077eef98be183b/build_script_build-9b077eef98be183b.build_script_build.95d4cd85-cgu.0.rcgu.o" "/opt/rustwide/target/debug/build/ring-9b077eef98be183b/build_script_build-9b077eef98be183b.build_script_build.95d4cd85-cgu.1.rcgu.o" "/opt/rustwide/target/debug/build/ring-9b077eef98be183b/build_script_build-9b077eef98be183b.build_script_build.95d4cd85-cgu.10.rcgu.o" "/opt/rustwide/target/debug/build/ring-9b077eef98be183b/build_script_build-9b077eef98be183b.build_script_build.95d4cd85-cgu.11.rcgu.o" "/opt/rustwide/target/debug/build/ring-9b077eef98be183b/build_script_build-9b077eef98be183b.build_script_build.95d4cd85-cgu.12.rcgu.o" "/opt/rustwide/target/debug/build/ring-9b077eef98be183b/build_script_build-9b077eef98be183b.build_script_build.95d4cd85-cgu.13.rcgu.o" "/opt/rustwide/target/debug/build/ring-9b077eef98be183b/build_script_build-9b077eef98be183b.build_script_build.95d4cd85-cgu.14.rcgu.o" "/opt/rustwide/target/debug/build/ring-9b077eef98be183b/build_script_build-9b077eef98be183b.build_script_build.95d4cd85-cgu.15.rcgu.o" "/opt/rustwide/target/debug/build/ring-9b077eef98be183b/build_script_build-9b077eef98be183b.build_script_build.95d4cd85-cgu.2.rcgu.o" "/opt/rustwide/target/debug/build/ring-9b077eef98be183b/build_script_build-9b077eef98be183b.build_script_build.95d4cd85-cgu.3.rcgu.o" "/opt/rustwide/target/debug/build/ring-9b077eef98be183b/build_script_build-9b077eef98be183b.build_script_build.95d4cd85-cgu.4.rcgu.o" "/opt/rustwide/target/debug/build/ring-9b077eef98be183b/build_script_build-9b077eef98be183b.build_script_build.95d4cd85-cgu.5.rcgu.o" "/opt/rustwide/target/debug/build/ring-9b077eef98be183b/build_script_build-9b077eef98be183b.build_script_build.95d4cd85-cgu.6.rcgu.o" "/opt/rustwide/target/debug/build/ring-9b077eef98be183b/build_script_build-9b077eef98be183b.build_script_build.95d4cd85-cgu.7.rcgu.o" "/opt/rustwide/target/debug/build/ring-9b077eef98be183b/build_script_build-9b077eef98be183b.build_script_build.95d4cd85-cgu.8.rcgu.o" "/opt/rustwide/target/debug/build/ring-9b077eef98be183b/build_script_build-9b077eef98be183b.build_script_build.95d4cd85-cgu.9.rcgu.o" "/opt/rustwide/target/debug/build/ring-9b077eef98be183b/build_script_build-9b077eef98be183b.4sppt6tcn40lyo8g.rcgu.o" "-Wl,--as-needed" "-L" "/opt/rustwide/target/debug/deps" "-L" "/opt/rustwide/rustup-home/toolchains/1.69.0-x86_64-unknown-linux-gnu/lib/rustlib/x86_64-unknown-linux-gnu/lib" "-Wl,-Bstatic" "/opt/rustwide/target/debug/deps/libcc-1d6781801b666467.rlib" "/opt/rustwide/target/debug/deps/libjobserver-fad6fb3fb761d235.rlib" "/opt/rustwide/target/debug/deps/liblibc-d87469b0dc23d988.rlib" "/opt/rustwide/rustup-home/toolchains/1.69.0-x86_64-unknown-linux-gnu/lib/rustlib/x86_64-unknown-linux-gnu/lib/libstd-89bc084783fdc439.rlib" "/opt/rustwide/rustup-home/toolchains/1.69.0-x86_64-unknown-linux-gnu/lib/rustlib/x86_64-unknown-linux-gnu/lib/libpanic_unwind-8bee4b287d4367c1.rlib" "/opt/rustwide/rustup-home/toolchains/1.69.0-x86_64-unknown-linux-gnu/lib/rustlib/x86_64-unknown-linux-gnu/lib/libobject-d61707aed80694c0.rlib" "/opt/rustwide/rustup-home/toolchains/1.69.0-x86_64-unknown-linux-gnu/lib/rustlib/x86_64-unknown-linux-gnu/lib/libmemchr-d85366256f22345b.rlib" "/opt/rustwide/rustup-home/toolchains/1.69.0-x86_64-unknown-linux-gnu/lib/rustlib/x86_64-unknown-linux-gnu/lib/libaddr2line-96069b86b8a8cae9.rlib" "/opt/rustwide/rustup-home/toolchains/1.69.0-x86_64-unknown-linux-gnu/lib/rustlib/x86_64-unknown-linux-gnu/lib/libgimli-d19d53abf68dfa6c.rlib" "/opt/rustwide/rustup-home/toolchains/1.69.0-x86_64-unknown-linux-gnu/lib/rustlib/x86_64-unknown-linux-gnu/lib/librustc_demangle-787cbccd19d64ac6.rlib" "/opt/rustwide/rustup-home/toolchains/1.69.0-x86_64-unknown-linux-gnu/lib/rustlib/x86_64-unknown-linux-gnu/lib/libstd_detect-b3837a36b830e0d0.rlib" "/opt/rustwide/rustup-home/toolchains/1.69.0-x86_64-unknown-linux-gnu/lib/rustlib/x86_64-unknown-linux-gnu/lib/libhashbrown-e3deb0e7e3f04966.rlib" "/opt/rustwide/rustup-home/toolchains/1.69.0-x86_64-unknown-linux-gnu/lib/rustlib/x86_64-unknown-linux-gnu/lib/libminiz_oxide-dabbb79c9815def4.rlib" "/opt/rustwide/rustup-home/toolchains/1.69.0-x86_64-unknown-linux-gnu/lib/rustlib/x86_64-unknown-linux-gnu/lib/libadler-305b01f34c9409f2.rlib" "/opt/rustwide/rustup-home/toolchains/1.69.0-x86_64-unknown-linux-gnu/lib/rustlib/x86_64-unknown-linux-gnu/lib/librustc_std_workspace_alloc-f833521df6074e73.rlib" "/opt/rustwide/rustup-home/toolchains/1.69.0-x86_64-unknown-linux-gnu/lib/rustlib/x86_64-unknown-linux-gnu/lib/libunwind-9ac333113350d171.rlib" "/opt/rustwide/rustup-home/toolchains/1.69.0-x86_64-unknown-linux-gnu/lib/rustlib/x86_64-unknown-linux-gnu/lib/libcfg_if-1c126114322d0eee.rlib" "/opt/rustwide/rustup-home/toolchains/1.69.0-x86_64-unknown-linux-gnu/lib/rustlib/x86_64-unknown-linux-gnu/lib/liblibc-bad9164fdeeecf92.rlib" "/opt/rustwide/rustup-home/toolchains/1.69.0-x86_64-unknown-linux-gnu/lib/rustlib/x86_64-unknown-linux-gnu/lib/liballoc-f9374b1e480fa681.rlib" "/opt/rustwide/rustup-home/toolchains/1.69.0-x86_64-unknown-linux-gnu/lib/rustlib/x86_64-unknown-linux-gnu/lib/librustc_std_workspace_core-207f06e41d9603af.rlib" "/opt/rustwide/rustup-home/toolchains/1.69.0-x86_64-unknown-linux-gnu/lib/rustlib/x86_64-unknown-linux-gnu/lib/libcore-7e2768e66e984e85.rlib" "/opt/rustwide/rustup-home/toolchains/1.69.0-x86_64-unknown-linux-gnu/lib/rustlib/x86_64-unknown-linux-gnu/lib/libcompiler_builtins-957b4aff41f8cd46.rlib" "-Wl,-Bdynamic" "-lgcc_s" "-lutil" "-lrt" "-lpthread" "-lm" "-ldl" "-lc" "-Wl,--eh-frame-hdr" "-Wl,-z,noexecstack" "-L" "/opt/rustwide/rustup-home/toolchains/1.69.0-x86_64-unknown-linux-gnu/lib/rustlib/x86_64-unknown-linux-gnu/lib" "-o" "/opt/rustwide/target/debug/build/ring-9b077eef98be183b/build_script_build-9b077eef98be183b" "-Wl,--gc-sections" "-pie" "-Wl,-z,relro,-z,now" "-nodefaultlibs"
[INFO] [stdout]   = note: /usr/bin/ld: final link failed: No space left on device
[INFO] [stdout]           collect2: error: ld returned 1 exit status
[INFO] [stdout]           
[INFO] [stdout] 
[INFO] [stdout] 
[INFO] [stdout] error: aborting due to previous error
[INFO] [stdout] 
[INFO] [stdout] 
[INFO] [stderr] LLVM ERROR: IO failure on output stream: No space left on device
[INFO] [stderr] LLVM ERROR: IO failure on output stream: No space left on device
[INFO] [stderr] LLVM ERROR: IO failure on output stream: No space left on device
[INFO] [stderr] LLVM ERROR: IO failure on output stream: No space left on device
[INFO] [stderr] error: could not compile `ring` due to 2 previous errors
[INFO] [stderr] warning: build failed, waiting for other jobs to finish...
[INFO] [stderr] error: could not compile `percent-encoding`
[INFO] [stdout] error: aborting due to previous error
[INFO] [stdout] 
[INFO] [stdout] 
[INFO] [stderr] error: could not compile `semver-parser`
[INFO] [stderr] error: could not compile `num-rational`
[INFO] [stderr] error: could not compile `parity-wasm`
[INFO] [stderr] error: could not compile `proc-macro-error-attr` due to 2 previous errors
[INFO] [stderr] LLVM ERROR: IO failure on output stream: No space left on device
[INFO] [stderr] error: could not compile `unicode-bidi`
[INFO] [stderr] LLVM ERROR: IO failure on output stream: No space left on device
[INFO] [stderr] thread 'rustc' panicked at 'assertion failed: pos.get() <= self.position()', compiler/rustc_metadata/src/rmeta/encoder.rs:454:9
[INFO] [stderr] LLVM ERROR: IO failure on output stream: No space left on device
[INFO] [stderr] error: could not compile `proc-macro-error`
[INFO] [stdout] error: couldn't create a temp dir: No space left on device (os error 28) at path "/opt/rustwide/target/debug/deps/rmeta6Fpuj2"
[INFO] [stdout] 
[INFO] [stdout] 
[INFO] [stderr] error: could not compile `regex`
[INFO] [stdout] error: linking with `cc` failed: exit status: 1
[INFO] [stdout]   |
[INFO] [stdout]   = note: LC_ALL="C" PATH="/opt/rustwide/rustup-home/toolchains/1.69.0-x86_64-unknown-linux-gnu/lib/rustlib/x86_64-unknown-linux-gnu/bin:/opt/rustwide/cargo-home/bin:/usr/local/sbin:/usr/local/bin:/usr/sbin:/usr/bin:/sbin:/bin" VSLANG="1033" "cc" "-Wl,--version-script=/tmp/rustcMNutjW/list" "-m64" "/tmp/rustcMNutjW/symbols.o" "/opt/rustwide/target/debug/deps/paste-210c5d9bf406db7c.paste.0955fe55-cgu.0.rcgu.o" "/opt/rustwide/target/debug/deps/paste-210c5d9bf406db7c.paste.0955fe55-cgu.1.rcgu.o" "/opt/rustwide/target/debug/deps/paste-210c5d9bf406db7c.paste.0955fe55-cgu.10.rcgu.o" "/opt/rustwide/target/debug/deps/paste-210c5d9bf406db7c.paste.0955fe55-cgu.11.rcgu.o" "/opt/rustwide/target/debug/deps/paste-210c5d9bf406db7c.paste.0955fe55-cgu.12.rcgu.o" "/opt/rustwide/target/debug/deps/paste-210c5d9bf406db7c.paste.0955fe55-cgu.13.rcgu.o" "/opt/rustwide/target/debug/deps/paste-210c5d9bf406db7c.paste.0955fe55-cgu.14.rcgu.o" "/opt/rustwide/target/debug/deps/paste-210c5d9bf406db7c.paste.0955fe55-cgu.15.rcgu.o" "/opt/rustwide/target/debug/deps/paste-210c5d9bf406db7c.paste.0955fe55-cgu.2.rcgu.o" "/opt/rustwide/target/debug/deps/paste-210c5d9bf406db7c.paste.0955fe55-cgu.3.rcgu.o" "/opt/rustwide/target/debug/deps/paste-210c5d9bf406db7c.paste.0955fe55-cgu.4.rcgu.o" "/opt/rustwide/target/debug/deps/paste-210c5d9bf406db7c.paste.0955fe55-cgu.5.rcgu.o" "/opt/rustwide/target/debug/deps/paste-210c5d9bf406db7c.paste.0955fe55-cgu.6.rcgu.o" "/opt/rustwide/target/debug/deps/paste-210c5d9bf406db7c.paste.0955fe55-cgu.7.rcgu.o" "/opt/rustwide/target/debug/deps/paste-210c5d9bf406db7c.paste.0955fe55-cgu.8.rcgu.o" "/opt/rustwide/target/debug/deps/paste-210c5d9bf406db7c.paste.0955fe55-cgu.9.rcgu.o" "/opt/rustwide/target/debug/deps/paste-210c5d9bf406db7c.bro7eveezakwka4.rcgu.rmeta" "/opt/rustwide/target/debug/deps/paste-210c5d9bf406db7c.djclmj0b6f31vmu.rcgu.o" "-Wl,--as-needed" "-L" "/opt/rustwide/target/debug/deps" "-L" "/opt/rustwide/rustup-home/toolchains/1.69.0-x86_64-unknown-linux-gnu/lib/rustlib/x86_64-unknown-linux-gnu/lib" "-Wl,-Bstatic" "/opt/rustwide/rustup-home/toolchains/1.69.0-x86_64-unknown-linux-gnu/lib/rustlib/x86_64-unknown-linux-gnu/lib/libproc_macro-3627dfecd49b0535.rlib" "/opt/rustwide/rustup-home/toolchains/1.69.0-x86_64-unknown-linux-gnu/lib/rustlib/x86_64-unknown-linux-gnu/lib/libstd-89bc084783fdc439.rlib" "/opt/rustwide/rustup-home/toolchains/1.69.0-x86_64-unknown-linux-gnu/lib/rustlib/x86_64-unknown-linux-gnu/lib/libpanic_unwind-8bee4b287d4367c1.rlib" "/opt/rustwide/rustup-home/toolchains/1.69.0-x86_64-unknown-linux-gnu/lib/rustlib/x86_64-unknown-linux-gnu/lib/libobject-d61707aed80694c0.rlib" "/opt/rustwide/rustup-home/toolchains/1.69.0-x86_64-unknown-linux-gnu/lib/rustlib/x86_64-unknown-linux-gnu/lib/libmemchr-d85366256f22345b.rlib" "/opt/rustwide/rustup-home/toolchains/1.69.0-x86_64-unknown-linux-gnu/lib/rustlib/x86_64-unknown-linux-gnu/lib/libaddr2line-96069b86b8a8cae9.rlib" "/opt/rustwide/rustup-home/toolchains/1.69.0-x86_64-unknown-linux-gnu/lib/rustlib/x86_64-unknown-linux-gnu/lib/libgimli-d19d53abf68dfa6c.rlib" "/opt/rustwide/rustup-home/toolchains/1.69.0-x86_64-unknown-linux-gnu/lib/rustlib/x86_64-unknown-linux-gnu/lib/librustc_demangle-787cbccd19d64ac6.rlib" "/opt/rustwide/rustup-home/toolchains/1.69.0-x86_64-unknown-linux-gnu/lib/rustlib/x86_64-unknown-linux-gnu/lib/libstd_detect-b3837a36b830e0d0.rlib" "/opt/rustwide/rustup-home/toolchains/1.69.0-x86_64-unknown-linux-gnu/lib/rustlib/x86_64-unknown-linux-gnu/lib/libhashbrown-e3deb0e7e3f04966.rlib" "/opt/rustwide/rustup-home/toolchains/1.69.0-x86_64-unknown-linux-gnu/lib/rustlib/x86_64-unknown-linux-gnu/lib/libminiz_oxide-dabbb79c9815def4.rlib" "/opt/rustwide/rustup-home/toolchains/1.69.0-x86_64-unknown-linux-gnu/lib/rustlib/x86_64-unknown-linux-gnu/lib/libadler-305b01f34c9409f2.rlib" "/opt/rustwide/rustup-home/toolchains/1.69.0-x86_64-unknown-linux-gnu/lib/rustlib/x86_64-unknown-linux-gnu/lib/librustc_std_workspace_alloc-f833521df6074e73.rlib" "/opt/rustwide/rustup-home/toolchains/1.69.0-x86_64-unknown-linux-gnu/lib/rustlib/x86_64-unknown-linux-gnu/lib/libunwind-9ac333113350d171.rlib" "/opt/rustwide/rustup-home/toolchains/1.69.0-x86_64-unknown-linux-gnu/lib/rustlib/x86_64-unknown-linux-gnu/lib/libcfg_if-1c126114322d0eee.rlib" "/opt/rustwide/rustup-home/toolchains/1.69.0-x86_64-unknown-linux-gnu/lib/rustlib/x86_64-unknown-linux-gnu/lib/liblibc-bad9164fdeeecf92.rlib" "/opt/rustwide/rustup-home/toolchains/1.69.0-x86_64-unknown-linux-gnu/lib/rustlib/x86_64-unknown-linux-gnu/lib/liballoc-f9374b1e480fa681.rlib" "/opt/rustwide/rustup-home/toolchains/1.69.0-x86_64-unknown-linux-gnu/lib/rustlib/x86_64-unknown-linux-gnu/lib/librustc_std_workspace_core-207f06e41d9603af.rlib" "/opt/rustwide/rustup-home/toolchains/1.69.0-x86_64-unknown-linux-gnu/lib/rustlib/x86_64-unknown-linux-gnu/lib/libcore-7e2768e66e984e85.rlib" "/opt/rustwide/rustup-home/toolchains/1.69.0-x86_64-unknown-linux-gnu/lib/rustlib/x86_64-unknown-linux-gnu/lib/libcompiler_builtins-957b4aff41f8cd46.rlib" "-Wl,-Bdynamic" "-lgcc_s" "-lutil" "-lrt" "-lpthread" "-lm" "-ldl" "-lc" "-Wl,--eh-frame-hdr" "-Wl,-z,noexecstack" "-L" "/opt/rustwide/rustup-home/toolchains/1.69.0-x86_64-unknown-linux-gnu/lib/rustlib/x86_64-unknown-linux-gnu/lib" "-o" "/opt/rustwide/target/debug/deps/libpaste-210c5d9bf406db7c.so" "-Wl,--gc-sections" "-shared" "-Wl,-z,relro,-z,now" "-nodefaultlibs"
[INFO] [stdout]   = note: /usr/bin/ld: final link failed: No space left on device
[INFO] [stdout]           collect2: error: ld returned 1 exit status
[INFO] [stdout]           
[INFO] [stdout] 
[INFO] [stdout] 
[INFO] [stderr] error: could not compile `form_urlencoded` due to previous error
[INFO] [stdout] error: aborting due to previous error
[INFO] [stdout] 
[INFO] [stdout] 
[INFO] [stderr] error: could not compile `paste` due to 2 previous errors
[INFO] [stderr]   10:     0x7f1bf0a1c8b5 - <rustc_driver_impl[fb92b3e21ac03dce]::DEFAULT_HOOK::{closure#0}::{closure#0} as core[911a585bea10363d]::ops::function::FnOnce<(&core[911a585bea10363d]::panic::panic_info::PanicInfo,)>>::call_once::{shim:vtable#0}
[INFO] [stderr]   11:     0x7f1bed7bb69d - <alloc::boxed::Box<F,A> as core::ops::function::Fn<Args>>::call::h6507bddc3eebb4a5
[INFO] [stderr]                                at /rustc/84c898d65adf2f39a5a98507f1fe0ce10a2b8dbc/library/alloc/src/boxed.rs:2001:9
[INFO] [stderr]   12:     0x7f1bed7bb69d - std::panicking::rust_panic_with_hook::h50c09d000dc561d2
[INFO] [stderr]                                at /rustc/84c898d65adf2f39a5a98507f1fe0ce10a2b8dbc/library/std/src/panicking.rs:696:13
[INFO] [stderr]   13:     0x7f1bed7bb3d2 - std::panicking::begin_panic_handler::{{closure}}::h9e2b2176e00e0d9c
[INFO] [stderr]                                at /rustc/84c898d65adf2f39a5a98507f1fe0ce10a2b8dbc/library/std/src/panicking.rs:581:13
[INFO] [stderr]   14:     0x7f1bed7b8786 - std::sys_common::backtrace::__rust_end_short_backtrace::h5739b8e512c09d02
[INFO] [stderr]                                at /rustc/84c898d65adf2f39a5a98507f1fe0ce10a2b8dbc/library/std/src/sys_common/backtrace.rs:150:18
[INFO] [stderr]   15:     0x7f1bed7bb122 - rust_begin_unwind
[INFO] [stderr]                                at /rustc/84c898d65adf2f39a5a98507f1fe0ce10a2b8dbc/library/std/src/panicking.rs:579:5
[INFO] [stderr]   16:     0x7f1bed817ec3 - core::panicking::panic_fmt::hf33a1475b4dc5c3e
[INFO] [stderr]                                at /rustc/84c898d65adf2f39a5a98507f1fe0ce10a2b8dbc/library/core/src/panicking.rs:64:14
[INFO] [stderr]   17:     0x7f1bed817f5d - core::panicking::panic::h9533b2fee90b999e
[INFO] [stderr]                                at /rustc/84c898d65adf2f39a5a98507f1fe0ce10a2b8dbc/library/core/src/panicking.rs:114:5
[INFO] [stderr]   18:     0x7f1befcf18b3 - <rustc_metadata[29cf5a64f33334d8]::rmeta::encoder::EncodeContext>::encode_crate_root
[INFO] [stderr]   19:     0x7f1befc82586 - rustc_metadata[29cf5a64f33334d8]::rmeta::encoder::encode_metadata_impl
[INFO] [stderr]   20:     0x7f1befc7c02c - rustc_data_structures[a232da6b1231993b]::sync::join::<rustc_metadata[29cf5a64f33334d8]::rmeta::encoder::encode_metadata::{closure#0}, rustc_metadata[29cf5a64f33334d8]::rmeta::encoder::encode_metadata::{closure#1}, (), ()>
[INFO] [stderr]   21:     0x7f1befc7bd41 - rustc_metadata[29cf5a64f33334d8]::rmeta::encoder::encode_metadata
[INFO] [stderr]   22:     0x7f1befc7af73 - rustc_metadata[29cf5a64f33334d8]::fs::encode_and_write_metadata
[INFO] [stderr]   23:     0x7f1befc7547e - rustc_interface[bd8390756bd7a52a]::passes::start_codegen
[INFO] [stderr]   24:     0x7f1befc71208 - <rustc_middle[1a4ce3311a146f18]::ty::context::GlobalCtxt>::enter::<<rustc_interface[bd8390756bd7a52a]::queries::Queries>::ongoing_codegen::{closure#0}::{closure#0}, core[911a585bea10363d]::result::Result<alloc[37f5578e48c4c353]::boxed::Box<dyn core[911a585bea10363d]::any::Any>, rustc_span[fab0eb11f1fed58d]::ErrorGuaranteed>>
[INFO] [stderr]   25:     0x7f1befc6efb8 - <rustc_interface[bd8390756bd7a52a]::queries::Queries>::ongoing_codegen
[INFO] [stderr]   26:     0x7f1befc6dd6c - rustc_span[fab0eb11f1fed58d]::with_source_map::<core[911a585bea10363d]::result::Result<(), rustc_span[fab0eb11f1fed58d]::ErrorGuaranteed>, rustc_interface[bd8390756bd7a52a]::interface::run_compiler<core[911a585bea10363d]::result::Result<(), rustc_span[fab0eb11f1fed58d]::ErrorGuaranteed>, rustc_driver_impl[fb92b3e21ac03dce]::run_compiler::{closure#1}>::{closure#0}::{closure#0}>
[INFO] [stderr]   27:     0x7f1befc653cc - std[685882fd5f6d52e5]::sys_common::backtrace::__rust_begin_short_backtrace::<rustc_interface[bd8390756bd7a52a]::util::run_in_thread_pool_with_globals<rustc_interface[bd8390756bd7a52a]::interface::run_compiler<core[911a585bea10363d]::result::Result<(), rustc_span[fab0eb11f1fed58d]::ErrorGuaranteed>, rustc_driver_impl[fb92b3e21ac03dce]::run_compiler::{closure#1}>::{closure#0}, core[911a585bea10363d]::result::Result<(), rustc_span[fab0eb11f1fed58d]::ErrorGuaranteed>>::{closure#0}::{closure#0}, core[911a585bea10363d]::result::Result<(), rustc_span[fab0eb11f1fed58d]::ErrorGuaranteed>>
[INFO] [stderr]   28:     0x7f1befc64dfa - <<std[685882fd5f6d52e5]::thread::Builder>::spawn_unchecked_<rustc_interface[bd8390756bd7a52a]::util::run_in_thread_pool_with_globals<rustc_interface[bd8390756bd7a52a]::interface::run_compiler<core[911a585bea10363d]::result::Result<(), rustc_span[fab0eb11f1fed58d]::ErrorGuaranteed>, rustc_driver_impl[fb92b3e21ac03dce]::run_compiler::{closure#1}>::{closure#0}, core[911a585bea10363d]::result::Result<(), rustc_span[fab0eb11f1fed58d]::ErrorGuaranteed>>::{closure#0}::{closure#0}, core[911a585bea10363d]::result::Result<(), rustc_span[fab0eb11f1fed58d]::ErrorGuaranteed>>::{closure#1} as core[911a585bea10363d]::ops::function::FnOnce<()>>::call_once::{shim:vtable#0}
[INFO] [stderr]   29:     0x7f1bed7c5593 - <alloc::boxed::Box<F,A> as core::ops::function::FnOnce<Args>>::call_once::h39990b24eedef2ab
[INFO] [stderr]                                at /rustc/84c898d65adf2f39a5a98507f1fe0ce10a2b8dbc/library/alloc/src/boxed.rs:1987:9
[INFO] [stderr]   30:     0x7f1bed7c5593 - <alloc::boxed::Box<F,A> as core::ops::function::FnOnce<Args>>::call_once::h01a027258444143b
[INFO] [stderr]                                at /rustc/84c898d65adf2f39a5a98507f1fe0ce10a2b8dbc/library/alloc/src/boxed.rs:1987:9
[INFO] [stderr]   31:     0x7f1bed7c5593 - std::sys::unix::thread::Thread::new::thread_start::ha4f1cdd9c25884ba
[INFO] [stderr]                                at /rustc/84c898d65adf2f39a5a98507f1fe0ce10a2b8dbc/library/std/src/sys/unix/thread.rs:108:17
[INFO] [stderr]   32:     0x7f1bed4f3b43 - <unknown>
[INFO] [stderr]   33:     0x7f1bed584bb4 - __clone
[INFO] [stderr]   34:                0x0 - <unknown>
[INFO] [stderr] 
[INFO] [stderr] error: the compiler unexpectedly panicked. this is a bug.
[INFO] [stderr] 
[INFO] [stderr] note: we would appreciate a bug report: https://github.com/rust-lang/rust/issues/new?labels=C-bug%2C+I-ICE%2C+T-compiler&template=ice.md
[INFO] [stderr] 
[INFO] [stderr] note: rustc 1.69.0 (84c898d65 2023-04-16) running on x86_64-unknown-linux-gnu
[INFO] [stderr] 
[INFO] [stderr] note: compiler flags: --crate-type lib -C embed-bitcode=no -C debuginfo=2
[INFO] [stderr] 
[INFO] [stderr] note: some of the compiler flags provided by cargo are hidden
[INFO] [stderr] 
[INFO] [stderr] query stack during panic:
[INFO] [stderr] end of query stack
[INFO] [stderr] error: could not compile `idna`
[INFO] [stderr] error: could not compile `libsecp256k1`
[INFO] [stderr] thread 'rustc' panicked at 'assertion failed: pos.get() <= self.position()', compiler/rustc_metadata/src/rmeta/encoder.rs:435:9
[INFO] [stdout] error: failed to write /tmp/rustcx89Z0m/lib.rmeta: No space left on device (os error 28)
[INFO] [stdout] 
[INFO] [stdout] 
[INFO] [stdout] error: aborting due to previous error
[INFO] [stdout] 
[INFO] [stdout] 
[INFO] [stderr] error: could not compile `syn` due to 2 previous errors
[INFO] [stderr] error: could not compile `object`
[INFO] [stderr] LLVM ERROR: IO failure on output stream: No space left on device
[INFO] [stderr] error: could not compile `wasmi`
[INFO] [stderr] The following warnings were emitted during compilation:
[INFO] [stderr] 
[INFO] [stderr] warning: zstd/lib/compress/hist.c:180:1: fatal error: error writing to /tmp/cc8E9Vpx.s: No space left on device
[INFO] [stderr] warning:   180 | }
[INFO] [stderr] warning:       | ^
[INFO] [stderr] warning: compilation terminated.
[INFO] [stderr] warning: /tmp/ccHUPdnp.s: Assembler messages:
[INFO] [stderr] warning: /tmp/ccHUPdnp.s: Fatal error: can't write 29 bytes to section .text.ZSTD_noCompressLiterals of /opt/rustwide/target/debug/build/zstd-sys-3155db6ed51b4a97/out/zstd/lib/compress/zstd_compress_literals.o: 'No space left on device'
[INFO] [stderr] warning: /tmp/ccHUPdnp.s: Fatal error: /opt/rustwide/target/debug/build/zstd-sys-3155db6ed51b4a97/out/zstd/lib/compress/zstd_compress_literals.o: No space left on device
[INFO] [stderr] warning: /tmp/ccqojdHe.s: Assembler messages:
[INFO] [stderr] warning: /tmp/ccqojdHe.s: Fatal error: can't write 1 byte to section .debug_loclists of /opt/rustwide/target/debug/build/zstd-sys-3155db6ed51b4a97/out/zstd/lib/common/fse_decompress.o: 'No space left on device'
[INFO] [stderr] warning: /tmp/ccqojdHe.s: Fatal error: /opt/rustwide/target/debug/build/zstd-sys-3155db6ed51b4a97/out/zstd/lib/common/fse_decompress.o: No space left on device
[INFO] [stderr] warning: zstd/lib/compress/zstdmt_compress.c:1812:1: fatal error: error writing to /tmp/ccxmXRMK.s: No space left on device
[INFO] [stderr] warning:  1812 | }
[INFO] [stderr] warning:       | ^
[INFO] [stderr] warning: compilation terminated.
[INFO] [stderr] warning: zstd/lib/compress/huf_compress.c:913:1: fatal error: error writing to /tmp/ccAh17eo.s: No space left on device
[INFO] [stderr] warning:   913 | }
[INFO] [stderr] warning:       | ^
[INFO] [stderr] warning: compilation terminated.
[INFO] [stderr] warning: zstd/lib/compress/zstd_compress.c:5295:1: fatal error: error writing to /tmp/cciC9BxG.s: No space left on device
[INFO] [stderr] warning:  5295 | }
[INFO] [stderr] warning:       | ^
[INFO] [stderr] warning: compilation terminated.
[INFO] [stderr] warning: /tmp/ccX6vVbK.s: Assembler messages:
[INFO] [stderr] warning: /tmp/ccX6vVbK.s: Fatal error: /opt/rustwide/target/debug/build/zstd-sys-3155db6ed51b4a97/out/zstd/lib/compress/zstd_fast.o: No space left on device
[INFO] [stderr] warning: /tmp/ccbfA0Ve.s: Assembler messages:
[INFO] [stderr] warning: /tmp/ccbfA0Ve.s: Fatal error: /opt/rustwide/target/debug/build/zstd-sys-3155db6ed51b4a97/out/zstd/lib/compress/zstd_lazy.o: No space left on device
[INFO] [stderr] 
[INFO] [stderr] error: failed to run custom build command for `zstd-sys v1.4.20+zstd.1.4.9`
[INFO] [stderr] note: To improve backtraces for build dependencies, set the CARGO_PROFILE_DEV_BUILD_OVERRIDE_DEBUG=true environment variable to enable debug information generation.
[INFO] [stderr] 
[INFO] [stderr] Caused by:
[INFO] [stderr]   process didn't exit successfully: `/opt/rustwide/target/debug/build/zstd-sys-4d6eba1353a8a097/build-script-build` (exit status: 1)
[INFO] [stderr]   --- stdout
[INFO] [stderr]   TARGET = Some("x86_64-unknown-linux-gnu")
[INFO] [stderr]   HOST = Some("x86_64-unknown-linux-gnu")
[INFO] [stderr]   CC_x86_64-unknown-linux-gnu = None
[INFO] [stderr]   CC_x86_64_unknown_linux_gnu = None
[INFO] [stderr]   HOST_CC = None
[INFO] [stderr]   CC = None
[INFO] [stderr]   CFLAGS_x86_64-unknown-linux-gnu = None
[INFO] [stderr]   CFLAGS_x86_64_unknown_linux_gnu = None
[INFO] [stderr]   HOST_CFLAGS = None
[INFO] [stderr]   CFLAGS = None
[INFO] [stderr]   CRATE_CC_NO_DEFAULTS = None
[INFO] [stderr]   DEBUG = Some("true")
[INFO] [stderr]   CARGO_CFG_TARGET_FEATURE = Some("fxsr,sse,sse2")
[INFO] [stderr]   running: "cc" "-O3" "-ffunction-sections" "-fdata-sections" "-fPIC" "-g" "-fno-omit-frame-pointer" "-m64" "-I" "zstd/lib/" "-I" "zstd/lib/common" "-I" "zstd/lib/legacy" "-fvisibility=hidden" "-DZSTD_LIB_DEPRECATED=0" "-DZSTDLIB_VISIBILITY=" "-DZDICTLIB_VISIBILITY=" "-DZSTDERRORLIB_VISIBILITY=" "-o" "/opt/rustwide/target/debug/build/zstd-sys-3155db6ed51b4a97/out/zstd/lib/common/threading.o" "-c" "zstd/lib/common/threading.c"
[INFO] [stderr]   running: "cc" "-O3" "-ffunction-sections" "-fdata-sections" "-fPIC" "-g" "-fno-omit-frame-pointer" "-m64" "-I" "zstd/lib/" "-I" "zstd/lib/common" "-I" "zstd/lib/legacy" "-fvisibility=hidden" "-DZSTD_LIB_DEPRECATED=0" "-DZSTDLIB_VISIBILITY=" "-DZDICTLIB_VISIBILITY=" "-DZSTDERRORLIB_VISIBILITY=" "-o" "/opt/rustwide/target/debug/build/zstd-sys-3155db6ed51b4a97/out/zstd/lib/common/zstd_common.o" "-c" "zstd/lib/common/zstd_common.c"
[INFO] [stderr]   running: "cc" "-O3" "-ffunction-sections" "-fdata-sections" "-fPIC" "-g" "-fno-omit-frame-pointer" "-m64" "-I" "zstd/lib/" "-I" "zstd/lib/common" "-I" "zstd/lib/legacy" "-fvisibility=hidden" "-DZSTD_LIB_DEPRECATED=0" "-DZSTDLIB_VISIBILITY=" "-DZDICTLIB_VISIBILITY=" "-DZSTDERRORLIB_VISIBILITY=" "-o" "/opt/rustwide/target/debug/build/zstd-sys-3155db6ed51b4a97/out/zstd/lib/common/fse_decompress.o" "-c" "zstd/lib/common/fse_decompress.c"
[INFO] [stderr]   running: "cc" "-O3" "-ffunction-sections" "-fdata-sections" "-fPIC" "-g" "-fno-omit-frame-pointer" "-m64" "-I" "zstd/lib/" "-I" "zstd/lib/common" "-I" "zstd/lib/legacy" "-fvisibility=hidden" "-DZSTD_LIB_DEPRECATED=0" "-DZSTDLIB_VISIBILITY=" "-DZDICTLIB_VISIBILITY=" "-DZSTDERRORLIB_VISIBILITY=" "-o" "/opt/rustwide/target/debug/build/zstd-sys-3155db6ed51b4a97/out/zstd/lib/common/entropy_common.o" "-c" "zstd/lib/common/entropy_common.c"
[INFO] [stderr]   running: "cc" "-O3" "-ffunction-sections" "-fdata-sections" "-fPIC" "-g" "-fno-omit-frame-pointer" "-m64" "-I" "zstd/lib/" "-I" "zstd/lib/common" "-I" "zstd/lib/legacy" "-fvisibility=hidden" "-DZSTD_LIB_DEPRECATED=0" "-DZSTDLIB_VISIBILITY=" "-DZDICTLIB_VISIBILITY=" "-DZSTDERRORLIB_VISIBILITY=" "-o" "/opt/rustwide/target/debug/build/zstd-sys-3155db6ed51b4a97/out/zstd/lib/common/xxhash.o" "-c" "zstd/lib/common/xxhash.c"
[INFO] [stderr]   running: "cc" "-O3" "-ffunction-sections" "-fdata-sections" "-fPIC" "-g" "-fno-omit-frame-pointer" "-m64" "-I" "zstd/lib/" "-I" "zstd/lib/common" "-I" "zstd/lib/legacy" "-fvisibility=hidden" "-DZSTD_LIB_DEPRECATED=0" "-DZSTDLIB_VISIBILITY=" "-DZDICTLIB_VISIBILITY=" "-DZSTDERRORLIB_VISIBILITY=" "-o" "/opt/rustwide/target/debug/build/zstd-sys-3155db6ed51b4a97/out/zstd/lib/common/debug.o" "-c" "zstd/lib/common/debug.c"
[INFO] [stderr]   exit status: 0
[INFO] [stderr]   running: "cc" "-O3" "-ffunction-sections" "-fdata-sections" "-fPIC" "-g" "-fno-omit-frame-pointer" "-m64" "-I" "zstd/lib/" "-I" "zstd/lib/common" "-I" "zstd/lib/legacy" "-fvisibility=hidden" "-DZSTD_LIB_DEPRECATED=0" "-DZSTDLIB_VISIBILITY=" "-DZDICTLIB_VISIBILITY=" "-DZSTDERRORLIB_VISIBILITY=" "-o" "/opt/rustwide/target/debug/build/zstd-sys-3155db6ed51b4a97/out/zstd/lib/common/pool.o" "-c" "zstd/lib/common/pool.c"
[INFO] [stderr]   exit status: 0
[INFO] [stderr]   running: "cc" "-O3" "-ffunction-sections" "-fdata-sections" "-fPIC" "-g" "-fno-omit-frame-pointer" "-m64" "-I" "zstd/lib/" "-I" "zstd/lib/common" "-I" "zstd/lib/legacy" "-fvisibility=hidden" "-DZSTD_LIB_DEPRECATED=0" "-DZSTDLIB_VISIBILITY=" "-DZDICTLIB_VISIBILITY=" "-DZSTDERRORLIB_VISIBILITY=" "-o" "/opt/rustwide/target/debug/build/zstd-sys-3155db6ed51b4a97/out/zstd/lib/common/error_private.o" "-c" "zstd/lib/common/error_private.c"
[INFO] [stderr]   running: "cc" "-O3" "-ffunction-sections" "-fdata-sections" "-fPIC" "-g" "-fno-omit-frame-pointer" "-m64" "-I" "zstd/lib/" "-I" "zstd/lib/common" "-I" "zstd/lib/legacy" "-fvisibility=hidden" "-DZSTD_LIB_DEPRECATED=0" "-DZSTDLIB_VISIBILITY=" "-DZDICTLIB_VISIBILITY=" "-DZSTDERRORLIB_VISIBILITY=" "-o" "/opt/rustwide/target/debug/build/zstd-sys-3155db6ed51b4a97/out/zstd/lib/common/zstd_trace.o" "-c" "zstd/lib/common/zstd_trace.c"
[INFO] [stderr]   exit status: 0
[INFO] [stderr]   running: "cc" "-O3" "-ffunction-sections" "-fdata-sections" "-fPIC" "-g" "-fno-omit-frame-pointer" "-m64" "-I" "zstd/lib/" "-I" "zstd/lib/common" "-I" "zstd/lib/legacy" "-fvisibility=hidden" "-DZSTD_LIB_DEPRECATED=0" "-DZSTDLIB_VISIBILITY=" "-DZDICTLIB_VISIBILITY=" "-DZSTDERRORLIB_VISIBILITY=" "-o" "/opt/rustwide/target/debug/build/zstd-sys-3155db6ed51b4a97/out/zstd/lib/compress/zstd_ldm.o" "-c" "zstd/lib/compress/zstd_ldm.c"
[INFO] [stderr]   exit status: 0
[INFO] [stderr]   running: "cc" "-O3" "-ffunction-sections" "-fdata-sections" "-fPIC" "-g" "-fno-omit-frame-pointer" "-m64" "-I" "zstd/lib/" "-I" "zstd/lib/common" "-I" "zstd/lib/legacy" "-fvisibility=hidden" "-DZSTD_LIB_DEPRECATED=0" "-DZSTDLIB_VISIBILITY=" "-DZDICTLIB_VISIBILITY=" "-DZSTDERRORLIB_VISIBILITY=" "-o" "/opt/rustwide/target/debug/build/zstd-sys-3155db6ed51b4a97/out/zstd/lib/compress/zstd_lazy.o" "-c" "zstd/lib/compress/zstd_lazy.c"
[INFO] [stderr]   exit status: 0
[INFO] [stderr]   running: "cc" "-O3" "-ffunction-sections" "-fdata-sections" "-fPIC" "-g" "-fno-omit-frame-pointer" "-m64" "-I" "zstd/lib/" "-I" "zstd/lib/common" "-I" "zstd/lib/legacy" "-fvisibility=hidden" "-DZSTD_LIB_DEPRECATED=0" "-DZSTDLIB_VISIBILITY=" "-DZDICTLIB_VISIBILITY=" "-DZSTDERRORLIB_VISIBILITY=" "-o" "/opt/rustwide/target/debug/build/zstd-sys-3155db6ed51b4a97/out/zstd/lib/compress/zstd_compress.o" "-c" "zstd/lib/compress/zstd_compress.c"
[INFO] [stderr]   exit status: 0
[INFO] [stderr]   running: "cc" "-O3" "-ffunction-sections" "-fdata-sections" "-fPIC" "-g" "-fno-omit-frame-pointer" "-m64" "-I" "zstd/lib/" "-I" "zstd/lib/common" "-I" "zstd/lib/legacy" "-fvisibility=hidden" "-DZSTD_LIB_DEPRECATED=0" "-DZSTDLIB_VISIBILITY=" "-DZDICTLIB_VISIBILITY=" "-DZSTDERRORLIB_VISIBILITY=" "-o" "/opt/rustwide/target/debug/build/zstd-sys-3155db6ed51b4a97/out/zstd/lib/compress/zstd_double_fast.o" "-c" "zstd/lib/compress/zstd_double_fast.c"
[INFO] [stderr]   running: "cc" "-O3" "-ffunction-sections" "-fdata-sections" "-fPIC" "-g" "-fno-omit-frame-pointer" "-m64" "-I" "zstd/lib/" "-I" "zstd/lib/common" "-I" "zstd/lib/legacy" "-fvisibility=hidden" "-DZSTD_LIB_DEPRECATED=0" "-DZSTDLIB_VISIBILITY=" "-DZDICTLIB_VISIBILITY=" "-DZSTDERRORLIB_VISIBILITY=" "-o" "/opt/rustwide/target/debug/build/zstd-sys-3155db6ed51b4a97/out/zstd/lib/compress/zstd_fast.o" "-c" "zstd/lib/compress/zstd_fast.c"
[INFO] [stderr]   exit status: 0
[INFO] [stderr]   running: "cc" "-O3" "-ffunction-sections" "-fdata-sections" "-fPIC" "-g" "-fno-omit-frame-pointer" "-m64" "-I" "zstd/lib/" "-I" "zstd/lib/common" "-I" "zstd/lib/legacy" "-fvisibility=hidden" "-DZSTD_LIB_DEPRECATED=0" "-DZSTDLIB_VISIBILITY=" "-DZDICTLIB_VISIBILITY=" "-DZSTDERRORLIB_VISIBILITY=" "-o" "/opt/rustwide/target/debug/build/zstd-sys-3155db6ed51b4a97/out/zstd/lib/compress/huf_compress.o" "-c" "zstd/lib/compress/huf_compress.c"
[INFO] [stderr]   exit status: 0
[INFO] [stderr]   running: "cc" "-O3" "-ffunction-sections" "-fdata-sections" "-fPIC" "-g" "-fno-omit-frame-pointer" "-m64" "-I" "zstd/lib/" "-I" "zstd/lib/common" "-I" "zstd/lib/legacy" "-fvisibility=hidden" "-DZSTD_LIB_DEPRECATED=0" "-DZSTDLIB_VISIBILITY=" "-DZDICTLIB_VISIBILITY=" "-DZSTDERRORLIB_VISIBILITY=" "-o" "/opt/rustwide/target/debug/build/zstd-sys-3155db6ed51b4a97/out/zstd/lib/compress/zstdmt_compress.o" "-c" "zstd/lib/compress/zstdmt_compress.c"
[INFO] [stderr]   exit status: 0
[INFO] [stderr]   running: "cc" "-O3" "-ffunction-sections" "-fdata-sections" "-fPIC" "-g" "-fno-omit-frame-pointer" "-m64" "-I" "zstd/lib/" "-I" "zstd/lib/common" "-I" "zstd/lib/legacy" "-fvisibility=hidden" "-DZSTD_LIB_DEPRECATED=0" "-DZSTDLIB_VISIBILITY=" "-DZDICTLIB_VISIBILITY=" "-DZSTDERRORLIB_VISIBILITY=" "-o" "/opt/rustwide/target/debug/build/zstd-sys-3155db6ed51b4a97/out/zstd/lib/compress/hist.o" "-c" "zstd/lib/compress/hist.c"
[INFO] [stderr]   cargo:warning=zstd/lib/compress/hist.c:180:1: fatal error: error writing to /tmp/cc8E9Vpx.s: No space left on device
[INFO] [stderr]   cargo:warning=  180 | }
[INFO] [stderr]   cargo:warning=      | ^
[INFO] [stderr]   cargo:warning=compilation terminated.
[INFO] [stderr]   exit status: 1
[INFO] [stderr]   running: "cc" "-O3" "-ffunction-sections" "-fdata-sections" "-fPIC" "-g" "-fno-omit-frame-pointer" "-m64" "-I" "zstd/lib/" "-I" "zstd/lib/common" "-I" "zstd/lib/legacy" "-fvisibility=hidden" "-DZSTD_LIB_DEPRECATED=0" "-DZSTDLIB_VISIBILITY=" "-DZDICTLIB_VISIBILITY=" "-DZSTDERRORLIB_VISIBILITY=" "-o" "/opt/rustwide/target/debug/build/zstd-sys-3155db6ed51b4a97/out/zstd/lib/compress/zstd_compress_literals.o" "-c" "zstd/lib/compress/zstd_compress_literals.c"
[INFO] [stderr]   cargo:warning=/tmp/ccHUPdnp.s: Assembler messages:
[INFO] [stderr]   cargo:warning=/tmp/ccHUPdnp.s: Fatal error: can't write 29 bytes to section .text.ZSTD_noCompressLiterals of /opt/rustwide/target/debug/build/zstd-sys-3155db6ed51b4a97/out/zstd/lib/compress/zstd_compress_literals.o: 'No space left on device'
[INFO] [stderr]   cargo:warning=/tmp/ccHUPdnp.s: Fatal error: /opt/rustwide/target/debug/build/zstd-sys-3155db6ed51b4a97/out/zstd/lib/compress/zstd_compress_literals.o: No space left on device
[INFO] [stderr]   exit status: 1
[INFO] [stderr]   cargo:warning=/tmp/ccqojdHe.s: Assembler messages:
[INFO] [stderr]   cargo:warning=/tmp/ccqojdHe.s: Fatal error: can't write 1 byte to section .debug_loclists of /opt/rustwide/target/debug/build/zstd-sys-3155db6ed51b4a97/out/zstd/lib/common/fse_decompress.o: 'No space left on device'
[INFO] [stderr]   cargo:warning=/tmp/ccqojdHe.s: Fatal error: /opt/rustwide/target/debug/build/zstd-sys-3155db6ed51b4a97/out/zstd/lib/common/fse_decompress.o: No space left on device
[INFO] [stderr]   exit status: 1
[INFO] [stderr]   cargo:warning=zstd/lib/compress/zstdmt_compress.c:1812:1: fatal error: error writing to /tmp/ccxmXRMK.s: No space left on device
[INFO] [stderr]   cargo:warning= 1812 | }
[INFO] [stderr]   cargo:warning=      | ^
[INFO] [stderr]   cargo:warning=compilation terminated.
[INFO] [stderr]   cargo:warning=zstd/lib/compress/huf_compress.c:913:1: fatal error: error writing to /tmp/ccAh17eo.s: No space left on device
[INFO] [stderr]   cargo:warning=  913 | }
[INFO] [stderr]   cargo:warning=      | ^
[INFO] [stderr]   cargo:warning=compilation terminated.
[INFO] [stderr]   exit status: 1
[INFO] [stderr]   exit status: 1
[INFO] [stderr]   cargo:warning=zstd/lib/compress/zstd_compress.c:5295:1: fatal error: error writing to /tmp/cciC9BxG.s: No space left on device
[INFO] [stderr]   cargo:warning= 5295 | }
[INFO] [stderr]   cargo:warning=      | ^
[INFO] [stderr]   cargo:warning=compilation terminated.
[INFO] [stderr]   cargo:warning=/tmp/ccX6vVbK.s: Assembler messages:
[INFO] [stderr]   cargo:warning=/tmp/ccX6vVbK.s: Fatal error: /opt/rustwide/target/debug/build/zstd-sys-3155db6ed51b4a97/out/zstd/lib/compress/zstd_fast.o: No space left on device
[INFO] [stderr]   exit status: 1
[INFO] [stderr]   exit status: 1
[INFO] [stderr]   exit status: 0
[INFO] [stderr]   cargo:warning=/tmp/ccbfA0Ve.s: Assembler messages:
[INFO] [stderr]   cargo:warning=/tmp/ccbfA0Ve.s: Fatal error: /opt/rustwide/target/debug/build/zstd-sys-3155db6ed51b4a97/out/zstd/lib/compress/zstd_lazy.o: No space left on device
[INFO] [stderr]   exit status: 1
[INFO] [stderr] 
[INFO] [stderr]   --- stderr
[INFO] [stderr] 
[INFO] [stderr] 
[INFO] [stderr]   error occurred: Command "cc" "-O3" "-ffunction-sections" "-fdata-sections" "-fPIC" "-g" "-fno-omit-frame-pointer" "-m64" "-I" "zstd/lib/" "-I" "zstd/lib/common" "-I" "zstd/lib/legacy" "-fvisibility=hidden" "-DZSTD_LIB_DEPRECATED=0" "-DZSTDLIB_VISIBILITY=" "-DZDICTLIB_VISIBILITY=" "-DZSTDERRORLIB_VISIBILITY=" "-o" "/opt/rustwide/target/debug/build/zstd-sys-3155db6ed51b4a97/out/zstd/lib/common/fse_decompress.o" "-c" "zstd/lib/common/fse_decompress.c" with args "cc" did not execute successfully (status code exit status: 1).
[INFO] [stderr] 
[INFO] [stderr] 
[INFO] running `Command { std: "docker" "inspect" "aa912893d5d74e46c2ca4f2ff9146657e653c9ea0f1f5f2b54695678c8f9f652", kill_on_drop: false }`
[INFO] running `Command { std: "docker" "rm" "-f" "aa912893d5d74e46c2ca4f2ff9146657e653c9ea0f1f5f2b54695678c8f9f652", kill_on_drop: false }`
[INFO] [stdout] aa912893d5d74e46c2ca4f2ff9146657e653c9ea0f1f5f2b54695678c8f9f652
