[INFO] cloning repository https://github.com/DeltaManiac/yml-gui
[INFO] running `Command { std: "git" "-c" "credential.helper=" "-c" "credential.helper=/workspace/cargo-home/bin/git-credential-null" "clone" "--bare" "https://github.com/DeltaManiac/yml-gui" "/workspace/cache/git-repos/https%3A%2F%2Fgithub.com%2FDeltaManiac%2Fyml-gui", kill_on_drop: false }`
[INFO] [stderr] Cloning into bare repository '/workspace/cache/git-repos/https%3A%2F%2Fgithub.com%2FDeltaManiac%2Fyml-gui'...
[INFO] running `Command { std: "git" "rev-parse" "HEAD", kill_on_drop: false }`
[INFO] [stdout] cafe5f5e3038bd4e74b14b411b86b13a2d63c39c
[INFO] testing DeltaManiac/yml-gui against 1.69.0 for beta-1.70-1
[INFO] running `Command { std: "git" "clone" "/workspace/cache/git-repos/https%3A%2F%2Fgithub.com%2FDeltaManiac%2Fyml-gui" "/workspace/builds/worker-2-tc1/source", kill_on_drop: false }`
[INFO] [stderr] Cloning into '/workspace/builds/worker-2-tc1/source'...
[INFO] [stderr] done.
[INFO] validating manifest of git repo https://github.com/DeltaManiac/yml-gui on toolchain 1.69.0
[INFO] running `Command { std: CARGO_HOME="/workspace/cargo-home" RUSTUP_HOME="/workspace/rustup-home" "/workspace/cargo-home/bin/cargo" "+1.69.0" "metadata" "--manifest-path" "Cargo.toml" "--no-deps", kill_on_drop: false }`
[INFO] started tweaking git repo https://github.com/DeltaManiac/yml-gui
[INFO] finished tweaking git repo https://github.com/DeltaManiac/yml-gui
[INFO] tweaked toml for git repo https://github.com/DeltaManiac/yml-gui written to /workspace/builds/worker-2-tc1/source/Cargo.toml
[INFO] crate git repo https://github.com/DeltaManiac/yml-gui already has a lockfile, it will not be regenerated
[INFO] running `Command { std: CARGO_HOME="/workspace/cargo-home" RUSTUP_HOME="/workspace/rustup-home" "/workspace/cargo-home/bin/cargo" "+1.69.0" "fetch" "--manifest-path" "Cargo.toml", kill_on_drop: false }`
[INFO] [stderr]  Downloading crates ...
[INFO] [stderr]   Downloaded wayland-client v0.21.11
[INFO] [stderr]   Downloaded cc v1.0.31
[INFO] [stderr]   Downloaded wayland-scanner v0.21.11
[INFO] [stderr]   Downloaded wayland-commons v0.21.11
[INFO] [stderr]   Downloaded wayland-protocols v0.21.11
[INFO] [stderr]   Downloaded core-foundation v0.6.3
[INFO] [stderr]   Downloaded andrew v0.2.0
[INFO] [stderr]   Downloaded nix v0.12.0
[INFO] [stderr]   Downloaded backtrace v0.3.14
[INFO] [stderr]   Downloaded gfx_window_glutin v0.28.0
[INFO] [stderr]   Downloaded svg v0.5.12
[INFO] [stderr]   Downloaded wayland-sys v0.21.11
[INFO] [stderr]   Downloaded imgui-gfx-renderer v0.0.22
[INFO] [stderr]   Downloaded gleam v0.6.13
[INFO] [stderr]   Downloaded khronos_api v3.0.0
[INFO] [stderr]   Downloaded libc v0.2.50
[INFO] [stderr]   Downloaded imgui-sys v0.0.22
[INFO] [stderr]   Downloaded imgui v0.0.22
[INFO] [stderr]   Downloaded imgui-winit-support v0.0.22
[INFO] running `Command { std: "docker" "create" "-v" "/var/lib/crater-agent-workspace/builds/worker-2-tc1/target:/opt/rustwide/target:rw,Z" "-v" "/var/lib/crater-agent-workspace/builds/worker-2-tc1/source:/opt/rustwide/workdir:ro,Z" "-v" "/var/lib/crater-agent-workspace/cargo-home:/opt/rustwide/cargo-home:ro,Z" "-v" "/var/lib/crater-agent-workspace/rustup-home:/opt/rustwide/rustup-home:ro,Z" "-e" "SOURCE_DIR=/opt/rustwide/workdir" "-e" "CARGO_TARGET_DIR=/opt/rustwide/target" "-e" "CARGO_HOME=/opt/rustwide/cargo-home" "-e" "RUSTUP_HOME=/opt/rustwide/rustup-home" "-w" "/opt/rustwide/workdir" "-m" "1610612736" "--user" "0:0" "--network" "none" "ghcr.io/rust-lang/crates-build-env/linux@sha256:5ff2268d62e97bff2cde7d5815dd6ed5b47097566f13b8d0ca110b04b60e07ed" "/opt/rustwide/cargo-home/bin/cargo" "+1.69.0" "metadata" "--no-deps" "--format-version=1", kill_on_drop: false }`
[INFO] [stdout] 8eaabc13b5ba9c340ec57c749a28d1aff6239ae1bf73cc24800cc0bb4829e839
[INFO] running `Command { std: "docker" "start" "-a" "8eaabc13b5ba9c340ec57c749a28d1aff6239ae1bf73cc24800cc0bb4829e839", kill_on_drop: false }`
[INFO] running `Command { std: "docker" "inspect" "8eaabc13b5ba9c340ec57c749a28d1aff6239ae1bf73cc24800cc0bb4829e839", kill_on_drop: false }`
[INFO] running `Command { std: "docker" "rm" "-f" "8eaabc13b5ba9c340ec57c749a28d1aff6239ae1bf73cc24800cc0bb4829e839", kill_on_drop: false }`
[INFO] [stdout] 8eaabc13b5ba9c340ec57c749a28d1aff6239ae1bf73cc24800cc0bb4829e839
[INFO] running `Command { std: "docker" "create" "-v" "/var/lib/crater-agent-workspace/builds/worker-2-tc1/target:/opt/rustwide/target:rw,Z" "-v" "/var/lib/crater-agent-workspace/builds/worker-2-tc1/source:/opt/rustwide/workdir:ro,Z" "-v" "/var/lib/crater-agent-workspace/cargo-home:/opt/rustwide/cargo-home:ro,Z" "-v" "/var/lib/crater-agent-workspace/rustup-home:/opt/rustwide/rustup-home:ro,Z" "-e" "SOURCE_DIR=/opt/rustwide/workdir" "-e" "CARGO_TARGET_DIR=/opt/rustwide/target" "-e" "CARGO_INCREMENTAL=0" "-e" "RUST_BACKTRACE=full" "-e" "RUSTFLAGS=--cap-lints=warn" "-e" "RUSTDOCFLAGS=--cap-lints=warn" "-e" "CARGO_HOME=/opt/rustwide/cargo-home" "-e" "RUSTUP_HOME=/opt/rustwide/rustup-home" "-w" "/opt/rustwide/workdir" "-m" "1610612736" "--user" "0:0" "--network" "none" "ghcr.io/rust-lang/crates-build-env/linux@sha256:5ff2268d62e97bff2cde7d5815dd6ed5b47097566f13b8d0ca110b04b60e07ed" "/opt/rustwide/cargo-home/bin/cargo" "+1.69.0" "build" "--frozen" "--message-format=json", kill_on_drop: false }`
[INFO] [stdout] d006374b6fcb101d2502dc1ae54530c97866ad54e8cad94b1fad6d31317e8453
[INFO] running `Command { std: "docker" "start" "-a" "d006374b6fcb101d2502dc1ae54530c97866ad54e8cad94b1fad6d31317e8453", kill_on_drop: false }`
[INFO] [stderr]    Compiling proc-macro2 v0.4.27
[INFO] [stderr]    Compiling cfg-if v0.1.7
[INFO] [stderr]    Compiling unicode-xid v0.1.0
[INFO] [stderr]    Compiling bitflags v1.0.4
[INFO] [stderr]    Compiling libc v0.2.50
[INFO] [stderr]    Compiling cc v1.0.31
[INFO] [stderr]    Compiling xml-rs v0.8.0
[INFO] [stderr]    Compiling rand_core v0.4.0
[INFO] [stderr]    Compiling autocfg v0.1.2
[INFO] [stderr]    Compiling num-traits v0.2.6
[INFO] [stderr]    Compiling lazy_static v1.3.0
[INFO] [stderr]    Compiling void v1.0.2
[INFO] [stderr]    Compiling semver-parser v0.7.0
[INFO] [stderr]    Compiling byteorder v1.3.1
[INFO] [stderr]    Compiling nix v0.12.0
[INFO] [stderr]    Compiling arrayvec v0.4.10
[INFO] [stderr]    Compiling log v0.4.6
[INFO] [stderr]    Compiling khronos_api v2.2.0
[INFO] [stderr]    Compiling draw_state v0.8.0
[INFO] [stderr]    Compiling nodrop v0.1.13
[INFO] [stderr]    Compiling nix v0.13.0
[INFO] [stderr]    Compiling rand_core v0.3.1
[INFO] [stderr]    Compiling semver v0.9.0
[INFO] [stderr]    Compiling rand_isaac v0.1.1
[INFO] [stderr]    Compiling rand_xorshift v0.1.1
[INFO] [stderr]    Compiling rand_pcg v0.1.2
[INFO] [stderr]    Compiling rand_chacha v0.1.1
[INFO] [stderr]    Compiling rand v0.6.5
[INFO] [stderr]    Compiling rustc_version v0.2.3
[INFO] [stderr]    Compiling rand_hc v0.1.0
[INFO] [stderr]    Compiling rand_jitter v0.1.3
[INFO] [stderr]    Compiling khronos_api v3.0.0
[INFO] [stderr]    Compiling pkg-config v0.3.14
[INFO] [stderr]    Compiling stable_deref_trait v1.1.1
[INFO] [stderr]    Compiling downcast-rs v1.0.3
[INFO] [stderr]    Compiling same-file v1.0.4
[INFO] [stderr]    Compiling owning_ref v0.4.0
[INFO] [stderr]    Compiling parking_lot_core v0.4.0
[INFO] [stderr]    Compiling rand_os v0.1.3
[INFO] [stderr]    Compiling walkdir v2.2.7
[INFO] [stderr]    Compiling xml-rs v0.7.0
[INFO] [stderr]    Compiling scopeguard v0.3.3
[INFO] [stderr]    Compiling xdg v2.2.0
[INFO] [stderr]    Compiling smallvec v0.6.9
[INFO] [stderr]    Compiling quote v0.6.11
[INFO] [stderr]    Compiling stb_truetype v0.2.6
[INFO] [stderr]    Compiling ordered-float v1.0.2
[INFO] [stderr]    Compiling approx v0.3.2
[INFO] [stderr]    Compiling line_drawing v0.7.0
[INFO] [stderr]    Compiling lock_api v0.1.5
[INFO] [stderr]    Compiling wayland-scanner v0.21.11
[INFO] [stderr]    Compiling syn v0.15.26
[INFO] [stderr]    Compiling x11-dl v2.18.3
[INFO] [stderr]    Compiling rusttype v0.7.5
[INFO] [stderr]    Compiling libloading v0.5.0
[INFO] [stderr]    Compiling imgui-sys v0.0.22
[INFO] [stderr]    Compiling memmap v0.7.0
[INFO] [stderr]    Compiling percent-encoding v1.0.1
[INFO] [stderr]    Compiling gl_generator v0.10.0
[INFO] [stderr]    Compiling shared_library v0.1.9
[INFO] [stderr]    Compiling gcc v0.3.55
[INFO] [stderr]    Compiling serde v1.0.87
[INFO] [stderr]    Compiling osmesa-sys v0.1.2
[INFO] [stderr]    Compiling linked-hash-map v0.5.1
[INFO] [stderr]    Compiling andrew v0.2.0
[INFO] [stderr]    Compiling dlib v0.4.1
[INFO] [stderr]    Compiling wayland-sys v0.21.11
[INFO] [stderr]    Compiling yaml-rust v0.4.2
[INFO] [stderr]    Compiling parking_lot v0.7.1
[INFO] [stderr]    Compiling nfd v0.0.4
[INFO] [stderr]    Compiling dtoa v0.4.3
[INFO] [stderr]    Compiling glutin v0.19.0
[INFO] [stderr]    Compiling gl_generator v0.9.0
[INFO] [stderr]    Compiling svg v0.5.12
[INFO] [stderr]    Compiling wayland-client v0.21.11
[INFO] [stderr]    Compiling wayland-protocols v0.21.11
[INFO] [stderr]    Compiling wayland-commons v0.21.11
[INFO] [stderr]    Compiling gfx_gl v0.5.0
[INFO] [stderr] LLVM ERROR: IO failure on output stream: No space left on device
[INFO] [stdout] error: linking with `cc` failed: exit status: 1
[INFO] [stdout]   |
[INFO] [stdout]   = note: LC_ALL="C" PATH="/opt/rustwide/rustup-home/toolchains/1.69.0-x86_64-unknown-linux-gnu/lib/rustlib/x86_64-unknown-linux-gnu/bin:/opt/rustwide/cargo-home/bin:/usr/local/sbin:/usr/local/bin:/usr/sbin:/usr/bin:/sbin:/bin" VSLANG="1033" "cc" "-m64" "/tmp/rustcs94RAC/symbols.o" "/opt/rustwide/target/debug/build/wayland-client-6605a2ef4f0863bb/build_script_build-6605a2ef4f0863bb.build_script_build.a5761944-cgu.0.rcgu.o" "/opt/rustwide/target/debug/build/wayland-client-6605a2ef4f0863bb/build_script_build-6605a2ef4f0863bb.build_script_build.a5761944-cgu.1.rcgu.o" "/opt/rustwide/target/debug/build/wayland-client-6605a2ef4f0863bb/build_script_build-6605a2ef4f0863bb.build_script_build.a5761944-cgu.10.rcgu.o" "/opt/rustwide/target/debug/build/wayland-client-6605a2ef4f0863bb/build_script_build-6605a2ef4f0863bb.build_script_build.a5761944-cgu.11.rcgu.o" "/opt/rustwide/target/debug/build/wayland-client-6605a2ef4f0863bb/build_script_build-6605a2ef4f0863bb.build_script_build.a5761944-cgu.12.rcgu.o" "/opt/rustwide/target/debug/build/wayland-client-6605a2ef4f0863bb/build_script_build-6605a2ef4f0863bb.build_script_build.a5761944-cgu.13.rcgu.o" "/opt/rustwide/target/debug/build/wayland-client-6605a2ef4f0863bb/build_script_build-6605a2ef4f0863bb.build_script_build.a5761944-cgu.14.rcgu.o" "/opt/rustwide/target/debug/build/wayland-client-6605a2ef4f0863bb/build_script_build-6605a2ef4f0863bb.build_script_build.a5761944-cgu.15.rcgu.o" "/opt/rustwide/target/debug/build/wayland-client-6605a2ef4f0863bb/build_script_build-6605a2ef4f0863bb.build_script_build.a5761944-cgu.2.rcgu.o" "/opt/rustwide/target/debug/build/wayland-client-6605a2ef4f0863bb/build_script_build-6605a2ef4f0863bb.build_script_build.a5761944-cgu.3.rcgu.o" "/opt/rustwide/target/debug/build/wayland-client-6605a2ef4f0863bb/build_script_build-6605a2ef4f0863bb.build_script_build.a5761944-cgu.4.rcgu.o" "/opt/rustwide/target/debug/build/wayland-client-6605a2ef4f0863bb/build_script_build-6605a2ef4f0863bb.build_script_build.a5761944-cgu.5.rcgu.o" "/opt/rustwide/target/debug/build/wayland-client-6605a2ef4f0863bb/build_script_build-6605a2ef4f0863bb.build_script_build.a5761944-cgu.6.rcgu.o" "/opt/rustwide/target/debug/build/wayland-client-6605a2ef4f0863bb/build_script_build-6605a2ef4f0863bb.build_script_build.a5761944-cgu.7.rcgu.o" "/opt/rustwide/target/debug/build/wayland-client-6605a2ef4f0863bb/build_script_build-6605a2ef4f0863bb.build_script_build.a5761944-cgu.8.rcgu.o" "/opt/rustwide/target/debug/build/wayland-client-6605a2ef4f0863bb/build_script_build-6605a2ef4f0863bb.build_script_build.a5761944-cgu.9.rcgu.o" "/opt/rustwide/target/debug/build/wayland-client-6605a2ef4f0863bb/build_script_build-6605a2ef4f0863bb.5fr4ge2ufca25jhk.rcgu.o" "-Wl,--as-needed" "-L" "/opt/rustwide/target/debug/deps" "-L" "/opt/rustwide/rustup-home/toolchains/1.69.0-x86_64-unknown-linux-gnu/lib/rustlib/x86_64-unknown-linux-gnu/lib" "-Wl,-Bstatic" "/opt/rustwide/target/debug/deps/libwayland_scanner-ba26fa0365224b2f.rlib" "/opt/rustwide/target/debug/deps/libxml-026f76907be079d5.rlib" "/opt/rustwide/target/debug/deps/libquote-128b8f755c88f552.rlib" "/opt/rustwide/target/debug/deps/libproc_macro2-683bdac5b4618c58.rlib" "/opt/rustwide/target/debug/deps/libunicode_xid-d9678ef7bb9870d6.rlib" "/opt/rustwide/rustup-home/toolchains/1.69.0-x86_64-unknown-linux-gnu/lib/rustlib/x86_64-unknown-linux-gnu/lib/libproc_macro-3627dfecd49b0535.rlib" "/opt/rustwide/rustup-home/toolchains/1.69.0-x86_64-unknown-linux-gnu/lib/rustlib/x86_64-unknown-linux-gnu/lib/libstd-89bc084783fdc439.rlib" "/opt/rustwide/rustup-home/toolchains/1.69.0-x86_64-unknown-linux-gnu/lib/rustlib/x86_64-unknown-linux-gnu/lib/libpanic_unwind-8bee4b287d4367c1.rlib" "/opt/rustwide/rustup-home/toolchains/1.69.0-x86_64-unknown-linux-gnu/lib/rustlib/x86_64-unknown-linux-gnu/lib/libobject-d61707aed80694c0.rlib" "/opt/rustwide/rustup-home/toolchains/1.69.0-x86_64-unknown-linux-gnu/lib/rustlib/x86_64-unknown-linux-gnu/lib/libmemchr-d85366256f22345b.rlib" "/opt/rustwide/rustup-home/toolchains/1.69.0-x86_64-unknown-linux-gnu/lib/rustlib/x86_64-unknown-linux-gnu/lib/libaddr2line-96069b86b8a8cae9.rlib" "/opt/rustwide/rustup-home/toolchains/1.69.0-x86_64-unknown-linux-gnu/lib/rustlib/x86_64-unknown-linux-gnu/lib/libgimli-d19d53abf68dfa6c.rlib" "/opt/rustwide/rustup-home/toolchains/1.69.0-x86_64-unknown-linux-gnu/lib/rustlib/x86_64-unknown-linux-gnu/lib/librustc_demangle-787cbccd19d64ac6.rlib" "/opt/rustwide/rustup-home/toolchains/1.69.0-x86_64-unknown-linux-gnu/lib/rustlib/x86_64-unknown-linux-gnu/lib/libstd_detect-b3837a36b830e0d0.rlib" "/opt/rustwide/rustup-home/toolchains/1.69.0-x86_64-unknown-linux-gnu/lib/rustlib/x86_64-unknown-linux-gnu/lib/libhashbrown-e3deb0e7e3f04966.rlib" "/opt/rustwide/rustup-home/toolchains/1.69.0-x86_64-unknown-linux-gnu/lib/rustlib/x86_64-unknown-linux-gnu/lib/libminiz_oxide-dabbb79c9815def4.rlib" "/opt/rustwide/rustup-home/toolchains/1.69.0-x86_64-unknown-linux-gnu/lib/rustlib/x86_64-unknown-linux-gnu/lib/libadler-305b01f34c9409f2.rlib" "/opt/rustwide/rustup-home/toolchains/1.69.0-x86_64-unknown-linux-gnu/lib/rustlib/x86_64-unknown-linux-gnu/lib/librustc_std_workspace_alloc-f833521df6074e73.rlib" "/opt/rustwide/rustup-home/toolchains/1.69.0-x86_64-unknown-linux-gnu/lib/rustlib/x86_64-unknown-linux-gnu/lib/libunwind-9ac333113350d171.rlib" "/opt/rustwide/rustup-home/toolchains/1.69.0-x86_64-unknown-linux-gnu/lib/rustlib/x86_64-unknown-linux-gnu/lib/libcfg_if-1c126114322d0eee.rlib" "/opt/rustwide/rustup-home/toolchains/1.69.0-x86_64-unknown-linux-gnu/lib/rustlib/x86_64-unknown-linux-gnu/lib/liblibc-bad9164fdeeecf92.rlib" "/opt/rustwide/rustup-home/toolchains/1.69.0-x86_64-unknown-linux-gnu/lib/rustlib/x86_64-unknown-linux-gnu/lib/liballoc-f9374b1e480fa681.rlib" "/opt/rustwide/rustup-home/toolchains/1.69.0-x86_64-unknown-linux-gnu/lib/rustlib/x86_64-unknown-linux-gnu/lib/librustc_std_workspace_core-207f06e41d9603af.rlib" "/opt/rustwide/rustup-home/toolchains/1.69.0-x86_64-unknown-linux-gnu/lib/rustlib/x86_64-unknown-linux-gnu/lib/libcore-7e2768e66e984e85.rlib" "/opt/rustwide/rustup-home/toolchains/1.69.0-x86_64-unknown-linux-gnu/lib/rustlib/x86_64-unknown-linux-gnu/lib/libcompiler_builtins-957b4aff41f8cd46.rlib" "-Wl,-Bdynamic" "-lgcc_s" "-lutil" "-lrt" "-lpthread" "-lm" "-ldl" "-lc" "-Wl,--eh-frame-hdr" "-Wl,-z,noexecstack" "-L" "/opt/rustwide/rustup-home/toolchains/1.69.0-x86_64-unknown-linux-gnu/lib/rustlib/x86_64-unknown-linux-gnu/lib" "-o" "/opt/rustwide/target/debug/build/wayland-client-6605a2ef4f0863bb/build_script_build-6605a2ef4f0863bb" "-Wl,--gc-sections" "-pie" "-Wl,-z,relro,-z,now" "-nodefaultlibs"
[INFO] [stdout]   = note: /usr/bin/ld: final link failed: No space left on device
[INFO] [stdout]           collect2: error: ld returned 1 exit status
[INFO] [stdout]           
[INFO] [stdout] 
[INFO] [stdout] 
[INFO] [stdout] error: aborting due to previous error
[INFO] [stdout] 
[INFO] [stdout] 
[INFO] [stderr] error: could not compile `wayland-client` due to 2 previous errors
[INFO] [stderr] warning: build failed, waiting for other jobs to finish...
[INFO] [stderr] error: could not compile `gfx_gl`
[INFO] [stdout] error: linking with `cc` failed: exit status: 1
[INFO] [stdout]   |
[INFO] [stdout]   = note: LC_ALL="C" PATH="/opt/rustwide/rustup-home/toolchains/1.69.0-x86_64-unknown-linux-gnu/lib/rustlib/x86_64-unknown-linux-gnu/bin:/opt/rustwide/cargo-home/bin:/usr/local/sbin:/usr/local/bin:/usr/sbin:/usr/bin:/sbin:/bin" VSLANG="1033" "cc" "-m64" "/tmp/rustcAPf4nZ/symbols.o" "/opt/rustwide/target/debug/build/wayland-protocols-8637bcea9741f8e3/build_script_build-8637bcea9741f8e3.build_script_build.ecbfad5d-cgu.0.rcgu.o" "/opt/rustwide/target/debug/build/wayland-protocols-8637bcea9741f8e3/build_script_build-8637bcea9741f8e3.build_script_build.ecbfad5d-cgu.1.rcgu.o" "/opt/rustwide/target/debug/build/wayland-protocols-8637bcea9741f8e3/build_script_build-8637bcea9741f8e3.build_script_build.ecbfad5d-cgu.10.rcgu.o" "/opt/rustwide/target/debug/build/wayland-protocols-8637bcea9741f8e3/build_script_build-8637bcea9741f8e3.build_script_build.ecbfad5d-cgu.11.rcgu.o" "/opt/rustwide/target/debug/build/wayland-protocols-8637bcea9741f8e3/build_script_build-8637bcea9741f8e3.build_script_build.ecbfad5d-cgu.12.rcgu.o" "/opt/rustwide/target/debug/build/wayland-protocols-8637bcea9741f8e3/build_script_build-8637bcea9741f8e3.build_script_build.ecbfad5d-cgu.13.rcgu.o" "/opt/rustwide/target/debug/build/wayland-protocols-8637bcea9741f8e3/build_script_build-8637bcea9741f8e3.build_script_build.ecbfad5d-cgu.14.rcgu.o" "/opt/rustwide/target/debug/build/wayland-protocols-8637bcea9741f8e3/build_script_build-8637bcea9741f8e3.build_script_build.ecbfad5d-cgu.15.rcgu.o" "/opt/rustwide/target/debug/build/wayland-protocols-8637bcea9741f8e3/build_script_build-8637bcea9741f8e3.build_script_build.ecbfad5d-cgu.2.rcgu.o" "/opt/rustwide/target/debug/build/wayland-protocols-8637bcea9741f8e3/build_script_build-8637bcea9741f8e3.build_script_build.ecbfad5d-cgu.3.rcgu.o" "/opt/rustwide/target/debug/build/wayland-protocols-8637bcea9741f8e3/build_script_build-8637bcea9741f8e3.build_script_build.ecbfad5d-cgu.4.rcgu.o" "/opt/rustwide/target/debug/build/wayland-protocols-8637bcea9741f8e3/build_script_build-8637bcea9741f8e3.build_script_build.ecbfad5d-cgu.5.rcgu.o" "/opt/rustwide/target/debug/build/wayland-protocols-8637bcea9741f8e3/build_script_build-8637bcea9741f8e3.build_script_build.ecbfad5d-cgu.6.rcgu.o" "/opt/rustwide/target/debug/build/wayland-protocols-8637bcea9741f8e3/build_script_build-8637bcea9741f8e3.build_script_build.ecbfad5d-cgu.7.rcgu.o" "/opt/rustwide/target/debug/build/wayland-protocols-8637bcea9741f8e3/build_script_build-8637bcea9741f8e3.build_script_build.ecbfad5d-cgu.8.rcgu.o" "/opt/rustwide/target/debug/build/wayland-protocols-8637bcea9741f8e3/build_script_build-8637bcea9741f8e3.build_script_build.ecbfad5d-cgu.9.rcgu.o" "/opt/rustwide/target/debug/build/wayland-protocols-8637bcea9741f8e3/build_script_build-8637bcea9741f8e3.2vjif7p70ozwxqmm.rcgu.o" "-Wl,--as-needed" "-L" "/opt/rustwide/target/debug/deps" "-L" "/opt/rustwide/rustup-home/toolchains/1.69.0-x86_64-unknown-linux-gnu/lib/rustlib/x86_64-unknown-linux-gnu/lib" "-Wl,-Bstatic" "/opt/rustwide/target/debug/deps/libwayland_scanner-ba26fa0365224b2f.rlib" "/opt/rustwide/target/debug/deps/libxml-026f76907be079d5.rlib" "/opt/rustwide/target/debug/deps/libquote-128b8f755c88f552.rlib" "/opt/rustwide/target/debug/deps/libproc_macro2-683bdac5b4618c58.rlib" "/opt/rustwide/target/debug/deps/libunicode_xid-d9678ef7bb9870d6.rlib" "/opt/rustwide/rustup-home/toolchains/1.69.0-x86_64-unknown-linux-gnu/lib/rustlib/x86_64-unknown-linux-gnu/lib/libproc_macro-3627dfecd49b0535.rlib" "/opt/rustwide/rustup-home/toolchains/1.69.0-x86_64-unknown-linux-gnu/lib/rustlib/x86_64-unknown-linux-gnu/lib/libstd-89bc084783fdc439.rlib" "/opt/rustwide/rustup-home/toolchains/1.69.0-x86_64-unknown-linux-gnu/lib/rustlib/x86_64-unknown-linux-gnu/lib/libpanic_unwind-8bee4b287d4367c1.rlib" "/opt/rustwide/rustup-home/toolchains/1.69.0-x86_64-unknown-linux-gnu/lib/rustlib/x86_64-unknown-linux-gnu/lib/libobject-d61707aed80694c0.rlib" "/opt/rustwide/rustup-home/toolchains/1.69.0-x86_64-unknown-linux-gnu/lib/rustlib/x86_64-unknown-linux-gnu/lib/libmemchr-d85366256f22345b.rlib" "/opt/rustwide/rustup-home/toolchains/1.69.0-x86_64-unknown-linux-gnu/lib/rustlib/x86_64-unknown-linux-gnu/lib/libaddr2line-96069b86b8a8cae9.rlib" "/opt/rustwide/rustup-home/toolchains/1.69.0-x86_64-unknown-linux-gnu/lib/rustlib/x86_64-unknown-linux-gnu/lib/libgimli-d19d53abf68dfa6c.rlib" "/opt/rustwide/rustup-home/toolchains/1.69.0-x86_64-unknown-linux-gnu/lib/rustlib/x86_64-unknown-linux-gnu/lib/librustc_demangle-787cbccd19d64ac6.rlib" "/opt/rustwide/rustup-home/toolchains/1.69.0-x86_64-unknown-linux-gnu/lib/rustlib/x86_64-unknown-linux-gnu/lib/libstd_detect-b3837a36b830e0d0.rlib" "/opt/rustwide/rustup-home/toolchains/1.69.0-x86_64-unknown-linux-gnu/lib/rustlib/x86_64-unknown-linux-gnu/lib/libhashbrown-e3deb0e7e3f04966.rlib" "/opt/rustwide/rustup-home/toolchains/1.69.0-x86_64-unknown-linux-gnu/lib/rustlib/x86_64-unknown-linux-gnu/lib/libminiz_oxide-dabbb79c9815def4.rlib" "/opt/rustwide/rustup-home/toolchains/1.69.0-x86_64-unknown-linux-gnu/lib/rustlib/x86_64-unknown-linux-gnu/lib/libadler-305b01f34c9409f2.rlib" "/opt/rustwide/rustup-home/toolchains/1.69.0-x86_64-unknown-linux-gnu/lib/rustlib/x86_64-unknown-linux-gnu/lib/librustc_std_workspace_alloc-f833521df6074e73.rlib" "/opt/rustwide/rustup-home/toolchains/1.69.0-x86_64-unknown-linux-gnu/lib/rustlib/x86_64-unknown-linux-gnu/lib/libunwind-9ac333113350d171.rlib" "/opt/rustwide/rustup-home/toolchains/1.69.0-x86_64-unknown-linux-gnu/lib/rustlib/x86_64-unknown-linux-gnu/lib/libcfg_if-1c126114322d0eee.rlib" "/opt/rustwide/rustup-home/toolchains/1.69.0-x86_64-unknown-linux-gnu/lib/rustlib/x86_64-unknown-linux-gnu/lib/liblibc-bad9164fdeeecf92.rlib" "/opt/rustwide/rustup-home/toolchains/1.69.0-x86_64-unknown-linux-gnu/lib/rustlib/x86_64-unknown-linux-gnu/lib/liballoc-f9374b1e480fa681.rlib" "/opt/rustwide/rustup-home/toolchains/1.69.0-x86_64-unknown-linux-gnu/lib/rustlib/x86_64-unknown-linux-gnu/lib/librustc_std_workspace_core-207f06e41d9603af.rlib" "/opt/rustwide/rustup-home/toolchains/1.69.0-x86_64-unknown-linux-gnu/lib/rustlib/x86_64-unknown-linux-gnu/lib/libcore-7e2768e66e984e85.rlib" "/opt/rustwide/rustup-home/toolchains/1.69.0-x86_64-unknown-linux-gnu/lib/rustlib/x86_64-unknown-linux-gnu/lib/libcompiler_builtins-957b4aff41f8cd46.rlib" "-Wl,-Bdynamic" "-lgcc_s" "-lutil" "-lrt" "-lpthread" "-lm" "-ldl" "-lc" "-Wl,--eh-frame-hdr" "-Wl,-z,noexecstack" "-L" "/opt/rustwide/rustup-home/toolchains/1.69.0-x86_64-unknown-linux-gnu/lib/rustlib/x86_64-unknown-linux-gnu/lib" "-o" "/opt/rustwide/target/debug/build/wayland-protocols-8637bcea9741f8e3/build_script_build-8637bcea9741f8e3" "-Wl,--gc-sections" "-pie" "-Wl,-z,relro,-z,now" "-nodefaultlibs"
[INFO] [stdout]   = note: /usr/bin/ld: final link failed: No space left on device
[INFO] [stdout]           collect2: error: ld returned 1 exit status
[INFO] [stdout]           
[INFO] [stdout] 
[INFO] [stdout] 
[INFO] [stdout] error: aborting due to previous error
[INFO] [stdout] 
[INFO] [stdout] 
[INFO] [stderr] error: could not compile `wayland-protocols` due to 2 previous errors
[INFO] [stdout] error: failed to write /tmp/rustcqXnIKV/lib.rmeta: No space left on device (os error 28)
[INFO] [stdout] 
[INFO] [stdout] 
[INFO] [stdout] error: failed to write /tmp/rustcveKuWO/lib.rmeta: No space left on device (os error 28)
[INFO] [stdout] 
[INFO] [stdout] 
[INFO] [stderr] error: could not compile `nix` due to previous error
[INFO] [stderr] error: could not compile `x11-dl` due to previous error
[INFO] [stderr] LLVM ERROR: IO failure on output stream: No space left on device
[INFO] [stderr] error: could not compile `nix`
[INFO] [stderr] The following warnings were emitted during compilation:
[INFO] [stdout] error: couldn't create a temp dir: No space left on device (os error 28) at path "/opt/rustwide/target/debug/deps/rmetaMMT5IH"
[INFO] [stdout] 
[INFO] [stdout] 
[INFO] [stderr] 
[INFO] [stderr] warning: In file included from third-party/cimgui/cimgui.cpp:7:
[INFO] [stderr] warning: third-party/cimgui/./imgui/imgui_internal.h: In constructor 'ImGuiInputTextState::ImGuiInputTextState()':
[INFO] [stderr] warning: third-party/cimgui/./imgui/imgui_internal.h:503:61: warning: 'void* memset(void*, int, size_t)' clearing an object of type 'struct ImGuiInputTextState' with no trivial copy-assignment; use assignment or value-initialization instead [-Wclass-memaccess]
[INFO] [stderr] warning:   503 |     ImGuiInputTextState()                           { memset(this, 0, sizeof(*this)); }
[INFO] [stderr] warning:       |                                                       ~~~~~~^~~~~~~~~~~~~~~~~~~~~~~~
[INFO] [stderr] warning: third-party/cimgui/./imgui/imgui_internal.h:484:18: note: 'struct ImGuiInputTextState' declared here
[INFO] [stderr] warning:   484 | struct IMGUI_API ImGuiInputTextState
[INFO] [stderr] warning:       |                  ^~~~~~~~~~~~~~~~~~~
[INFO] [stderr] warning: In file included from third-party/cimgui/imgui/imgui.cpp:857:
[INFO] [stderr] warning: third-party/cimgui/imgui/imgui_internal.h: In constructor 'ImGuiInputTextState::ImGuiInputTextState()':
[INFO] [stderr] warning: third-party/cimgui/imgui/imgui_internal.h:503:61: warning: 'void* memset(void*, int, size_t)' clearing an object of type 'struct ImGuiInputTextState' with no trivial copy-assignment; use assignment or value-initialization instead [-Wclass-memaccess]
[INFO] [stderr] warning:   503 |     ImGuiInputTextState()                           { memset(this, 0, sizeof(*this)); }
[INFO] [stderr] warning:       |                                                       ~~~~~~^~~~~~~~~~~~~~~~~~~~~~~~
[INFO] [stderr] warning: third-party/cimgui/imgui/imgui_internal.h:484:18: note: 'struct ImGuiInputTextState' declared here
[INFO] [stderr] warning:   484 | struct IMGUI_API ImGuiInputTextState
[INFO] [stderr] warning:       |                  ^~~~~~~~~~~~~~~~~~~
[INFO] [stderr] warning: third-party/cimgui/imgui/imgui.cpp: At global scope:
[INFO] [stderr] warning: third-party/cimgui/imgui/imgui.cpp:9081:1: fatal error: error writing to /tmp/ccXMCCq3.s: No space left on device
[INFO] [stderr] warning:  9081 | }
[INFO] [stderr] warning:       | ^
[INFO] [stderr] warning: compilation terminated.
[INFO] [stderr] 
[INFO] [stderr] error: failed to run custom build command for `imgui-sys v0.0.22`
[INFO] [stderr] note: To improve backtraces for build dependencies, set the CARGO_PROFILE_DEV_BUILD_OVERRIDE_DEBUG=true environment variable to enable debug information generation.
[INFO] [stderr] 
[INFO] [stderr] Caused by:
[INFO] [stderr]   process didn't exit successfully: `/opt/rustwide/target/debug/build/imgui-sys-7746894c87ff8de6/build-script-build` (exit status: 101)
[INFO] [stderr]   --- stdout
[INFO] [stderr]   TARGET = Some("x86_64-unknown-linux-gnu")
[INFO] [stderr]   OPT_LEVEL = Some("0")
[INFO] [stderr]   HOST = Some("x86_64-unknown-linux-gnu")
[INFO] [stderr]   CXX_x86_64-unknown-linux-gnu = None
[INFO] [stderr]   CXX_x86_64_unknown_linux_gnu = None
[INFO] [stderr]   HOST_CXX = None
[INFO] [stderr]   CXX = None
[INFO] [stderr]   CXXFLAGS_x86_64-unknown-linux-gnu = None
[INFO] [stderr]   CXXFLAGS_x86_64_unknown_linux_gnu = None
[INFO] [stderr]   HOST_CXXFLAGS = None
[INFO] [stderr]   CXXFLAGS = None
[INFO] [stderr]   CRATE_CC_NO_DEFAULTS = None
[INFO] [stderr]   DEBUG = Some("true")
[INFO] [stderr]   CARGO_CFG_TARGET_FEATURE = Some("fxsr,sse,sse2")
[INFO] [stderr]   running: "c++" "-O0" "-ffunction-sections" "-fdata-sections" "-fPIC" "-g" "-fno-omit-frame-pointer" "-m64" "-Wall" "-Wextra" "-o" "/opt/rustwide/target/debug/build/imgui-sys-f616f37465868538/out/third-party/cimgui/cimgui.o" "-c" "third-party/cimgui/cimgui.cpp"
[INFO] [stderr]   cargo:warning=In file included from third-party/cimgui/cimgui.cpp:7:
[INFO] [stderr]   cargo:warning=third-party/cimgui/./imgui/imgui_internal.h: In constructor 'ImGuiInputTextState::ImGuiInputTextState()':
[INFO] [stderr]   cargo:warning=third-party/cimgui/./imgui/imgui_internal.h:503:61: warning: 'void* memset(void*, int, size_t)' clearing an object of type 'struct ImGuiInputTextState' with no trivial copy-assignment; use assignment or value-initialization instead [-Wclass-memaccess]
[INFO] [stderr]   cargo:warning=  503 |     ImGuiInputTextState()                           { memset(this, 0, sizeof(*this)); }
[INFO] [stderr]   cargo:warning=      |                                                       ~~~~~~^~~~~~~~~~~~~~~~~~~~~~~~
[INFO] [stderr]   cargo:warning=third-party/cimgui/./imgui/imgui_internal.h:484:18: note: 'struct ImGuiInputTextState' declared here
[INFO] [stderr]   cargo:warning=  484 | struct IMGUI_API ImGuiInputTextState
[INFO] [stderr]   cargo:warning=      |                  ^~~~~~~~~~~~~~~~~~~
[INFO] [stderr]   exit status: 0
[INFO] [stderr]   running: "c++" "-O0" "-ffunction-sections" "-fdata-sections" "-fPIC" "-g" "-fno-omit-frame-pointer" "-m64" "-Wall" "-Wextra" "-o" "/opt/rustwide/target/debug/build/imgui-sys-f616f37465868538/out/third-party/cimgui/imgui/imgui.o" "-c" "third-party/cimgui/imgui/imgui.cpp"
[INFO] [stderr]   cargo:warning=In file included from third-party/cimgui/imgui/imgui.cpp:857:
[INFO] [stderr]   cargo:warning=third-party/cimgui/imgui/imgui_internal.h: In constructor 'ImGuiInputTextState::ImGuiInputTextState()':
[INFO] [stderr]   cargo:warning=third-party/cimgui/imgui/imgui_internal.h:503:61: warning: 'void* memset(void*, int, size_t)' clearing an object of type 'struct ImGuiInputTextState' with no trivial copy-assignment; use assignment or value-initialization instead [-Wclass-memaccess]
[INFO] [stderr]   cargo:warning=  503 |     ImGuiInputTextState()                           { memset(this, 0, sizeof(*this)); }
[INFO] [stderr]   cargo:warning=      |                                                       ~~~~~~^~~~~~~~~~~~~~~~~~~~~~~~
[INFO] [stderr]   cargo:warning=third-party/cimgui/imgui/imgui_internal.h:484:18: note: 'struct ImGuiInputTextState' declared here
[INFO] [stderr]   cargo:warning=  484 | struct IMGUI_API ImGuiInputTextState
[INFO] [stderr]   cargo:warning=      |                  ^~~~~~~~~~~~~~~~~~~
[INFO] [stderr]   cargo:warning=third-party/cimgui/imgui/imgui.cpp: At global scope:
[INFO] [stderr]   cargo:warning=third-party/cimgui/imgui/imgui.cpp:9081:1: fatal error: error writing to /tmp/ccXMCCq3.s: No space left on device
[INFO] [stderr]   cargo:warning= 9081 | }
[INFO] [stderr]   cargo:warning=      | ^
[INFO] [stderr]   cargo:warning=compilation terminated.
[INFO] [stderr]   exit status: 1
[INFO] [stderr] 
[INFO] [stderr]   --- stderr
[INFO] [stderr]   thread 'main' panicked at '
[INFO] [stderr] 
[INFO] [stderr]   Internal error occurred: Command "c++" "-O0" "-ffunction-sections" "-fdata-sections" "-fPIC" "-g" "-fno-omit-frame-pointer" "-m64" "-Wall" "-Wextra" "-o" "/opt/rustwide/target/debug/build/imgui-sys-f616f37465868538/out/third-party/cimgui/imgui/imgui.o" "-c" "third-party/cimgui/imgui/imgui.cpp" with args "c++" did not execute successfully (status code exit status: 1).
[INFO] [stderr] 
[INFO] [stderr]   ', /opt/rustwide/cargo-home/registry/src/github.com-1ecc6299db9ec823/cc-1.0.31/src/lib.rs:2367:5
[INFO] [stderr]   stack backtrace:
[INFO] [stderr]      0:     0x562f70413caa - std::backtrace_rs::backtrace::libunwind::trace::ha9053a9a07ca49cb
[INFO] [stderr]                                  at /rustc/84c898d65adf2f39a5a98507f1fe0ce10a2b8dbc/library/std/src/../../backtrace/src/backtrace/libunwind.rs:93:5
[INFO] [stderr]      1:     0x562f70413caa - std::backtrace_rs::backtrace::trace_unsynchronized::h9c2852a457ad564e
[INFO] [stderr]                                  at /rustc/84c898d65adf2f39a5a98507f1fe0ce10a2b8dbc/library/std/src/../../backtrace/src/backtrace/mod.rs:66:5
[INFO] [stderr]      2:     0x562f70413caa - std::sys_common::backtrace::_print_fmt::h457936fbfaa0070f
[INFO] [stderr]                                  at /rustc/84c898d65adf2f39a5a98507f1fe0ce10a2b8dbc/library/std/src/sys_common/backtrace.rs:65:5
[INFO] [stderr]      3:     0x562f70413caa - <std::sys_common::backtrace::_print::DisplayBacktrace as core::fmt::Display>::fmt::h5779d7bf7f70cb0c
[INFO] [stderr]                                  at /rustc/84c898d65adf2f39a5a98507f1fe0ce10a2b8dbc/library/std/src/sys_common/backtrace.rs:44:22
[INFO] [stderr]      4:     0x562f70433b6e - core::fmt::write::h5a4baaff1bcd3eb5
[INFO] [stderr]                                  at /rustc/84c898d65adf2f39a5a98507f1fe0ce10a2b8dbc/library/core/src/fmt/mod.rs:1232:17
[INFO] [stderr]      5:     0x562f70410a75 - std::io::Write::write_fmt::h4bc1f301cb9e9cce
[INFO] [stderr]                                  at /rustc/84c898d65adf2f39a5a98507f1fe0ce10a2b8dbc/library/std/src/io/mod.rs:1684:15
[INFO] [stderr]      6:     0x562f70413a75 - std::sys_common::backtrace::_print::h5fcdc36060f177e8
[INFO] [stderr]                                  at /rustc/84c898d65adf2f39a5a98507f1fe0ce10a2b8dbc/library/std/src/sys_common/backtrace.rs:47:5
[INFO] [stderr]      7:     0x562f70413a75 - std::sys_common::backtrace::print::h54ca9458b876c8bf
[INFO] [stderr]                                  at /rustc/84c898d65adf2f39a5a98507f1fe0ce10a2b8dbc/library/std/src/sys_common/backtrace.rs:34:9
[INFO] [stderr]      8:     0x562f7041544f - std::panicking::default_hook::{{closure}}::hbe471161c7664ed6
[INFO] [stderr]                                  at /rustc/84c898d65adf2f39a5a98507f1fe0ce10a2b8dbc/library/std/src/panicking.rs:271:22
[INFO] [stderr]      9:     0x562f7041518b - std::panicking::default_hook::ha3500da57aa4ac4f
[INFO] [stderr]                                  at /rustc/84c898d65adf2f39a5a98507f1fe0ce10a2b8dbc/library/std/src/panicking.rs:290:9
[INFO] [stderr]     10:     0x562f704159f8 - std::panicking::rust_panic_with_hook::h50c09d000dc561d2
[INFO] [stderr]                                  at /rustc/84c898d65adf2f39a5a98507f1fe0ce10a2b8dbc/library/std/src/panicking.rs:692:13
[INFO] [stderr]     11:     0x562f704158f9 - std::panicking::begin_panic_handler::{{closure}}::h9e2b2176e00e0d9c
[INFO] [stderr]                                  at /rustc/84c898d65adf2f39a5a98507f1fe0ce10a2b8dbc/library/std/src/panicking.rs:583:13
[INFO] [stderr]     12:     0x562f70414116 - std::sys_common::backtrace::__rust_end_short_backtrace::h5739b8e512c09d02
[INFO] [stderr]                                  at /rustc/84c898d65adf2f39a5a98507f1fe0ce10a2b8dbc/library/std/src/sys_common/backtrace.rs:150:18
[INFO] [stderr]     13:     0x562f70415602 - rust_begin_unwind
[INFO] [stderr]                                  at /rustc/84c898d65adf2f39a5a98507f1fe0ce10a2b8dbc/library/std/src/panicking.rs:579:5
[INFO] [stderr]     14:     0x562f703b2723 - core::panicking::panic_fmt::hf33a1475b4dc5c3e
[INFO] [stderr]                                  at /rustc/84c898d65adf2f39a5a98507f1fe0ce10a2b8dbc/library/core/src/panicking.rs:64:14
[INFO] [stderr]     15:     0x562f703c757f - cc::fail::h0ad71b87ec2665e5
[INFO] [stderr]     16:     0x562f703b71d5 - cc::Build::compile::h511c8cea38d43148
[INFO] [stderr]     17:     0x562f703b31d6 - build_script_build::main::h6b4614107c242455
[INFO] [stderr]     18:     0x562f703b3023 - core::ops::function::FnOnce::call_once::hb4a505fd0857a0a8
[INFO] [stderr]     19:     0x562f703b2d79 - std::sys_common::backtrace::__rust_begin_short_backtrace::h85de57d3be1cd441
[INFO] [stderr]     20:     0x562f703b2dc9 - std::rt::lang_start::{{closure}}::h3f72bc3cf02c1e82
[INFO] [stderr]     21:     0x562f7040d36c - core::ops::function::impls::<impl core::ops::function::FnOnce<A> for &F>::call_once::hd6efcd3bec896f2c
[INFO] [stderr]                                  at /rustc/84c898d65adf2f39a5a98507f1fe0ce10a2b8dbc/library/core/src/ops/function.rs:287:13
[INFO] [stderr]     22:     0x562f7040d36c - std::panicking::try::do_call::hce04e543bb1f4cbb
[INFO] [stderr]                                  at /rustc/84c898d65adf2f39a5a98507f1fe0ce10a2b8dbc/library/std/src/panicking.rs:487:40
[INFO] [stderr]     23:     0x562f7040d36c - std::panicking::try::h3342dd4e1f680968
[INFO] [stderr]                                  at /rustc/84c898d65adf2f39a5a98507f1fe0ce10a2b8dbc/library/std/src/panicking.rs:451:19
[INFO] [stderr]     24:     0x562f7040d36c - std::panic::catch_unwind::h148ce1e59ac0cee7
[INFO] [stderr]                                  at /rustc/84c898d65adf2f39a5a98507f1fe0ce10a2b8dbc/library/std/src/panic.rs:140:14
[INFO] [stderr]     25:     0x562f7040d36c - std::rt::lang_start_internal::{{closure}}::h25f9dda2057a67fe
[INFO] [stderr]                                  at /rustc/84c898d65adf2f39a5a98507f1fe0ce10a2b8dbc/library/std/src/rt.rs:148:48
[INFO] [stderr]     26:     0x562f7040d36c - std::panicking::try::do_call::h7caaaeaf9401650b
[INFO] [stderr]                                  at /rustc/84c898d65adf2f39a5a98507f1fe0ce10a2b8dbc/library/std/src/panicking.rs:487:40
[INFO] [stderr]     27:     0x562f7040d36c - std::panicking::try::he7d15285746cbbc2
[INFO] [stderr]                                  at /rustc/84c898d65adf2f39a5a98507f1fe0ce10a2b8dbc/library/std/src/panicking.rs:451:19
[INFO] [stderr]     28:     0x562f7040d36c - std::panic::catch_unwind::h89fb4f50c0301fe0
[INFO] [stderr]                                  at /rustc/84c898d65adf2f39a5a98507f1fe0ce10a2b8dbc/library/std/src/panic.rs:140:14
[INFO] [stderr]     29:     0x562f7040d36c - std::rt::lang_start_internal::h078acd489417d3c1
[INFO] [stderr]                                  at /rustc/84c898d65adf2f39a5a98507f1fe0ce10a2b8dbc/library/std/src/rt.rs:148:20
[INFO] [stderr]     30:     0x562f703b2da7 - std::rt::lang_start::h83bf2cb17f408063
[INFO] [stderr]     31:     0x562f703b3225 - main
[INFO] [stderr]     32:     0x7f183662dd90 - <unknown>
[INFO] [stderr]     33:     0x7f183662de40 - __libc_start_main
[INFO] [stderr]     34:     0x562f703b2ca5 - _start
[INFO] [stderr]     35:                0x0 - <unknown>
[INFO] [stderr] error: could not compile `syn` due to previous error
[INFO] [stdout] error: couldn't create a temp dir: No space left on device (os error 28) at path "/opt/rustwide/target/debug/deps/rmetaFcoMpE"
[INFO] [stdout] 
[INFO] [stdout] 
[INFO] [stderr] error: could not compile `serde` due to previous error
[INFO] running `Command { std: "docker" "inspect" "d006374b6fcb101d2502dc1ae54530c97866ad54e8cad94b1fad6d31317e8453", kill_on_drop: false }`
[INFO] running `Command { std: "docker" "rm" "-f" "d006374b6fcb101d2502dc1ae54530c97866ad54e8cad94b1fad6d31317e8453", kill_on_drop: false }`
[INFO] [stdout] d006374b6fcb101d2502dc1ae54530c97866ad54e8cad94b1fad6d31317e8453
