[INFO] cloning repository https://github.com/DarrenTsung/lasersnek-rs
[INFO] running `Command { std: "git" "-c" "credential.helper=" "-c" "credential.helper=/workspace/cargo-home/bin/git-credential-null" "clone" "--bare" "https://github.com/DarrenTsung/lasersnek-rs" "/workspace/cache/git-repos/https%3A%2F%2Fgithub.com%2FDarrenTsung%2Flasersnek-rs", kill_on_drop: false }`
[INFO] [stderr] Cloning into bare repository '/workspace/cache/git-repos/https%3A%2F%2Fgithub.com%2FDarrenTsung%2Flasersnek-rs'...
[INFO] running `Command { std: "git" "rev-parse" "HEAD", kill_on_drop: false }`
[INFO] [stdout] 7ea591fd97cc497ba4a6be235d429f9bfeb74599
[INFO] testing DarrenTsung/lasersnek-rs against 1.69.0 for beta-1.70-1
[INFO] running `Command { std: "git" "clone" "/workspace/cache/git-repos/https%3A%2F%2Fgithub.com%2FDarrenTsung%2Flasersnek-rs" "/workspace/builds/worker-2-tc1/source", kill_on_drop: false }`
[INFO] [stderr] Cloning into '/workspace/builds/worker-2-tc1/source'...
[INFO] [stderr] done.
[INFO] validating manifest of git repo https://github.com/DarrenTsung/lasersnek-rs on toolchain 1.69.0
[INFO] running `Command { std: CARGO_HOME="/workspace/cargo-home" RUSTUP_HOME="/workspace/rustup-home" "/workspace/cargo-home/bin/cargo" "+1.69.0" "metadata" "--manifest-path" "Cargo.toml" "--no-deps", kill_on_drop: false }`
[INFO] started tweaking git repo https://github.com/DarrenTsung/lasersnek-rs
[INFO] finished tweaking git repo https://github.com/DarrenTsung/lasersnek-rs
[INFO] tweaked toml for git repo https://github.com/DarrenTsung/lasersnek-rs written to /workspace/builds/worker-2-tc1/source/Cargo.toml
[INFO] crate git repo https://github.com/DarrenTsung/lasersnek-rs already has a lockfile, it will not be regenerated
[INFO] running `Command { std: CARGO_HOME="/workspace/cargo-home" RUSTUP_HOME="/workspace/rustup-home" "/workspace/cargo-home/bin/cargo" "+1.69.0" "fetch" "--manifest-path" "Cargo.toml", kill_on_drop: false }`
[INFO] [stderr]  Downloading crates ...
[INFO] [stderr]   Downloaded tempfile v3.0.3
[INFO] [stderr]   Downloaded byteorder v1.2.4
[INFO] [stderr]   Downloaded serde v1.0.70
[INFO] [stderr]   Downloaded serde_derive v1.0.70
[INFO] [stderr]   Downloaded backtrace-sys v0.1.23
[INFO] [stderr]   Downloaded mint v0.4.9
[INFO] [stderr]   Downloaded cc v1.0.18
[INFO] [stderr]   Downloaded vergen v0.1.1
[INFO] [stderr]   Downloaded objc v0.2.5
[INFO] [stderr]   Downloaded rand v0.5.4
[INFO] [stderr]   Downloaded itertools v0.5.10
[INFO] [stderr]   Downloaded shrev v1.0.1
[INFO] [stderr]   Downloaded smallvec v0.4.5
[INFO] [stderr]   Downloaded miniz-sys v0.1.10
[INFO] [stderr]   Downloaded imagefmt v4.0.0
[INFO] [stderr]   Downloaded atom v0.3.5
[INFO] [stderr]   Downloaded smallvec v0.6.3
[INFO] [stderr]   Downloaded rand_core v0.2.1
[INFO] [stderr]   Downloaded fern v0.5.6
[INFO] [stderr]   Downloaded stb_truetype v0.2.2
[INFO] [stderr]   Downloaded quote v0.6.5
[INFO] [stderr]   Downloaded syn v0.14.7
[INFO] [stderr]   Downloaded wavefront_obj v5.1.0
[INFO] [stderr]   Downloaded clipboard v0.4.6
[INFO] [stderr]   Downloaded glsl-layout v0.1.1
[INFO] [stderr]   Downloaded gfx_glyph v0.9.1
[INFO] [stderr]   Downloaded rodio v0.7.0
[INFO] [stderr]   Downloaded amethyst_animation v0.2.0
[INFO] [stderr]   Downloaded amethyst_renderer v0.7.0
[INFO] [stderr]   Downloaded hetseq v0.1.5
[INFO] [stderr]   Downloaded rusttype v0.4.3
[INFO] [stderr]   Downloaded proc-macro2 v0.4.9
[INFO] [stderr]   Downloaded futures v0.1.23
[INFO] [stderr]   Downloaded shred v0.7.0
[INFO] [stderr]   Downloaded shred-derive v0.5.0
[INFO] [stderr]   Downloaded specs v0.11.2
[INFO] [stderr]   Downloaded cfg-if v0.1.4
[INFO] [stderr]   Downloaded syn v0.10.8
[INFO] [stderr]   Downloaded derivative v1.0.0
[INFO] [stderr]   Downloaded rayon v1.0.2
[INFO] [stderr]   Downloaded pkg-config v0.3.13
[INFO] [stderr]   Downloaded num-complex v0.2.0
[INFO] [stderr]   Downloaded num-bigint v0.2.0
[INFO] [stderr]   Downloaded claxon v0.3.1
[INFO] [stderr]   Downloaded aho-corasick v0.6.6
[INFO] [stderr]   Downloaded ogg v0.4.1
[INFO] [stderr]   Downloaded lewton v0.5.2
[INFO] [stderr]   Downloaded ron v0.1.7
[INFO] [stderr]   Downloaded gfx_macros v0.2.1
[INFO] [stderr]   Downloaded gfx_device_gl v0.15.3
[INFO] [stderr]   Downloaded gleam v0.6.0
[INFO] [stderr]   Downloaded clipboard-win v2.1.2
[INFO] [stderr]   Downloaded x11-clipboard v0.2.2
[INFO] [stderr]   Downloaded twox-hash v1.1.1
[INFO] [stderr]   Downloaded gfx_core v0.8.2
[INFO] [stderr]   Downloaded glsl-layout-derive v0.1.1
[INFO] [stderr]   Downloaded ordered-float v0.5.0
[INFO] [stderr]   Downloaded num-traits v0.2.5
[INFO] [stderr]   Downloaded amethyst_input v0.3.0
[INFO] [stderr]   Downloaded specs-hierarchy v0.1.0
[INFO] [stderr]   Downloaded amethyst_utils v0.2.0
[INFO] [stderr]   Downloaded amethyst_config v0.6.0
[INFO] [stderr]   Downloaded gfx_window_glutin v0.23.0
[INFO] [stderr]   Downloaded amethyst_core v0.2.0
[INFO] [stderr]   Downloaded rustc_version_runtime v0.1.3
[INFO] [stderr]   Downloaded amethyst_controls v0.1.0
[INFO] [stderr]   Downloaded minterpolate v0.2.2
[INFO] [stderr]   Downloaded amethyst_audio v0.2.0
[INFO] [stderr]   Downloaded amethyst v0.7.0
[INFO] [stderr]   Downloaded amethyst_ui v0.2.1
[INFO] [stderr]   Downloaded amethyst_assets v0.3.0
[INFO] [stderr]   Downloaded hibitset v0.5.1
[INFO] [stderr]   Downloaded glutin v0.15.0
[INFO] [stderr]   Downloaded winit v0.13.1
[INFO] running `Command { std: "docker" "create" "-v" "/var/lib/crater-agent-workspace/builds/worker-2-tc1/target:/opt/rustwide/target:rw,Z" "-v" "/var/lib/crater-agent-workspace/builds/worker-2-tc1/source:/opt/rustwide/workdir:ro,Z" "-v" "/var/lib/crater-agent-workspace/cargo-home:/opt/rustwide/cargo-home:ro,Z" "-v" "/var/lib/crater-agent-workspace/rustup-home:/opt/rustwide/rustup-home:ro,Z" "-e" "SOURCE_DIR=/opt/rustwide/workdir" "-e" "CARGO_TARGET_DIR=/opt/rustwide/target" "-e" "CARGO_HOME=/opt/rustwide/cargo-home" "-e" "RUSTUP_HOME=/opt/rustwide/rustup-home" "-w" "/opt/rustwide/workdir" "-m" "1610612736" "--user" "0:0" "--network" "none" "ghcr.io/rust-lang/crates-build-env/linux@sha256:5ff2268d62e97bff2cde7d5815dd6ed5b47097566f13b8d0ca110b04b60e07ed" "/opt/rustwide/cargo-home/bin/cargo" "+1.69.0" "metadata" "--no-deps" "--format-version=1", kill_on_drop: false }`
[INFO] [stdout] 83cdd6dfbc6073ca4db798df483dc3cb7f0c74c1546a0434c652b5e0613373a9
[INFO] running `Command { std: "docker" "start" "-a" "83cdd6dfbc6073ca4db798df483dc3cb7f0c74c1546a0434c652b5e0613373a9", kill_on_drop: false }`
[INFO] running `Command { std: "docker" "inspect" "83cdd6dfbc6073ca4db798df483dc3cb7f0c74c1546a0434c652b5e0613373a9", kill_on_drop: false }`
[INFO] running `Command { std: "docker" "rm" "-f" "83cdd6dfbc6073ca4db798df483dc3cb7f0c74c1546a0434c652b5e0613373a9", kill_on_drop: false }`
[INFO] [stdout] 83cdd6dfbc6073ca4db798df483dc3cb7f0c74c1546a0434c652b5e0613373a9
[INFO] running `Command { std: "docker" "create" "-v" "/var/lib/crater-agent-workspace/builds/worker-2-tc1/target:/opt/rustwide/target:rw,Z" "-v" "/var/lib/crater-agent-workspace/builds/worker-2-tc1/source:/opt/rustwide/workdir:ro,Z" "-v" "/var/lib/crater-agent-workspace/cargo-home:/opt/rustwide/cargo-home:ro,Z" "-v" "/var/lib/crater-agent-workspace/rustup-home:/opt/rustwide/rustup-home:ro,Z" "-e" "SOURCE_DIR=/opt/rustwide/workdir" "-e" "CARGO_TARGET_DIR=/opt/rustwide/target" "-e" "CARGO_INCREMENTAL=0" "-e" "RUST_BACKTRACE=full" "-e" "RUSTFLAGS=--cap-lints=warn" "-e" "RUSTDOCFLAGS=--cap-lints=warn" "-e" "CARGO_HOME=/opt/rustwide/cargo-home" "-e" "RUSTUP_HOME=/opt/rustwide/rustup-home" "-w" "/opt/rustwide/workdir" "-m" "1610612736" "--user" "0:0" "--network" "none" "ghcr.io/rust-lang/crates-build-env/linux@sha256:5ff2268d62e97bff2cde7d5815dd6ed5b47097566f13b8d0ca110b04b60e07ed" "/opt/rustwide/cargo-home/bin/cargo" "+1.69.0" "build" "--frozen" "--message-format=json", kill_on_drop: false }`
[INFO] [stdout] a6af46de249501f300a4bb7263c50620db52f0c95995dd5a532d20731a3ffffc
[INFO] running `Command { std: "docker" "start" "-a" "a6af46de249501f300a4bb7263c50620db52f0c95995dd5a532d20731a3ffffc", kill_on_drop: false }`
[INFO] [stderr]    Compiling libc v0.2.43
[INFO] [stderr]    Compiling cfg-if v0.1.4
[INFO] [stderr]    Compiling cc v1.0.18
[INFO] [stderr]    Compiling version_check v0.1.4
[INFO] [stderr]    Compiling bitflags v1.0.3
[INFO] [stderr]    Compiling unicode-xid v0.1.0
[INFO] [stderr]    Compiling num-traits v0.2.5
[INFO] [stderr]    Compiling either v1.5.0
[INFO] [stderr]    Compiling unicode-xid v0.0.4
[INFO] [stderr]    Compiling serde v1.0.70
[INFO] [stderr]    Compiling quote v0.3.15
[INFO] [stderr]    Compiling void v1.0.2
[INFO] [stderr]    Compiling nodrop v0.1.12
[INFO] [stderr]    Compiling byteorder v1.2.4
[INFO] [stderr]    Compiling pkg-config v0.3.13
[INFO] [stderr]    Compiling scopeguard v0.3.3
[INFO] [stderr]    Compiling log v0.4.3
[INFO] [stderr]    Compiling xml-rs v0.7.0
[INFO] [stderr]    Compiling arrayvec v0.4.7
[INFO] [stderr]    Compiling itertools v0.5.10
[INFO] [stderr]    Compiling proc-macro2 v0.4.9
[INFO] [stderr]    Compiling unreachable v1.0.0
[INFO] [stderr]    Compiling crossbeam-utils v0.2.2
[INFO] [stderr]    Compiling winapi-build v0.1.1
[INFO] [stderr]    Compiling syn v0.10.8
[INFO] [stderr]    Compiling rayon-core v1.4.1
[INFO] [stderr]    Compiling memoffset v0.2.1
[INFO] [stderr]    Compiling kernel32-sys v0.2.2
[INFO] [stderr]    Compiling smallvec v0.6.3
[INFO] [stderr]    Compiling lazy_static v1.1.0
[INFO] [stderr]    Compiling stable_deref_trait v1.1.1
[INFO] [stderr]    Compiling quote v0.6.5
[INFO] [stderr]    Compiling rand v0.4.2
[INFO] [stderr]    Compiling num_cpus v1.8.0
[INFO] [stderr]    Compiling rayon v1.0.2
[INFO] [stderr]    Compiling khronos_api v2.2.0
[INFO] [stderr]    Compiling winapi v0.2.8
[INFO] [stderr]    Compiling syn v0.14.7
[INFO] [stderr]    Compiling owning_ref v0.3.3
[INFO] [stderr]    Compiling wayland-scanner v0.12.5
[INFO] [stderr]    Compiling synom v0.11.3
[INFO] [stderr]    Compiling rand_core v0.2.1
[INFO] [stderr]    Compiling rustc-demangle v0.1.9
[INFO] [stderr]    Compiling thread-id v2.0.0
[INFO] [stderr]    Compiling syn v0.11.11
[INFO] [stderr]    Compiling memchr v0.1.11
[INFO] [stderr]    Compiling crossbeam-epoch v0.3.1
[INFO] [stderr]    Compiling rand v0.5.4
[INFO] [stderr]    Compiling token_store v0.1.2
[INFO] [stderr]    Compiling approx v0.1.1
[INFO] [stderr]    Compiling libloading v0.5.0
[INFO] [stderr]    Compiling backtrace-sys v0.1.23
[INFO] [stderr]    Compiling fnv v1.0.6
[INFO] [stderr]    Compiling parking_lot_core v0.2.14
[INFO] [stderr]    Compiling mint v0.5.1
[INFO] [stderr]    Compiling num-traits v0.1.43
[INFO] [stderr]    Compiling gl_generator v0.9.0
[INFO] [stderr]    Compiling rand v0.3.22
[INFO] [stderr]    Compiling crossbeam-deque v0.2.0
[INFO] [stderr]    Compiling aho-corasick v0.5.3
[INFO] [stderr]    Compiling thread_local v0.2.7
[INFO] [stderr]    Compiling wayland-client v0.12.5
[INFO] [stderr]    Compiling wayland-protocols v0.12.5
[INFO] [stderr]    Compiling parking_lot v0.5.5
[INFO] [stderr]    Compiling fxhash v0.2.1
[INFO] [stderr]    Compiling atom v0.3.5
[INFO] [stderr]    Compiling cgmath v0.16.1
[INFO] [stderr]    Compiling utf8-ranges v0.1.3
[INFO] [stderr]    Compiling mopa v0.2.2
[INFO] [stderr]    Compiling regex-syntax v0.3.9
[INFO] [stderr]    Compiling x11-dl v2.18.3
[INFO] [stderr]    Compiling dlib v0.4.1
[INFO] [stderr]    Compiling wayland-sys v0.12.5
[INFO] [stderr]    Compiling memmap v0.6.2
[INFO] [stderr]    Compiling log v0.3.9
[INFO] [stderr]    Compiling crossbeam v0.3.2
[INFO] [stderr]    Compiling remove_dir_all v0.5.1
[INFO] [stderr]    Compiling futures v0.1.23
[INFO] [stderr]    Compiling tuple_utils v0.2.0
[INFO] [stderr]    Compiling tempfile v3.0.3
[INFO] [stderr]    Compiling regex v0.1.80
[INFO] [stderr]    Compiling percent-encoding v1.0.1
[INFO] [stderr]    Compiling backtrace v0.3.9
[INFO] [stderr]    Compiling gfx_gl v0.5.0
[INFO] [stderr]    Compiling miniz-sys v0.1.10
[INFO] [stderr]    Compiling proc-macro2 v0.3.8
[INFO] [stderr]    Compiling shred-derive v0.5.0
[INFO] [stderr]    Compiling error-chain v0.11.0
[INFO] [stderr]    Compiling num-integer v0.1.39
[INFO] [stderr]    Compiling quote v0.5.2
[INFO] [stderr]    Compiling glutin v0.15.0
[INFO] [stderr]    Compiling hibitset v0.5.1
[INFO] [stderr]    Compiling shred v0.7.0
[INFO] [stderr]    Compiling env_logger v0.3.5
[INFO] [stderr]    Compiling wayland-kbd v0.13.1
[INFO] [stderr]    Compiling serde_derive v1.0.70
[INFO] [stderr]    Compiling shared_library v0.1.9
[INFO] [stderr]    Compiling quickcheck v0.4.1
[INFO] [stderr]    Compiling osmesa-sys v0.1.2
[INFO] [stderr]    Compiling derivative v1.0.0
[INFO] [stderr]    Compiling syn v0.13.11
[INFO] [stderr]    Compiling parking_lot v0.4.8
[INFO] [stderr]    Compiling num-bigint v0.2.0
[INFO] [stderr]    Compiling flate2 v0.2.20
[INFO] [stderr]    Compiling alsa-sys v0.1.2
[INFO] [stderr]    Compiling xcb v0.8.2
[INFO] [stdout] error: linking with `cc` failed: exit status: 1
[INFO] [stdout]   |
[INFO] [stdout]   = note: LC_ALL="C" PATH="/opt/rustwide/rustup-home/toolchains/1.69.0-x86_64-unknown-linux-gnu/lib/rustlib/x86_64-unknown-linux-gnu/bin:/opt/rustwide/cargo-home/bin:/usr/local/sbin:/usr/local/bin:/usr/sbin:/usr/bin:/sbin:/bin" VSLANG="1033" "cc" "-m64" "/tmp/rustcH8NnQs/symbols.o" "/opt/rustwide/target/debug/build/alsa-sys-1168c2104fc9c3f7/build_script_build-1168c2104fc9c3f7.build_script_build.018211f7-cgu.0.rcgu.o" "/opt/rustwide/target/debug/build/alsa-sys-1168c2104fc9c3f7/build_script_build-1168c2104fc9c3f7.build_script_build.018211f7-cgu.1.rcgu.o" "/opt/rustwide/target/debug/build/alsa-sys-1168c2104fc9c3f7/build_script_build-1168c2104fc9c3f7.build_script_build.018211f7-cgu.2.rcgu.o" "/opt/rustwide/target/debug/build/alsa-sys-1168c2104fc9c3f7/build_script_build-1168c2104fc9c3f7.build_script_build.018211f7-cgu.3.rcgu.o" "/opt/rustwide/target/debug/build/alsa-sys-1168c2104fc9c3f7/build_script_build-1168c2104fc9c3f7.build_script_build.018211f7-cgu.4.rcgu.o" "/opt/rustwide/target/debug/build/alsa-sys-1168c2104fc9c3f7/build_script_build-1168c2104fc9c3f7.build_script_build.018211f7-cgu.5.rcgu.o" "/opt/rustwide/target/debug/build/alsa-sys-1168c2104fc9c3f7/build_script_build-1168c2104fc9c3f7.build_script_build.018211f7-cgu.6.rcgu.o" "/opt/rustwide/target/debug/build/alsa-sys-1168c2104fc9c3f7/build_script_build-1168c2104fc9c3f7.5x969lt217wvbho.rcgu.o" "-Wl,--as-needed" "-L" "/opt/rustwide/target/debug/deps" "-L" "/opt/rustwide/rustup-home/toolchains/1.69.0-x86_64-unknown-linux-gnu/lib/rustlib/x86_64-unknown-linux-gnu/lib" "-Wl,-Bstatic" "/opt/rustwide/target/debug/deps/libpkg_config-925a4339a090fdf9.rlib" "/opt/rustwide/rustup-home/toolchains/1.69.0-x86_64-unknown-linux-gnu/lib/rustlib/x86_64-unknown-linux-gnu/lib/libstd-89bc084783fdc439.rlib" "/opt/rustwide/rustup-home/toolchains/1.69.0-x86_64-unknown-linux-gnu/lib/rustlib/x86_64-unknown-linux-gnu/lib/libpanic_unwind-8bee4b287d4367c1.rlib" "/opt/rustwide/rustup-home/toolchains/1.69.0-x86_64-unknown-linux-gnu/lib/rustlib/x86_64-unknown-linux-gnu/lib/libobject-d61707aed80694c0.rlib" "/opt/rustwide/rustup-home/toolchains/1.69.0-x86_64-unknown-linux-gnu/lib/rustlib/x86_64-unknown-linux-gnu/lib/libmemchr-d85366256f22345b.rlib" "/opt/rustwide/rustup-home/toolchains/1.69.0-x86_64-unknown-linux-gnu/lib/rustlib/x86_64-unknown-linux-gnu/lib/libaddr2line-96069b86b8a8cae9.rlib" "/opt/rustwide/rustup-home/toolchains/1.69.0-x86_64-unknown-linux-gnu/lib/rustlib/x86_64-unknown-linux-gnu/lib/libgimli-d19d53abf68dfa6c.rlib" "/opt/rustwide/rustup-home/toolchains/1.69.0-x86_64-unknown-linux-gnu/lib/rustlib/x86_64-unknown-linux-gnu/lib/librustc_demangle-787cbccd19d64ac6.rlib" "/opt/rustwide/rustup-home/toolchains/1.69.0-x86_64-unknown-linux-gnu/lib/rustlib/x86_64-unknown-linux-gnu/lib/libstd_detect-b3837a36b830e0d0.rlib" "/opt/rustwide/rustup-home/toolchains/1.69.0-x86_64-unknown-linux-gnu/lib/rustlib/x86_64-unknown-linux-gnu/lib/libhashbrown-e3deb0e7e3f04966.rlib" "/opt/rustwide/rustup-home/toolchains/1.69.0-x86_64-unknown-linux-gnu/lib/rustlib/x86_64-unknown-linux-gnu/lib/libminiz_oxide-dabbb79c9815def4.rlib" "/opt/rustwide/rustup-home/toolchains/1.69.0-x86_64-unknown-linux-gnu/lib/rustlib/x86_64-unknown-linux-gnu/lib/libadler-305b01f34c9409f2.rlib" "/opt/rustwide/rustup-home/toolchains/1.69.0-x86_64-unknown-linux-gnu/lib/rustlib/x86_64-unknown-linux-gnu/lib/librustc_std_workspace_alloc-f833521df6074e73.rlib" "/opt/rustwide/rustup-home/toolchains/1.69.0-x86_64-unknown-linux-gnu/lib/rustlib/x86_64-unknown-linux-gnu/lib/libunwind-9ac333113350d171.rlib" "/opt/rustwide/rustup-home/toolchains/1.69.0-x86_64-unknown-linux-gnu/lib/rustlib/x86_64-unknown-linux-gnu/lib/libcfg_if-1c126114322d0eee.rlib" "/opt/rustwide/rustup-home/toolchains/1.69.0-x86_64-unknown-linux-gnu/lib/rustlib/x86_64-unknown-linux-gnu/lib/liblibc-bad9164fdeeecf92.rlib" "/opt/rustwide/rustup-home/toolchains/1.69.0-x86_64-unknown-linux-gnu/lib/rustlib/x86_64-unknown-linux-gnu/lib/liballoc-f9374b1e480fa681.rlib" "/opt/rustwide/rustup-home/toolchains/1.69.0-x86_64-unknown-linux-gnu/lib/rustlib/x86_64-unknown-linux-gnu/lib/librustc_std_workspace_core-207f06e41d9603af.rlib" "/opt/rustwide/rustup-home/toolchains/1.69.0-x86_64-unknown-linux-gnu/lib/rustlib/x86_64-unknown-linux-gnu/lib/libcore-7e2768e66e984e85.rlib" "/opt/rustwide/rustup-home/toolchains/1.69.0-x86_64-unknown-linux-gnu/lib/rustlib/x86_64-unknown-linux-gnu/lib/libcompiler_builtins-957b4aff41f8cd46.rlib" "-Wl,-Bdynamic" "-lgcc_s" "-lutil" "-lrt" "-lpthread" "-lm" "-ldl" "-lc" "-Wl,--eh-frame-hdr" "-Wl,-z,noexecstack" "-L" "/opt/rustwide/rustup-home/toolchains/1.69.0-x86_64-unknown-linux-gnu/lib/rustlib/x86_64-unknown-linux-gnu/lib" "-o" "/opt/rustwide/target/debug/build/alsa-sys-1168c2104fc9c3f7/build_script_build-1168c2104fc9c3f7" "-Wl,--gc-sections" "-pie" "-Wl,-z,relro,-z,now" "-nodefaultlibs"
[INFO] [stdout]   = note: /usr/bin/ld: final link failed: No space left on device
[INFO] [stdout]           collect2: error: ld returned 1 exit status
[INFO] [stdout]           
[INFO] [stdout] 
[INFO] [stdout] 
[INFO] [stdout] error: aborting due to previous error
[INFO] [stdout] 
[INFO] [stdout] 
[INFO] [stderr] LLVM ERROR: IO failure on output stream: No space left on device
[INFO] [stderr] error: could not compile `alsa-sys` due to 2 previous errors
[INFO] [stderr] warning: build failed, waiting for other jobs to finish...
[INFO] [stderr] LLVM ERROR: IO failure on output stream: No space left on device
[INFO] [stderr] thread 'rustc' panicked at 'assertion failed: pos.get() <= self.position()', compiler/rustc_metadata/src/rmeta/encoder.rs:454:9
[INFO] [stderr] LLVM ERROR: IO failure on output stream: No space left on device
[INFO] [stderr] error: could not compile `wayland-kbd`
[INFO] [stderr] error: could not compile `xcb`
[INFO] [stdout] error: error writing metadata object file: No space left on device (os error 28)
[INFO] [stdout] 
[INFO] [stdout] 
[INFO] [stderr] error: could not compile `quickcheck`
[INFO] [stdout] error: couldn't create a temp dir: No space left on device (os error 28) at path "/opt/rustwide/target/debug/deps/rmetaBPFcqD"
[INFO] [stdout] 
[INFO] [stdout] 
[INFO] [stderr] error: failed to write `/opt/rustwide/target/debug/build/num-bigint-c5693d8f33e3b824/stderr`
[INFO] [stdout] error: couldn't create a temp dir: No space left on device (os error 28) at path "/opt/rustwide/target/debug/deps/rmeta18JHVh"
[INFO] [stdout] 
[INFO] [stdout] 
[INFO] [stderr] 
[INFO] [stdout] error: couldn't create a temp dir: No space left on device (os error 28) at path "/opt/rustwide/target/debug/deps/rmetaMsWilw"
[INFO] [stdout] 
[INFO] [stdout] 
[INFO] [stderr] Caused by:
[INFO] [stderr]   No space left on device (os error 28)
[INFO] [stderr] LLVM ERROR: IO failure on output stream: No space left on device
[INFO] [stderr] error: failed to run custom build command for `glutin v0.15.0`
[INFO] [stderr] note: To improve backtraces for build dependencies, set the CARGO_PROFILE_DEV_BUILD_OVERRIDE_DEBUG=true environment variable to enable debug information generation.
[INFO] [stderr] 
[INFO] [stderr] Caused by:
[INFO] [stderr]   process didn't exit successfully: `/opt/rustwide/target/debug/build/glutin-021f23fd413eec76/build-script-build` (exit status: 101)
[INFO] [stderr]   --- stdout
[INFO] [stderr]   cargo:rerun-if-changed=build.rs
[INFO] [stderr] 
[INFO] [stderr]   --- stderr
[INFO] [stderr]   thread 'main' panicked at 'called `Result::unwrap()` on an `Err` value: Os { code: 28, kind: StorageFull, message: "No space left on device" }', /opt/rustwide/cargo-home/registry/src/github.com-1ecc6299db9ec823/glutin-0.15.0/build.rs:74:71
[INFO] [stderr]   stack backtrace:
[INFO] [stderr]      0:     0x559d1616eb2a - std::backtrace_rs::backtrace::libunwind::trace::ha9053a9a07ca49cb
[INFO] [stderr]                                  at /rustc/84c898d65adf2f39a5a98507f1fe0ce10a2b8dbc/library/std/src/../../backtrace/src/backtrace/libunwind.rs:93:5
[INFO] [stderr]      1:     0x559d1616eb2a - std::backtrace_rs::backtrace::trace_unsynchronized::h9c2852a457ad564e
[INFO] [stderr]                                  at /rustc/84c898d65adf2f39a5a98507f1fe0ce10a2b8dbc/library/std/src/../../backtrace/src/backtrace/mod.rs:66:5
[INFO] [stderr]      2:     0x559d1616eb2a - std::sys_common::backtrace::_print_fmt::h457936fbfaa0070f
[INFO] [stderr]                                  at /rustc/84c898d65adf2f39a5a98507f1fe0ce10a2b8dbc/library/std/src/sys_common/backtrace.rs:65:5
[INFO] [stderr]      3:     0x559d1616eb2a - <std::sys_common::backtrace::_print::DisplayBacktrace as core::fmt::Display>::fmt::h5779d7bf7f70cb0c
[INFO] [stderr]                                  at /rustc/84c898d65adf2f39a5a98507f1fe0ce10a2b8dbc/library/std/src/sys_common/backtrace.rs:44:22
[INFO] [stderr]      4:     0x559d1618932e - core::fmt::write::h5a4baaff1bcd3eb5
[INFO] [stderr]                                  at /rustc/84c898d65adf2f39a5a98507f1fe0ce10a2b8dbc/library/core/src/fmt/mod.rs:1232:17
[INFO] [stderr]      5:     0x559d1616ca25 - std::io::Write::write_fmt::h4bc1f301cb9e9cce
[INFO] [stderr]                                  at /rustc/84c898d65adf2f39a5a98507f1fe0ce10a2b8dbc/library/std/src/io/mod.rs:1684:15
[INFO] [stderr]      6:     0x559d1616e8f5 - std::sys_common::backtrace::_print::h5fcdc36060f177e8
[INFO] [stderr]                                  at /rustc/84c898d65adf2f39a5a98507f1fe0ce10a2b8dbc/library/std/src/sys_common/backtrace.rs:47:5
[INFO] [stderr]      7:     0x559d1616e8f5 - std::sys_common::backtrace::print::h54ca9458b876c8bf
[INFO] [stderr]                                  at /rustc/84c898d65adf2f39a5a98507f1fe0ce10a2b8dbc/library/std/src/sys_common/backtrace.rs:34:9
[INFO] [stderr]      8:     0x559d1616ff4f - std::panicking::default_hook::{{closure}}::hbe471161c7664ed6
[INFO] [stderr]                                  at /rustc/84c898d65adf2f39a5a98507f1fe0ce10a2b8dbc/library/std/src/panicking.rs:271:22
[INFO] [stderr]      9:     0x559d1616fc8b - std::panicking::default_hook::ha3500da57aa4ac4f
[INFO] [stderr]                                  at /rustc/84c898d65adf2f39a5a98507f1fe0ce10a2b8dbc/library/std/src/panicking.rs:290:9
[INFO] [stderr]     10:     0x559d161704f8 - std::panicking::rust_panic_with_hook::h50c09d000dc561d2
[INFO] [stderr]                                  at /rustc/84c898d65adf2f39a5a98507f1fe0ce10a2b8dbc/library/std/src/panicking.rs:692:13
[INFO] [stderr]     11:     0x559d161703f9 - std::panicking::begin_panic_handler::{{closure}}::h9e2b2176e00e0d9c
[INFO] [stderr]                                  at /rustc/84c898d65adf2f39a5a98507f1fe0ce10a2b8dbc/library/std/src/panicking.rs:583:13
[INFO] [stderr]     12:     0x559d1616ef96 - std::sys_common::backtrace::__rust_end_short_backtrace::h5739b8e512c09d02
[INFO] [stderr]                                  at /rustc/84c898d65adf2f39a5a98507f1fe0ce10a2b8dbc/library/std/src/sys_common/backtrace.rs:150:18
[INFO] [stderr]     13:     0x559d16170102 - rust_begin_unwind
[INFO] [stderr]                                  at /rustc/84c898d65adf2f39a5a98507f1fe0ce10a2b8dbc/library/std/src/panicking.rs:579:5
[INFO] [stderr]     14:     0x559d160bf393 - core::panicking::panic_fmt::hf33a1475b4dc5c3e
[INFO] [stderr]                                  at /rustc/84c898d65adf2f39a5a98507f1fe0ce10a2b8dbc/library/core/src/panicking.rs:64:14
[INFO] [stderr]     15:     0x559d160bf783 - core::result::unwrap_failed::hdff5465d74574b44
[INFO] [stderr]                                  at /rustc/84c898d65adf2f39a5a98507f1fe0ce10a2b8dbc/library/core/src/result.rs:1750:5
[INFO] [stderr]     16:     0x559d160ea1fb - core::result::Result<T,E>::unwrap::h2e2ae0b2193db384
[INFO] [stderr]     17:     0x559d160ec675 - build_script_build::main::hdfbb90d33f31f80c
[INFO] [stderr]     18:     0x559d160fa9a3 - core::ops::function::FnOnce::call_once::h2629bce856156b29
[INFO] [stderr]     19:     0x559d160e8319 - std::sys_common::backtrace::__rust_begin_short_backtrace::h9b225363cfe35b81
[INFO] [stderr]     20:     0x559d160d76a9 - std::rt::lang_start::{{closure}}::h2491ccd12f510c24
[INFO] [stderr]     21:     0x559d16169e4c - core::ops::function::impls::<impl core::ops::function::FnOnce<A> for &F>::call_once::hd6efcd3bec896f2c
[INFO] [stderr]                                  at /rustc/84c898d65adf2f39a5a98507f1fe0ce10a2b8dbc/library/core/src/ops/function.rs:287:13
[INFO] [stderr]     22:     0x559d16169e4c - std::panicking::try::do_call::hce04e543bb1f4cbb
[INFO] [stderr]                                  at /rustc/84c898d65adf2f39a5a98507f1fe0ce10a2b8dbc/library/std/src/panicking.rs:487:40
[INFO] [stderr]     23:     0x559d16169e4c - std::panicking::try::h3342dd4e1f680968
[INFO] [stderr]                                  at /rustc/84c898d65adf2f39a5a98507f1fe0ce10a2b8dbc/library/std/src/panicking.rs:451:19
[INFO] [stderr]     24:     0x559d16169e4c - std::panic::catch_unwind::h148ce1e59ac0cee7
[INFO] [stderr]                                  at /rustc/84c898d65adf2f39a5a98507f1fe0ce10a2b8dbc/library/std/src/panic.rs:140:14
[INFO] [stderr]     25:     0x559d16169e4c - std::rt::lang_start_internal::{{closure}}::h25f9dda2057a67fe
[INFO] [stderr]                                  at /rustc/84c898d65adf2f39a5a98507f1fe0ce10a2b8dbc/library/std/src/rt.rs:148:48
[INFO] [stderr]     26:     0x559d16169e4c - std::panicking::try::do_call::h7caaaeaf9401650b
[INFO] [stderr]                                  at /rustc/84c898d65adf2f39a5a98507f1fe0ce10a2b8dbc/library/std/src/panicking.rs:487:40
[INFO] [stderr]     27:     0x559d16169e4c - std::panicking::try::he7d15285746cbbc2
[INFO] [stderr]                                  at /rustc/84c898d65adf2f39a5a98507f1fe0ce10a2b8dbc/library/std/src/panicking.rs:451:19
[INFO] [stderr]     28:     0x559d16169e4c - std::panic::catch_unwind::h89fb4f50c0301fe0
[INFO] [stderr]                                  at /rustc/84c898d65adf2f39a5a98507f1fe0ce10a2b8dbc/library/std/src/panic.rs:140:14
[INFO] [stderr]     29:     0x559d16169e4c - std::rt::lang_start_internal::h078acd489417d3c1
[INFO] [stderr]                                  at /rustc/84c898d65adf2f39a5a98507f1fe0ce10a2b8dbc/library/std/src/rt.rs:148:20
[INFO] [stderr]     30:     0x559d160d7687 - std::rt::lang_start::h19afbcb59ca77f25
[INFO] [stderr]     31:     0x559d160ed545 - main
[INFO] [stderr]     32:     0x7f37e1b4dd90 - <unknown>
[INFO] [stderr]     33:     0x7f37e1b4de40 - __libc_start_main
[INFO] [stderr]     34:     0x559d160bf965 - _start
[INFO] [stderr]     35:                0x0 - <unknown>
[INFO] [stderr] LLVM ERROR: IO failure on output stream: No space left on device
[INFO] [stderr] error: could not compile `parking_lot`
[INFO] [stderr] LLVM ERROR: IO failure on output stream: No space left on device
[INFO] [stderr] error: could not compile `shred`
[INFO] [stderr] error: could not compile `x11-dl`
[INFO] [stderr] error: could not compile `derivative` due to previous error
[INFO] [stderr] LLVM ERROR: IO failure on output stream: No space left on device
[INFO] [stderr] error: could not compile `regex`
[INFO] [stderr] error: could not compile `flate2`
[INFO] [stderr] error: could not compile `wayland-protocols` due to previous error
[INFO] [stderr] error: failed to run custom build command for `gfx_gl v0.5.0`
[INFO] [stderr] note: To improve backtraces for build dependencies, set the CARGO_PROFILE_DEV_BUILD_OVERRIDE_DEBUG=true environment variable to enable debug information generation.
[INFO] [stderr] 
[INFO] [stderr] Caused by:
[INFO] [stderr]   process didn't exit successfully: `/opt/rustwide/target/debug/build/gfx_gl-65f6a14aed6bf11f/build-script-build` (exit status: 101)
[INFO] [stderr]   --- stderr
[INFO] [stderr]   thread 'main' panicked at 'called `Result::unwrap()` on an `Err` value: Os { code: 28, kind: StorageFull, message: "No space left on device" }', /opt/rustwide/cargo-home/registry/src/github.com-1ecc6299db9ec823/gfx_gl-0.5.0/build.rs:21:10
[INFO] [stderr]   stack backtrace:
[INFO] [stderr]      0:     0x55ac4d45c7ca - std::backtrace_rs::backtrace::libunwind::trace::ha9053a9a07ca49cb
[INFO] [stderr]                                  at /rustc/84c898d65adf2f39a5a98507f1fe0ce10a2b8dbc/library/std/src/../../backtrace/src/backtrace/libunwind.rs:93:5
[INFO] [stderr]      1:     0x55ac4d45c7ca - std::backtrace_rs::backtrace::trace_unsynchronized::h9c2852a457ad564e
[INFO] [stderr]                                  at /rustc/84c898d65adf2f39a5a98507f1fe0ce10a2b8dbc/library/std/src/../../backtrace/src/backtrace/mod.rs:66:5
[INFO] [stderr]      2:     0x55ac4d45c7ca - std::sys_common::backtrace::_print_fmt::h457936fbfaa0070f
[INFO] [stderr]                                  at /rustc/84c898d65adf2f39a5a98507f1fe0ce10a2b8dbc/library/std/src/sys_common/backtrace.rs:65:5
[INFO] [stderr]      3:     0x55ac4d45c7ca - <std::sys_common::backtrace::_print::DisplayBacktrace as core::fmt::Display>::fmt::h5779d7bf7f70cb0c
[INFO] [stderr]                                  at /rustc/84c898d65adf2f39a5a98507f1fe0ce10a2b8dbc/library/std/src/sys_common/backtrace.rs:44:22
[INFO] [stderr]      4:     0x55ac4d476f4e - core::fmt::write::h5a4baaff1bcd3eb5
[INFO] [stderr]                                  at /rustc/84c898d65adf2f39a5a98507f1fe0ce10a2b8dbc/library/core/src/fmt/mod.rs:1232:17
[INFO] [stderr]      5:     0x55ac4d45a775 - std::io::Write::write_fmt::h4bc1f301cb9e9cce
[INFO] [stderr]                                  at /rustc/84c898d65adf2f39a5a98507f1fe0ce10a2b8dbc/library/std/src/io/mod.rs:1684:15
[INFO] [stderr]      6:     0x55ac4d45c595 - std::sys_common::backtrace::_print::h5fcdc36060f177e8
[INFO] [stderr]                                  at /rustc/84c898d65adf2f39a5a98507f1fe0ce10a2b8dbc/library/std/src/sys_common/backtrace.rs:47:5
[INFO] [stderr]      7:     0x55ac4d45c595 - std::sys_common::backtrace::print::h54ca9458b876c8bf
[INFO] [stderr]                                  at /rustc/84c898d65adf2f39a5a98507f1fe0ce10a2b8dbc/library/std/src/sys_common/backtrace.rs:34:9
[INFO] [stderr]      8:     0x55ac4d45dbef - std::panicking::default_hook::{{closure}}::hbe471161c7664ed6
[INFO] [stderr]                                  at /rustc/84c898d65adf2f39a5a98507f1fe0ce10a2b8dbc/library/std/src/panicking.rs:271:22
[INFO] [stderr]      9:     0x55ac4d45d92b - std::panicking::default_hook::ha3500da57aa4ac4f
[INFO] [stderr]                                  at /rustc/84c898d65adf2f39a5a98507f1fe0ce10a2b8dbc/library/std/src/panicking.rs:290:9
[INFO] [stderr]     10:     0x55ac4d45e198 - std::panicking::rust_panic_with_hook::h50c09d000dc561d2
[INFO] [stderr]                                  at /rustc/84c898d65adf2f39a5a98507f1fe0ce10a2b8dbc/library/std/src/panicking.rs:692:13
[INFO] [stderr]     11:     0x55ac4d45e099 - std::panicking::begin_panic_handler::{{closure}}::h9e2b2176e00e0d9c
[INFO] [stderr]                                  at /rustc/84c898d65adf2f39a5a98507f1fe0ce10a2b8dbc/library/std/src/panicking.rs:583:13
[INFO] [stderr]     12:     0x55ac4d45cc36 - std::sys_common::backtrace::__rust_end_short_backtrace::h5739b8e512c09d02
[INFO] [stderr]                                  at /rustc/84c898d65adf2f39a5a98507f1fe0ce10a2b8dbc/library/std/src/sys_common/backtrace.rs:150:18
[INFO] [stderr]     13:     0x55ac4d45dda2 - rust_begin_unwind
[INFO] [stderr]                                  at /rustc/84c898d65adf2f39a5a98507f1fe0ce10a2b8dbc/library/std/src/panicking.rs:579:5
[INFO] [stderr]     14:     0x55ac4d3b6fb3 - core::panicking::panic_fmt::hf33a1475b4dc5c3e
[INFO] [stderr]                                  at /rustc/84c898d65adf2f39a5a98507f1fe0ce10a2b8dbc/library/core/src/panicking.rs:64:14
[INFO] [stderr]     15:     0x55ac4d3b73a3 - core::result::unwrap_failed::hdff5465d74574b44
[INFO] [stderr]                                  at /rustc/84c898d65adf2f39a5a98507f1fe0ce10a2b8dbc/library/core/src/result.rs:1750:5
[INFO] [stderr]     16:     0x55ac4d3d4a4b - core::result::Result<T,E>::unwrap::h00d900d912a3fd66
[INFO] [stderr]     17:     0x55ac4d3eb9aa - build_script_build::main::h4c0e085b1bdeb46f
[INFO] [stderr]     18:     0x55ac4d3e1bb3 - core::ops::function::FnOnce::call_once::hbea8eb5245636bc1
[INFO] [stderr]     19:     0x55ac4d3d3f19 - std::sys_common::backtrace::__rust_begin_short_backtrace::h37c57000e0b4d981
[INFO] [stderr]     20:     0x55ac4d3ed689 - std::rt::lang_start::{{closure}}::h39efb291ceec348a
[INFO] [stderr]     21:     0x55ac4d45848c - core::ops::function::impls::<impl core::ops::function::FnOnce<A> for &F>::call_once::hd6efcd3bec896f2c
[INFO] [stderr]                                  at /rustc/84c898d65adf2f39a5a98507f1fe0ce10a2b8dbc/library/core/src/ops/function.rs:287:13
[INFO] [stderr]     22:     0x55ac4d45848c - std::panicking::try::do_call::hce04e543bb1f4cbb
[INFO] [stderr]                                  at /rustc/84c898d65adf2f39a5a98507f1fe0ce10a2b8dbc/library/std/src/panicking.rs:487:40
[INFO] [stderr]     23:     0x55ac4d45848c - std::panicking::try::h3342dd4e1f680968
[INFO] [stderr]                                  at /rustc/84c898d65adf2f39a5a98507f1fe0ce10a2b8dbc/library/std/src/panicking.rs:451:19
[INFO] [stderr]     24:     0x55ac4d45848c - std::panic::catch_unwind::h148ce1e59ac0cee7
[INFO] [stderr]                                  at /rustc/84c898d65adf2f39a5a98507f1fe0ce10a2b8dbc/library/std/src/panic.rs:140:14
[INFO] [stderr]     25:     0x55ac4d45848c - std::rt::lang_start_internal::{{closure}}::h25f9dda2057a67fe
[INFO] [stderr]                                  at /rustc/84c898d65adf2f39a5a98507f1fe0ce10a2b8dbc/library/std/src/rt.rs:148:48
[INFO] [stderr]     26:     0x55ac4d45848c - std::panicking::try::do_call::h7caaaeaf9401650b
[INFO] [stderr]                                  at /rustc/84c898d65adf2f39a5a98507f1fe0ce10a2b8dbc/library/std/src/panicking.rs:487:40
[INFO] [stderr]     27:     0x55ac4d45848c - std::panicking::try::he7d15285746cbbc2
[INFO] [stderr]                                  at /rustc/84c898d65adf2f39a5a98507f1fe0ce10a2b8dbc/library/std/src/panicking.rs:451:19
[INFO] [stderr]     28:     0x55ac4d45848c - std::panic::catch_unwind::h89fb4f50c0301fe0
[INFO] [stderr]                                  at /rustc/84c898d65adf2f39a5a98507f1fe0ce10a2b8dbc/library/std/src/panic.rs:140:14
[INFO] [stderr]     29:     0x55ac4d45848c - std::rt::lang_start_internal::h078acd489417d3c1
[INFO] [stderr]                                  at /rustc/84c898d65adf2f39a5a98507f1fe0ce10a2b8dbc/library/std/src/rt.rs:148:20
[INFO] [stderr]     30:     0x55ac4d3ed667 - std::rt::lang_start::h221e48dfcb49d8e2
[INFO] [stderr]     31:     0x55ac4d3eba05 - main
[INFO] [stderr]     32:     0x7f93bcb77d90 - <unknown>
[INFO] [stderr]     33:     0x7f93bcb77e40 - __libc_start_main
[INFO] [stderr]     34:     0x55ac4d3b7585 - _start
[INFO] [stderr]     35:                0x0 - <unknown>
[INFO] [stderr] error: could not compile `serde_derive` due to previous error
[INFO] [stderr] error: could not compile `syn` due to previous error
[INFO] running `Command { std: "docker" "inspect" "a6af46de249501f300a4bb7263c50620db52f0c95995dd5a532d20731a3ffffc", kill_on_drop: false }`
[INFO] running `Command { std: "docker" "rm" "-f" "a6af46de249501f300a4bb7263c50620db52f0c95995dd5a532d20731a3ffffc", kill_on_drop: false }`
[INFO] [stdout] a6af46de249501f300a4bb7263c50620db52f0c95995dd5a532d20731a3ffffc
