[INFO] fetching crate zinniad 0.7.0...
[INFO] testing zinniad-0.7.0 against beta-2023-04-20 for beta-1.70-1
[INFO] extracting crate zinniad 0.7.0 into /workspace/builds/worker-7-tc2/source
[INFO] validating manifest of crates.io crate zinniad 0.7.0 on toolchain beta-2023-04-20
[INFO] running `Command { std: CARGO_HOME="/workspace/cargo-home" RUSTUP_HOME="/workspace/rustup-home" "/workspace/cargo-home/bin/cargo" "+beta-2023-04-20" "metadata" "--manifest-path" "Cargo.toml" "--no-deps", kill_on_drop: false }`
[INFO] started tweaking crates.io crate zinniad 0.7.0
[INFO] finished tweaking crates.io crate zinniad 0.7.0
[INFO] tweaked toml for crates.io crate zinniad 0.7.0 written to /workspace/builds/worker-7-tc2/source/Cargo.toml
[INFO] crate crates.io crate zinniad 0.7.0 already has a lockfile, it will not be regenerated
[INFO] running `Command { std: CARGO_HOME="/workspace/cargo-home" RUSTUP_HOME="/workspace/rustup-home" "/workspace/cargo-home/bin/cargo" "+beta-2023-04-20" "fetch" "--manifest-path" "Cargo.toml", kill_on_drop: false }`
[INFO] [stderr]     Updating crates.io index
[INFO] [stderr]  Downloading crates ...
[INFO] [stderr]   Downloaded asn1-rs-derive v0.4.0
[INFO] [stderr]   Downloaded asynchronous-codec v0.6.1
[INFO] [stderr]   Downloaded multistream-select v0.12.1
[INFO] [stderr]   Downloaded asn1-rs-impl v0.1.0
[INFO] [stderr]   Downloaded yasna v0.5.1
[INFO] [stderr]   Downloaded multiaddr v0.17.0
[INFO] [stderr]   Downloaded zinnia_runtime v0.7.0
[INFO] [stderr]   Downloaded oid-registry v0.4.0
[INFO] [stderr]   Downloaded turn v0.6.1
[INFO] [stderr]   Downloaded x509-parser v0.13.2
[INFO] [stderr]   Downloaded block-modes v0.9.1
[INFO] [stderr]   Downloaded deno_tls v0.85.0
[INFO] [stderr]   Downloaded asn1-rs-derive v0.1.0
[INFO] [stderr]   Downloaded quick-protobuf-codec v0.1.0
[INFO] [stderr]   Downloaded deno_fetch v0.122.0
[INFO] [stderr]   Downloaded netlink-sys v0.8.5
[INFO] [stderr]   Downloaded libp2p-request-response v0.24.0
[INFO] [stderr]   Downloaded rsa v0.7.2
[INFO] [stderr]   Downloaded libp2p-allow-block-list v0.1.0
[INFO] [stderr]   Downloaded clap_lex v0.4.0
[INFO] [stderr]   Downloaded clap_builder v4.2.3
[INFO] [stderr]   Downloaded aes-kw v0.2.1
[INFO] [stderr]   Downloaded clap v4.2.3
[INFO] [stderr]   Downloaded urlpattern v0.2.0
[INFO] [stderr]   Downloaded interceptor v0.8.2
[INFO] [stderr]   Downloaded x509-parser v0.14.0
[INFO] [stderr]   Downloaded libp2p-gossipsub v0.44.1
[INFO] [stderr]   Downloaded ccm v0.3.0
[INFO] [stderr]   Downloaded libp2p-kad v0.43.1
[INFO] [stderr]   Downloaded p384 v0.11.2
[INFO] [stderr]   Downloaded webrtc-dtls v0.7.1
[INFO] [stderr]   Downloaded libp2p-swarm v0.42.1
[INFO] [stderr]   Downloaded netlink-packet-route v0.12.0
[INFO] [stderr]   Downloaded der-parser v8.2.0
[INFO] [stderr]   Downloaded webrtc-srtp v0.9.1
[INFO] [stderr]   Downloaded deno_web v0.129.0
[INFO] [stderr]   Downloaded prometheus-client v0.19.0
[INFO] [stderr]   Downloaded sdp v0.5.3
[INFO] [stderr]   Downloaded rcgen v0.9.3
[INFO] [stderr]   Downloaded webrtc-ice v0.9.1
[INFO] [stderr]   Downloaded rtcp v0.7.2
[INFO] [stderr]   Downloaded deno_console v0.98.0
[INFO] [stderr]   Downloaded serde_v8 v0.91.0
[INFO] [stderr]   Downloaded curve25519-dalek v2.1.3
[INFO] [stderr]   Downloaded fiat-crypto v0.1.19
[INFO] [stderr]   Downloaded curve25519-dalek v4.0.0-rc.1
[INFO] [stderr]   Downloaded sourcemap v6.2.3
[INFO] [stderr]   Downloaded snow v0.9.2
[INFO] [stderr]   Downloaded platforms v3.0.2
[INFO] [stderr]   Downloaded p256 v0.11.1
[INFO] [stderr]   Downloaded der-parser v7.0.0
[INFO] [stderr]   Downloaded deno_crypto v0.112.0
[INFO] [stderr]   Downloaded data-url v0.2.0
[INFO] [stderr]   Downloaded deno_url v0.98.0
[INFO] [stderr]   Downloaded deno_ops v0.58.0
[INFO] [stderr]   Downloaded prometheus-client-derive-encode v0.4.1
[INFO] [stderr]   Downloaded libp2p-metrics v0.12.0
[INFO] [stderr]   Downloaded libp2p-mplex v0.39.0
[INFO] [stderr]   Downloaded futures-rustls v0.22.2
[INFO] [stderr]   Downloaded libp2p-tls v0.1.0
[INFO] [stderr]   Downloaded libp2p-quic v0.7.0-alpha.3
[INFO] [stderr]   Downloaded libp2p-swarm-derive v0.32.0
[INFO] [stderr]   Downloaded system-configuration v0.5.0
[INFO] [stderr]   Downloaded webrtc-data v0.6.0
[INFO] [stderr]   Downloaded oid-registry v0.6.1
[INFO] [stderr]   Downloaded webrtc v0.6.0
[INFO] [stderr]   Downloaded zinnia_libp2p v0.7.0
[INFO] [stderr]   Downloaded serde_repr v0.1.9
[INFO] [stderr]   Downloaded pmutil v0.5.3
[INFO] [stderr]   Downloaded unicode-id v0.3.3
[INFO] [stderr]   Downloaded libp2p-connection-limits v0.1.0
[INFO] [stderr]   Downloaded hex_fmt v0.3.0
[INFO] [stderr]   Downloaded libp2p-tcp v0.39.0
[INFO] [stderr]   Downloaded rtnetlink v0.10.1
[INFO] [stderr]   Downloaded if-watch v3.0.0
[INFO] [stderr]   Downloaded waitgroup v0.1.2
[INFO] [stderr]   Downloaded rtp v0.6.8
[INFO] [stderr]   Downloaded unic-ucd-ident v0.9.0
[INFO] [stderr]   Downloaded deno_webidl v0.98.0
[INFO] [stderr]   Downloaded libp2p-dns v0.39.0
[INFO] [stderr]   Downloaded lru v0.9.0
[INFO] [stderr]   Downloaded libp2p-identify v0.42.1
[INFO] [stderr]   Downloaded dtoa v1.0.6
[INFO] [stderr]   Downloaded libp2p-ping v0.42.0
[INFO] [stderr]   Downloaded if-addrs v0.7.0
[INFO] [stderr]   Downloaded netlink-packet-utils v0.5.2
[INFO] [stderr]   Downloaded netlink-packet-core v0.4.2
[INFO] [stderr]   Downloaded netlink-proto v0.10.0
[INFO] [stderr]   Downloaded asn1-rs v0.5.2
[INFO] [stderr]   Downloaded webrtc-media v0.5.0
[INFO] [stderr]   Downloaded webrtc-sctp v0.7.0
[INFO] [stderr]   Downloaded libp2p-webrtc v0.4.0-alpha.3
[INFO] [stderr]   Downloaded libp2p-core v0.39.1
[INFO] [stderr]   Downloaded system-configuration-sys v0.5.0
[INFO] [stderr]   Downloaded asn1-rs v0.3.1
[INFO] [stderr]   Downloaded webrtc-mdns v0.5.2
[INFO] [stderr]   Downloaded yamux v0.10.2
[INFO] [stderr]   Downloaded asn1_der v0.7.5
[INFO] [stderr]   Downloaded prost v0.11.8
[INFO] [stderr]   Downloaded libp2p-mdns v0.43.0
[INFO] [stderr]   Downloaded packed_simd_2 v0.3.8
[INFO] [stderr]   Downloaded libp2p-noise v0.42.1
[INFO] [stderr]   Downloaded ed25519 v1.5.3
[INFO] [stderr]   Downloaded rusticata-macros v4.1.0
[INFO] [stderr]   Downloaded libp2p-identity v0.1.1
[INFO] [stderr]   Downloaded libp2p-yamux v0.43.0
[INFO] [stderr]   Downloaded multihash v0.17.0
[INFO] [stderr]   Downloaded x25519-dalek v2.0.0-pre.1
[INFO] [stderr]   Downloaded prost-derive v0.11.8
[INFO] [stderr]   Downloaded rw-stream-sink v0.3.0
[INFO] [stderr]   Downloaded libp2p v0.51.3
[INFO] [stderr]   Downloaded deno_core v0.180.0
[INFO] [stderr]   Downloaded windows v0.34.0
[INFO] [stderr]   Downloaded v8 v0.68.0
[INFO] running `Command { std: "docker" "create" "-v" "/var/lib/crater-agent-workspace/builds/worker-7-tc2/target:/opt/rustwide/target:rw,Z" "-v" "/var/lib/crater-agent-workspace/builds/worker-7-tc2/source:/opt/rustwide/workdir:ro,Z" "-v" "/var/lib/crater-agent-workspace/cargo-home:/opt/rustwide/cargo-home:ro,Z" "-v" "/var/lib/crater-agent-workspace/rustup-home:/opt/rustwide/rustup-home:ro,Z" "-e" "SOURCE_DIR=/opt/rustwide/workdir" "-e" "CARGO_TARGET_DIR=/opt/rustwide/target" "-e" "CARGO_HOME=/opt/rustwide/cargo-home" "-e" "RUSTUP_HOME=/opt/rustwide/rustup-home" "-w" "/opt/rustwide/workdir" "-m" "1610612736" "--user" "0:0" "--network" "none" "ghcr.io/rust-lang/crates-build-env/linux@sha256:5ff2268d62e97bff2cde7d5815dd6ed5b47097566f13b8d0ca110b04b60e07ed" "/opt/rustwide/cargo-home/bin/cargo" "+beta-2023-04-20" "metadata" "--no-deps" "--format-version=1", kill_on_drop: false }`
[INFO] [stdout] fe9f49228e4596b7077dc081c558207edb196e3efba67fee22558905e6c1b75b
[INFO] running `Command { std: "docker" "start" "-a" "fe9f49228e4596b7077dc081c558207edb196e3efba67fee22558905e6c1b75b", kill_on_drop: false }`
[INFO] running `Command { std: "docker" "inspect" "fe9f49228e4596b7077dc081c558207edb196e3efba67fee22558905e6c1b75b", kill_on_drop: false }`
[INFO] running `Command { std: "docker" "rm" "-f" "fe9f49228e4596b7077dc081c558207edb196e3efba67fee22558905e6c1b75b", kill_on_drop: false }`
[INFO] [stdout] fe9f49228e4596b7077dc081c558207edb196e3efba67fee22558905e6c1b75b
[INFO] running `Command { std: "docker" "create" "-v" "/var/lib/crater-agent-workspace/builds/worker-7-tc2/target:/opt/rustwide/target:rw,Z" "-v" "/var/lib/crater-agent-workspace/builds/worker-7-tc2/source:/opt/rustwide/workdir:ro,Z" "-v" "/var/lib/crater-agent-workspace/cargo-home:/opt/rustwide/cargo-home:ro,Z" "-v" "/var/lib/crater-agent-workspace/rustup-home:/opt/rustwide/rustup-home:ro,Z" "-e" "SOURCE_DIR=/opt/rustwide/workdir" "-e" "CARGO_TARGET_DIR=/opt/rustwide/target" "-e" "CARGO_INCREMENTAL=0" "-e" "RUST_BACKTRACE=full" "-e" "RUSTFLAGS=--cap-lints=warn" "-e" "RUSTDOCFLAGS=--cap-lints=warn" "-e" "CARGO_HOME=/opt/rustwide/cargo-home" "-e" "RUSTUP_HOME=/opt/rustwide/rustup-home" "-w" "/opt/rustwide/workdir" "-m" "1610612736" "--user" "0:0" "--network" "none" "ghcr.io/rust-lang/crates-build-env/linux@sha256:5ff2268d62e97bff2cde7d5815dd6ed5b47097566f13b8d0ca110b04b60e07ed" "/opt/rustwide/cargo-home/bin/cargo" "+beta-2023-04-20" "build" "--frozen" "--message-format=json", kill_on_drop: false }`
[INFO] [stdout] 3cb90993a4e7203f0729a26096cd2581f8dff7d1db117c9298d26ceeb83519e0
[INFO] running `Command { std: "docker" "start" "-a" "3cb90993a4e7203f0729a26096cd2581f8dff7d1db117c9298d26ceeb83519e0", kill_on_drop: false }`
[INFO] [stderr]    Compiling libc v0.2.140
[INFO] [stderr]    Compiling proc-macro2 v1.0.52
[INFO] [stderr]    Compiling syn v1.0.109
[INFO] [stderr]    Compiling version_check v0.9.4
[INFO] [stderr]    Compiling typenum v1.16.0
[INFO] [stderr]    Compiling futures-core v0.3.27
[INFO] [stderr]    Compiling bytes v1.4.0
[INFO] [stderr]    Compiling futures-task v0.3.27
[INFO] [stderr]    Compiling futures-channel v0.3.27
[INFO] [stderr]    Compiling generic-array v0.14.6
[INFO] [stderr]    Compiling futures-sink v0.3.27
[INFO] [stderr]    Compiling log v0.4.17
[INFO] [stderr]    Compiling futures-util v0.3.27
[INFO] [stderr]    Compiling futures-io v0.3.27
[INFO] [stderr]    Compiling smallvec v1.10.0
[INFO] [stderr]    Compiling subtle v2.4.1
[INFO] [stderr]    Compiling once_cell v1.17.1
[INFO] [stderr]    Compiling quote v1.0.26
[INFO] [stderr]    Compiling thiserror v1.0.40
[INFO] [stderr]    Compiling serde_derive v1.0.160
[INFO] [stderr]    Compiling unicode-xid v0.2.4
[INFO] [stderr]    Compiling serde v1.0.160
[INFO] [stderr]    Compiling syn v2.0.11
[INFO] [stderr]    Compiling spin v0.5.2
[INFO] [stderr]    Compiling const-oid v0.9.2
[INFO] [stderr]    Compiling ppv-lite86 v0.2.17
[INFO] [stderr]    Compiling tinyvec_macros v0.1.1
[INFO] [stderr]    Compiling either v1.8.1
[INFO] [stderr]    Compiling tinyvec v1.6.0
[INFO] [stderr]    Compiling getrandom v0.2.8
[INFO] [stderr]    Compiling num_cpus v1.15.0
[INFO] [stderr]    Compiling parking_lot_core v0.9.7
[INFO] [stderr]    Compiling rand_core v0.6.4
[INFO] [stderr]    Compiling parking_lot v0.12.1
[INFO] [stderr]    Compiling crypto-common v0.1.6
[INFO] [stderr]    Compiling anyhow v1.0.70
[INFO] [stderr]    Compiling block-buffer v0.10.4
[INFO] [stderr]    Compiling unicode-bidi v0.3.12
[INFO] [stderr]    Compiling percent-encoding v2.2.0
[INFO] [stderr]    Compiling byteorder v1.4.3
[INFO] [stderr]    Compiling unicode-normalization v0.1.22
[INFO] [stderr]    Compiling form_urlencoded v1.1.0
[INFO] [stderr]    Compiling digest v0.10.6
[INFO] [stderr]    Compiling rand_chacha v0.3.1
[INFO] [stderr]    Compiling ring v0.16.20
[INFO] [stderr]    Compiling idna v0.3.0
[INFO] [stderr]    Compiling rand v0.8.5
[INFO] [stderr]    Compiling tokio v1.25.0
[INFO] [stderr]    Compiling mio v0.8.6
[INFO] [stderr]    Compiling socket2 v0.4.9
[INFO] [stderr]    Compiling signal-hook-registry v1.4.1
[INFO] [stderr]    Compiling cpufeatures v0.2.5
[INFO] [stderr]    Compiling data-encoding v2.3.3
[INFO] [stderr]    Compiling untrusted v0.7.1
[INFO] [stderr]    Compiling getrandom v0.1.16
[INFO] [stderr]    Compiling bitflags v1.3.2
[INFO] [stderr]    Compiling signature v1.6.4
[INFO] [stderr]    Compiling fnv v1.0.7
[INFO] [stderr]    Compiling digest v0.9.0
[INFO] [stderr]    Compiling synstructure v0.12.6
[INFO] [stderr]    Compiling proc-macro-error-attr v1.0.4
[INFO] [stderr]    Compiling rand_core v0.5.1
[INFO] [stderr]    Compiling opaque-debug v0.3.0
[INFO] [stderr]    Compiling sha2 v0.10.6
[INFO] [stderr]    Compiling proc-macro-error v1.0.4
[INFO] [stderr]    Compiling libm v0.2.6
[INFO] [stderr]    Compiling toml v0.5.11
[INFO] [stderr]    Compiling num-traits v0.2.15
[INFO] [stderr]    Compiling itoa v1.0.6
[INFO] [stderr]    Compiling thiserror-impl v1.0.40
[INFO] [stderr]    Compiling static_assertions v1.1.0
[INFO] [stderr]    Compiling rand_chacha v0.2.2
[INFO] [stderr]    Compiling block-buffer v0.9.0
[INFO] [stderr]    Compiling itertools v0.10.5
[INFO] [stderr]    Compiling lazy_static v1.4.0
[INFO] [stderr]    Compiling futures-macro v0.3.27
[INFO] [stderr]    Compiling zeroize_derive v1.3.3
[INFO] [stderr]    Compiling tokio-macros v1.8.2
[INFO] [stderr]    Compiling pin-project-internal v1.0.12
[INFO] [stderr]    Compiling data-encoding-macro-internal v0.1.10
[INFO] [stderr]    Compiling proc-macro-crate v1.1.3
[INFO] [stderr]    Compiling zeroize v1.5.7
[INFO] [stderr]    Compiling data-encoding-macro v0.1.12
[INFO] [stderr]    Compiling curve25519-dalek v3.2.0
[INFO] [stderr]    Compiling core2 v0.4.0
[INFO] [stderr]    Compiling multihash-derive v0.8.1
[INFO] [stderr]    Compiling indexmap v1.9.2
[INFO] [stderr]    Compiling num-integer v0.1.45
[INFO] [stderr]    Compiling base-x v0.2.11
[INFO] [stderr]    Compiling pin-project v1.0.12
[INFO] [stderr]    Compiling multibase v0.9.1
[INFO] [stderr]    Compiling prost-derive v0.11.8
[INFO] [stderr]    Compiling sha2 v0.9.9
[INFO] [stderr]    Compiling rand v0.7.3
[INFO] [stderr]    Compiling ed25519 v1.5.3
[INFO] [stderr]    Compiling quick-protobuf v0.8.1
[INFO] [stderr]    Compiling hashbrown v0.12.3
[INFO] [stderr]    Compiling arrayref v0.3.6
[INFO] [stderr]    Compiling bs58 v0.4.0
[INFO] [stderr]    Compiling asn1_der v0.7.5
[INFO] [stderr]    Compiling heck v0.4.1
[INFO] [stderr]    Compiling instant v0.1.12
[INFO] [stderr]    Compiling void v1.0.2
[INFO] [stderr]    Compiling prost v0.11.8
[INFO] [stderr]    Compiling futures-timer v3.0.2
[INFO] [stderr]    Compiling which v4.4.0
[INFO] [stderr]    Compiling fslock v0.1.8
[INFO] [stderr]    Compiling aho-corasick v0.7.20
[INFO] [stderr]    Compiling futures-executor v0.3.27
[INFO] [stderr]    Compiling asynchronous-codec v0.6.1
[INFO] [stderr]    Compiling regex-syntax v0.6.29
[INFO] [stderr]    Compiling ryu v1.0.13
[INFO] [stderr]    Compiling futures v0.3.27
[INFO] [stderr]    Compiling unsigned-varint v0.7.1
[INFO] [stderr]    Compiling rw-stream-sink v0.3.0
[INFO] [stderr]    Compiling v8 v0.68.0
[INFO] [stderr]    Compiling multistream-select v0.12.1
[INFO] [stderr]    Compiling tracing-attributes v0.1.23
[INFO] [stderr]    Compiling tracing-core v0.1.30
[INFO] [stderr]    Compiling num-bigint v0.4.3
[INFO] [stderr]    Compiling convert_case v0.4.0
[INFO] [stderr]    Compiling base64ct v1.6.0
[INFO] [stderr]    Compiling serde_json v1.0.96
[INFO] [stderr]    Compiling derive_more v0.99.17
[INFO] [stderr]    Compiling pem-rfc7468 v0.6.0
[INFO] [stderr]    Compiling url v2.3.1
[INFO] [stderr]    Compiling serde-big-array v0.3.3
[INFO] [stderr]    Compiling multihash v0.17.0
[INFO] [stderr]    Compiling ed25519-dalek v1.0.1
[INFO] [stderr]    Compiling regex v1.7.3
[INFO] [stderr]    Compiling multiaddr v0.17.0
[INFO] [stderr]    Compiling tracing v0.1.37
[INFO] [stderr]    Compiling libp2p-identity v0.1.1
[INFO] [stderr]    Compiling libp2p-core v0.39.1
[INFO] [stderr]    Compiling der v0.6.1
[INFO] [stderr]    Compiling serde_bytes v0.11.9
[INFO] [stderr]    Compiling pmutil v0.5.3
[INFO] [stderr]    Compiling unicode-id v0.3.3
[INFO] [stderr]    Compiling async-trait v0.1.68
[INFO] [stderr]    Compiling if_chain v1.0.2
[INFO] [stderr]    Compiling sourcemap v6.2.3
[INFO] [stderr]    Compiling spki v0.6.0
[INFO] [stderr]    Compiling ipnet v2.7.1
[INFO] [stderr]    Compiling semver v1.0.17
[INFO] [stderr]    Compiling netlink-packet-utils v0.5.2
[INFO] [stderr]    Compiling pkcs8 v0.9.0
[INFO] [stderr]    Compiling libp2p-swarm-derive v0.32.0
[INFO] [stderr]    Compiling block-padding v0.3.2
[INFO] [stderr]    Compiling crc32fast v1.3.2
[INFO] [stderr]    Compiling inout v0.1.3
[INFO] [stderr]    Compiling netlink-packet-core v0.4.2
[INFO] [stderr]    Compiling deno_ops v0.58.0
[INFO] [stderr]    Compiling webpki v0.22.0
[INFO] [stderr]    Compiling hmac v0.12.1
[INFO] [stderr]    Compiling ahash v0.8.3
[INFO] [stderr]    Compiling io-lifetimes v1.0.8
[INFO] [stderr]    Compiling rustls v0.20.8
[INFO] [stderr]    Compiling adler v1.0.2
[INFO] [stderr]    Compiling libp2p-swarm v0.42.1
[INFO] [stderr]    Compiling miniz_oxide v0.5.4
[INFO] [stderr]    Compiling rustc_version v0.4.0
[INFO] [stderr]    Compiling cipher v0.4.4
[INFO] [stderr]    Compiling tokio-util v0.7.7
[INFO] [stderr]    Compiling netlink-sys v0.8.5
[INFO] [stderr]    Compiling crypto-bigint v0.4.9
[INFO] [stderr]    Compiling sct v0.7.0
[INFO] [stderr]    Compiling http v0.2.9
[INFO] [stderr]    Compiling ff v0.12.1
[INFO] [stderr]    Compiling alloc-no-stdlib v2.0.4
[INFO] [stderr]    Compiling rustix v0.36.10
[INFO] [stderr]    Compiling matches v0.1.10
[INFO] [stderr]    Compiling encoding_rs v0.8.31
[INFO] [stderr]    Compiling match_cfg v0.1.0
[INFO] [stderr]    Compiling httparse v1.8.0
[INFO] [stderr]    Compiling base16ct v0.1.1
[INFO] [stderr]    Compiling sec1 v0.3.0
[INFO] [stderr]    Compiling hostname v0.3.1
[INFO] [stderr]    Compiling idna v0.2.3
[INFO] [stderr]    Compiling group v0.12.1
[INFO] [stderr]    Compiling alloc-stdlib v0.2.2
[INFO] [stderr]    Compiling snow v0.9.2
[INFO] [stderr]    Compiling netlink-proto v0.10.0
[INFO] [stderr]    Compiling flate2 v1.0.24
[INFO] [stderr]    Compiling hkdf v0.12.3
[INFO] [stderr]    Compiling netlink-packet-route v0.12.0
[INFO] [stderr]    Compiling enum-as-inner v0.5.1
[INFO] [stderr]    Compiling nix v0.24.3
[INFO] [stderr]    Compiling num-iter v0.1.43
[INFO] [stderr]    Compiling nohash-hasher v0.2.0
[INFO] [stderr]    Compiling quick-error v1.2.3
[INFO] [stderr]    Compiling linux-raw-sys v0.1.4
[INFO] [stderr]    Compiling try-lock v0.2.4
[INFO] [stderr]    Compiling base64 v0.21.0
[INFO] [stderr]    Compiling linked-hash-map v0.5.6
[INFO] [stderr]    Compiling rustls-pemfile v1.0.2
[INFO] [stderr]    Compiling trust-dns-proto v0.22.0
[INFO] [stderr]    Compiling lru-cache v0.1.2
[INFO] [stderr]    Compiling want v0.3.0
[INFO] [stderr]    Compiling resolv-conf v0.7.0
[INFO] [stderr]    Compiling elliptic-curve v0.12.3
[INFO] [stderr]    Compiling hashbrown v0.13.2
[INFO] [stderr]    Compiling brotli-decompressor v2.3.4
[INFO] [stderr]    Compiling rtnetlink v0.10.1
[INFO] [stderr]    Compiling rfc6979 v0.3.1
[INFO] [stderr]    Compiling h2 v0.3.17
[INFO] [stderr]    Compiling http-body v0.4.5
[INFO] [stderr]    Compiling universal-hash v0.5.0
[INFO] [stderr]    Compiling tower-service v0.3.2
[INFO] [stderr]    Compiling unic-char-range v0.9.0
[INFO] [stderr]    Compiling num-bigint-dig v0.8.2
[INFO] [stderr]    Compiling httpdate v1.0.2
[INFO] [stderr]    Compiling unic-common v0.9.0
[INFO] [stderr]    Compiling unic-ucd-version v0.9.0
[INFO] [stderr]    Compiling unic-char-property v0.9.0
[INFO] [stderr]    Compiling polyval v0.6.0
[INFO] [stderr]    Compiling if-watch v3.0.0
[INFO] [stderr]    Compiling trust-dns-resolver v0.22.0
[INFO] [stderr]    Compiling ecdsa v0.14.8
[INFO] [stderr]    Compiling brotli v3.3.4
[INFO] [stderr]    Compiling is-terminal v0.4.5
[INFO] [stderr]    Compiling lru v0.9.0
[INFO] [stderr] error: failed to run custom build command for `v8 v0.68.0`
[INFO] [stderr] note: To improve backtraces for build dependencies, set the CARGO_PROFILE_DEV_BUILD_OVERRIDE_DEBUG=true environment variable to enable debug information generation.
[INFO] [stderr] 
[INFO] [stderr] Caused by:
[INFO] [stderr]   process didn't exit successfully: `/opt/rustwide/target/debug/build/v8-011a7ad2dac56eeb/build-script-build` (exit status: 101)
[INFO] [stderr]   --- stdout
[INFO] [stderr]   cargo:rerun-if-changed=.gn
[INFO] [stderr]   cargo:rerun-if-changed=BUILD.gn
[INFO] [stderr]   cargo:rerun-if-changed=src/binding.cc
[INFO] [stderr]   cargo:rerun-if-env-changed=CCACHE
[INFO] [stderr]   cargo:rerun-if-env-changed=CLANG_BASE_PATH
[INFO] [stderr]   cargo:rerun-if-env-changed=DENO_TRYBUILD
[INFO] [stderr]   cargo:rerun-if-env-changed=DOCS_RS
[INFO] [stderr]   cargo:rerun-if-env-changed=GN
[INFO] [stderr]   cargo:rerun-if-env-changed=GN_ARGS
[INFO] [stderr]   cargo:rerun-if-env-changed=HOST
[INFO] [stderr]   cargo:rerun-if-env-changed=NINJA
[INFO] [stderr]   cargo:rerun-if-env-changed=OUT_DIR
[INFO] [stderr]   cargo:rerun-if-env-changed=RUSTY_V8_ARCHIVE
[INFO] [stderr]   cargo:rerun-if-env-changed=RUSTY_V8_MIRROR
[INFO] [stderr]   cargo:rerun-if-env-changed=SCCACHE
[INFO] [stderr]   cargo:rerun-if-env-changed=V8_FORCE_DEBUG
[INFO] [stderr]   cargo:rerun-if-env-changed=V8_FROM_SOURCE
[INFO] [stderr]   cargo:rerun-if-env-changed=PYTHON
[INFO] [stderr]   cargo:rustc-link-lib=static=rusty_v8
[INFO] [stderr]   download lockfile: "/opt/rustwide/target/debug/build/lib_download.fslock"
[INFO] [stderr]   static lib URL: https://github.com/denoland/rusty_v8/releases/download/v0.68.0/librusty_v8_release_x86_64-unknown-linux-gnu.a
[INFO] [stderr]   cargo:rustc-link-search=/opt/rustwide/target/debug/gn_out/obj
[INFO] [stderr]   Downloading https://github.com/denoland/rusty_v8/releases/download/v0.68.0/librusty_v8_release_x86_64-unknown-linux-gnu.a
[INFO] [stderr]   Downloading https://github.com/denoland/rusty_v8/releases/download/v0.68.0/librusty_v8_release_x86_64-unknown-linux-gnu.a...
[INFO] [stderr]   <urlopen error [Errno -3] Temporary failure in name resolution>
[INFO] [stderr]   Retrying in 5 s ...
[INFO] [stderr]   Downloading https://github.com/denoland/rusty_v8/releases/download/v0.68.0/librusty_v8_release_x86_64-unknown-linux-gnu.a...
[INFO] [stderr]   <urlopen error [Errno -3] Temporary failure in name resolution>
[INFO] [stderr]   Retrying in 10 s ...
[INFO] [stderr]   Downloading https://github.com/denoland/rusty_v8/releases/download/v0.68.0/librusty_v8_release_x86_64-unknown-linux-gnu.a...
[INFO] [stderr]   <urlopen error [Errno -3] Temporary failure in name resolution>
[INFO] [stderr]   Retrying in 20 s ...
[INFO] [stderr]   Downloading https://github.com/denoland/rusty_v8/releases/download/v0.68.0/librusty_v8_release_x86_64-unknown-linux-gnu.a...
[INFO] [stderr]   <urlopen error [Errno -3] Temporary failure in name resolution>
[INFO] [stderr]   Python downloader failed, trying with curl.
[INFO] [stderr] 
[INFO] [stderr]   --- stderr
[INFO] [stderr]   Traceback (most recent call last):
[INFO] [stderr]     File "/usr/lib/python3.10/urllib/request.py", line 1348, in do_open
[INFO] [stderr]       h.request(req.get_method(), req.selector, req.data, headers,
[INFO] [stderr]     File "/usr/lib/python3.10/http/client.py", line 1282, in request
[INFO] [stderr]       self._send_request(method, url, body, headers, encode_chunked)
[INFO] [stderr]     File "/usr/lib/python3.10/http/client.py", line 1328, in _send_request
[INFO] [stderr]       self.endheaders(body, encode_chunked=encode_chunked)
[INFO] [stderr]     File "/usr/lib/python3.10/http/client.py", line 1277, in endheaders
[INFO] [stderr]       self._send_output(message_body, encode_chunked=encode_chunked)
[INFO] [stderr]     File "/usr/lib/python3.10/http/client.py", line 1037, in _send_output
[INFO] [stderr]       self.send(msg)
[INFO] [stderr]     File "/usr/lib/python3.10/http/client.py", line 975, in send
[INFO] [stderr]       self.connect()
[INFO] [stderr]     File "/usr/lib/python3.10/http/client.py", line 1447, in connect
[INFO] [stderr]       super().connect()
[INFO] [stderr]     File "/usr/lib/python3.10/http/client.py", line 941, in connect
[INFO] [stderr]       self.sock = self._create_connection(
[INFO] [stderr]     File "/usr/lib/python3.10/socket.py", line 824, in create_connection
[INFO] [stderr]       for res in getaddrinfo(host, port, 0, SOCK_STREAM):
[INFO] [stderr]     File "/usr/lib/python3.10/socket.py", line 955, in getaddrinfo
[INFO] [stderr]       for res in _socket.getaddrinfo(host, port, family, type, proto, flags):
[INFO] [stderr]   socket.gaierror: [Errno -3] Temporary failure in name resolution
[INFO] [stderr] 
[INFO] [stderr]   During handling of the above exception, another exception occurred:
[INFO] [stderr] 
[INFO] [stderr]   Traceback (most recent call last):
[INFO] [stderr]     File "/opt/rustwide/cargo-home/registry/src/index.crates.io-6f17d22bba15001f/v8-0.68.0/./tools/download_file.py", line 64, in <module>
[INFO] [stderr]       sys.exit(main())
[INFO] [stderr]     File "/opt/rustwide/cargo-home/registry/src/index.crates.io-6f17d22bba15001f/v8-0.68.0/./tools/download_file.py", line 59, in main
[INFO] [stderr]       DownloadUrl(args.url, f)
[INFO] [stderr]     File "/opt/rustwide/cargo-home/registry/src/index.crates.io-6f17d22bba15001f/v8-0.68.0/./tools/download_file.py", line 45, in DownloadUrl
[INFO] [stderr]       raise e
[INFO] [stderr]     File "/opt/rustwide/cargo-home/registry/src/index.crates.io-6f17d22bba15001f/v8-0.68.0/./tools/download_file.py", line 29, in DownloadUrl
[INFO] [stderr]       response = urlopen(url)
[INFO] [stderr]     File "/usr/lib/python3.10/urllib/request.py", line 216, in urlopen
[INFO] [stderr]       return opener.open(url, data, timeout)
[INFO] [stderr]     File "/usr/lib/python3.10/urllib/request.py", line 519, in open
[INFO] [stderr]       response = self._open(req, data)
[INFO] [stderr]     File "/usr/lib/python3.10/urllib/request.py", line 536, in _open
[INFO] [stderr]       result = self._call_chain(self.handle_open, protocol, protocol +
[INFO] [stderr]     File "/usr/lib/python3.10/urllib/request.py", line 496, in _call_chain
[INFO] [stderr]       result = func(*args)
[INFO] [stderr]     File "/usr/lib/python3.10/urllib/request.py", line 1391, in https_open
[INFO] [stderr]       return self.do_open(http.client.HTTPSConnection, req,
[INFO] [stderr]     File "/usr/lib/python3.10/urllib/request.py", line 1351, in do_open
[INFO] [stderr]       raise URLError(err)
[INFO] [stderr]   urllib.error.URLError: <urlopen error [Errno -3] Temporary failure in name resolution>
[INFO] [stderr]   thread 'main' panicked at 'assertion failed: status.success()', /opt/rustwide/cargo-home/registry/src/index.crates.io-6f17d22bba15001f/v8-0.68.0/build.rs:414:3
[INFO] [stderr]   stack backtrace:
[INFO] [stderr]      0:     0x56452757d83a - std::backtrace_rs::backtrace::libunwind::trace::h2f05d0192276a8f6
[INFO] [stderr]                                  at /rustc/1b7dd2252b99671ce5d1cb9664c5f8636329436d/library/std/src/../../backtrace/src/backtrace/libunwind.rs:93:5
[INFO] [stderr]      1:     0x56452757d83a - std::backtrace_rs::backtrace::trace_unsynchronized::hedc23dff7a1af150
[INFO] [stderr]                                  at /rustc/1b7dd2252b99671ce5d1cb9664c5f8636329436d/library/std/src/../../backtrace/src/backtrace/mod.rs:66:5
[INFO] [stderr]      2:     0x56452757d83a - std::sys_common::backtrace::_print_fmt::h17541ef7592f3ce2
[INFO] [stderr]                                  at /rustc/1b7dd2252b99671ce5d1cb9664c5f8636329436d/library/std/src/sys_common/backtrace.rs:65:5
[INFO] [stderr]      3:     0x56452757d83a - <std::sys_common::backtrace::_print::DisplayBacktrace as core::fmt::Display>::fmt::h20f75df5ab0c0792
[INFO] [stderr]                                  at /rustc/1b7dd2252b99671ce5d1cb9664c5f8636329436d/library/std/src/sys_common/backtrace.rs:44:22
[INFO] [stderr]      4:     0x56452759c7ff - core::fmt::write::h78109e6f466b3af6
[INFO] [stderr]                                  at /rustc/1b7dd2252b99671ce5d1cb9664c5f8636329436d/library/core/src/fmt/mod.rs:1254:17
[INFO] [stderr]      5:     0x56452757a935 - std::io::Write::write_fmt::hc59e1b02dd273c8a
[INFO] [stderr]                                  at /rustc/1b7dd2252b99671ce5d1cb9664c5f8636329436d/library/std/src/io/mod.rs:1698:15
[INFO] [stderr]      6:     0x56452757d605 - std::sys_common::backtrace::_print::h8dac57a9f8fbf9a5
[INFO] [stderr]                                  at /rustc/1b7dd2252b99671ce5d1cb9664c5f8636329436d/library/std/src/sys_common/backtrace.rs:47:5
[INFO] [stderr]      7:     0x56452757d605 - std::sys_common::backtrace::print::hf9ecbf41d1aa712f
[INFO] [stderr]                                  at /rustc/1b7dd2252b99671ce5d1cb9664c5f8636329436d/library/std/src/sys_common/backtrace.rs:34:9
[INFO] [stderr]      8:     0x56452757ed2e - std::panicking::default_hook::{{closure}}::h04c07acfc84ca028
[INFO] [stderr]                                  at /rustc/1b7dd2252b99671ce5d1cb9664c5f8636329436d/library/std/src/panicking.rs:269:22
[INFO] [stderr]      9:     0x56452757ead5 - std::panicking::default_hook::h01f6bb23e1eceb2c
[INFO] [stderr]                                  at /rustc/1b7dd2252b99671ce5d1cb9664c5f8636329436d/library/std/src/panicking.rs:288:9
[INFO] [stderr]     10:     0x56452757f28e - std::panicking::rust_panic_with_hook::h2bb3722bbaf2f6df
[INFO] [stderr]                                  at /rustc/1b7dd2252b99671ce5d1cb9664c5f8636329436d/library/std/src/panicking.rs:691:13
[INFO] [stderr]     11:     0x56452757f142 - std::panicking::begin_panic_handler::{{closure}}::h91bc7f36a4be011b
[INFO] [stderr]                                  at /rustc/1b7dd2252b99671ce5d1cb9664c5f8636329436d/library/std/src/panicking.rs:580:13
[INFO] [stderr]     12:     0x56452757dca6 - std::sys_common::backtrace::__rust_end_short_backtrace::h8b3d3717114f9e59
[INFO] [stderr]                                  at /rustc/1b7dd2252b99671ce5d1cb9664c5f8636329436d/library/std/src/sys_common/backtrace.rs:150:18
[INFO] [stderr]     13:     0x56452757eee2 - rust_begin_unwind
[INFO] [stderr]                                  at /rustc/1b7dd2252b99671ce5d1cb9664c5f8636329436d/library/std/src/panicking.rs:578:5
[INFO] [stderr]     14:     0x564527533a33 - core::panicking::panic_fmt::hfd368e3fbdabea26
[INFO] [stderr]                                  at /rustc/1b7dd2252b99671ce5d1cb9664c5f8636329436d/library/core/src/panicking.rs:67:14
[INFO] [stderr]     15:     0x564527533acd - core::panicking::panic::h3f9042d09bd0bf2e
[INFO] [stderr]                                  at /rustc/1b7dd2252b99671ce5d1cb9664c5f8636329436d/library/core/src/panicking.rs:117:5
[INFO] [stderr]     16:     0x564527545f9e - build_script_build::download_file::h0277a6cacfaf0955
[INFO] [stderr]     17:     0x5645275466d5 - build_script_build::download_static_lib_binaries::h4e94449e31155967
[INFO] [stderr]     18:     0x564527542244 - build_script_build::main::ha147e279592fe140
[INFO] [stderr]     19:     0x564527550483 - core::ops::function::FnOnce::call_once::hfd84a33962009cc4
[INFO] [stderr]     20:     0x56452753b736 - std::sys_common::backtrace::__rust_begin_short_backtrace::h978e470f68905409
[INFO] [stderr]     21:     0x56452753f1a9 - std::rt::lang_start::{{closure}}::h5ad9f86ebc9ec48c
[INFO] [stderr]     22:     0x56452757691e - core::ops::function::impls::<impl core::ops::function::FnOnce<A> for &F>::call_once::h2eb19b8ce4148df4
[INFO] [stderr]                                  at /rustc/1b7dd2252b99671ce5d1cb9664c5f8636329436d/library/core/src/ops/function.rs:287:13
[INFO] [stderr]     23:     0x56452757691e - std::panicking::try::do_call::h2e900feff5d504c5
[INFO] [stderr]                                  at /rustc/1b7dd2252b99671ce5d1cb9664c5f8636329436d/library/std/src/panicking.rs:485:40
[INFO] [stderr]     24:     0x56452757691e - std::panicking::try::h8854836cb85aa9f2
[INFO] [stderr]                                  at /rustc/1b7dd2252b99671ce5d1cb9664c5f8636329436d/library/std/src/panicking.rs:449:19
[INFO] [stderr]     25:     0x56452757691e - std::panic::catch_unwind::h706025dd4c48f64b
[INFO] [stderr]                                  at /rustc/1b7dd2252b99671ce5d1cb9664c5f8636329436d/library/std/src/panic.rs:140:14
[INFO] [stderr]     26:     0x56452757691e - std::rt::lang_start_internal::{{closure}}::h7be5b97f4a07a91a
[INFO] [stderr]                                  at /rustc/1b7dd2252b99671ce5d1cb9664c5f8636329436d/library/std/src/rt.rs:148:48
[INFO] [stderr]     27:     0x56452757691e - std::panicking::try::do_call::h59847e9d0a176965
[INFO] [stderr]                                  at /rustc/1b7dd2252b99671ce5d1cb9664c5f8636329436d/library/std/src/panicking.rs:485:40
[INFO] [stderr]     28:     0x56452757691e - std::panicking::try::h399a918ba8522823
[INFO] [stderr]                                  at /rustc/1b7dd2252b99671ce5d1cb9664c5f8636329436d/library/std/src/panicking.rs:449:19
[INFO] [stderr]     29:     0x56452757691e - std::panic::catch_unwind::hca7ca6c55b2a2e26
[INFO] [stderr]                                  at /rustc/1b7dd2252b99671ce5d1cb9664c5f8636329436d/library/std/src/panic.rs:140:14
[INFO] [stderr]     30:     0x56452757691e - std::rt::lang_start_internal::h2c807a81560459eb
[INFO] [stderr]                                  at /rustc/1b7dd2252b99671ce5d1cb9664c5f8636329436d/library/std/src/rt.rs:148:20
[INFO] [stderr]     31:     0x56452753f187 - std::rt::lang_start::hc25f7f69caa22e0d
[INFO] [stderr]     32:     0x564527549ec5 - main
[INFO] [stderr]     33:     0x7fe1f1a4fd90 - <unknown>
[INFO] [stderr]     34:     0x7fe1f1a4fe40 - __libc_start_main
[INFO] [stderr]     35:     0x564527534055 - _start
[INFO] [stderr]     36:                0x0 - <unknown>
[INFO] [stderr] warning: build failed, waiting for other jobs to finish...
[INFO] running `Command { std: "docker" "inspect" "3cb90993a4e7203f0729a26096cd2581f8dff7d1db117c9298d26ceeb83519e0", kill_on_drop: false }`
[INFO] running `Command { std: "docker" "rm" "-f" "3cb90993a4e7203f0729a26096cd2581f8dff7d1db117c9298d26ceeb83519e0", kill_on_drop: false }`
[INFO] [stdout] 3cb90993a4e7203f0729a26096cd2581f8dff7d1db117c9298d26ceeb83519e0
