[INFO] fetching crate zerovec-derive 0.9.4...
[INFO] testing zerovec-derive-0.9.4 against beta-2023-04-20 for beta-1.70-1
[INFO] extracting crate zerovec-derive 0.9.4 into /workspace/builds/worker-2-tc2/source
[INFO] validating manifest of crates.io crate zerovec-derive 0.9.4 on toolchain beta-2023-04-20
[INFO] running `Command { std: CARGO_HOME="/workspace/cargo-home" RUSTUP_HOME="/workspace/rustup-home" "/workspace/cargo-home/bin/cargo" "+beta-2023-04-20" "metadata" "--manifest-path" "Cargo.toml" "--no-deps", kill_on_drop: false }`
[INFO] started tweaking crates.io crate zerovec-derive 0.9.4
[INFO] finished tweaking crates.io crate zerovec-derive 0.9.4
[INFO] tweaked toml for crates.io crate zerovec-derive 0.9.4 written to /workspace/builds/worker-2-tc2/source/Cargo.toml
[INFO] crate crates.io crate zerovec-derive 0.9.4 already has a lockfile, it will not be regenerated
[INFO] running `Command { std: CARGO_HOME="/workspace/cargo-home" RUSTUP_HOME="/workspace/rustup-home" "/workspace/cargo-home/bin/cargo" "+beta-2023-04-20" "fetch" "--manifest-path" "Cargo.toml", kill_on_drop: false }`
[INFO] running `Command { std: "docker" "create" "-v" "/var/lib/crater-agent-workspace/builds/worker-2-tc2/target:/opt/rustwide/target:rw,Z" "-v" "/var/lib/crater-agent-workspace/builds/worker-2-tc2/source:/opt/rustwide/workdir:ro,Z" "-v" "/var/lib/crater-agent-workspace/cargo-home:/opt/rustwide/cargo-home:ro,Z" "-v" "/var/lib/crater-agent-workspace/rustup-home:/opt/rustwide/rustup-home:ro,Z" "-e" "SOURCE_DIR=/opt/rustwide/workdir" "-e" "CARGO_TARGET_DIR=/opt/rustwide/target" "-e" "CARGO_HOME=/opt/rustwide/cargo-home" "-e" "RUSTUP_HOME=/opt/rustwide/rustup-home" "-w" "/opt/rustwide/workdir" "-m" "1610612736" "--user" "0:0" "--network" "none" "ghcr.io/rust-lang/crates-build-env/linux@sha256:5ff2268d62e97bff2cde7d5815dd6ed5b47097566f13b8d0ca110b04b60e07ed" "/opt/rustwide/cargo-home/bin/cargo" "+beta-2023-04-20" "metadata" "--no-deps" "--format-version=1", kill_on_drop: false }`
[INFO] [stdout] 2d06dda76da2ef1aeea43d7eced80a0c453f3f7a4ba57ff115a1b14e2fac125b
[INFO] running `Command { std: "docker" "start" "-a" "2d06dda76da2ef1aeea43d7eced80a0c453f3f7a4ba57ff115a1b14e2fac125b", kill_on_drop: false }`
[INFO] running `Command { std: "docker" "inspect" "2d06dda76da2ef1aeea43d7eced80a0c453f3f7a4ba57ff115a1b14e2fac125b", kill_on_drop: false }`
[INFO] running `Command { std: "docker" "rm" "-f" "2d06dda76da2ef1aeea43d7eced80a0c453f3f7a4ba57ff115a1b14e2fac125b", kill_on_drop: false }`
[INFO] [stdout] 2d06dda76da2ef1aeea43d7eced80a0c453f3f7a4ba57ff115a1b14e2fac125b
[INFO] running `Command { std: "docker" "create" "-v" "/var/lib/crater-agent-workspace/builds/worker-2-tc2/target:/opt/rustwide/target:rw,Z" "-v" "/var/lib/crater-agent-workspace/builds/worker-2-tc2/source:/opt/rustwide/workdir:ro,Z" "-v" "/var/lib/crater-agent-workspace/cargo-home:/opt/rustwide/cargo-home:ro,Z" "-v" "/var/lib/crater-agent-workspace/rustup-home:/opt/rustwide/rustup-home:ro,Z" "-e" "SOURCE_DIR=/opt/rustwide/workdir" "-e" "CARGO_TARGET_DIR=/opt/rustwide/target" "-e" "CARGO_INCREMENTAL=0" "-e" "RUST_BACKTRACE=full" "-e" "RUSTFLAGS=--cap-lints=warn" "-e" "RUSTDOCFLAGS=--cap-lints=warn" "-e" "CARGO_HOME=/opt/rustwide/cargo-home" "-e" "RUSTUP_HOME=/opt/rustwide/rustup-home" "-w" "/opt/rustwide/workdir" "-m" "1610612736" "--user" "0:0" "--network" "none" "ghcr.io/rust-lang/crates-build-env/linux@sha256:5ff2268d62e97bff2cde7d5815dd6ed5b47097566f13b8d0ca110b04b60e07ed" "/opt/rustwide/cargo-home/bin/cargo" "+beta-2023-04-20" "build" "--frozen" "--message-format=json", kill_on_drop: false }`
[INFO] [stdout] 4051f0dad4b701a877b798b6bed3659b741a78b08b3ddc7d391f186aa71b3254
[INFO] running `Command { std: "docker" "start" "-a" "4051f0dad4b701a877b798b6bed3659b741a78b08b3ddc7d391f186aa71b3254", kill_on_drop: false }`
[INFO] [stderr]    Compiling proc-macro2 v1.0.51
[INFO] [stderr]    Compiling unicode-ident v1.0.6
[INFO] [stderr]    Compiling quote v1.0.23
[INFO] [stderr]    Compiling syn v1.0.107
[INFO] [stderr]    Compiling unicode-xid v0.2.4
[INFO] [stderr]    Compiling synstructure v0.12.6
[INFO] [stderr]    Compiling zerovec-derive v0.9.4 (/opt/rustwide/workdir)
[INFO] [stderr]     Finished dev [unoptimized + debuginfo] target(s) in 4.24s
[INFO] running `Command { std: "docker" "inspect" "4051f0dad4b701a877b798b6bed3659b741a78b08b3ddc7d391f186aa71b3254", kill_on_drop: false }`
[INFO] running `Command { std: "docker" "rm" "-f" "4051f0dad4b701a877b798b6bed3659b741a78b08b3ddc7d391f186aa71b3254", kill_on_drop: false }`
[INFO] [stdout] 4051f0dad4b701a877b798b6bed3659b741a78b08b3ddc7d391f186aa71b3254
[INFO] running `Command { std: "docker" "create" "-v" "/var/lib/crater-agent-workspace/builds/worker-2-tc2/target:/opt/rustwide/target:rw,Z" "-v" "/var/lib/crater-agent-workspace/builds/worker-2-tc2/source:/opt/rustwide/workdir:ro,Z" "-v" "/var/lib/crater-agent-workspace/cargo-home:/opt/rustwide/cargo-home:ro,Z" "-v" "/var/lib/crater-agent-workspace/rustup-home:/opt/rustwide/rustup-home:ro,Z" "-e" "SOURCE_DIR=/opt/rustwide/workdir" "-e" "CARGO_TARGET_DIR=/opt/rustwide/target" "-e" "CARGO_INCREMENTAL=0" "-e" "RUST_BACKTRACE=full" "-e" "RUSTFLAGS=--cap-lints=warn" "-e" "RUSTDOCFLAGS=--cap-lints=warn" "-e" "CARGO_HOME=/opt/rustwide/cargo-home" "-e" "RUSTUP_HOME=/opt/rustwide/rustup-home" "-w" "/opt/rustwide/workdir" "-m" "1610612736" "--user" "0:0" "--network" "none" "ghcr.io/rust-lang/crates-build-env/linux@sha256:5ff2268d62e97bff2cde7d5815dd6ed5b47097566f13b8d0ca110b04b60e07ed" "/opt/rustwide/cargo-home/bin/cargo" "+beta-2023-04-20" "test" "--frozen" "--no-run" "--message-format=json", kill_on_drop: false }`
[INFO] [stdout] f1221329e51575f6244c0ba3bbda91ec7e27fb724e89f885484ae2564563d868
[INFO] running `Command { std: "docker" "start" "-a" "f1221329e51575f6244c0ba3bbda91ec7e27fb724e89f885484ae2564563d868", kill_on_drop: false }`
[INFO] [stderr]     Blocking waiting for file lock on package cache
[INFO] [stderr]    Compiling proc-macro2 v1.0.51
[INFO] [stderr]    Compiling unicode-ident v1.0.6
[INFO] [stderr]    Compiling serde_derive v1.0.152
[INFO] [stderr]    Compiling serde v1.0.152
[INFO] [stderr]    Compiling serde_json v1.0.93
[INFO] [stderr]    Compiling unicode-xid v0.2.4
[INFO] [stderr]    Compiling ryu v1.0.12
[INFO] [stderr]    Compiling itoa v1.0.5
[INFO] [stderr]    Compiling quote v1.0.23
[INFO] [stderr]    Compiling syn v1.0.107
[INFO] [stderr]    Compiling synstructure v0.12.6
[INFO] [stderr]    Compiling zerovec-derive v0.9.4 (/opt/rustwide/workdir)
[INFO] [stderr]    Compiling bincode v1.3.3
[INFO] [stdout] error[E0432]: unresolved import `zerovec`
[INFO] [stdout]  --> examples/make.rs:6:5
[INFO] [stdout]   |
[INFO] [stdout] 6 | use zerovec::*;
[INFO] [stdout]   |     ^^^^^^^ use of undeclared crate or module `zerovec`
[INFO] [stdout] 
[INFO] [stdout] 
[INFO] [stdout] error[E0433]: failed to resolve: use of undeclared crate or module `zerovec`
[INFO] [stdout]   --> examples/make.rs:18:3
[INFO] [stdout]    |
[INFO] [stdout] 18 | #[zerovec::derive(Debug, Hash)]
[INFO] [stdout]    |   ^^^^^^^ use of undeclared crate or module `zerovec`
[INFO] [stdout] 
[INFO] [stdout] 
[INFO] [stdout] error[E0433]: failed to resolve: use of undeclared crate or module `zerovec`
[INFO] [stdout]   --> examples/make.rs:32:3
[INFO] [stdout]    |
[INFO] [stdout] 32 | #[zerovec::derive(Debug, Hash)]
[INFO] [stdout]    |   ^^^^^^^ use of undeclared crate or module `zerovec`
[INFO] [stdout] 
[INFO] [stdout] 
[INFO] [stdout] error[E0433]: failed to resolve: use of undeclared crate or module `zerovec`
[INFO] [stdout]   --> examples/make.rs:57:3
[INFO] [stdout]    |
[INFO] [stdout] 57 | #[zerovec::skip_derive(ZeroMapKV)]
[INFO] [stdout]    |   ^^^^^^^ use of undeclared crate or module `zerovec`
[INFO] [stdout] 
[INFO] [stdout] 
[INFO] [stdout] error[E0433]: failed to resolve: use of undeclared crate or module `zerovec`
[INFO] [stdout]   --> examples/make.rs:62:3
[INFO] [stdout]    |
[INFO] [stdout] 62 | #[zerovec::skip_derive(ZeroMapKV, Ord)]
[INFO] [stdout]    |   ^^^^^^^ use of undeclared crate or module `zerovec`
[INFO] [stdout] 
[INFO] [stdout] 
[INFO] [stdout] error[E0433]: failed to resolve: use of undeclared crate or module `zerovec`
[INFO] [stdout]  --> examples/derives.rs:5:5
[INFO] [stdout]   |
[INFO] [stdout] 5 | use zerovec::ule::AsULE;
[INFO] [stdout]   |     ^^^^^^^ use of undeclared crate or module `zerovec`
[INFO] [stdout] 
[INFO] [stdout] 
[INFO] [stdout] error[E0433]: failed to resolve: use of undeclared crate or module `zerovec`
[INFO] [stdout]  --> examples/derives.rs:6:5
[INFO] [stdout]   |
[INFO] [stdout] 6 | use zerovec::ule::EncodeAsVarULE;
[INFO] [stdout]   |     ^^^^^^^ use of undeclared crate or module `zerovec`
[INFO] [stdout] 
[INFO] [stdout] 
[INFO] [stdout] error[E0432]: unresolved imports `zerovec`, `zerovec::ule::AsULE`, `zerovec::ule::EncodeAsVarULE`
[INFO] [stdout]  --> examples/derives.rs:5:5
[INFO] [stdout]   |
[INFO] [stdout] 5 | use zerovec::ule::AsULE;
[INFO] [stdout]   |     ^^^^^^^^^^^^^^^^^^^
[INFO] [stdout] 6 | use zerovec::ule::EncodeAsVarULE;
[INFO] [stdout]   |     ^^^^^^^^^^^^^^^^^^^^^^^^^^^^
[INFO] [stdout] 7 | use zerovec::*;
[INFO] [stdout]   |     ^^^^^^^ use of undeclared crate or module `zerovec`
[INFO] [stdout] 
[INFO] [stdout] 
[INFO] [stdout] error[E0433]: failed to resolve: use of undeclared crate or module `ule`
[INFO] [stdout]   --> examples/derives.rs:10:10
[INFO] [stdout]    |
[INFO] [stdout] 10 | #[derive(ule::ULE, Copy, Clone)]
[INFO] [stdout]    |          ^^^ use of undeclared crate or module `ule`
[INFO] [stdout] 
[INFO] [stdout] 
[INFO] [stdout] error[E0433]: failed to resolve: use of undeclared crate or module `ule`
[INFO] [stdout]   --> examples/derives.rs:44:10
[INFO] [stdout]    |
[INFO] [stdout] 44 | #[derive(ule::VarULE)]
[INFO] [stdout]    |          ^^^ use of undeclared crate or module `ule`
[INFO] [stdout] 
[INFO] [stdout] 
[INFO] [stdout] error[E0433]: failed to resolve: use of undeclared crate or module `ule`
[INFO] [stdout]   --> examples/derives.rs:67:13
[INFO] [stdout]    |
[INFO] [stdout] 67 |             ule::ULE::as_byte_slice(&[self.modulo.to_unaligned()]),
[INFO] [stdout]    |             ^^^ use of undeclared crate or module `ule`
[INFO] [stdout] 
[INFO] [stdout] 
[INFO] [stdout] error: cannot find attribute `make_ule` in this scope
[INFO] [stdout]  --> examples/make.rs:8:3
[INFO] [stdout]   |
[INFO] [stdout] 8 | #[make_ule(StructULE)]
[INFO] [stdout]   |   ^^^^^^^^
[INFO] [stdout]   |
[INFO] [stdout]   = help: consider importing this attribute macro:
[INFO] [stdout]           zerovec_derive::make_ule
[INFO] [stdout] 
[INFO] [stdout] 
[INFO] [stdout] error: cannot find attribute `make_ule` in this scope
[INFO] [stdout]   --> examples/make.rs:16:3
[INFO] [stdout]    |
[INFO] [stdout] 16 | #[make_ule(HashedStructULE)]
[INFO] [stdout]    |   ^^^^^^^^
[INFO] [stdout]    |
[INFO] [stdout]    = help: consider importing this attribute macro:
[INFO] [stdout]            zerovec_derive::make_ule
[INFO] [stdout] 
[INFO] [stdout] 
[INFO] [stdout] error: cannot find attribute `make_ule` in this scope
[INFO] [stdout]   --> examples/make.rs:26:3
[INFO] [stdout]    |
[INFO] [stdout] 26 | #[make_ule(TupleStructULE)]
[INFO] [stdout]    |   ^^^^^^^^
[INFO] [stdout]    |
[INFO] [stdout]    = help: consider importing this attribute macro:
[INFO] [stdout]            zerovec_derive::make_ule
[INFO] [stdout] 
[INFO] [stdout] 
[INFO] [stdout] error: cannot find attribute `make_ule` in this scope
[INFO] [stdout]   --> examples/make.rs:29:3
[INFO] [stdout]    |
[INFO] [stdout] 29 | #[make_ule(EnumULE)]
[INFO] [stdout]    |   ^^^^^^^^
[INFO] [stdout]    |
[INFO] [stdout]    = help: consider importing this attribute macro:
[INFO] [stdout]            zerovec_derive::make_ule
[INFO] [stdout] 
[INFO] [stdout] 
[INFO] [stdout] error: cannot find attribute `make_ule` in this scope
[INFO] [stdout]   --> examples/make.rs:42:3
[INFO] [stdout]    |
[INFO] [stdout] 42 | #[make_ule(OutOfOrderEnumULE)]
[INFO] [stdout]    |   ^^^^^^^^
[INFO] [stdout]    |
[INFO] [stdout]    = help: consider importing this attribute macro:
[INFO] [stdout]            zerovec_derive::make_ule
[INFO] [stdout] 
[INFO] [stdout] 
[INFO] [stdout] error: cannot find attribute `make_ule` in this scope
[INFO] [stdout]   --> examples/make.rs:56:3
[INFO] [stdout]    |
[INFO] [stdout] 56 | #[make_ule(NoKVULE)]
[INFO] [stdout]    |   ^^^^^^^^
[INFO] [stdout]    |
[INFO] [stdout]    = help: consider importing this attribute macro:
[INFO] [stdout]            zerovec_derive::make_ule
[INFO] [stdout] 
[INFO] [stdout] 
[INFO] [stdout] error: cannot find attribute `make_ule` in this scope
[INFO] [stdout]   --> examples/make.rs:61:3
[INFO] [stdout]    |
[INFO] [stdout] 61 | #[make_ule(NoOrdULE)]
[INFO] [stdout]    |   ^^^^^^^^
[INFO] [stdout]    |
[INFO] [stdout]    = help: consider importing this attribute macro:
[INFO] [stdout]            zerovec_derive::make_ule
[INFO] [stdout] 
[INFO] [stdout] 
[INFO] [stdout] error[E0433]: failed to resolve: use of undeclared crate or module `ule`
[INFO] [stdout]   --> examples/make.rs:65:20
[INFO] [stdout]    |
[INFO] [stdout] 65 | fn test_zerovec<T: ule::AsULE + Debug + PartialEq>(slice: &[T]) {
[INFO] [stdout]    |                    ^^^ use of undeclared crate or module `ule`
[INFO] [stdout] 
[INFO] [stdout] 
[INFO] [stdout] error[E0412]: cannot find type `ZeroSlice` in this scope
[INFO] [stdout]   --> examples/derives.rs:53:17
[INFO] [stdout]    |
[INFO] [stdout] 53 |     range_list: ZeroSlice<Foo>,
[INFO] [stdout]    |                 ^^^^^^^^^ not found in this scope
[INFO] [stdout] 
[INFO] [stdout] 
[INFO] [stdout] error[E0412]: cannot find type `ZeroVec` in this scope
[INFO] [stdout]   --> examples/derives.rs:60:17
[INFO] [stdout]    |
[INFO] [stdout] 60 |     range_list: ZeroVec<'a, Foo>,
[INFO] [stdout]    |                 ^^^^^^^ not found in this scope
[INFO] [stdout] 
[INFO] [stdout] 
[INFO] [stdout] error[E0412]: cannot find type `ZeroVec` in this scope
[INFO] [stdout]    --> examples/derives.rs:114:18
[INFO] [stdout]     |
[INFO] [stdout] 114 |     let zerovec: ZeroVec<Foo> = TEST_SLICE.iter().copied().collect();
[INFO] [stdout]     |                  ^^^^^^^ not found in this scope
[INFO] [stdout] 
[INFO] [stdout] 
[INFO] [stdout] error[E0412]: cannot find type `ZeroVec` in this scope
[INFO] [stdout]    --> examples/derives.rs:119:19
[INFO] [stdout]     |
[INFO] [stdout] 119 |     let reparsed: ZeroVec<Foo> = ZeroVec::parse_byte_slice(bytes).expect("Parsing should succeed");
[INFO] [stdout]     |                   ^^^^^^^ not found in this scope
[INFO] [stdout] 
[INFO] [stdout] 
[INFO] [stdout] error[E0412]: cannot find type `VarZeroVec` in this scope
[INFO] [stdout]    --> examples/derives.rs:146:20
[INFO] [stdout]     |
[INFO] [stdout] 146 |     let recovered: VarZeroVec<RelationULE> =
[INFO] [stdout]     |                    ^^^^^^^^^^ not found in this scope
[INFO] [stdout] 
[INFO] [stdout] 
[INFO] [stdout] error[E0432]: unresolved import `zerovec`
[INFO] [stdout]  --> examples/make_var.rs:8:5
[INFO] [stdout]   |
[INFO] [stdout] 8 | use zerovec::*;
[INFO] [stdout]   |     ^^^^^^^ use of undeclared crate or module `zerovec`
[INFO] [stdout] 
[INFO] [stdout] 
[INFO] [stdout] error[E0432]: unresolved import `zerofrom`
[INFO] [stdout]  --> examples/make_var.rs:7:5
[INFO] [stdout]   |
[INFO] [stdout] 7 | use zerofrom::ZeroFrom;
[INFO] [stdout]   |     ^^^^^^^^ use of undeclared crate or module `zerofrom`
[INFO] [stdout] 
[INFO] [stdout] 
[INFO] [stdout] error[E0433]: failed to resolve: use of undeclared crate or module `zerovec`
[INFO] [stdout]   --> examples/make_var.rs:12:3
[INFO] [stdout]    |
[INFO] [stdout] 12 | #[zerovec::derive(Serialize, Deserialize, Debug)]
[INFO] [stdout]    |   ^^^^^^^ use of undeclared crate or module `zerovec`
[INFO] [stdout] 
[INFO] [stdout] 
[INFO] [stdout] error[E0433]: failed to resolve: use of undeclared crate or module `zerovec`
[INFO] [stdout]   --> examples/make_var.rs:22:3
[INFO] [stdout]    |
[INFO] [stdout] 22 | #[zerovec::derive(Serialize, Deserialize, Debug)]
[INFO] [stdout]    |   ^^^^^^^ use of undeclared crate or module `zerovec`
[INFO] [stdout] 
[INFO] [stdout] 
[INFO] [stdout] error[E0433]: failed to resolve: use of undeclared crate or module `zerovec`
[INFO] [stdout]   --> examples/make_var.rs:33:3
[INFO] [stdout]    |
[INFO] [stdout] 33 | #[zerovec::derive(Serialize, Deserialize, Debug)]
[INFO] [stdout]    |   ^^^^^^^ use of undeclared crate or module `zerovec`
[INFO] [stdout] 
[INFO] [stdout] 
[INFO] [stdout] error[E0433]: failed to resolve: use of undeclared crate or module `zerovec`
[INFO] [stdout]   --> examples/make_var.rs:38:3
[INFO] [stdout]    |
[INFO] [stdout] 38 | #[zerovec::skip_derive(ZeroMapKV)]
[INFO] [stdout]    |   ^^^^^^^ use of undeclared crate or module `zerovec`
[INFO] [stdout] 
[INFO] [stdout] 
[INFO] [stdout] error[E0433]: failed to resolve: use of undeclared crate or module `zerovec`
[INFO] [stdout]   --> examples/make_var.rs:39:3
[INFO] [stdout]    |
[INFO] [stdout] 39 | #[zerovec::derive(Serialize, Deserialize, Debug)]
[INFO] [stdout]    |   ^^^^^^^ use of undeclared crate or module `zerovec`
[INFO] [stdout] 
[INFO] [stdout] 
[INFO] [stdout] error[E0433]: failed to resolve: use of undeclared crate or module `zerovec`
[INFO] [stdout]   --> examples/make_var.rs:44:3
[INFO] [stdout]    |
[INFO] [stdout] 44 | #[zerovec::skip_derive(ZeroMapKV, Ord)]
[INFO] [stdout]    |   ^^^^^^^ use of undeclared crate or module `zerovec`
[INFO] [stdout] 
[INFO] [stdout] 
[INFO] [stdout] error[E0433]: failed to resolve: use of undeclared crate or module `zerovec`
[INFO] [stdout]   --> examples/make_var.rs:45:3
[INFO] [stdout]    |
[INFO] [stdout] 45 | #[zerovec::derive(Serialize, Deserialize, Debug)]
[INFO] [stdout]    |   ^^^^^^^ use of undeclared crate or module `zerovec`
[INFO] [stdout] 
[INFO] [stdout] 
[INFO] [stdout] error[E0433]: failed to resolve: use of undeclared crate or module `zerovec`
[INFO] [stdout]   --> examples/make_var.rs:50:3
[INFO] [stdout]    |
[INFO] [stdout] 50 | #[zerovec::derive(Serialize, Deserialize, Debug)]
[INFO] [stdout]    |   ^^^^^^^ use of undeclared crate or module `zerovec`
[INFO] [stdout] 
[INFO] [stdout] 
[INFO] [stdout] error[E0433]: failed to resolve: use of undeclared crate or module `zerovec`
[INFO] [stdout]   --> examples/make_var.rs:64:3
[INFO] [stdout]    |
[INFO] [stdout] 64 | #[zerovec::derive(Serialize, Deserialize, Debug)]
[INFO] [stdout]    |   ^^^^^^^ use of undeclared crate or module `zerovec`
[INFO] [stdout] 
[INFO] [stdout] 
[INFO] [stdout] error[E0412]: cannot find type `ZeroVec` in this scope
[INFO] [stdout]   --> examples/make.rs:66:18
[INFO] [stdout]    |
[INFO] [stdout] 66 |     let zerovec: ZeroVec<T> = slice.iter().copied().collect();
[INFO] [stdout]    |                  ^^^^^^^ not found in this scope
[INFO] [stdout] 
[INFO] [stdout] 
[INFO] [stdout] error[E0412]: cannot find type `ZeroVec` in this scope
[INFO] [stdout]   --> examples/make.rs:72:19
[INFO] [stdout]    |
[INFO] [stdout] 72 |     let reparsed: ZeroVec<T> = ZeroVec::parse_byte_slice(bytes)
[INFO] [stdout]    |                   ^^^^^^^ not found in this scope
[INFO] [stdout] 
[INFO] [stdout] 
[INFO] [stdout] error: cannot find attribute `make_varule` in this scope
[INFO] [stdout]   --> examples/make_var.rs:10:3
[INFO] [stdout]    |
[INFO] [stdout] 10 | #[make_varule(VarStructULE)]
[INFO] [stdout]    |   ^^^^^^^^^^^
[INFO] [stdout]    |
[INFO] [stdout]    = help: consider importing this attribute macro:
[INFO] [stdout]            zerovec_derive::make_varule
[INFO] [stdout] 
[INFO] [stdout] 
[INFO] [stdout] error: cannot find attribute `make_varule` in this scope
[INFO] [stdout]   --> examples/make_var.rs:20:3
[INFO] [stdout]    |
[INFO] [stdout] 20 | #[make_varule(VarStructOutOfOrderULE)]
[INFO] [stdout]    |   ^^^^^^^^^^^
[INFO] [stdout]    |
[INFO] [stdout]    = help: consider importing this attribute macro:
[INFO] [stdout]            zerovec_derive::make_varule
[INFO] [stdout] 
[INFO] [stdout] 
[INFO] [stdout] error: cannot find attribute `make_varule` in this scope
[INFO] [stdout]   --> examples/make_var.rs:31:3
[INFO] [stdout]    |
[INFO] [stdout] 31 | #[make_varule(VarTupleStructULE)]
[INFO] [stdout]    |   ^^^^^^^^^^^
[INFO] [stdout]    |
[INFO] [stdout]    = help: consider importing this attribute macro:
[INFO] [stdout]            zerovec_derive::make_varule
[INFO] [stdout] 
[INFO] [stdout] 
[INFO] [stdout] error: cannot find attribute `make_varule` in this scope
[INFO] [stdout]   --> examples/make_var.rs:36:3
[INFO] [stdout]    |
[INFO] [stdout] 36 | #[make_varule(NoKVULE)]
[INFO] [stdout]    |   ^^^^^^^^^^^
[INFO] [stdout]    |
[INFO] [stdout]    = help: consider importing this attribute macro:
[INFO] [stdout]            zerovec_derive::make_varule
[INFO] [stdout] 
[INFO] [stdout] 
[INFO] [stdout] error: cannot find attribute `make_varule` in this scope
[INFO] [stdout]   --> examples/make_var.rs:42:3
[INFO] [stdout]    |
[INFO] [stdout] 42 | #[make_varule(NoOrdULE)]
[INFO] [stdout]    |   ^^^^^^^^^^^
[INFO] [stdout]    |
[INFO] [stdout]    = help: consider importing this attribute macro:
[INFO] [stdout]            zerovec_derive::make_varule
[INFO] [stdout] 
[INFO] [stdout] 
[INFO] [stdout] error: cannot find attribute `make_varule` in this scope
[INFO] [stdout]   --> examples/make_var.rs:48:3
[INFO] [stdout]    |
[INFO] [stdout] 48 | #[make_varule(MultiFieldStructULE)]
[INFO] [stdout]    |   ^^^^^^^^^^^
[INFO] [stdout]    |
[INFO] [stdout]    = help: consider importing this attribute macro:
[INFO] [stdout]            zerovec_derive::make_varule
[INFO] [stdout] 
[INFO] [stdout] 
[INFO] [stdout] error: cannot find attribute `make_varule` in this scope
[INFO] [stdout]   --> examples/make_var.rs:62:3
[INFO] [stdout]    |
[INFO] [stdout] 62 | #[make_varule(MultiFieldTupleULE)]
[INFO] [stdout]    |   ^^^^^^^^^^^
[INFO] [stdout]    |
[INFO] [stdout]    = help: consider importing this attribute macro:
[INFO] [stdout]            zerovec_derive::make_varule
[INFO] [stdout] 
[INFO] [stdout] 
[INFO] [stdout] error[E0433]: failed to resolve: use of undeclared type `ZeroVec`
[INFO] [stdout]    --> examples/derives.rs:119:34
[INFO] [stdout]     |
[INFO] [stdout] 119 |     let reparsed: ZeroVec<Foo> = ZeroVec::parse_byte_slice(bytes).expect("Parsing should succeed");
[INFO] [stdout]     |                                  ^^^^^^^ use of undeclared type `ZeroVec`
[INFO] [stdout] 
[INFO] [stdout] 
[INFO] [stdout] error[E0433]: failed to resolve: use of undeclared type `ZeroVec`
[INFO] [stdout]   --> examples/make.rs:72:32
[INFO] [stdout]    |
[INFO] [stdout] 72 |     let reparsed: ZeroVec<T> = ZeroVec::parse_byte_slice(bytes)
[INFO] [stdout]    |                                ^^^^^^^ use of undeclared type `ZeroVec`
[INFO] [stdout] 
[INFO] [stdout] 
[INFO] [stdout] error[E0433]: failed to resolve: use of undeclared type `VarZeroVec`
[INFO] [stdout]    --> examples/derives.rs:138:15
[INFO] [stdout]     |
[INFO] [stdout] 138 |     let vzv = VarZeroVec::<_>::from(relations);
[INFO] [stdout]     |               ^^^^^^^^^^ use of undeclared type `VarZeroVec`
[INFO] [stdout] 
[INFO] [stdout] 
[INFO] [stdout] error[E0433]: failed to resolve: use of undeclared type `VarZeroVec`
[INFO] [stdout]    --> examples/derives.rs:147:9
[INFO] [stdout]     |
[INFO] [stdout] 147 |         VarZeroVec::parse_byte_slice(bytes).expect("Parsing should succeed");
[INFO] [stdout]     |         ^^^^^^^^^^ use of undeclared type `VarZeroVec`
[INFO] [stdout] 
[INFO] [stdout] 
[INFO] [stdout] error: aborting due to 14 previous errors
[INFO] [stdout] 
[INFO] [stdout] 
[INFO] [stdout] Some errors have detailed explanations: E0412, E0432, E0433.
[INFO] [stdout] 
[INFO] [stderr] error: could not compile `zerovec-derive` (example "derives") due to 15 previous errors
[INFO] [stdout] For more information about an error, try `rustc --explain E0412`.
[INFO] [stdout] 
[INFO] [stderr] warning: build failed, waiting for other jobs to finish...
[INFO] [stdout] error: aborting due to 16 previous errors
[INFO] [stdout] 
[INFO] [stdout] 
[INFO] [stderr] error: could not compile `zerovec-derive` (example "make") due to 17 previous errors
[INFO] [stdout] Some errors have detailed explanations: E0412, E0432, E0433.
[INFO] [stdout] 
[INFO] [stdout] For more information about an error, try `rustc --explain E0412`.
[INFO] [stdout] 
[INFO] [stdout] error[E0433]: failed to resolve: use of undeclared crate or module `ule`
[INFO] [stdout]   --> examples/make_var.rs:80:8
[INFO] [stdout]    |
[INFO] [stdout] 80 |     T: ule::VarULE + ?Sized + serde::Serialize,
[INFO] [stdout]    |        ^^^ use of undeclared crate or module `ule`
[INFO] [stdout] 
[INFO] [stdout] 
[INFO] [stdout] error[E0433]: failed to resolve: use of undeclared crate or module `ule`
[INFO] [stdout]   --> examples/make_var.rs:81:8
[INFO] [stdout]    |
[INFO] [stdout] 81 |     U: ule::EncodeAsVarULE<T> + serde::Serialize,
[INFO] [stdout]    |        ^^^ use of undeclared crate or module `ule`
[INFO] [stdout] 
[INFO] [stdout] 
[INFO] [stdout] error[E0412]: cannot find type `VarZeroVec` in this scope
[INFO] [stdout]   --> examples/make_var.rs:34:55
[INFO] [stdout]    |
[INFO] [stdout] 34 | struct VarTupleStruct<'a>(u32, char, #[serde(borrow)] VarZeroVec<'a, str>);
[INFO] [stdout]    |                                                       ^^^^^^^^^^ not found in this scope
[INFO] [stdout] 
[INFO] [stdout] 
[INFO] [stdout] error[E0412]: cannot find type `VarZeroVec` in this scope
[INFO] [stdout]   --> examples/make_var.rs:40:45
[INFO] [stdout]    |
[INFO] [stdout] 40 | struct NoKV<'a>(u32, char, #[serde(borrow)] VarZeroVec<'a, str>);
[INFO] [stdout]    |                                             ^^^^^^^^^^ not found in this scope
[INFO] [stdout] 
[INFO] [stdout] 
[INFO] [stdout] error[E0412]: cannot find type `VarZeroVec` in this scope
[INFO] [stdout]   --> examples/make_var.rs:46:46
[INFO] [stdout]    |
[INFO] [stdout] 46 | struct NoOrd<'a>(u32, char, #[serde(borrow)] VarZeroVec<'a, str>);
[INFO] [stdout]    |                                              ^^^^^^^^^^ not found in this scope
[INFO] [stdout] 
[INFO] [stdout] 
[INFO] [stdout] error[E0412]: cannot find type `VarZeroVec` in this scope
[INFO] [stdout]   --> examples/make_var.rs:68:22
[INFO] [stdout]    |
[INFO] [stdout] 68 |     #[serde(borrow)] VarZeroVec<'a, str>,
[INFO] [stdout]    |                      ^^^^^^^^^^ not found in this scope
[INFO] [stdout] 
[INFO] [stdout] 
[INFO] [stdout] error[E0412]: cannot find type `VarZeroVec` in this scope
[INFO] [stdout]   --> examples/make_var.rs:69:22
[INFO] [stdout]    |
[INFO] [stdout] 69 |     #[serde(borrow)] VarZeroVec<'a, [u8]>,
[INFO] [stdout]    |                      ^^^^^^^^^^ not found in this scope
[INFO] [stdout] 
[INFO] [stdout] 
[INFO] [stdout] error[E0412]: cannot find type `VarZeroVec` in this scope
[INFO] [stdout]   --> examples/make_var.rs:85:21
[INFO] [stdout]    |
[INFO] [stdout] 85 |     let varzerovec: VarZeroVec<T> = slice.into();
[INFO] [stdout]    |                     ^^^^^^^^^^ not found in this scope
[INFO] [stdout] 
[INFO] [stdout] 
[INFO] [stdout] error[E0412]: cannot find type `VarZeroVec` in this scope
[INFO] [stdout]   --> examples/make_var.rs:95:19
[INFO] [stdout]    |
[INFO] [stdout] 95 |     let reparsed: VarZeroVec<T> = VarZeroVec::parse_byte_slice(bytes)
[INFO] [stdout]    |                   ^^^^^^^^^^ not found in this scope
[INFO] [stdout] 
[INFO] [stdout] 
[INFO] [stdout] error[E0412]: cannot find type `VarZeroVec` in this scope
[INFO] [stdout]    --> examples/make_var.rs:105:23
[INFO] [stdout]     |
[INFO] [stdout] 105 |     let deserialized: VarZeroVec<T> = bincode::deserialize(&bincode).unwrap();
[INFO] [stdout]     |                       ^^^^^^^^^^ not found in this scope
[INFO] [stdout] 
[INFO] [stdout] 
[INFO] [stdout] error[E0412]: cannot find type `VarZeroVec` in this scope
[INFO] [stdout]    --> examples/make_var.rs:116:23
[INFO] [stdout]     |
[INFO] [stdout] 116 |     let deserialized: VarZeroVec<T> = serde_json::from_str(&json_vzv).unwrap();
[INFO] [stdout]     |                       ^^^^^^^^^^ not found in this scope
[INFO] [stdout] 
[INFO] [stdout] 
[INFO] [stdout] error[E0412]: cannot find type `VarStructULE` in this scope
[INFO] [stdout]    --> examples/make_var.rs:124:22
[INFO] [stdout]     |
[INFO] [stdout] 13  | struct VarStruct<'a> {
[INFO] [stdout]     | -------------------- similarly named struct `VarStruct` defined here
[INFO] [stdout] ...
[INFO] [stdout] 124 |     assert_zerovec::<VarStructULE, VarStruct, _>(TEST_VARSTRUCTS, |stack, zero| {
[INFO] [stdout]     |                      ^^^^^^^^^^^^ help: a struct with a similar name exists: `VarStruct`
[INFO] [stdout] 
[INFO] [stdout] 
[INFO] [stdout] error[E0412]: cannot find type `MultiFieldStructULE` in this scope
[INFO] [stdout]    --> examples/make_var.rs:128:22
[INFO] [stdout]     |
[INFO] [stdout] 51  | struct MultiFieldStruct<'a> {
[INFO] [stdout]     | --------------------------- similarly named struct `MultiFieldStruct` defined here
[INFO] [stdout] ...
[INFO] [stdout] 128 |     assert_zerovec::<MultiFieldStructULE, MultiFieldStruct, _>(TEST_MULTIFIELD, |stack, zero| {
[INFO] [stdout]     |                      ^^^^^^^^^^^^^^^^^^^ help: a struct with a similar name exists: `MultiFieldStruct`
[INFO] [stdout] 
[INFO] [stdout] 
[INFO] [stdout] error[E0412]: cannot find type `VarTupleStructULE` in this scope
[INFO] [stdout]    --> examples/make_var.rs:137:22
[INFO] [stdout]     |
[INFO] [stdout] 34  | struct VarTupleStruct<'a>(u32, char, #[serde(borrow)] VarZeroVec<'a, str>);
[INFO] [stdout]     | --------------------------------------------------------------------------- similarly named struct `VarTupleStruct` defined here
[INFO] [stdout] ...
[INFO] [stdout] 137 |     assert_zerovec::<VarTupleStructULE, VarTupleStruct, _>(vartuples, |stack, zero| {
[INFO] [stdout]     |                      ^^^^^^^^^^^^^^^^^ help: a struct with a similar name exists: `VarTupleStruct`
[INFO] [stdout] 
[INFO] [stdout] 
[INFO] [stdout] error[E0433]: failed to resolve: use of undeclared type `VarZeroVec`
[INFO] [stdout]   --> examples/make_var.rs:95:35
[INFO] [stdout]    |
[INFO] [stdout] 95 |     let reparsed: VarZeroVec<T> = VarZeroVec::parse_byte_slice(bytes)
[INFO] [stdout]    |                                   ^^^^^^^^^^ use of undeclared type `VarZeroVec`
[INFO] [stdout] 
[INFO] [stdout] 
[INFO] [stdout] error: aborting due to 33 previous errors
[INFO] [stdout] 
[INFO] [stdout] 
[INFO] [stdout] Some errors have detailed explanations: E0412, E0432, E0433.
[INFO] [stdout] 
[INFO] [stdout] For more information about an error, try `rustc --explain E0412`.
[INFO] [stdout] 
[INFO] [stderr] error: could not compile `zerovec-derive` (example "make_var") due to 34 previous errors
[INFO] running `Command { std: "docker" "inspect" "f1221329e51575f6244c0ba3bbda91ec7e27fb724e89f885484ae2564563d868", kill_on_drop: false }`
[INFO] running `Command { std: "docker" "rm" "-f" "f1221329e51575f6244c0ba3bbda91ec7e27fb724e89f885484ae2564563d868", kill_on_drop: false }`
[INFO] [stdout] f1221329e51575f6244c0ba3bbda91ec7e27fb724e89f885484ae2564563d868
