[INFO] fetching crate zerofrom-derive 0.1.2...
[INFO] testing zerofrom-derive-0.1.2 against beta-2023-04-20 for beta-1.70-1
[INFO] extracting crate zerofrom-derive 0.1.2 into /workspace/builds/worker-0-tc2/source
[INFO] validating manifest of crates.io crate zerofrom-derive 0.1.2 on toolchain beta-2023-04-20
[INFO] running `Command { std: CARGO_HOME="/workspace/cargo-home" RUSTUP_HOME="/workspace/rustup-home" "/workspace/cargo-home/bin/cargo" "+beta-2023-04-20" "metadata" "--manifest-path" "Cargo.toml" "--no-deps", kill_on_drop: false }`
[INFO] started tweaking crates.io crate zerofrom-derive 0.1.2
[INFO] finished tweaking crates.io crate zerofrom-derive 0.1.2
[INFO] tweaked toml for crates.io crate zerofrom-derive 0.1.2 written to /workspace/builds/worker-0-tc2/source/Cargo.toml
[INFO] crate crates.io crate zerofrom-derive 0.1.2 already has a lockfile, it will not be regenerated
[INFO] running `Command { std: CARGO_HOME="/workspace/cargo-home" RUSTUP_HOME="/workspace/rustup-home" "/workspace/cargo-home/bin/cargo" "+beta-2023-04-20" "fetch" "--manifest-path" "Cargo.toml", kill_on_drop: false }`
[INFO] running `Command { std: "docker" "create" "-v" "/var/lib/crater-agent-workspace/builds/worker-0-tc2/target:/opt/rustwide/target:rw,Z" "-v" "/var/lib/crater-agent-workspace/builds/worker-0-tc2/source:/opt/rustwide/workdir:ro,Z" "-v" "/var/lib/crater-agent-workspace/cargo-home:/opt/rustwide/cargo-home:ro,Z" "-v" "/var/lib/crater-agent-workspace/rustup-home:/opt/rustwide/rustup-home:ro,Z" "-e" "SOURCE_DIR=/opt/rustwide/workdir" "-e" "CARGO_TARGET_DIR=/opt/rustwide/target" "-e" "CARGO_HOME=/opt/rustwide/cargo-home" "-e" "RUSTUP_HOME=/opt/rustwide/rustup-home" "-w" "/opt/rustwide/workdir" "-m" "1610612736" "--user" "0:0" "--network" "none" "ghcr.io/rust-lang/crates-build-env/linux@sha256:5ff2268d62e97bff2cde7d5815dd6ed5b47097566f13b8d0ca110b04b60e07ed" "/opt/rustwide/cargo-home/bin/cargo" "+beta-2023-04-20" "metadata" "--no-deps" "--format-version=1", kill_on_drop: false }`
[INFO] [stdout] 9694405dad93b4025f3e7c9cd788d67ba3efac4b3c178161589535e989fc08a6
[INFO] running `Command { std: "docker" "start" "-a" "9694405dad93b4025f3e7c9cd788d67ba3efac4b3c178161589535e989fc08a6", kill_on_drop: false }`
[INFO] running `Command { std: "docker" "inspect" "9694405dad93b4025f3e7c9cd788d67ba3efac4b3c178161589535e989fc08a6", kill_on_drop: false }`
[INFO] running `Command { std: "docker" "rm" "-f" "9694405dad93b4025f3e7c9cd788d67ba3efac4b3c178161589535e989fc08a6", kill_on_drop: false }`
[INFO] [stdout] 9694405dad93b4025f3e7c9cd788d67ba3efac4b3c178161589535e989fc08a6
[INFO] running `Command { std: "docker" "create" "-v" "/var/lib/crater-agent-workspace/builds/worker-0-tc2/target:/opt/rustwide/target:rw,Z" "-v" "/var/lib/crater-agent-workspace/builds/worker-0-tc2/source:/opt/rustwide/workdir:ro,Z" "-v" "/var/lib/crater-agent-workspace/cargo-home:/opt/rustwide/cargo-home:ro,Z" "-v" "/var/lib/crater-agent-workspace/rustup-home:/opt/rustwide/rustup-home:ro,Z" "-e" "SOURCE_DIR=/opt/rustwide/workdir" "-e" "CARGO_TARGET_DIR=/opt/rustwide/target" "-e" "CARGO_INCREMENTAL=0" "-e" "RUST_BACKTRACE=full" "-e" "RUSTFLAGS=--cap-lints=warn" "-e" "RUSTDOCFLAGS=--cap-lints=warn" "-e" "CARGO_HOME=/opt/rustwide/cargo-home" "-e" "RUSTUP_HOME=/opt/rustwide/rustup-home" "-w" "/opt/rustwide/workdir" "-m" "1610612736" "--user" "0:0" "--network" "none" "ghcr.io/rust-lang/crates-build-env/linux@sha256:5ff2268d62e97bff2cde7d5815dd6ed5b47097566f13b8d0ca110b04b60e07ed" "/opt/rustwide/cargo-home/bin/cargo" "+beta-2023-04-20" "build" "--frozen" "--message-format=json", kill_on_drop: false }`
[INFO] [stdout] 07475096861ab7add2a0f9abee158a34bd0a96e26901c5812f6ee34f932f761a
[INFO] running `Command { std: "docker" "start" "-a" "07475096861ab7add2a0f9abee158a34bd0a96e26901c5812f6ee34f932f761a", kill_on_drop: false }`
[INFO] [stderr]    Compiling proc-macro2 v1.0.51
[INFO] [stderr]    Compiling unicode-ident v1.0.6
[INFO] [stderr]    Compiling quote v1.0.23
[INFO] [stderr]    Compiling syn v1.0.107
[INFO] [stderr]    Compiling unicode-xid v0.2.4
[INFO] [stderr]    Compiling synstructure v0.12.6
[INFO] [stderr]    Compiling zerofrom-derive v0.1.2 (/opt/rustwide/workdir)
[INFO] [stderr]     Finished dev [unoptimized + debuginfo] target(s) in 4.83s
[INFO] running `Command { std: "docker" "inspect" "07475096861ab7add2a0f9abee158a34bd0a96e26901c5812f6ee34f932f761a", kill_on_drop: false }`
[INFO] running `Command { std: "docker" "rm" "-f" "07475096861ab7add2a0f9abee158a34bd0a96e26901c5812f6ee34f932f761a", kill_on_drop: false }`
[INFO] [stdout] 07475096861ab7add2a0f9abee158a34bd0a96e26901c5812f6ee34f932f761a
[INFO] running `Command { std: "docker" "create" "-v" "/var/lib/crater-agent-workspace/builds/worker-0-tc2/target:/opt/rustwide/target:rw,Z" "-v" "/var/lib/crater-agent-workspace/builds/worker-0-tc2/source:/opt/rustwide/workdir:ro,Z" "-v" "/var/lib/crater-agent-workspace/cargo-home:/opt/rustwide/cargo-home:ro,Z" "-v" "/var/lib/crater-agent-workspace/rustup-home:/opt/rustwide/rustup-home:ro,Z" "-e" "SOURCE_DIR=/opt/rustwide/workdir" "-e" "CARGO_TARGET_DIR=/opt/rustwide/target" "-e" "CARGO_INCREMENTAL=0" "-e" "RUST_BACKTRACE=full" "-e" "RUSTFLAGS=--cap-lints=warn" "-e" "RUSTDOCFLAGS=--cap-lints=warn" "-e" "CARGO_HOME=/opt/rustwide/cargo-home" "-e" "RUSTUP_HOME=/opt/rustwide/rustup-home" "-w" "/opt/rustwide/workdir" "-m" "1610612736" "--user" "0:0" "--network" "none" "ghcr.io/rust-lang/crates-build-env/linux@sha256:5ff2268d62e97bff2cde7d5815dd6ed5b47097566f13b8d0ca110b04b60e07ed" "/opt/rustwide/cargo-home/bin/cargo" "+beta-2023-04-20" "test" "--frozen" "--no-run" "--message-format=json", kill_on_drop: false }`
[INFO] [stdout] 6c89d4b9d5867c88d3abd711b9a37f436f268a00b952e9eb7eb15f8eeb191407
[INFO] running `Command { std: "docker" "start" "-a" "6c89d4b9d5867c88d3abd711b9a37f436f268a00b952e9eb7eb15f8eeb191407", kill_on_drop: false }`
[INFO] [stderr]    Compiling proc-macro2 v1.0.51
[INFO] [stderr]    Compiling unicode-ident v1.0.6
[INFO] [stderr]    Compiling unicode-xid v0.2.4
[INFO] [stderr]    Compiling quote v1.0.23
[INFO] [stderr]    Compiling syn v1.0.107
[INFO] [stderr]    Compiling synstructure v0.12.6
[INFO] [stderr]    Compiling zerofrom-derive v0.1.2 (/opt/rustwide/workdir)
[INFO] [stdout] error[E0433]: failed to resolve: use of undeclared crate or module `zerovec`
[INFO] [stdout]  --> examples/zf_derive.rs:9:5
[INFO] [stdout]   |
[INFO] [stdout] 9 | use zerovec::{maps::ZeroMapKV, ule::AsULE, VarZeroVec, ZeroMap, ZeroVec};
[INFO] [stdout]   |     ^^^^^^^ use of undeclared crate or module `zerovec`
[INFO] [stdout] 
[INFO] [stdout] 
[INFO] [stdout] error[E0432]: unresolved import `zerofrom`
[INFO] [stdout]  --> examples/zf_derive.rs:8:5
[INFO] [stdout]   |
[INFO] [stdout] 8 | use zerofrom::ZeroFrom;
[INFO] [stdout]   |     ^^^^^^^^ use of undeclared crate or module `zerofrom`
[INFO] [stdout] 
[INFO] [stdout] 
[INFO] [stdout] error[E0432]: unresolved import `zerovec`
[INFO] [stdout]  --> examples/zf_derive.rs:9:5
[INFO] [stdout]   |
[INFO] [stdout] 9 | use zerovec::{maps::ZeroMapKV, ule::AsULE, VarZeroVec, ZeroMap, ZeroVec};
[INFO] [stdout]   |     ^^^^^^^ use of undeclared crate or module `zerovec`
[INFO] [stdout] 
[INFO] [stdout] 
[INFO] [stdout] error: cannot determine resolution for the derive macro `ZeroFrom`
[INFO] [stdout]   --> examples/zf_derive.rs:84:10
[INFO] [stdout]    |
[INFO] [stdout] 84 | #[derive(ZeroFrom)]
[INFO] [stdout]    |          ^^^^^^^^
[INFO] [stdout]    |
[INFO] [stdout]    = note: import resolution is stuck, try simplifying macro imports
[INFO] [stdout] 
[INFO] [stdout] 
[INFO] [stdout] error: cannot find attribute `zerofrom` in this scope
[INFO] [stdout]   --> examples/zf_derive.rs:86:11
[INFO] [stdout]    |
[INFO] [stdout] 86 |     Cow(#[zerofrom(clone)] Cow<'data, str>),
[INFO] [stdout]    |           ^^^^^^^^
[INFO] [stdout] 
[INFO] [stdout] 
[INFO] [stdout] error: cannot determine resolution for the derive macro `ZeroFrom`
[INFO] [stdout]   --> examples/zf_derive.rs:78:17
[INFO] [stdout]    |
[INFO] [stdout] 78 | #[derive(Clone, ZeroFrom)]
[INFO] [stdout]    |                 ^^^^^^^^
[INFO] [stdout]    |
[INFO] [stdout]    = note: import resolution is stuck, try simplifying macro imports
[INFO] [stdout] 
[INFO] [stdout] 
[INFO] [stdout] error: cannot find attribute `zerofrom` in this scope
[INFO] [stdout]   --> examples/zf_derive.rs:80:7
[INFO] [stdout]    |
[INFO] [stdout] 80 |     #[zerofrom(clone)] // Cow is ZeroFrom, but we force a clone
[INFO] [stdout]    |       ^^^^^^^^
[INFO] [stdout] 
[INFO] [stdout] 
[INFO] [stdout] error: cannot determine resolution for the derive macro `ZeroFrom`
[INFO] [stdout]   --> examples/zf_derive.rs:72:17
[INFO] [stdout]    |
[INFO] [stdout] 72 | #[derive(Clone, ZeroFrom)]
[INFO] [stdout]    |                 ^^^^^^^^
[INFO] [stdout]    |
[INFO] [stdout]    = note: import resolution is stuck, try simplifying macro imports
[INFO] [stdout] 
[INFO] [stdout] 
[INFO] [stdout] error: cannot find attribute `zerofrom` in this scope
[INFO] [stdout]   --> examples/zf_derive.rs:74:7
[INFO] [stdout]    |
[INFO] [stdout] 74 |     #[zerofrom(clone)] // Vec is not ZeroFrom, so it needs to be cloned
[INFO] [stdout]    |       ^^^^^^^^
[INFO] [stdout] 
[INFO] [stdout] 
[INFO] [stdout] error: cannot determine resolution for the derive macro `ZeroFrom`
[INFO] [stdout]   --> examples/zf_derive.rs:63:10
[INFO] [stdout]    |
[INFO] [stdout] 63 | #[derive(ZeroFrom)]
[INFO] [stdout]    |          ^^^^^^^^
[INFO] [stdout]    |
[INFO] [stdout]    = note: import resolution is stuck, try simplifying macro imports
[INFO] [stdout] 
[INFO] [stdout] 
[INFO] [stdout] error: cannot determine resolution for the derive macro `ZeroFrom`
[INFO] [stdout]   --> examples/zf_derive.rs:49:10
[INFO] [stdout]    |
[INFO] [stdout] 49 | #[derive(ZeroFrom)]
[INFO] [stdout]    |          ^^^^^^^^
[INFO] [stdout]    |
[INFO] [stdout]    = note: import resolution is stuck, try simplifying macro imports
[INFO] [stdout] 
[INFO] [stdout] 
[INFO] [stdout] error: cannot determine resolution for the derive macro `ZeroFrom`
[INFO] [stdout]   --> examples/zf_derive.rs:42:10
[INFO] [stdout]    |
[INFO] [stdout] 42 | #[derive(ZeroFrom)]
[INFO] [stdout]    |          ^^^^^^^^
[INFO] [stdout]    |
[INFO] [stdout]    = note: import resolution is stuck, try simplifying macro imports
[INFO] [stdout] 
[INFO] [stdout] 
[INFO] [stdout] error: cannot determine resolution for the derive macro `ZeroFrom`
[INFO] [stdout]   --> examples/zf_derive.rs:36:10
[INFO] [stdout]    |
[INFO] [stdout] 36 | #[derive(ZeroFrom)]
[INFO] [stdout]    |          ^^^^^^^^
[INFO] [stdout]    |
[INFO] [stdout]    = note: import resolution is stuck, try simplifying macro imports
[INFO] [stdout] 
[INFO] [stdout] 
[INFO] [stdout] error: cannot determine resolution for the derive macro `ZeroFrom`
[INFO] [stdout]   --> examples/zf_derive.rs:28:10
[INFO] [stdout]    |
[INFO] [stdout] 28 | #[derive(ZeroFrom)]
[INFO] [stdout]    |          ^^^^^^^^
[INFO] [stdout]    |
[INFO] [stdout]    = note: import resolution is stuck, try simplifying macro imports
[INFO] [stdout] 
[INFO] [stdout] 
[INFO] [stdout] error: cannot determine resolution for the derive macro `ZeroFrom`
[INFO] [stdout]   --> examples/zf_derive.rs:22:10
[INFO] [stdout]    |
[INFO] [stdout] 22 | #[derive(ZeroFrom, Copy, Clone)]
[INFO] [stdout]    |          ^^^^^^^^
[INFO] [stdout]    |
[INFO] [stdout]    = note: import resolution is stuck, try simplifying macro imports
[INFO] [stdout] 
[INFO] [stdout] 
[INFO] [stdout] error: cannot determine resolution for the derive macro `ZeroFrom`
[INFO] [stdout]   --> examples/zf_derive.rs:16:10
[INFO] [stdout]    |
[INFO] [stdout] 16 | #[derive(ZeroFrom, Copy, Clone)]
[INFO] [stdout]    |          ^^^^^^^^
[INFO] [stdout]    |
[INFO] [stdout]    = note: import resolution is stuck, try simplifying macro imports
[INFO] [stdout] 
[INFO] [stdout] 
[INFO] [stdout] error: cannot determine resolution for the derive macro `ZeroFrom`
[INFO] [stdout]   --> examples/zf_derive.rs:11:10
[INFO] [stdout]    |
[INFO] [stdout] 11 | #[derive(ZeroFrom, Copy, Clone)]
[INFO] [stdout]    |          ^^^^^^^^
[INFO] [stdout]    |
[INFO] [stdout]    = note: import resolution is stuck, try simplifying macro imports
[INFO] [stdout] 
[INFO] [stdout] 
[INFO] [stdout] error: aborting due to 17 previous errors
[INFO] [stdout] 
[INFO] [stdout] 
[INFO] [stdout] Some errors have detailed explanations: E0432, E0433.
[INFO] [stdout] 
[INFO] [stdout] For more information about an error, try `rustc --explain E0432`.
[INFO] [stdout] 
[INFO] [stderr] error: could not compile `zerofrom-derive` (example "zf_derive") due to 18 previous errors
[INFO] running `Command { std: "docker" "inspect" "6c89d4b9d5867c88d3abd711b9a37f436f268a00b952e9eb7eb15f8eeb191407", kill_on_drop: false }`
[INFO] running `Command { std: "docker" "rm" "-f" "6c89d4b9d5867c88d3abd711b9a37f436f268a00b952e9eb7eb15f8eeb191407", kill_on_drop: false }`
[INFO] [stdout] 6c89d4b9d5867c88d3abd711b9a37f436f268a00b952e9eb7eb15f8eeb191407
