[INFO] fetching crate zbus_systemd 0.0.8...
[INFO] testing zbus_systemd-0.0.8 against beta-2023-04-20 for beta-1.70-1
[INFO] extracting crate zbus_systemd 0.0.8 into /workspace/builds/worker-7-tc2/source
[INFO] validating manifest of crates.io crate zbus_systemd 0.0.8 on toolchain beta-2023-04-20
[INFO] running `Command { std: CARGO_HOME="/workspace/cargo-home" RUSTUP_HOME="/workspace/rustup-home" "/workspace/cargo-home/bin/cargo" "+beta-2023-04-20" "metadata" "--manifest-path" "Cargo.toml" "--no-deps", kill_on_drop: false }`
[INFO] started tweaking crates.io crate zbus_systemd 0.0.8
[INFO] finished tweaking crates.io crate zbus_systemd 0.0.8
[INFO] tweaked toml for crates.io crate zbus_systemd 0.0.8 written to /workspace/builds/worker-7-tc2/source/Cargo.toml
[INFO] crate crates.io crate zbus_systemd 0.0.8 already has a lockfile, it will not be regenerated
[INFO] running `Command { std: CARGO_HOME="/workspace/cargo-home" RUSTUP_HOME="/workspace/rustup-home" "/workspace/cargo-home/bin/cargo" "+beta-2023-04-20" "fetch" "--manifest-path" "Cargo.toml", kill_on_drop: false }`
[INFO] [stderr]  Downloading crates ...
[INFO] [stderr]   Downloaded ordered-stream v0.1.1
[INFO] [stderr]   Downloaded zbus_names v2.3.0
[INFO] [stderr]   Downloaded zbus v3.5.0
[INFO] [stderr]   Downloaded zbus_macros v3.5.0
[INFO] [stderr]   Downloaded zvariant_derive v3.8.0
[INFO] [stderr]   Downloaded zvariant v3.8.0
[INFO] running `Command { std: "docker" "create" "-v" "/var/lib/crater-agent-workspace/builds/worker-7-tc2/target:/opt/rustwide/target:rw,Z" "-v" "/var/lib/crater-agent-workspace/builds/worker-7-tc2/source:/opt/rustwide/workdir:ro,Z" "-v" "/var/lib/crater-agent-workspace/cargo-home:/opt/rustwide/cargo-home:ro,Z" "-v" "/var/lib/crater-agent-workspace/rustup-home:/opt/rustwide/rustup-home:ro,Z" "-e" "SOURCE_DIR=/opt/rustwide/workdir" "-e" "CARGO_TARGET_DIR=/opt/rustwide/target" "-e" "CARGO_HOME=/opt/rustwide/cargo-home" "-e" "RUSTUP_HOME=/opt/rustwide/rustup-home" "-w" "/opt/rustwide/workdir" "-m" "1610612736" "--user" "0:0" "--network" "none" "ghcr.io/rust-lang/crates-build-env/linux@sha256:5ff2268d62e97bff2cde7d5815dd6ed5b47097566f13b8d0ca110b04b60e07ed" "/opt/rustwide/cargo-home/bin/cargo" "+beta-2023-04-20" "metadata" "--no-deps" "--format-version=1", kill_on_drop: false }`
[INFO] [stdout] 9298abb14bf9e73638e2ab2be03a3fc21c4a90a056bcbc1cff1398ddb4e8bd9d
[INFO] running `Command { std: "docker" "start" "-a" "9298abb14bf9e73638e2ab2be03a3fc21c4a90a056bcbc1cff1398ddb4e8bd9d", kill_on_drop: false }`
[INFO] running `Command { std: "docker" "inspect" "9298abb14bf9e73638e2ab2be03a3fc21c4a90a056bcbc1cff1398ddb4e8bd9d", kill_on_drop: false }`
[INFO] running `Command { std: "docker" "rm" "-f" "9298abb14bf9e73638e2ab2be03a3fc21c4a90a056bcbc1cff1398ddb4e8bd9d", kill_on_drop: false }`
[INFO] [stdout] 9298abb14bf9e73638e2ab2be03a3fc21c4a90a056bcbc1cff1398ddb4e8bd9d
[INFO] running `Command { std: "docker" "create" "-v" "/var/lib/crater-agent-workspace/builds/worker-7-tc2/target:/opt/rustwide/target:rw,Z" "-v" "/var/lib/crater-agent-workspace/builds/worker-7-tc2/source:/opt/rustwide/workdir:ro,Z" "-v" "/var/lib/crater-agent-workspace/cargo-home:/opt/rustwide/cargo-home:ro,Z" "-v" "/var/lib/crater-agent-workspace/rustup-home:/opt/rustwide/rustup-home:ro,Z" "-e" "SOURCE_DIR=/opt/rustwide/workdir" "-e" "CARGO_TARGET_DIR=/opt/rustwide/target" "-e" "CARGO_INCREMENTAL=0" "-e" "RUST_BACKTRACE=full" "-e" "RUSTFLAGS=--cap-lints=warn" "-e" "RUSTDOCFLAGS=--cap-lints=warn" "-e" "CARGO_HOME=/opt/rustwide/cargo-home" "-e" "RUSTUP_HOME=/opt/rustwide/rustup-home" "-w" "/opt/rustwide/workdir" "-m" "1610612736" "--user" "0:0" "--network" "none" "ghcr.io/rust-lang/crates-build-env/linux@sha256:5ff2268d62e97bff2cde7d5815dd6ed5b47097566f13b8d0ca110b04b60e07ed" "/opt/rustwide/cargo-home/bin/cargo" "+beta-2023-04-20" "build" "--frozen" "--message-format=json", kill_on_drop: false }`
[INFO] [stdout] 4084bc8278b981dd53e528d04f108e65de5615f1078b6ee06113fb8d9504ba1a
[INFO] running `Command { std: "docker" "start" "-a" "4084bc8278b981dd53e528d04f108e65de5615f1078b6ee06113fb8d9504ba1a", kill_on_drop: false }`
[INFO] [stderr]    Compiling proc-macro2 v1.0.47
[INFO] [stderr]    Compiling unicode-ident v1.0.5
[INFO] [stderr]    Compiling quote v1.0.21
[INFO] [stderr]    Compiling syn v1.0.103
[INFO] [stderr]    Compiling autocfg v1.1.0
[INFO] [stderr]    Compiling libc v0.2.137
[INFO] [stderr]    Compiling cfg-if v1.0.0
[INFO] [stderr]    Compiling futures-core v0.3.25
[INFO] [stderr]    Compiling memchr v2.5.0
[INFO] [stderr]    Compiling pin-project-lite v0.2.9
[INFO] [stderr]    Compiling serde v1.0.147
[INFO] [stderr]    Compiling once_cell v1.16.0
[INFO] [stderr]    Compiling version_check v0.9.4
[INFO] [stderr]    Compiling futures-io v0.3.25
[INFO] [stderr]    Compiling thiserror v1.0.37
[INFO] [stderr]    Compiling typenum v1.15.0
[INFO] [stderr]    Compiling serde_derive v1.0.147
[INFO] [stderr]    Compiling futures-channel v0.3.25
[INFO] [stderr]    Compiling futures-task v0.3.25
[INFO] [stderr]    Compiling event-listener v2.5.3
[INFO] [stderr]    Compiling waker-fn v1.1.0
[INFO] [stderr]    Compiling crossbeam-utils v0.8.12
[INFO] [stderr]    Compiling generic-array v0.14.6
[INFO] [stderr]    Compiling parking v2.0.0
[INFO] [stderr]    Compiling parking_lot_core v0.9.4
[INFO] [stderr]    Compiling pin-utils v0.1.0
[INFO] [stderr]    Compiling futures-sink v0.3.25
[INFO] [stderr]    Compiling futures-util v0.3.25
[INFO] [stderr]    Compiling fastrand v1.8.0
[INFO] [stderr]    Compiling log v0.4.17
[INFO] [stderr]    Compiling slab v0.4.7
[INFO] [stderr]    Compiling lock_api v0.4.9
[INFO] [stderr]    Compiling polling v2.4.0
[INFO] [stderr]    Compiling memoffset v0.6.5
[INFO] [stderr]    Compiling scopeguard v1.1.0
[INFO] [stderr]    Compiling smallvec v1.10.0
[INFO] [stderr]    Compiling cache-padded v1.2.0
[INFO] [stderr]    Compiling async-io v1.10.0
[INFO] [stderr]    Compiling futures-lite v1.12.0
[INFO] [stderr]    Compiling concurrent-queue v1.2.4
[INFO] [stderr]    Compiling aho-corasick v0.7.19
[INFO] [stderr]    Compiling byteorder v1.4.3
[INFO] [stderr]    Compiling static_assertions v1.1.0
[INFO] [stderr]    Compiling ppv-lite86 v0.2.17
[INFO] [stderr]    Compiling regex-syntax v0.6.28
[INFO] [stderr]    Compiling async-trait v0.1.58
[INFO] [stderr]    Compiling concurrent-queue v2.0.0
[INFO] [stderr]    Compiling tracing-core v0.1.30
[INFO] [stderr]    Compiling cpufeatures v0.2.5
[INFO] [stderr]    Compiling async-task v4.3.0
[INFO] [stderr]    Compiling bitflags v1.3.2
[INFO] [stderr]    Compiling async-channel v1.7.1
[INFO] [stderr]    Compiling ordered-stream v0.1.1
[INFO] [stderr]    Compiling hex v0.4.3
[INFO] [stderr]    Compiling async-lock v2.6.0
[INFO] [stderr]    Compiling getrandom v0.2.8
[INFO] [stderr]    Compiling dirs-sys v0.3.7
[INFO] [stderr]    Compiling socket2 v0.4.7
[INFO] [stderr]    Compiling rand_core v0.6.4
[INFO] [stderr]    Compiling async-executor v1.5.0
[INFO] [stderr]    Compiling dirs v4.0.0
[INFO] [stderr]    Compiling nix v0.25.0
[INFO] [stderr]    Compiling parking_lot v0.12.1
[INFO] [stderr]    Compiling rand_chacha v0.3.1
[INFO] [stderr]    Compiling block-buffer v0.10.3
[INFO] [stderr]    Compiling crypto-common v0.1.6
[INFO] [stderr]    Compiling async-broadcast v0.4.1
[INFO] [stderr]    Compiling digest v0.10.5
[INFO] [stderr]    Compiling rand v0.8.5
[INFO] [stderr]    Compiling sha1 v0.10.5
[INFO] [stderr]    Compiling regex v1.7.0
[INFO] [stderr]    Compiling toml v0.5.9
[INFO] [stderr]    Compiling thiserror-impl v1.0.37
[INFO] [stderr]    Compiling futures-macro v0.3.25
[INFO] [stderr]    Compiling enumflags2_derive v0.7.4
[INFO] [stderr]    Compiling tracing-attributes v0.1.23
[INFO] [stderr]    Compiling derivative v2.2.0
[INFO] [stderr]    Compiling serde_repr v0.1.9
[INFO] [stderr]    Compiling async-recursion v1.0.0
[INFO] [stderr]    Compiling tracing v0.1.37
[INFO] [stderr]    Compiling proc-macro-crate v1.2.1
[INFO] [stderr]    Compiling zvariant_derive v3.8.0
[INFO] [stderr]    Compiling zbus_macros v3.5.0
[INFO] [stderr]    Compiling futures-executor v0.3.25
[INFO] [stderr]    Compiling futures v0.3.25
[INFO] [stderr]    Compiling enumflags2 v0.7.5
[INFO] [stderr]    Compiling zvariant v3.8.0
[INFO] [stderr]    Compiling zbus_names v2.3.0
[INFO] [stderr]    Compiling zbus v3.5.0
[INFO] [stderr]    Compiling zbus_systemd v0.0.8 (/opt/rustwide/workdir)
[INFO] [stderr]     Finished dev [unoptimized + debuginfo] target(s) in 19.48s
[INFO] running `Command { std: "docker" "inspect" "4084bc8278b981dd53e528d04f108e65de5615f1078b6ee06113fb8d9504ba1a", kill_on_drop: false }`
[INFO] running `Command { std: "docker" "rm" "-f" "4084bc8278b981dd53e528d04f108e65de5615f1078b6ee06113fb8d9504ba1a", kill_on_drop: false }`
[INFO] [stdout] 4084bc8278b981dd53e528d04f108e65de5615f1078b6ee06113fb8d9504ba1a
[INFO] running `Command { std: "docker" "create" "-v" "/var/lib/crater-agent-workspace/builds/worker-7-tc2/target:/opt/rustwide/target:rw,Z" "-v" "/var/lib/crater-agent-workspace/builds/worker-7-tc2/source:/opt/rustwide/workdir:ro,Z" "-v" "/var/lib/crater-agent-workspace/cargo-home:/opt/rustwide/cargo-home:ro,Z" "-v" "/var/lib/crater-agent-workspace/rustup-home:/opt/rustwide/rustup-home:ro,Z" "-e" "SOURCE_DIR=/opt/rustwide/workdir" "-e" "CARGO_TARGET_DIR=/opt/rustwide/target" "-e" "CARGO_INCREMENTAL=0" "-e" "RUST_BACKTRACE=full" "-e" "RUSTFLAGS=--cap-lints=warn" "-e" "RUSTDOCFLAGS=--cap-lints=warn" "-e" "CARGO_HOME=/opt/rustwide/cargo-home" "-e" "RUSTUP_HOME=/opt/rustwide/rustup-home" "-w" "/opt/rustwide/workdir" "-m" "1610612736" "--user" "0:0" "--network" "none" "ghcr.io/rust-lang/crates-build-env/linux@sha256:5ff2268d62e97bff2cde7d5815dd6ed5b47097566f13b8d0ca110b04b60e07ed" "/opt/rustwide/cargo-home/bin/cargo" "+beta-2023-04-20" "test" "--frozen" "--no-run" "--message-format=json", kill_on_drop: false }`
[INFO] [stdout] e6071032f80ef71b3e90954e68d9ef34def2c7f61e173c677b33274c7159f5f5
[INFO] running `Command { std: "docker" "start" "-a" "e6071032f80ef71b3e90954e68d9ef34def2c7f61e173c677b33274c7159f5f5", kill_on_drop: false }`
[INFO] [stderr]    Compiling tokio v1.21.2
[INFO] [stderr]    Compiling mio v0.8.5
[INFO] [stderr]    Compiling tokio-macros v1.8.0
[INFO] [stderr]    Compiling num_cpus v1.14.0
[INFO] [stderr]    Compiling signal-hook-registry v1.4.0
[INFO] [stderr]    Compiling bytes v1.2.1
[INFO] [stderr]    Compiling zbus_systemd v0.0.8 (/opt/rustwide/workdir)
[INFO] [stdout] error[E0432]: unresolved import `zbus_systemd::login1`
[INFO] [stdout]  --> examples/login1-session_lock-unlock.rs:1:19
[INFO] [stdout]   |
[INFO] [stdout] 1 | use zbus_systemd::login1::{ManagerProxy, SessionProxy};
[INFO] [stdout]   |                   ^^^^^^ could not find `login1` in `zbus_systemd`
[INFO] [stdout] 
[INFO] [stdout] 
[INFO] [stdout] error[E0433]: failed to resolve: could not find `systemd1` in `zbus_systemd`
[INFO] [stdout]   --> examples/systemd1-get_default_target.rs:14:33
[INFO] [stdout]    |
[INFO] [stdout] 14 |     let manager = zbus_systemd::systemd1::ManagerProxy::new(&conn).await?;
[INFO] [stdout]    |                                 ^^^^^^^^ could not find `systemd1` in `zbus_systemd`
[INFO] [stdout] 
[INFO] [stdout] 
[INFO] [stdout] error[E0433]: failed to resolve: could not find `timedate1` in `zbus_systemd`
[INFO] [stdout]   --> examples/timedate1-list_timezones.rs:14:35
[INFO] [stdout]    |
[INFO] [stdout] 14 |     let timedated = zbus_systemd::timedate1::TimedatedProxy::new(&conn).await?;
[INFO] [stdout]    |                                   ^^^^^^^^^ could not find `timedate1` in `zbus_systemd`
[INFO] [stdout] 
[INFO] [stdout] 
[INFO] [stdout] error: aborting due to previous error
[INFO] [stdout] 
[INFO] [stdout] 
[INFO] [stdout] For more information about this error, try `rustc --explain E0433`.
[INFO] [stdout] 
[INFO] [stdout] error: aborting due to previous error
[INFO] [stdout] 
[INFO] [stdout] 
[INFO] [stdout] For more information about this error, try `rustc --explain E0433`.
[INFO] [stdout] 
[INFO] [stdout] error: aborting due to previous error
[INFO] [stdout] 
[INFO] [stdout] 
[INFO] [stdout] For more information about this error, try `rustc --explain E0432`.
[INFO] [stdout] 
[INFO] [stderr] error: could not compile `zbus_systemd` (example "timedate1-list_timezones") due to 2 previous errors
[INFO] [stderr] warning: build failed, waiting for other jobs to finish...
[INFO] [stderr] error: could not compile `zbus_systemd` (example "systemd1-get_default_target") due to 2 previous errors
[INFO] [stderr] error: could not compile `zbus_systemd` (example "login1-session_lock-unlock") due to 2 previous errors
[INFO] running `Command { std: "docker" "inspect" "e6071032f80ef71b3e90954e68d9ef34def2c7f61e173c677b33274c7159f5f5", kill_on_drop: false }`
[INFO] running `Command { std: "docker" "rm" "-f" "e6071032f80ef71b3e90954e68d9ef34def2c7f61e173c677b33274c7159f5f5", kill_on_drop: false }`
[INFO] [stdout] e6071032f80ef71b3e90954e68d9ef34def2c7f61e173c677b33274c7159f5f5
