[INFO] fetching crate yew_svg 0.2.1...
[INFO] testing yew_svg-0.2.1 against beta-2023-04-20 for beta-1.70-1
[INFO] extracting crate yew_svg 0.2.1 into /workspace/builds/worker-0-tc2/source
[INFO] validating manifest of crates.io crate yew_svg 0.2.1 on toolchain beta-2023-04-20
[INFO] running `Command { std: CARGO_HOME="/workspace/cargo-home" RUSTUP_HOME="/workspace/rustup-home" "/workspace/cargo-home/bin/cargo" "+beta-2023-04-20" "metadata" "--manifest-path" "Cargo.toml" "--no-deps", kill_on_drop: false }`
[INFO] started tweaking crates.io crate yew_svg 0.2.1
[INFO] finished tweaking crates.io crate yew_svg 0.2.1
[INFO] tweaked toml for crates.io crate yew_svg 0.2.1 written to /workspace/builds/worker-0-tc2/source/Cargo.toml
[INFO] running `Command { std: CARGO_HOME="/workspace/cargo-home" RUSTUP_HOME="/workspace/rustup-home" __CARGO_TEST_CHANNEL_OVERRIDE_DO_NOT_USE_THIS="nightly" "/workspace/cargo-home/bin/cargo" "+beta-2023-04-20" "generate-lockfile" "--manifest-path" "Cargo.toml" "-Zno-index-update", kill_on_drop: false }`
[INFO] running `Command { std: CARGO_HOME="/workspace/cargo-home" RUSTUP_HOME="/workspace/rustup-home" "/workspace/cargo-home/bin/cargo" "+beta-2023-04-20" "fetch" "--manifest-path" "Cargo.toml", kill_on_drop: false }`
[INFO] [stderr]  Downloading crates ...
[INFO] [stderr]   Downloaded gloo-net v0.2.6
[INFO] [stderr]   Downloaded gloo-history v0.1.3
[INFO] running `Command { std: "docker" "create" "-v" "/var/lib/crater-agent-workspace/builds/worker-0-tc2/target:/opt/rustwide/target:rw,Z" "-v" "/var/lib/crater-agent-workspace/builds/worker-0-tc2/source:/opt/rustwide/workdir:ro,Z" "-v" "/var/lib/crater-agent-workspace/cargo-home:/opt/rustwide/cargo-home:ro,Z" "-v" "/var/lib/crater-agent-workspace/rustup-home:/opt/rustwide/rustup-home:ro,Z" "-e" "SOURCE_DIR=/opt/rustwide/workdir" "-e" "CARGO_TARGET_DIR=/opt/rustwide/target" "-e" "CARGO_HOME=/opt/rustwide/cargo-home" "-e" "RUSTUP_HOME=/opt/rustwide/rustup-home" "-w" "/opt/rustwide/workdir" "-m" "1610612736" "--user" "0:0" "--network" "none" "ghcr.io/rust-lang/crates-build-env/linux@sha256:5ff2268d62e97bff2cde7d5815dd6ed5b47097566f13b8d0ca110b04b60e07ed" "/opt/rustwide/cargo-home/bin/cargo" "+beta-2023-04-20" "metadata" "--no-deps" "--format-version=1", kill_on_drop: false }`
[INFO] [stdout] 38523b54e21258aed7856cceeff540e691ae8ecf7805d01a5bc09e31692e0e42
[INFO] running `Command { std: "docker" "start" "-a" "38523b54e21258aed7856cceeff540e691ae8ecf7805d01a5bc09e31692e0e42", kill_on_drop: false }`
[INFO] running `Command { std: "docker" "inspect" "38523b54e21258aed7856cceeff540e691ae8ecf7805d01a5bc09e31692e0e42", kill_on_drop: false }`
[INFO] running `Command { std: "docker" "rm" "-f" "38523b54e21258aed7856cceeff540e691ae8ecf7805d01a5bc09e31692e0e42", kill_on_drop: false }`
[INFO] [stdout] 38523b54e21258aed7856cceeff540e691ae8ecf7805d01a5bc09e31692e0e42
[INFO] running `Command { std: "docker" "create" "-v" "/var/lib/crater-agent-workspace/builds/worker-0-tc2/target:/opt/rustwide/target:rw,Z" "-v" "/var/lib/crater-agent-workspace/builds/worker-0-tc2/source:/opt/rustwide/workdir:ro,Z" "-v" "/var/lib/crater-agent-workspace/cargo-home:/opt/rustwide/cargo-home:ro,Z" "-v" "/var/lib/crater-agent-workspace/rustup-home:/opt/rustwide/rustup-home:ro,Z" "-e" "SOURCE_DIR=/opt/rustwide/workdir" "-e" "CARGO_TARGET_DIR=/opt/rustwide/target" "-e" "CARGO_INCREMENTAL=0" "-e" "RUST_BACKTRACE=full" "-e" "RUSTFLAGS=--cap-lints=warn" "-e" "RUSTDOCFLAGS=--cap-lints=warn" "-e" "CARGO_HOME=/opt/rustwide/cargo-home" "-e" "RUSTUP_HOME=/opt/rustwide/rustup-home" "-w" "/opt/rustwide/workdir" "-m" "1610612736" "--user" "0:0" "--network" "none" "ghcr.io/rust-lang/crates-build-env/linux@sha256:5ff2268d62e97bff2cde7d5815dd6ed5b47097566f13b8d0ca110b04b60e07ed" "/opt/rustwide/cargo-home/bin/cargo" "+beta-2023-04-20" "build" "--frozen" "--message-format=json", kill_on_drop: false }`
[INFO] [stdout] cc7a2199d169b9ba4da8f155ab7a267561ae8e55eb5e342f02e96e3822c4e802
[INFO] running `Command { std: "docker" "start" "-a" "cc7a2199d169b9ba4da8f155ab7a267561ae8e55eb5e342f02e96e3822c4e802", kill_on_drop: false }`
[INFO] [stderr]     Blocking waiting for file lock on package cache
[INFO] [stderr]    Compiling syn v1.0.109
[INFO] [stderr]    Compiling log v0.4.17
[INFO] [stderr]    Compiling wasm-bindgen-shared v0.2.84
[INFO] [stderr]    Compiling bumpalo v3.12.1
[INFO] [stderr]    Compiling wasm-bindgen v0.2.84
[INFO] [stderr]    Compiling futures-core v0.3.28
[INFO] [stderr]    Compiling futures-channel v0.3.28
[INFO] [stderr]    Compiling thiserror v1.0.40
[INFO] [stderr]    Compiling pin-project-lite v0.2.9
[INFO] [stderr]    Compiling futures-sink v0.3.28
[INFO] [stderr]    Compiling slab v0.4.8
[INFO] [stderr]    Compiling futures-task v0.3.28
[INFO] [stderr]    Compiling futures-util v0.3.28
[INFO] [stderr]    Compiling syn v2.0.15
[INFO] [stderr]    Compiling tokio v1.28.0
[INFO] [stderr]    Compiling semver-parser v0.7.0
[INFO] [stderr]    Compiling rustversion v1.0.12
[INFO] [stderr]    Compiling percent-encoding v2.2.0
[INFO] [stderr]    Compiling futures-io v0.3.28
[INFO] [stderr]    Compiling form_urlencoded v1.1.0
[INFO] [stderr]    Compiling semver v0.9.0
[INFO] [stderr]    Compiling prettyplease v0.1.25
[INFO] [stderr]    Compiling proc-macro-error-attr v1.0.4
[INFO] [stderr]    Compiling stdweb-internal-runtime v0.1.5
[INFO] [stderr]    Compiling anymap2 v0.13.0
[INFO] [stderr]    Compiling sha1_smol v1.0.0
[INFO] [stderr]    Compiling num_cpus v1.15.0
[INFO] [stderr]    Compiling rustc_version v0.2.3
[INFO] [stderr]    Compiling tracing-core v0.1.30
[INFO] [stderr]    Compiling boolinator v2.4.0
[INFO] [stderr]    Compiling base-x v0.2.11
[INFO] [stderr]    Compiling sha1 v0.6.1
[INFO] [stderr]    Compiling implicit-clone v0.3.5
[INFO] [stderr]    Compiling discard v1.0.4
[INFO] [stderr]    Compiling stdweb v0.4.20
[INFO] [stderr]    Compiling tokio-stream v0.1.14
[INFO] [stderr]    Compiling serde_derive v1.0.160
[INFO] [stderr]    Compiling thiserror-impl v1.0.40
[INFO] [stderr]    Compiling futures-macro v0.3.28
[INFO] [stderr]    Compiling tracing-attributes v0.1.24
[INFO] [stderr]    Compiling wasm-bindgen-backend v0.2.84
[INFO] [stderr]    Compiling proc-macro-error v1.0.4
[INFO] [stderr]    Compiling pin-project-internal v1.0.12
[INFO] [stderr]    Compiling yew-macro v0.20.0
[INFO] [stderr]    Compiling wasm-bindgen-macro-support v0.2.84
[INFO] [stderr]    Compiling tracing v0.1.37
[INFO] [stderr]    Compiling wasm-bindgen-macro v0.2.84
[INFO] [stderr]    Compiling pin-project v1.0.12
[INFO] [stderr]    Compiling js-sys v0.3.61
[INFO] [stderr]    Compiling console_error_panic_hook v0.1.7
[INFO] [stderr]    Compiling serde v1.0.160
[INFO] [stderr]    Compiling futures v0.3.28
[INFO] [stderr]    Compiling pinned v0.1.0
[INFO] [stderr]    Compiling prokio v0.1.0
[INFO] [stderr]    Compiling web-sys v0.3.61
[INFO] [stderr]    Compiling wasm-bindgen-futures v0.4.34
[INFO] [stderr]    Compiling gloo-timers v0.2.6
[INFO] [stderr]    Compiling serde_json v1.0.96
[INFO] [stderr]    Compiling bincode v1.3.3
[INFO] [stderr]    Compiling serde-wasm-bindgen v0.4.5
[INFO] [stderr]    Compiling serde_urlencoded v0.7.1
[INFO] [stderr]    Compiling stdweb-derive v0.5.3
[INFO] [stderr]    Compiling stdweb-internal-macros v0.2.9
[INFO] [stderr]    Compiling gloo-utils v0.1.6
[INFO] [stderr]    Compiling gloo-events v0.1.2
[INFO] [stderr]    Compiling gloo-render v0.1.1
[INFO] [stderr]    Compiling gloo-dialogs v0.1.1
[INFO] [stderr]    Compiling gloo-console v0.2.3
[INFO] [stderr]    Compiling gloo-storage v0.2.2
[INFO] [stderr]    Compiling gloo-net v0.2.6
[INFO] [stderr]    Compiling gloo-file v0.2.3
[INFO] [stderr]    Compiling gloo-history v0.1.3
[INFO] [stderr]    Compiling gloo-worker v0.2.1
[INFO] [stderr]    Compiling gloo v0.8.0
[INFO] [stderr]    Compiling yew v0.20.0
[INFO] [stderr]    Compiling yew_svg v0.2.1 (/opt/rustwide/workdir)
[INFO] [stdout] error[E0407]: method `change` is not a member of trait `Component`
[INFO] [stdout]    --> src/lib.rs:143:5
[INFO] [stdout]     |
[INFO] [stdout] 143 |       fn change(&mut self, props: Self::Properties) -> ShouldRender {
[INFO] [stdout]     |       ^  ------ help: there is an associated function with a similar name: `changed`
[INFO] [stdout]     |  _____|
[INFO] [stdout]     | |
[INFO] [stdout] 144 | |         let changed = self.props != props;
[INFO] [stdout] 145 | |         self.props = props;
[INFO] [stdout] 146 | |         changed
[INFO] [stdout] 147 | |     }
[INFO] [stdout]     | |_____^ not a member of trait `Component`
[INFO] [stdout] 
[INFO] [stdout] 
[INFO] [stdout] error[E0405]: cannot find trait `Renderable` in this scope
[INFO] [stdout]   --> src/lib.rs:45:9
[INFO] [stdout]    |
[INFO] [stdout] 45 | impl<U> Renderable<U> for SVG
[INFO] [stdout]    |         ^^^^^^^^^^ not found in this scope
[INFO] [stdout] 
[INFO] [stdout] 
[INFO] [stdout] error[E0412]: cannot find type `ComponentLink` in this scope
[INFO] [stdout]    --> src/lib.rs:117:43
[INFO] [stdout]     |
[INFO] [stdout] 117 |     fn create(props: Self::Properties, _: ComponentLink<Self>) -> Self {
[INFO] [stdout]     |                                           ^^^^^^^^^^^^^ help: a trait with a similar name exists: `Component`
[INFO] [stdout]     |
[INFO] [stdout]    ::: /opt/rustwide/cargo-home/registry/src/index.crates.io-6f17d22bba15001f/yew-0.20.0/src/html/component/mod.rs:123:1
[INFO] [stdout]     |
[INFO] [stdout] 123 | pub trait Component: Sized + 'static {
[INFO] [stdout]     | ------------------------------------ similarly named trait `Component` defined here
[INFO] [stdout] 
[INFO] [stdout] 
[INFO] [stdout] error[E0412]: cannot find type `ShouldRender` in this scope
[INFO] [stdout]    --> src/lib.rs:123:49
[INFO] [stdout]     |
[INFO] [stdout] 123 |     fn update(&mut self, msg: Self::Message) -> ShouldRender {
[INFO] [stdout]     |                                                 ^^^^^^^^^^^^ not found in this scope
[INFO] [stdout] 
[INFO] [stdout] 
[INFO] [stdout] error[E0412]: cannot find type `ShouldRender` in this scope
[INFO] [stdout]    --> src/lib.rs:143:54
[INFO] [stdout]     |
[INFO] [stdout] 143 |     fn change(&mut self, props: Self::Properties) -> ShouldRender {
[INFO] [stdout]     |                                                      ^^^^^^^^^^^^ not found in this scope
[INFO] [stdout] 
[INFO] [stdout] 
[INFO] [stdout] error: aborting due to 5 previous errors
[INFO] [stdout] 
[INFO] [stdout] 
[INFO] [stdout] Some errors have detailed explanations: E0405, E0407, E0412.
[INFO] [stdout] 
[INFO] [stdout] For more information about an error, try `rustc --explain E0405`.
[INFO] [stdout] 
[INFO] [stderr] error: could not compile `yew_svg` (lib) due to 6 previous errors
[INFO] [stderr] warning: build failed, waiting for other jobs to finish...
[INFO] running `Command { std: "docker" "inspect" "cc7a2199d169b9ba4da8f155ab7a267561ae8e55eb5e342f02e96e3822c4e802", kill_on_drop: false }`
[INFO] running `Command { std: "docker" "rm" "-f" "cc7a2199d169b9ba4da8f155ab7a267561ae8e55eb5e342f02e96e3822c4e802", kill_on_drop: false }`
[INFO] [stdout] cc7a2199d169b9ba4da8f155ab7a267561ae8e55eb5e342f02e96e3822c4e802
