[INFO] fetching crate yarpl 0.0.23...
[INFO] testing yarpl-0.0.23 against 1.69.0 for beta-1.70-1
[INFO] extracting crate yarpl 0.0.23 into /workspace/builds/worker-0-tc1/source
[INFO] validating manifest of crates.io crate yarpl 0.0.23 on toolchain 1.69.0
[INFO] running `Command { std: CARGO_HOME="/workspace/cargo-home" RUSTUP_HOME="/workspace/rustup-home" "/workspace/cargo-home/bin/cargo" "+1.69.0" "metadata" "--manifest-path" "Cargo.toml" "--no-deps", kill_on_drop: false }`
[INFO] started tweaking crates.io crate yarpl 0.0.23
[INFO] finished tweaking crates.io crate yarpl 0.0.23
[INFO] tweaked toml for crates.io crate yarpl 0.0.23 written to /workspace/builds/worker-0-tc1/source/Cargo.toml
[INFO] running `Command { std: CARGO_HOME="/workspace/cargo-home" RUSTUP_HOME="/workspace/rustup-home" __CARGO_TEST_CHANNEL_OVERRIDE_DO_NOT_USE_THIS="nightly" "/workspace/cargo-home/bin/cargo" "+1.69.0" "generate-lockfile" "--manifest-path" "Cargo.toml" "-Zno-index-update", kill_on_drop: false }`
[INFO] running `Command { std: CARGO_HOME="/workspace/cargo-home" RUSTUP_HOME="/workspace/rustup-home" "/workspace/cargo-home/bin/cargo" "+1.69.0" "fetch" "--manifest-path" "Cargo.toml", kill_on_drop: false }`
[INFO] running `Command { std: "docker" "create" "-v" "/var/lib/crater-agent-workspace/builds/worker-0-tc1/target:/opt/rustwide/target:rw,Z" "-v" "/var/lib/crater-agent-workspace/builds/worker-0-tc1/source:/opt/rustwide/workdir:ro,Z" "-v" "/var/lib/crater-agent-workspace/cargo-home:/opt/rustwide/cargo-home:ro,Z" "-v" "/var/lib/crater-agent-workspace/rustup-home:/opt/rustwide/rustup-home:ro,Z" "-e" "SOURCE_DIR=/opt/rustwide/workdir" "-e" "CARGO_TARGET_DIR=/opt/rustwide/target" "-e" "CARGO_HOME=/opt/rustwide/cargo-home" "-e" "RUSTUP_HOME=/opt/rustwide/rustup-home" "-w" "/opt/rustwide/workdir" "-m" "1610612736" "--user" "0:0" "--network" "none" "ghcr.io/rust-lang/crates-build-env/linux@sha256:5ff2268d62e97bff2cde7d5815dd6ed5b47097566f13b8d0ca110b04b60e07ed" "/opt/rustwide/cargo-home/bin/cargo" "+1.69.0" "metadata" "--no-deps" "--format-version=1", kill_on_drop: false }`
[INFO] [stdout] 74ca06ecc5298776e38a5e151636dd3d2e0006c19a805f3eab333454531b4f62
[INFO] running `Command { std: "docker" "start" "-a" "74ca06ecc5298776e38a5e151636dd3d2e0006c19a805f3eab333454531b4f62", kill_on_drop: false }`
[INFO] running `Command { std: "docker" "inspect" "74ca06ecc5298776e38a5e151636dd3d2e0006c19a805f3eab333454531b4f62", kill_on_drop: false }`
[INFO] running `Command { std: "docker" "rm" "-f" "74ca06ecc5298776e38a5e151636dd3d2e0006c19a805f3eab333454531b4f62", kill_on_drop: false }`
[INFO] [stdout] 74ca06ecc5298776e38a5e151636dd3d2e0006c19a805f3eab333454531b4f62
[INFO] running `Command { std: "docker" "create" "-v" "/var/lib/crater-agent-workspace/builds/worker-0-tc1/target:/opt/rustwide/target:rw,Z" "-v" "/var/lib/crater-agent-workspace/builds/worker-0-tc1/source:/opt/rustwide/workdir:ro,Z" "-v" "/var/lib/crater-agent-workspace/cargo-home:/opt/rustwide/cargo-home:ro,Z" "-v" "/var/lib/crater-agent-workspace/rustup-home:/opt/rustwide/rustup-home:ro,Z" "-e" "SOURCE_DIR=/opt/rustwide/workdir" "-e" "CARGO_TARGET_DIR=/opt/rustwide/target" "-e" "CARGO_INCREMENTAL=0" "-e" "RUST_BACKTRACE=full" "-e" "RUSTFLAGS=--cap-lints=warn" "-e" "RUSTDOCFLAGS=--cap-lints=warn" "-e" "CARGO_HOME=/opt/rustwide/cargo-home" "-e" "RUSTUP_HOME=/opt/rustwide/rustup-home" "-w" "/opt/rustwide/workdir" "-m" "1610612736" "--user" "0:0" "--network" "none" "ghcr.io/rust-lang/crates-build-env/linux@sha256:5ff2268d62e97bff2cde7d5815dd6ed5b47097566f13b8d0ca110b04b60e07ed" "/opt/rustwide/cargo-home/bin/cargo" "+1.69.0" "build" "--frozen" "--message-format=json", kill_on_drop: false }`
[INFO] [stdout] bb9b4f7183adf3f605320f1b8aab4a6cb40e742edde35f8c197ace0790f0ff0f
[INFO] running `Command { std: "docker" "start" "-a" "bb9b4f7183adf3f605320f1b8aab4a6cb40e742edde35f8c197ace0790f0ff0f", kill_on_drop: false }`
[INFO] [stderr]    Compiling memchr v2.5.0
[INFO] [stderr]    Compiling libc v0.2.142
[INFO] [stderr]    Compiling regex-syntax v0.7.1
[INFO] [stderr]    Compiling aho-corasick v1.0.1
[INFO] [stderr]    Compiling atty v0.2.14
[INFO] [stderr]    Compiling colored v2.0.0
[INFO] [stderr]    Compiling regex v1.8.1
[INFO] [stderr]    Compiling yarpl v0.0.23 (/opt/rustwide/workdir)
[INFO] [stdout] error[E0557]: feature has been removed
[INFO] [stdout]  --> src/lib.rs:9:12
[INFO] [stdout]   |
[INFO] [stdout] 9 | #![feature(const_generics)]
[INFO] [stdout]   |            ^^^^^^^^^^^^^^ feature has been removed
[INFO] [stdout]   |
[INFO] [stdout]   = note: removed in favor of `#![feature(adt_const_params)]` and `#![feature(generic_const_exprs)]`
[INFO] [stdout] 
[INFO] [stdout] 
[INFO] [stdout] error[E0554]: `#![feature]` may not be used on the stable release channel
[INFO] [stdout]  --> src/lib.rs:8:1
[INFO] [stdout]   |
[INFO] [stdout] 8 | #![feature(extended_key_value_attributes)]
[INFO] [stdout]   | ^^^^^^^^^^^^^^^^^^^^^^^^^^^^^^^^^^^^^^^^^^ help: remove the attribute
[INFO] [stdout]   |
[INFO] [stdout]   = help: the feature `extended_key_value_attributes` has been stable since `1.54.0` and no longer requires an attribute to enable
[INFO] [stdout] 
[INFO] [stdout] 
[INFO] [stdout] error[E0554]: `#![feature]` may not be used on the stable release channel
[INFO] [stdout]  --> src/lib.rs:9:1
[INFO] [stdout]   |
[INFO] [stdout] 9 | #![feature(const_generics)]
[INFO] [stdout]   | ^^^^^^^^^^^^^^^^^^^^^^^^^^^
[INFO] [stdout] 
[INFO] [stdout] 
[INFO] [stdout] error[E0554]: `#![feature]` may not be used on the stable release channel
[INFO] [stdout]   --> src/lib.rs:10:1
[INFO] [stdout]    |
[INFO] [stdout] 10 | #![feature(iter_advance_by)]
[INFO] [stdout]    | ^^^^^^^^^^^^^^^^^^^^^^^^^^^^
[INFO] [stdout] 
[INFO] [stdout] 
[INFO] [stdout] warning: the feature `extended_key_value_attributes` has been stable since 1.54.0 and no longer requires an attribute to enable
[INFO] [stdout]  --> src/lib.rs:8:12
[INFO] [stdout]   |
[INFO] [stdout] 8 | #![feature(extended_key_value_attributes)]
[INFO] [stdout]   |            ^^^^^^^^^^^^^^^^^^^^^^^^^^^^^
[INFO] [stdout]   |
[INFO] [stdout]   = note: `#[warn(stable_features)]` on by default
[INFO] [stdout] 
[INFO] [stdout] 
[INFO] [stdout] error[E0554]: `#![feature]` may not be used on the stable release channel
[INFO] [stdout]   --> src/lib.rs:10:12
[INFO] [stdout]    |
[INFO] [stdout] 10 | #![feature(iter_advance_by)]
[INFO] [stdout]    |            ^^^^^^^^^^^^^^^
[INFO] [stdout] 
[INFO] [stdout] 
[INFO] [stdout] error: `&'static str` is forbidden as the type of a const generic parameter
[INFO] [stdout]  --> src/either.rs:9:33
[INFO] [stdout]   |
[INFO] [stdout] 9 | pub struct Either<const STRING: &'static str>;
[INFO] [stdout]   |                                 ^^^^^^^^^^^^
[INFO] [stdout]   |
[INFO] [stdout]   = note: the only supported types are integers, `bool` and `char`
[INFO] [stdout] 
[INFO] [stdout] 
[INFO] [stdout] error: `&'static str` is forbidden as the type of a const generic parameter
[INFO] [stdout]   --> src/either.rs:11:20
[INFO] [stdout]    |
[INFO] [stdout] 11 | impl<const STRING: &'static str> Parse for Either<STRING> {
[INFO] [stdout]    |                    ^^^^^^^^^^^^
[INFO] [stdout]    |
[INFO] [stdout]    = note: the only supported types are integers, `bool` and `char`
[INFO] [stdout] 
[INFO] [stdout] 
[INFO] [stdout] error: `&'static str` is forbidden as the type of a const generic parameter
[INFO] [stdout]  --> src/literal.rs:9:35
[INFO] [stdout]   |
[INFO] [stdout] 9 | pub struct Literal<const LITERAL: &'static str>;
[INFO] [stdout]   |                                   ^^^^^^^^^^^^
[INFO] [stdout]   |
[INFO] [stdout]   = note: the only supported types are integers, `bool` and `char`
[INFO] [stdout] 
[INFO] [stdout] 
[INFO] [stdout] error: `&'static str` is forbidden as the type of a const generic parameter
[INFO] [stdout]   --> src/literal.rs:11:21
[INFO] [stdout]    |
[INFO] [stdout] 11 | impl<const LITERAL: &'static str> Parse for Literal<LITERAL> {
[INFO] [stdout]    |                     ^^^^^^^^^^^^
[INFO] [stdout]    |
[INFO] [stdout]    = note: the only supported types are integers, `bool` and `char`
[INFO] [stdout] 
[INFO] [stdout] 
[INFO] [stdout] error: aborting due to 9 previous errors; 1 warning emitted
[INFO] [stdout] 
[INFO] [stdout] 
[INFO] [stdout] Some errors have detailed explanations: E0554, E0557.
[INFO] [stdout] 
[INFO] [stdout] For more information about an error, try `rustc --explain E0554`.
[INFO] [stdout] 
[INFO] [stderr] error: could not compile `yarpl` due to 10 previous errors; 1 warning emitted
[INFO] [stderr] warning: build failed, waiting for other jobs to finish...
[INFO] running `Command { std: "docker" "inspect" "bb9b4f7183adf3f605320f1b8aab4a6cb40e742edde35f8c197ace0790f0ff0f", kill_on_drop: false }`
[INFO] running `Command { std: "docker" "rm" "-f" "bb9b4f7183adf3f605320f1b8aab4a6cb40e742edde35f8c197ace0790f0ff0f", kill_on_drop: false }`
[INFO] [stdout] bb9b4f7183adf3f605320f1b8aab4a6cb40e742edde35f8c197ace0790f0ff0f
