[INFO] fetching crate xxhash 0.0.8...
[INFO] testing xxhash-0.0.8 against beta-2023-04-20 for beta-1.70-1
[INFO] extracting crate xxhash 0.0.8 into /workspace/builds/worker-3-tc2/source
[INFO] validating manifest of crates.io crate xxhash 0.0.8 on toolchain beta-2023-04-20
[INFO] running `Command { std: CARGO_HOME="/workspace/cargo-home" RUSTUP_HOME="/workspace/rustup-home" "/workspace/cargo-home/bin/cargo" "+beta-2023-04-20" "metadata" "--manifest-path" "Cargo.toml" "--no-deps", kill_on_drop: false }`
[INFO] started tweaking crates.io crate xxhash 0.0.8
[INFO] finished tweaking crates.io crate xxhash 0.0.8
[INFO] tweaked toml for crates.io crate xxhash 0.0.8 written to /workspace/builds/worker-3-tc2/source/Cargo.toml
[INFO] running `Command { std: CARGO_HOME="/workspace/cargo-home" RUSTUP_HOME="/workspace/rustup-home" __CARGO_TEST_CHANNEL_OVERRIDE_DO_NOT_USE_THIS="nightly" "/workspace/cargo-home/bin/cargo" "+beta-2023-04-20" "generate-lockfile" "--manifest-path" "Cargo.toml" "-Zno-index-update", kill_on_drop: false }`
[INFO] running `Command { std: CARGO_HOME="/workspace/cargo-home" RUSTUP_HOME="/workspace/rustup-home" "/workspace/cargo-home/bin/cargo" "+beta-2023-04-20" "fetch" "--manifest-path" "Cargo.toml", kill_on_drop: false }`
[INFO] running `Command { std: "docker" "create" "-v" "/var/lib/crater-agent-workspace/builds/worker-3-tc2/target:/opt/rustwide/target:rw,Z" "-v" "/var/lib/crater-agent-workspace/builds/worker-3-tc2/source:/opt/rustwide/workdir:ro,Z" "-v" "/var/lib/crater-agent-workspace/cargo-home:/opt/rustwide/cargo-home:ro,Z" "-v" "/var/lib/crater-agent-workspace/rustup-home:/opt/rustwide/rustup-home:ro,Z" "-e" "SOURCE_DIR=/opt/rustwide/workdir" "-e" "CARGO_TARGET_DIR=/opt/rustwide/target" "-e" "CARGO_HOME=/opt/rustwide/cargo-home" "-e" "RUSTUP_HOME=/opt/rustwide/rustup-home" "-w" "/opt/rustwide/workdir" "-m" "1610612736" "--user" "0:0" "--network" "none" "ghcr.io/rust-lang/crates-build-env/linux@sha256:5ff2268d62e97bff2cde7d5815dd6ed5b47097566f13b8d0ca110b04b60e07ed" "/opt/rustwide/cargo-home/bin/cargo" "+beta-2023-04-20" "metadata" "--no-deps" "--format-version=1", kill_on_drop: false }`
[INFO] [stdout] 56a61c3107f249eee268e8b47fcf0dcb5fbcd910e8fd2cffcadf06a8c1ca1d2f
[INFO] running `Command { std: "docker" "start" "-a" "56a61c3107f249eee268e8b47fcf0dcb5fbcd910e8fd2cffcadf06a8c1ca1d2f", kill_on_drop: false }`
[INFO] running `Command { std: "docker" "inspect" "56a61c3107f249eee268e8b47fcf0dcb5fbcd910e8fd2cffcadf06a8c1ca1d2f", kill_on_drop: false }`
[INFO] running `Command { std: "docker" "rm" "-f" "56a61c3107f249eee268e8b47fcf0dcb5fbcd910e8fd2cffcadf06a8c1ca1d2f", kill_on_drop: false }`
[INFO] [stdout] 56a61c3107f249eee268e8b47fcf0dcb5fbcd910e8fd2cffcadf06a8c1ca1d2f
[INFO] running `Command { std: "docker" "create" "-v" "/var/lib/crater-agent-workspace/builds/worker-3-tc2/target:/opt/rustwide/target:rw,Z" "-v" "/var/lib/crater-agent-workspace/builds/worker-3-tc2/source:/opt/rustwide/workdir:ro,Z" "-v" "/var/lib/crater-agent-workspace/cargo-home:/opt/rustwide/cargo-home:ro,Z" "-v" "/var/lib/crater-agent-workspace/rustup-home:/opt/rustwide/rustup-home:ro,Z" "-e" "SOURCE_DIR=/opt/rustwide/workdir" "-e" "CARGO_TARGET_DIR=/opt/rustwide/target" "-e" "CARGO_INCREMENTAL=0" "-e" "RUST_BACKTRACE=full" "-e" "RUSTFLAGS=--cap-lints=warn" "-e" "RUSTDOCFLAGS=--cap-lints=warn" "-e" "CARGO_HOME=/opt/rustwide/cargo-home" "-e" "RUSTUP_HOME=/opt/rustwide/rustup-home" "-w" "/opt/rustwide/workdir" "-m" "1610612736" "--user" "0:0" "--network" "none" "ghcr.io/rust-lang/crates-build-env/linux@sha256:5ff2268d62e97bff2cde7d5815dd6ed5b47097566f13b8d0ca110b04b60e07ed" "/opt/rustwide/cargo-home/bin/cargo" "+beta-2023-04-20" "build" "--frozen" "--message-format=json", kill_on_drop: false }`
[INFO] [stdout] 9b70aea6615e82dbd0d63e026170b048c69ee92e4040d13f17b2896e7e9b6c27
[INFO] running `Command { std: "docker" "start" "-a" "9b70aea6615e82dbd0d63e026170b048c69ee92e4040d13f17b2896e7e9b6c27", kill_on_drop: false }`
[INFO] [stderr]     Blocking waiting for file lock on package cache
[INFO] [stderr]    Compiling xxhash v0.0.8 (/opt/rustwide/workdir)
[INFO] [stdout] error: expected parameter name, found `:`
[INFO] [stdout]    --> src/lib.rs:287:18
[INFO] [stdout]     |
[INFO] [stdout] 287 |     let test = |&: size: usize, seed: u64, expected: u64| {
[INFO] [stdout]     |                  ^ expected parameter name
[INFO] [stdout] 
[INFO] [stdout] 
[INFO] [stdout] error: expected parameter name, found `:`
[INFO] [stdout]    --> src/lib.rs:338:21
[INFO] [stdout]     |
[INFO] [stdout] 338 |     bench_base(b, |&: v| oneshot(v, 0))
[INFO] [stdout]     |                     ^ expected parameter name
[INFO] [stdout] 
[INFO] [stdout] 
[INFO] [stdout] error: expected parameter name, found `:`
[INFO] [stdout]    --> src/xxh32.rs:215:18
[INFO] [stdout]     |
[INFO] [stdout] 215 |     let test = |&: size: usize, seed: u32, expected: u32| {
[INFO] [stdout]     |                  ^ expected parameter name
[INFO] [stdout] 
[INFO] [stdout] 
[INFO] [stdout] error: expected parameter name, found `:`
[INFO] [stdout]    --> src/xxh32.rs:240:19
[INFO] [stdout]     |
[INFO] [stdout] 240 |     bench.iter( |&:| f(v.as_slice()) );
[INFO] [stdout]     |                   ^ expected parameter name
[INFO] [stdout] 
[INFO] [stdout] 
[INFO] [stdout] error: expected parameter name, found `:`
[INFO] [stdout]    --> src/xxh32.rs:246:17
[INFO] [stdout]     |
[INFO] [stdout] 246 |     test_base(|&: v, seed|{
[INFO] [stdout]     |                 ^ expected parameter name
[INFO] [stdout] 
[INFO] [stdout] 
[INFO] [stdout] error[E0432]: unresolved import `std::num::Int`
[INFO] [stdout]   --> src/lib.rs:34:5
[INFO] [stdout]    |
[INFO] [stdout] 34 | use std::num::Int;
[INFO] [stdout]    |     ^^^^^^^^^^^^^ no `Int` in `num`
[INFO] [stdout] 
[INFO] [stdout] 
[INFO] [stdout] error[E0432]: unresolved import `std::raw`
[INFO] [stdout]   --> src/lib.rs:35:10
[INFO] [stdout]    |
[INFO] [stdout] 35 | use std::raw::{Repr};
[INFO] [stdout]    |          ^^^ could not find `raw` in `std`
[INFO] [stdout] 
[INFO] [stdout] 
[INFO] [stdout] error[E0432]: unresolved import `std::ptr::copy_memory`
[INFO] [stdout]   --> src/lib.rs:36:16
[INFO] [stdout]    |
[INFO] [stdout] 36 | use std::ptr::{copy_memory};
[INFO] [stdout]    |                ^^^^^^^^^^^ no `copy_memory` in `ptr`
[INFO] [stdout] 
[INFO] [stdout] 
[INFO] [stdout] error[E0432]: unresolved import `std::hash::Writer`
[INFO] [stdout]   --> src/lib.rs:37:31
[INFO] [stdout]    |
[INFO] [stdout] 37 | use std::hash::{Hash, Hasher, Writer};
[INFO] [stdout]    |                               ^^^^^^ no `Writer` in `hash`
[INFO] [stdout] 
[INFO] [stdout] 
[INFO] [stdout] error[E0432]: unresolved import `std::num::Int`
[INFO] [stdout]  --> src/xxh32.rs:2:5
[INFO] [stdout]   |
[INFO] [stdout] 2 | use std::num::Int;
[INFO] [stdout]   |     ^^^^^^^^^^^^^ no `Int` in `num`
[INFO] [stdout]   |
[INFO] [stdout] help: consider importing this unresolved item instead
[INFO] [stdout]   |
[INFO] [stdout] 2 | use Int;
[INFO] [stdout]   |     ~~~
[INFO] [stdout] 
[INFO] [stdout] 
[INFO] [stdout] error[E0432]: unresolved import `std::raw`
[INFO] [stdout]  --> src/xxh32.rs:3:10
[INFO] [stdout]   |
[INFO] [stdout] 3 | use std::raw::{Repr};
[INFO] [stdout]   |          ^^^ could not find `raw` in `std`
[INFO] [stdout] 
[INFO] [stdout] 
[INFO] [stdout] error[E0432]: unresolved import `std::ptr::copy_memory`
[INFO] [stdout]  --> src/xxh32.rs:4:16
[INFO] [stdout]   |
[INFO] [stdout] 4 | use std::ptr::{copy_memory};
[INFO] [stdout]   |                ^^^^^^^^^^^ no `copy_memory` in `ptr`
[INFO] [stdout]   |
[INFO] [stdout]   = help: consider importing this unresolved item instead:
[INFO] [stdout]           copy_memory
[INFO] [stdout] 
[INFO] [stdout] 
[INFO] [stdout] error[E0432]: unresolved import `std::hash::Writer`
[INFO] [stdout]  --> src/xxh32.rs:5:31
[INFO] [stdout]   |
[INFO] [stdout] 5 | use std::hash::{Hash, Hasher, Writer};
[INFO] [stdout]   |                               ^^^^^^ no `Writer` in `hash`
[INFO] [stdout]   |
[INFO] [stdout]   = help: consider importing this unresolved item instead:
[INFO] [stdout]           Writer
[INFO] [stdout] 
[INFO] [stdout] 
[INFO] [stdout] error[E0437]: type `Output` is not a member of trait `Hasher`
[INFO] [stdout]    --> src/xxh32.rs:131:5
[INFO] [stdout]     |
[INFO] [stdout] 131 |     type Output = u32;
[INFO] [stdout]     |     ^^^^^^^^^^^^^^^^^^ not a member of trait `Hasher`
[INFO] [stdout] 
[INFO] [stdout] 
[INFO] [stdout] error[E0407]: method `reset` is not a member of trait `Hasher`
[INFO] [stdout]    --> src/xxh32.rs:133:5
[INFO] [stdout]     |
[INFO] [stdout] 133 | /     fn reset(&mut self) { #![inline]
[INFO] [stdout] 134 | |         self.v1 = self.seed + PRIME1 + PRIME2;
[INFO] [stdout] 135 | |         self.v2 = self.seed + PRIME2;
[INFO] [stdout] 136 | |         self.v3 = self.seed;
[INFO] [stdout] ...   |
[INFO] [stdout] 139 | |         self.memsize = 0;
[INFO] [stdout] 140 | |     }
[INFO] [stdout]     | |_____^ not a member of trait `Hasher`
[INFO] [stdout] 
[INFO] [stdout] 
[INFO] [stdout] error[E0437]: type `Output` is not a member of trait `Hasher`
[INFO] [stdout]    --> src/lib.rs:181:5
[INFO] [stdout]     |
[INFO] [stdout] 181 |     type Output = u64;
[INFO] [stdout]     |     ^^^^^^^^^^^^^^^^^^ not a member of trait `Hasher`
[INFO] [stdout] 
[INFO] [stdout] 
[INFO] [stdout] error[E0407]: method `reset` is not a member of trait `Hasher`
[INFO] [stdout]    --> src/lib.rs:184:5
[INFO] [stdout]     |
[INFO] [stdout] 184 | /     fn reset(&mut self) { #![inline]
[INFO] [stdout] 185 | |         self.v1 = self.seed + PRIME1 + PRIME2;
[INFO] [stdout] 186 | |         self.v2 = self.seed + PRIME2;
[INFO] [stdout] 187 | |         self.v3 = self.seed;
[INFO] [stdout] ...   |
[INFO] [stdout] 190 | |         self.memsize = 0;
[INFO] [stdout] 191 | |     }
[INFO] [stdout]     | |_____^ not a member of trait `Hasher`
[INFO] [stdout] 
[INFO] [stdout] 
[INFO] [stdout] error[E0412]: cannot find type `int` in this scope
[INFO] [stdout]   --> src/xxh32.rs:63:59
[INFO] [stdout]    |
[INFO] [stdout] 63 |             let dst: *mut u8 = mem.offset(self.memsize as int);
[INFO] [stdout]    |                                                           ^^^
[INFO] [stdout]    |                                                           |
[INFO] [stdout]    |                                                           not found in this scope
[INFO] [stdout]    |                                                           help: perhaps you intended to use this type: `i32`
[INFO] [stdout] 
[INFO] [stdout] 
[INFO] [stdout] error[E0412]: cannot find type `int` in this scope
[INFO] [stdout]   --> src/xxh32.rs:72:59
[INFO] [stdout]    |
[INFO] [stdout] 72 |             let dst: *mut u8 = mem.offset(self.memsize as int);
[INFO] [stdout]    |                                                           ^^^
[INFO] [stdout]    |                                                           |
[INFO] [stdout]    |                                                           not found in this scope
[INFO] [stdout]    |                                                           help: perhaps you intended to use this type: `i32`
[INFO] [stdout] 
[INFO] [stdout] 
[INFO] [stdout] error[E0412]: cannot find type `int` in this scope
[INFO] [stdout]   --> src/xxh32.rs:96:40
[INFO] [stdout]    |
[INFO] [stdout] 96 |             data = data.offset(bump as int);
[INFO] [stdout]    |                                        ^^^
[INFO] [stdout]    |                                        |
[INFO] [stdout]    |                                        not found in this scope
[INFO] [stdout]    |                                        help: perhaps you intended to use this type: `i32`
[INFO] [stdout] 
[INFO] [stdout] 
[INFO] [stdout] error[E0412]: cannot find type `int` in this scope
[INFO] [stdout]    --> src/lib.rs:103:59
[INFO] [stdout]     |
[INFO] [stdout] 103 |             let dst: *mut u8 = mem.offset(self.memsize as int);
[INFO] [stdout]     |                                                           ^^^
[INFO] [stdout]     |                                                           |
[INFO] [stdout]     |                                                           not found in this scope
[INFO] [stdout]     |                                                           help: perhaps you intended to use this type: `i32`
[INFO] [stdout] 
[INFO] [stdout] 
[INFO] [stdout] error[E0412]: cannot find type `int` in this scope
[INFO] [stdout]    --> src/lib.rs:112:59
[INFO] [stdout]     |
[INFO] [stdout] 112 |             let dst: *mut u8 = mem.offset(self.memsize as int);
[INFO] [stdout]     |                                                           ^^^
[INFO] [stdout]     |                                                           |
[INFO] [stdout]     |                                                           not found in this scope
[INFO] [stdout]     |                                                           help: perhaps you intended to use this type: `i32`
[INFO] [stdout] 
[INFO] [stdout] 
[INFO] [stdout] error[E0412]: cannot find type `int` in this scope
[INFO] [stdout]    --> src/lib.rs:141:40
[INFO] [stdout]     |
[INFO] [stdout] 141 |             data = data.offset(bump as int);
[INFO] [stdout]     |                                        ^^^
[INFO] [stdout]     |                                        |
[INFO] [stdout]     |                                        not found in this scope
[INFO] [stdout]     |                                        help: perhaps you intended to use this type: `i32`
[INFO] [stdout] 
[INFO] [stdout] 
[INFO] [stdout] warning: unknown lint: `unstable`
[INFO] [stdout]   --> src/lib.rs:26:10
[INFO] [stdout]    |
[INFO] [stdout] 26 | #![allow(unstable)]
[INFO] [stdout]    |          ^^^^^^^^
[INFO] [stdout]    |
[INFO] [stdout]    = note: `#[warn(unknown_lints)]` on by default
[INFO] [stdout] 
[INFO] [stdout] 
[INFO] [stdout] warning: use of unstable library feature 'test': `bench` is a part of custom test frameworks which are unstable
[INFO] [stdout]    --> src/lib.rs:336:3
[INFO] [stdout]     |
[INFO] [stdout] 336 | #[bench]
[INFO] [stdout]     |   ^^^^^
[INFO] [stdout]     |
[INFO] [stdout]     = warning: this was previously accepted by the compiler but is being phased out; it will become a hard error in a future release!
[INFO] [stdout]     = note: for more information, see issue #64266 <https://github.com/rust-lang/rust/issues/64266>
[INFO] [stdout]     = note: `#[warn(soft_unstable)]` on by default
[INFO] [stdout] 
[INFO] [stdout] 
[INFO] [stdout] warning: use of unstable library feature 'test': `bench` is a part of custom test frameworks which are unstable
[INFO] [stdout]    --> src/lib.rs:423:3
[INFO] [stdout]     |
[INFO] [stdout] 423 | #[bench]
[INFO] [stdout]     |   ^^^^^
[INFO] [stdout]     |
[INFO] [stdout]     = warning: this was previously accepted by the compiler but is being phased out; it will become a hard error in a future release!
[INFO] [stdout]     = note: for more information, see issue #64266 <https://github.com/rust-lang/rust/issues/64266>
[INFO] [stdout] 
[INFO] [stdout] 
[INFO] [stdout] warning: use of unstable library feature 'test': `bench` is a part of custom test frameworks which are unstable
[INFO] [stdout]    --> src/lib.rs:432:3
[INFO] [stdout]     |
[INFO] [stdout] 432 | #[bench]
[INFO] [stdout]     |   ^^^^^
[INFO] [stdout]     |
[INFO] [stdout]     = warning: this was previously accepted by the compiler but is being phased out; it will become a hard error in a future release!
[INFO] [stdout]     = note: for more information, see issue #64266 <https://github.com/rust-lang/rust/issues/64266>
[INFO] [stdout] 
[INFO] [stdout] 
[INFO] [stdout] warning: use of unstable library feature 'test': `bench` is a part of custom test frameworks which are unstable
[INFO] [stdout]    --> src/lib.rs:441:3
[INFO] [stdout]     |
[INFO] [stdout] 441 | #[bench]
[INFO] [stdout]     |   ^^^^^
[INFO] [stdout]     |
[INFO] [stdout]     = warning: this was previously accepted by the compiler but is being phased out; it will become a hard error in a future release!
[INFO] [stdout]     = note: for more information, see issue #64266 <https://github.com/rust-lang/rust/issues/64266>
[INFO] [stdout] 
[INFO] [stdout] 
[INFO] [stdout] warning: use of unstable library feature 'test': `bench` is a part of custom test frameworks which are unstable
[INFO] [stdout]    --> src/lib.rs:450:3
[INFO] [stdout]     |
[INFO] [stdout] 450 | #[bench]
[INFO] [stdout]     |   ^^^^^
[INFO] [stdout]     |
[INFO] [stdout]     = warning: this was previously accepted by the compiler but is being phased out; it will become a hard error in a future release!
[INFO] [stdout]     = note: for more information, see issue #64266 <https://github.com/rust-lang/rust/issues/64266>
[INFO] [stdout] 
[INFO] [stdout] 
[INFO] [stdout] warning: use of unstable library feature 'test': `bench` is a part of custom test frameworks which are unstable
[INFO] [stdout]    --> src/lib.rs:464:3
[INFO] [stdout]     |
[INFO] [stdout] 464 | #[bench]
[INFO] [stdout]     |   ^^^^^
[INFO] [stdout]     |
[INFO] [stdout]     = warning: this was previously accepted by the compiler but is being phased out; it will become a hard error in a future release!
[INFO] [stdout]     = note: for more information, see issue #64266 <https://github.com/rust-lang/rust/issues/64266>
[INFO] [stdout] 
[INFO] [stdout] 
[INFO] [stdout] warning: unused `#[macro_use]` import
[INFO] [stdout]   --> src/lib.rs:28:1
[INFO] [stdout]    |
[INFO] [stdout] 28 | #[macro_use] extern crate core;
[INFO] [stdout]    | ^^^^^^^^^^^^
[INFO] [stdout]    |
[INFO] [stdout]    = note: `#[warn(unused_imports)]` on by default
[INFO] [stdout] 
[INFO] [stdout] 
[INFO] [stdout] warning: use of unstable library feature 'test': `bench` is a part of custom test frameworks which are unstable
[INFO] [stdout]    --> src/xxh32.rs:264:3
[INFO] [stdout]     |
[INFO] [stdout] 264 | #[bench]
[INFO] [stdout]     |   ^^^^^
[INFO] [stdout]     |
[INFO] [stdout]     = warning: this was previously accepted by the compiler but is being phased out; it will become a hard error in a future release!
[INFO] [stdout]     = note: for more information, see issue #64266 <https://github.com/rust-lang/rust/issues/64266>
[INFO] [stdout] 
[INFO] [stdout] 
[INFO] [stdout] warning: use of unstable library feature 'test': `bench` is a part of custom test frameworks which are unstable
[INFO] [stdout]    --> src/xxh32.rs:351:3
[INFO] [stdout]     |
[INFO] [stdout] 351 | #[bench]
[INFO] [stdout]     |   ^^^^^
[INFO] [stdout]     |
[INFO] [stdout]     = warning: this was previously accepted by the compiler but is being phased out; it will become a hard error in a future release!
[INFO] [stdout]     = note: for more information, see issue #64266 <https://github.com/rust-lang/rust/issues/64266>
[INFO] [stdout] 
[INFO] [stdout] 
[INFO] [stdout] warning: use of unstable library feature 'test': `bench` is a part of custom test frameworks which are unstable
[INFO] [stdout]    --> src/xxh32.rs:360:3
[INFO] [stdout]     |
[INFO] [stdout] 360 | #[bench]
[INFO] [stdout]     |   ^^^^^
[INFO] [stdout]     |
[INFO] [stdout]     = warning: this was previously accepted by the compiler but is being phased out; it will become a hard error in a future release!
[INFO] [stdout]     = note: for more information, see issue #64266 <https://github.com/rust-lang/rust/issues/64266>
[INFO] [stdout] 
[INFO] [stdout] 
[INFO] [stdout] warning: use of unstable library feature 'test': `bench` is a part of custom test frameworks which are unstable
[INFO] [stdout]    --> src/xxh32.rs:369:3
[INFO] [stdout]     |
[INFO] [stdout] 369 | #[bench]
[INFO] [stdout]     |   ^^^^^
[INFO] [stdout]     |
[INFO] [stdout]     = warning: this was previously accepted by the compiler but is being phased out; it will become a hard error in a future release!
[INFO] [stdout]     = note: for more information, see issue #64266 <https://github.com/rust-lang/rust/issues/64266>
[INFO] [stdout] 
[INFO] [stdout] 
[INFO] [stdout] warning: use of unstable library feature 'test': `bench` is a part of custom test frameworks which are unstable
[INFO] [stdout]    --> src/xxh32.rs:378:3
[INFO] [stdout]     |
[INFO] [stdout] 378 | #[bench]
[INFO] [stdout]     |   ^^^^^
[INFO] [stdout]     |
[INFO] [stdout]     = warning: this was previously accepted by the compiler but is being phased out; it will become a hard error in a future release!
[INFO] [stdout]     = note: for more information, see issue #64266 <https://github.com/rust-lang/rust/issues/64266>
[INFO] [stdout] 
[INFO] [stdout] 
[INFO] [stdout] warning: use of unstable library feature 'test': `bench` is a part of custom test frameworks which are unstable
[INFO] [stdout]    --> src/xxh32.rs:392:3
[INFO] [stdout]     |
[INFO] [stdout] 392 | #[bench]
[INFO] [stdout]     |   ^^^^^
[INFO] [stdout]     |
[INFO] [stdout]     = warning: this was previously accepted by the compiler but is being phased out; it will become a hard error in a future release!
[INFO] [stdout]     = note: for more information, see issue #64266 <https://github.com/rust-lang/rust/issues/64266>
[INFO] [stdout] 
[INFO] [stdout] 
[INFO] [stdout] warning: unnecessary parentheses around block return value
[INFO] [stdout]   --> src/xxh32.rs:11:5
[INFO] [stdout]    |
[INFO] [stdout] 11 |     ((x << b) | (x >> (32 - b)))
[INFO] [stdout]    |     ^                          ^
[INFO] [stdout]    |
[INFO] [stdout]    = note: `#[warn(unused_parens)]` on by default
[INFO] [stdout] help: remove these parentheses
[INFO] [stdout]    |
[INFO] [stdout] 11 -     ((x << b) | (x >> (32 - b)))
[INFO] [stdout] 11 +     (x << b) | (x >> (32 - b))
[INFO] [stdout]    |
[INFO] [stdout] 
[INFO] [stdout] 
[INFO] [stdout] warning: use of deprecated function `std::mem::uninitialized`: use `mem::MaybeUninit` instead
[INFO] [stdout]   --> src/lib.rs:33:16
[INFO] [stdout]    |
[INFO] [stdout] 33 | use std::mem::{uninitialized, transmute};
[INFO] [stdout]    |                ^^^^^^^^^^^^^
[INFO] [stdout]    |
[INFO] [stdout]    = note: `#[warn(deprecated)]` on by default
[INFO] [stdout] 
[INFO] [stdout] 
[INFO] [stdout] warning: use of deprecated function `std::mem::uninitialized`: use `mem::MaybeUninit` instead
[INFO] [stdout]   --> src/lib.rs:80:44
[INFO] [stdout]    |
[INFO] [stdout] 80 |         let mut state: XXHasher = unsafe { uninitialized() };
[INFO] [stdout]    |                                            ^^^^^^^^^^^^^
[INFO] [stdout] 
[INFO] [stdout] 
[INFO] [stdout] warning: use of deprecated function `std::mem::uninitialized`: use `mem::MaybeUninit` instead
[INFO] [stdout]  --> src/xxh32.rs:1:16
[INFO] [stdout]   |
[INFO] [stdout] 1 | use std::mem::{uninitialized,transmute};
[INFO] [stdout]   |                ^^^^^^^^^^^^^
[INFO] [stdout] 
[INFO] [stdout] 
[INFO] [stdout] warning: use of deprecated function `std::mem::uninitialized`: use `mem::MaybeUninit` instead
[INFO] [stdout]   --> src/xxh32.rs:42:44
[INFO] [stdout]    |
[INFO] [stdout] 42 |         let mut state: XXHasher = unsafe { uninitialized() };
[INFO] [stdout]    |                                            ^^^^^^^^^^^^^
[INFO] [stdout] 
[INFO] [stdout] 
[INFO] [stdout] error[E0554]: `#![feature]` may not be used on the beta release channel
[INFO] [stdout]   --> src/lib.rs:24:12
[INFO] [stdout]    |
[INFO] [stdout] 24 | #![feature(int_uint)]
[INFO] [stdout]    |            ^^^^^^^^
[INFO] [stdout] 
[INFO] [stdout] 
[INFO] [stdout] error[E0635]: unknown feature `int_uint`
[INFO] [stdout]   --> src/lib.rs:24:12
[INFO] [stdout]    |
[INFO] [stdout] 24 | #![feature(int_uint)]
[INFO] [stdout]    |            ^^^^^^^^
[INFO] [stdout] 
[INFO] [stdout] 
[INFO] [stdout] error: aborting due to 25 previous errors; 19 warnings emitted
[INFO] [stdout] 
[INFO] [stdout] 
[INFO] [stdout] Some errors have detailed explanations: E0407, E0412, E0432, E0437, E0554, E0635.
[INFO] [stdout] 
[INFO] [stdout] For more information about an error, try `rustc --explain E0407`.
[INFO] [stdout] 
[INFO] [stderr] error: could not compile `xxhash` (lib) due to 26 previous errors; 19 warnings emitted
[INFO] running `Command { std: "docker" "inspect" "9b70aea6615e82dbd0d63e026170b048c69ee92e4040d13f17b2896e7e9b6c27", kill_on_drop: false }`
[INFO] running `Command { std: "docker" "rm" "-f" "9b70aea6615e82dbd0d63e026170b048c69ee92e4040d13f17b2896e7e9b6c27", kill_on_drop: false }`
[INFO] [stdout] 9b70aea6615e82dbd0d63e026170b048c69ee92e4040d13f17b2896e7e9b6c27
