[INFO] fetching crate xtb-model 0.0.6...
[INFO] testing xtb-model-0.0.6 against 1.69.0 for beta-1.70-1
[INFO] extracting crate xtb-model 0.0.6 into /workspace/builds/worker-5-tc1/source
[INFO] validating manifest of crates.io crate xtb-model 0.0.6 on toolchain 1.69.0
[INFO] running `Command { std: CARGO_HOME="/workspace/cargo-home" RUSTUP_HOME="/workspace/rustup-home" "/workspace/cargo-home/bin/cargo" "+1.69.0" "metadata" "--manifest-path" "Cargo.toml" "--no-deps", kill_on_drop: false }`
[INFO] started tweaking crates.io crate xtb-model 0.0.6
[INFO] finished tweaking crates.io crate xtb-model 0.0.6
[INFO] tweaked toml for crates.io crate xtb-model 0.0.6 written to /workspace/builds/worker-5-tc1/source/Cargo.toml
[INFO] running `Command { std: CARGO_HOME="/workspace/cargo-home" RUSTUP_HOME="/workspace/rustup-home" __CARGO_TEST_CHANNEL_OVERRIDE_DO_NOT_USE_THIS="nightly" "/workspace/cargo-home/bin/cargo" "+1.69.0" "generate-lockfile" "--manifest-path" "Cargo.toml" "-Zno-index-update", kill_on_drop: false }`
[INFO] running `Command { std: CARGO_HOME="/workspace/cargo-home" RUSTUP_HOME="/workspace/rustup-home" "/workspace/cargo-home/bin/cargo" "+1.69.0" "fetch" "--manifest-path" "Cargo.toml", kill_on_drop: false }`
[INFO] running `Command { std: "docker" "create" "-v" "/var/lib/crater-agent-workspace/builds/worker-5-tc1/target:/opt/rustwide/target:rw,Z" "-v" "/var/lib/crater-agent-workspace/builds/worker-5-tc1/source:/opt/rustwide/workdir:ro,Z" "-v" "/var/lib/crater-agent-workspace/cargo-home:/opt/rustwide/cargo-home:ro,Z" "-v" "/var/lib/crater-agent-workspace/rustup-home:/opt/rustwide/rustup-home:ro,Z" "-e" "SOURCE_DIR=/opt/rustwide/workdir" "-e" "CARGO_TARGET_DIR=/opt/rustwide/target" "-e" "CARGO_HOME=/opt/rustwide/cargo-home" "-e" "RUSTUP_HOME=/opt/rustwide/rustup-home" "-w" "/opt/rustwide/workdir" "-m" "1610612736" "--user" "0:0" "--network" "none" "ghcr.io/rust-lang/crates-build-env/linux@sha256:5ff2268d62e97bff2cde7d5815dd6ed5b47097566f13b8d0ca110b04b60e07ed" "/opt/rustwide/cargo-home/bin/cargo" "+1.69.0" "metadata" "--no-deps" "--format-version=1", kill_on_drop: false }`
[INFO] [stdout] 3fdb5de71912e6d7afa8c609f1177337d9441a9288ad21d1523461306aef1f3c
[INFO] running `Command { std: "docker" "start" "-a" "3fdb5de71912e6d7afa8c609f1177337d9441a9288ad21d1523461306aef1f3c", kill_on_drop: false }`
[INFO] running `Command { std: "docker" "inspect" "3fdb5de71912e6d7afa8c609f1177337d9441a9288ad21d1523461306aef1f3c", kill_on_drop: false }`
[INFO] running `Command { std: "docker" "rm" "-f" "3fdb5de71912e6d7afa8c609f1177337d9441a9288ad21d1523461306aef1f3c", kill_on_drop: false }`
[INFO] [stdout] 3fdb5de71912e6d7afa8c609f1177337d9441a9288ad21d1523461306aef1f3c
[INFO] running `Command { std: "docker" "create" "-v" "/var/lib/crater-agent-workspace/builds/worker-5-tc1/target:/opt/rustwide/target:rw,Z" "-v" "/var/lib/crater-agent-workspace/builds/worker-5-tc1/source:/opt/rustwide/workdir:ro,Z" "-v" "/var/lib/crater-agent-workspace/cargo-home:/opt/rustwide/cargo-home:ro,Z" "-v" "/var/lib/crater-agent-workspace/rustup-home:/opt/rustwide/rustup-home:ro,Z" "-e" "SOURCE_DIR=/opt/rustwide/workdir" "-e" "CARGO_TARGET_DIR=/opt/rustwide/target" "-e" "CARGO_INCREMENTAL=0" "-e" "RUST_BACKTRACE=full" "-e" "RUSTFLAGS=--cap-lints=warn" "-e" "RUSTDOCFLAGS=--cap-lints=warn" "-e" "CARGO_HOME=/opt/rustwide/cargo-home" "-e" "RUSTUP_HOME=/opt/rustwide/rustup-home" "-w" "/opt/rustwide/workdir" "-m" "1610612736" "--user" "0:0" "--network" "none" "ghcr.io/rust-lang/crates-build-env/linux@sha256:5ff2268d62e97bff2cde7d5815dd6ed5b47097566f13b8d0ca110b04b60e07ed" "/opt/rustwide/cargo-home/bin/cargo" "+1.69.0" "build" "--frozen" "--message-format=json", kill_on_drop: false }`
[INFO] [stdout] f138b50feecb1ba240cedcc11640a6e60a2f6eb395454d1c1a5f449824629d8d
[INFO] running `Command { std: "docker" "start" "-a" "f138b50feecb1ba240cedcc11640a6e60a2f6eb395454d1c1a5f449824629d8d", kill_on_drop: false }`
[INFO] [stderr]    Compiling libc v0.2.142
[INFO] [stderr]    Compiling memchr v2.5.0
[INFO] [stderr]    Compiling glob v0.3.1
[INFO] [stderr]    Compiling cfg-if v1.0.0
[INFO] [stderr]    Compiling log v0.4.17
[INFO] [stderr]    Compiling proc-macro2 v1.0.56
[INFO] [stderr]    Compiling quote v1.0.26
[INFO] [stderr]    Compiling unicode-ident v1.0.8
[INFO] [stderr]    Compiling unicode-width v0.1.10
[INFO] [stderr]    Compiling minimal-lexical v0.2.1
[INFO] [stderr]    Compiling regex-syntax v0.7.1
[INFO] [stderr]    Compiling humantime v2.1.0
[INFO] [stderr]    Compiling termcolor v1.2.0
[INFO] [stderr]    Compiling either v1.8.1
[INFO] [stderr]    Compiling bindgen v0.59.2
[INFO] [stderr]    Compiling bitflags v1.3.2
[INFO] [stderr]    Compiling libloading v0.7.4
[INFO] [stderr]    Compiling strsim v0.8.0
[INFO] [stderr]    Compiling textwrap v0.11.0
[INFO] [stderr]    Compiling vec_map v0.8.2
[INFO] [stderr]    Compiling ansi_term v0.12.1
[INFO] [stderr]    Compiling rustc-hash v1.1.0
[INFO] [stderr]    Compiling peeking_take_while v0.1.2
[INFO] [stderr]    Compiling lazy_static v1.4.0
[INFO] [stderr]    Compiling lazycell v1.3.0
[INFO] [stderr]    Compiling shlex v1.1.0
[INFO] [stderr]    Compiling anyhow v1.0.71
[INFO] [stderr]    Compiling clang-sys v1.6.1
[INFO] [stderr]    Compiling aho-corasick v1.0.1
[INFO] [stderr]    Compiling nom v7.1.3
[INFO] [stderr]    Compiling atty v0.2.14
[INFO] [stderr]    Compiling which v4.4.0
[INFO] [stderr]    Compiling clap v2.34.0
[INFO] [stderr]    Compiling regex v1.8.1
[INFO] [stderr]    Compiling cexpr v0.6.0
[INFO] [stderr]    Compiling env_logger v0.9.3
[INFO] [stderr]    Compiling xtb-model v0.0.6 (/opt/rustwide/workdir)
[INFO] [stdout] warning: unreachable pattern
[INFO] [stdout]    --> src/raw.rs:149:17
[INFO] [stdout]     |
[INFO] [stdout] 149 |                 _ => unimplemented!(),
[INFO] [stdout]     |                 ^
[INFO] [stdout]     |
[INFO] [stdout]     = note: `#[warn(unreachable_patterns)]` on by default
[INFO] [stdout] 
[INFO] [stdout] 
[INFO] [stdout] warning: unused variable: `m`
[INFO] [stdout]    --> src/xtb.rs:237:9
[INFO] [stdout]     |
[INFO] [stdout] 237 |     let m: XtbMethod= "gfn-xtb".into();
[INFO] [stdout]     |         ^ help: if this is intentional, prefix it with an underscore: `_m`
[INFO] [stdout]     |
[INFO] [stdout]     = note: `#[warn(unused_variables)]` on by default
[INFO] [stdout] 
[INFO] [stdout] 
[INFO] [stdout] warning: variable does not need to be mutable
[INFO] [stdout]    --> src/raw.rs:184:13
[INFO] [stdout]     |
[INFO] [stdout] 184 |         let mut res = XtbResults::new();
[INFO] [stdout]     |             ----^^^
[INFO] [stdout]     |             |
[INFO] [stdout]     |             help: remove this `mut`
[INFO] [stdout]     |
[INFO] [stdout]     = note: `#[warn(unused_mut)]` on by default
[INFO] [stdout] 
[INFO] [stdout] 
[INFO] [stdout] warning: variable does not need to be mutable
[INFO] [stdout]    --> src/xtb.rs:158:13
[INFO] [stdout]     |
[INFO] [stdout] 158 |         let mut calc = XtbCalculator::new();
[INFO] [stdout]     |             ----^^^^
[INFO] [stdout]     |             |
[INFO] [stdout]     |             help: remove this `mut`
[INFO] [stdout] 
[INFO] [stdout] 
[INFO] [stdout] warning: constant `XTB_VERSION_6_3_0` is never used
[INFO] [stdout]  --> /opt/rustwide/target/debug/build/xtb-model-640b035e017a234c/out/bindings.rs:3:53
[INFO] [stdout]   |
[INFO] [stdout] 3 | pub const XTB_API_VERSION : u32 = 10000 ; pub const XTB_VERSION_6_3_0 : u32 = 1 ; pub const XTB_VERSION_6_3_1 : u32 = 1 ; pub const XTB_V...
[INFO] [stdout]   |                                                     ^^^^^^^^^^^^^^^^^
[INFO] [stdout]   |
[INFO] [stdout]   = note: `#[warn(dead_code)]` on by default
[INFO] [stdout] 
[INFO] [stdout] 
[INFO] [stdout] warning: constant `XTB_VERSION_6_3_1` is never used
[INFO] [stdout]  --> /opt/rustwide/target/debug/build/xtb-model-640b035e017a234c/out/bindings.rs:3:93
[INFO] [stdout]   |
[INFO] [stdout] 3 | pub const XTB_API_VERSION : u32 = 10000 ; pub const XTB_VERSION_6_3_0 : u32 = 1 ; pub const XTB_VERSION_6_3_1 : u32 = 1 ; pub const XTB_V...
[INFO] [stdout]   |                                                                                             ^^^^^^^^^^^^^^^^^
[INFO] [stdout] 
[INFO] [stdout] 
[INFO] [stdout] warning: constant `XTB_VERSION_6_3_2` is never used
[INFO] [stdout]  --> /opt/rustwide/target/debug/build/xtb-model-640b035e017a234c/out/bindings.rs:3:133
[INFO] [stdout]   |
[INFO] [stdout] 3 | ...2 = 1 ; pub const XTB_VERSION_6_3_1 : u32 = 1 ; pub const XTB_VERSION_6_3_2 : u32 = 1 ; pub const XTB_VERSION_6_3_3 : u32 = 1 ; pub co...
[INFO] [stdout]   |                                                              ^^^^^^^^^^^^^^^^^
[INFO] [stdout] 
[INFO] [stdout] 
[INFO] [stdout] warning: constant `XTB_VERSION_6_3_3` is never used
[INFO] [stdout]  --> /opt/rustwide/target/debug/build/xtb-model-640b035e017a234c/out/bindings.rs:3:173
[INFO] [stdout]   |
[INFO] [stdout] 3 | ...2 = 1 ; pub const XTB_VERSION_6_3_2 : u32 = 1 ; pub const XTB_VERSION_6_3_3 : u32 = 1 ; pub const XTB_VERBOSITY_FULL : u32 = 2 ; pub c...
[INFO] [stdout]   |                                                              ^^^^^^^^^^^^^^^^^
[INFO] [stdout] 
[INFO] [stdout] 
[INFO] [stdout] warning: constant `true_` is never used
[INFO] [stdout]  --> /opt/rustwide/target/debug/build/xtb-model-640b035e017a234c/out/bindings.rs:3:340
[INFO] [stdout]   |
[INFO] [stdout] 3 | ...: u32 = 1 ; pub const XTB_VERBOSITY_MUTED : u32 = 0 ; pub const true_ : u32 = 1 ; pub const false_ : u32 = 0 ; pub const __bool_true_f...
[INFO] [stdout]   |                                                                    ^^^^^
[INFO] [stdout] 
[INFO] [stdout] 
[INFO] [stdout] warning: constant `false_` is never used
[INFO] [stdout]  --> /opt/rustwide/target/debug/build/xtb-model-640b035e017a234c/out/bindings.rs:3:368
[INFO] [stdout]   |
[INFO] [stdout] 3 | ...RBOSITY_MUTED : u32 = 0 ; pub const true_ : u32 = 1 ; pub const false_ : u32 = 0 ; pub const __bool_true_false_are_defined : u32 = 1 ;...
[INFO] [stdout]   |                                                                    ^^^^^^
[INFO] [stdout] 
[INFO] [stdout] 
[INFO] [stdout] warning: function `xtb_getError` is never used
[INFO] [stdout]  --> /opt/rustwide/target/debug/build/xtb-model-640b035e017a234c/out/bindings.rs:3:1998
[INFO] [stdout]   |
[INFO] [stdout] 3 | ...xtern "C" { # [doc = " Return and empty error stack"] pub fn xtb_getError (arg1 : xtb_TEnvironment , arg2 : * mut :: std :: os :: raw ...
[INFO] [stdout]   |                                                                 ^^^^^^^^^^^^
[INFO] [stdout] 
[INFO] [stdout] 
[INFO] [stdout] warning: function `xtb_setOutput` is never used
[INFO] [stdout]  --> /opt/rustwide/target/debug/build/xtb-model-640b035e017a234c/out/bindings.rs:3:2199
[INFO] [stdout]   |
[INFO] [stdout] 3 | ..."C" { # [doc = " Bind output from this environment"] pub fn xtb_setOutput (arg1 : xtb_TEnvironment , arg2 : * const :: std :: os :: ra...
[INFO] [stdout]   |                                                                ^^^^^^^^^^^^^
[INFO] [stdout] 
[INFO] [stdout] 
[INFO] [stdout] warning: function `xtb_releaseOutput` is never used
[INFO] [stdout]  --> /opt/rustwide/target/debug/build/xtb-model-640b035e017a234c/out/bindings.rs:3:2365
[INFO] [stdout]   |
[INFO] [stdout] 3 | ...oc = " Release output unit from this environment"] pub fn xtb_releaseOutput (arg1 : xtb_TEnvironment) ; } extern "C" { # [doc = " Set ...
[INFO] [stdout]   |                                                              ^^^^^^^^^^^^^^^^^
[INFO] [stdout] 
[INFO] [stdout] 
[INFO] [stdout] warning: function `xtb_setSolvent` is never used
[INFO] [stdout]  --> /opt/rustwide/target/debug/build/xtb-model-640b035e017a234c/out/bindings.rs:3:4371
[INFO] [stdout]   |
[INFO] [stdout] 3 | ...el to calculator (requires loaded parametrisation)"] pub fn xtb_setSolvent (arg1 : xtb_TEnvironment , arg2 : xtb_TCalculator , arg3 : ...
[INFO] [stdout]   |                                                                ^^^^^^^^^^^^^^
[INFO] [stdout] 
[INFO] [stdout] 
[INFO] [stdout] warning: function `xtb_releaseSolvent` is never used
[INFO] [stdout]  --> /opt/rustwide/target/debug/build/xtb-model-640b035e017a234c/out/bindings.rs:3:4652
[INFO] [stdout]   |
[INFO] [stdout] 3 | ...xtern "C" { # [doc = " Unset the solvation model"] pub fn xtb_releaseSolvent (arg1 : xtb_TEnvironment , arg2 : xtb_TCalculator) ; } ex...
[INFO] [stdout]   |                                                              ^^^^^^^^^^^^^^^^^^
[INFO] [stdout] 
[INFO] [stdout] 
[INFO] [stdout] warning: function `xtb_setExternalCharges` is never used
[INFO] [stdout]  --> /opt/rustwide/target/debug/build/xtb-model-640b035e017a234c/out/bindings.rs:3:4836
[INFO] [stdout]   |
[INFO] [stdout] 3 | ...l to calculator (only supported in GFN1/2-xTB)"] pub fn xtb_setExternalCharges (arg1 : xtb_TEnvironment , arg2 : xtb_TCalculator , arg...
[INFO] [stdout]   |                                                            ^^^^^^^^^^^^^^^^^^^^^^
[INFO] [stdout] 
[INFO] [stdout] 
[INFO] [stdout] warning: function `xtb_releaseExternalCharges` is never used
[INFO] [stdout]  --> /opt/rustwide/target/debug/build/xtb-model-640b035e017a234c/out/bindings.rs:3:5109
[INFO] [stdout]   |
[INFO] [stdout] 3 | ...[doc = " Unset the external charge potential"] pub fn xtb_releaseExternalCharges (arg1 : xtb_TEnvironment , arg2 : xtb_TCalculator) ; ...
[INFO] [stdout]   |                                                          ^^^^^^^^^^^^^^^^^^^^^^^^^^
[INFO] [stdout] 
[INFO] [stdout] 
[INFO] [stdout] warning: function `xtb_copyResults` is never used
[INFO] [stdout]  --> /opt/rustwide/target/debug/build/xtb-model-640b035e017a234c/out/bindings.rs:3:6270
[INFO] [stdout]   |
[INFO] [stdout] 3 | ...= " Create copy from a singlepoint results object"] pub fn xtb_copyResults (arg1 : xtb_TResults) -> xtb_TResults ; } extern "C" { # [d...
[INFO] [stdout]   |                                                               ^^^^^^^^^^^^^^^
[INFO] [stdout] 
[INFO] [stdout] 
[INFO] [stdout] warning: fields `atom_types` and `periodic` are never read
[INFO] [stdout]    --> src/xtb.rs:123:5
[INFO] [stdout]     |
[INFO] [stdout] 121 | pub struct XtbModel {
[INFO] [stdout]     |            -------- fields in this struct
[INFO] [stdout] 122 |     params: XtbParameters,
[INFO] [stdout] 123 |     atom_types: Vec<i32>,
[INFO] [stdout]     |     ^^^^^^^^^^
[INFO] [stdout] ...
[INFO] [stdout] 126 |     periodic: [bool; 3],
[INFO] [stdout]     |     ^^^^^^^^
[INFO] [stdout] 
[INFO] [stdout] 
[INFO] [stdout] warning: function `test_xtb_method_into_panic` is never used
[INFO] [stdout]    --> src/xtb.rs:236:4
[INFO] [stdout]     |
[INFO] [stdout] 236 | fn test_xtb_method_into_panic() {
[INFO] [stdout]     |    ^^^^^^^^^^^^^^^^^^^^^^^^^^
[INFO] [stdout] 
[INFO] [stdout] 
[INFO] [stdout] warning: 20 warnings emitted
[INFO] [stdout] 
[INFO] [stdout] 
[INFO] [stderr]     Finished dev [unoptimized + debuginfo] target(s) in 13.54s
[INFO] running `Command { std: "docker" "inspect" "f138b50feecb1ba240cedcc11640a6e60a2f6eb395454d1c1a5f449824629d8d", kill_on_drop: false }`
[INFO] running `Command { std: "docker" "rm" "-f" "f138b50feecb1ba240cedcc11640a6e60a2f6eb395454d1c1a5f449824629d8d", kill_on_drop: false }`
[INFO] [stdout] f138b50feecb1ba240cedcc11640a6e60a2f6eb395454d1c1a5f449824629d8d
[INFO] running `Command { std: "docker" "create" "-v" "/var/lib/crater-agent-workspace/builds/worker-5-tc1/target:/opt/rustwide/target:rw,Z" "-v" "/var/lib/crater-agent-workspace/builds/worker-5-tc1/source:/opt/rustwide/workdir:ro,Z" "-v" "/var/lib/crater-agent-workspace/cargo-home:/opt/rustwide/cargo-home:ro,Z" "-v" "/var/lib/crater-agent-workspace/rustup-home:/opt/rustwide/rustup-home:ro,Z" "-e" "SOURCE_DIR=/opt/rustwide/workdir" "-e" "CARGO_TARGET_DIR=/opt/rustwide/target" "-e" "CARGO_INCREMENTAL=0" "-e" "RUST_BACKTRACE=full" "-e" "RUSTFLAGS=--cap-lints=warn" "-e" "RUSTDOCFLAGS=--cap-lints=warn" "-e" "CARGO_HOME=/opt/rustwide/cargo-home" "-e" "RUSTUP_HOME=/opt/rustwide/rustup-home" "-w" "/opt/rustwide/workdir" "-m" "1610612736" "--user" "0:0" "--network" "none" "ghcr.io/rust-lang/crates-build-env/linux@sha256:5ff2268d62e97bff2cde7d5815dd6ed5b47097566f13b8d0ca110b04b60e07ed" "/opt/rustwide/cargo-home/bin/cargo" "+1.69.0" "test" "--frozen" "--no-run" "--message-format=json", kill_on_drop: false }`
[INFO] [stdout] 278e8205d70da7ea8db4eaa74056d4f791246334914a378ab540d87f71bd085e
[INFO] running `Command { std: "docker" "start" "-a" "278e8205d70da7ea8db4eaa74056d4f791246334914a378ab540d87f71bd085e", kill_on_drop: false }`
[INFO] [stderr]    Compiling autocfg v1.1.0
[INFO] [stdout] warning: unreachable pattern
[INFO] [stdout]    --> src/raw.rs:149:17
[INFO] [stdout]     |
[INFO] [stdout] 149 |                 _ => unimplemented!(),
[INFO] [stdout]     |                 ^
[INFO] [stdout]     |
[INFO] [stdout]     = note: `#[warn(unreachable_patterns)]` on by default
[INFO] [stdout] 
[INFO] [stdout] 
[INFO] [stdout] warning: unused variable: `m`
[INFO] [stdout]    --> src/xtb.rs:237:9
[INFO] [stdout]     |
[INFO] [stdout] 237 |     let m: XtbMethod= "gfn-xtb".into();
[INFO] [stdout]     |         ^ help: if this is intentional, prefix it with an underscore: `_m`
[INFO] [stdout]     |
[INFO] [stdout]     = note: `#[warn(unused_variables)]` on by default
[INFO] [stdout] 
[INFO] [stdout] 
[INFO] [stdout] warning: variable does not need to be mutable
[INFO] [stdout]    --> src/raw.rs:184:13
[INFO] [stdout]     |
[INFO] [stdout] 184 |         let mut res = XtbResults::new();
[INFO] [stdout]     |             ----^^^
[INFO] [stdout]     |             |
[INFO] [stdout]     |             help: remove this `mut`
[INFO] [stdout]     |
[INFO] [stdout]     = note: `#[warn(unused_mut)]` on by default
[INFO] [stdout] 
[INFO] [stdout] 
[INFO] [stdout] warning: variable does not need to be mutable
[INFO] [stdout]    --> src/xtb.rs:158:13
[INFO] [stdout]     |
[INFO] [stdout] 158 |         let mut calc = XtbCalculator::new();
[INFO] [stdout]     |             ----^^^^
[INFO] [stdout]     |             |
[INFO] [stdout]     |             help: remove this `mut`
[INFO] [stdout] 
[INFO] [stdout] 
[INFO] [stdout] warning: constant `XTB_VERSION_6_3_0` is never used
[INFO] [stdout]  --> /opt/rustwide/target/debug/build/xtb-model-640b035e017a234c/out/bindings.rs:3:53
[INFO] [stdout]   |
[INFO] [stdout] 3 | pub const XTB_API_VERSION : u32 = 10000 ; pub const XTB_VERSION_6_3_0 : u32 = 1 ; pub const XTB_VERSION_6_3_1 : u32 = 1 ; pub const XTB_V...
[INFO] [stdout]   |                                                     ^^^^^^^^^^^^^^^^^
[INFO] [stdout]   |
[INFO] [stdout]   = note: `#[warn(dead_code)]` on by default
[INFO] [stdout] 
[INFO] [stdout] 
[INFO] [stdout] warning: constant `XTB_VERSION_6_3_1` is never used
[INFO] [stdout]  --> /opt/rustwide/target/debug/build/xtb-model-640b035e017a234c/out/bindings.rs:3:93
[INFO] [stdout]   |
[INFO] [stdout] 3 | pub const XTB_API_VERSION : u32 = 10000 ; pub const XTB_VERSION_6_3_0 : u32 = 1 ; pub const XTB_VERSION_6_3_1 : u32 = 1 ; pub const XTB_V...
[INFO] [stdout]   |                                                                                             ^^^^^^^^^^^^^^^^^
[INFO] [stdout] 
[INFO] [stdout] 
[INFO] [stdout] warning: constant `XTB_VERSION_6_3_2` is never used
[INFO] [stdout]  --> /opt/rustwide/target/debug/build/xtb-model-640b035e017a234c/out/bindings.rs:3:133
[INFO] [stdout]   |
[INFO] [stdout] 3 | ...2 = 1 ; pub const XTB_VERSION_6_3_1 : u32 = 1 ; pub const XTB_VERSION_6_3_2 : u32 = 1 ; pub const XTB_VERSION_6_3_3 : u32 = 1 ; pub co...
[INFO] [stdout]   |                                                              ^^^^^^^^^^^^^^^^^
[INFO] [stdout] 
[INFO] [stdout] 
[INFO] [stdout] warning: constant `XTB_VERSION_6_3_3` is never used
[INFO] [stdout]  --> /opt/rustwide/target/debug/build/xtb-model-640b035e017a234c/out/bindings.rs:3:173
[INFO] [stdout]   |
[INFO] [stdout] 3 | ...2 = 1 ; pub const XTB_VERSION_6_3_2 : u32 = 1 ; pub const XTB_VERSION_6_3_3 : u32 = 1 ; pub const XTB_VERBOSITY_FULL : u32 = 2 ; pub c...
[INFO] [stdout]   |                                                              ^^^^^^^^^^^^^^^^^
[INFO] [stdout] 
[INFO] [stdout] 
[INFO] [stdout] warning: constant `true_` is never used
[INFO] [stdout]  --> /opt/rustwide/target/debug/build/xtb-model-640b035e017a234c/out/bindings.rs:3:340
[INFO] [stdout]   |
[INFO] [stdout] 3 | ...: u32 = 1 ; pub const XTB_VERBOSITY_MUTED : u32 = 0 ; pub const true_ : u32 = 1 ; pub const false_ : u32 = 0 ; pub const __bool_true_f...
[INFO] [stdout]   |                                                                    ^^^^^
[INFO] [stdout] 
[INFO] [stdout] 
[INFO] [stdout] warning: constant `false_` is never used
[INFO] [stdout]  --> /opt/rustwide/target/debug/build/xtb-model-640b035e017a234c/out/bindings.rs:3:368
[INFO] [stdout]   |
[INFO] [stdout] 3 | ...RBOSITY_MUTED : u32 = 0 ; pub const true_ : u32 = 1 ; pub const false_ : u32 = 0 ; pub const __bool_true_false_are_defined : u32 = 1 ;...
[INFO] [stdout]   |                                                                    ^^^^^^
[INFO] [stdout] 
[INFO] [stdout] 
[INFO] [stdout] warning: function `xtb_getError` is never used
[INFO] [stdout]  --> /opt/rustwide/target/debug/build/xtb-model-640b035e017a234c/out/bindings.rs:3:1998
[INFO] [stdout]   |
[INFO] [stdout] 3 | ...xtern "C" { # [doc = " Return and empty error stack"] pub fn xtb_getError (arg1 : xtb_TEnvironment , arg2 : * mut :: std :: os :: raw ...
[INFO] [stdout]   |                                                                 ^^^^^^^^^^^^
[INFO] [stdout] 
[INFO] [stdout] 
[INFO] [stdout] warning: function `xtb_setOutput` is never used
[INFO] [stdout]  --> /opt/rustwide/target/debug/build/xtb-model-640b035e017a234c/out/bindings.rs:3:2199
[INFO] [stdout]   |
[INFO] [stdout] 3 | ..."C" { # [doc = " Bind output from this environment"] pub fn xtb_setOutput (arg1 : xtb_TEnvironment , arg2 : * const :: std :: os :: ra...
[INFO] [stdout]   |                                                                ^^^^^^^^^^^^^
[INFO] [stdout] 
[INFO] [stdout] 
[INFO] [stdout] warning: function `xtb_releaseOutput` is never used
[INFO] [stdout]  --> /opt/rustwide/target/debug/build/xtb-model-640b035e017a234c/out/bindings.rs:3:2365
[INFO] [stdout]   |
[INFO] [stdout] 3 | ...oc = " Release output unit from this environment"] pub fn xtb_releaseOutput (arg1 : xtb_TEnvironment) ; } extern "C" { # [doc = " Set ...
[INFO] [stdout]   |                                                              ^^^^^^^^^^^^^^^^^
[INFO] [stdout] 
[INFO] [stdout] 
[INFO] [stdout] warning: function `xtb_setSolvent` is never used
[INFO] [stdout]  --> /opt/rustwide/target/debug/build/xtb-model-640b035e017a234c/out/bindings.rs:3:4371
[INFO] [stdout]   |
[INFO] [stdout] 3 | ...el to calculator (requires loaded parametrisation)"] pub fn xtb_setSolvent (arg1 : xtb_TEnvironment , arg2 : xtb_TCalculator , arg3 : ...
[INFO] [stdout]   |                                                                ^^^^^^^^^^^^^^
[INFO] [stdout] 
[INFO] [stdout] 
[INFO] [stdout] warning: function `xtb_releaseSolvent` is never used
[INFO] [stdout]  --> /opt/rustwide/target/debug/build/xtb-model-640b035e017a234c/out/bindings.rs:3:4652
[INFO] [stdout]   |
[INFO] [stdout] 3 | ...xtern "C" { # [doc = " Unset the solvation model"] pub fn xtb_releaseSolvent (arg1 : xtb_TEnvironment , arg2 : xtb_TCalculator) ; } ex...
[INFO] [stdout]   |                                                              ^^^^^^^^^^^^^^^^^^
[INFO] [stdout] 
[INFO] [stdout] 
[INFO] [stdout] warning: function `xtb_setExternalCharges` is never used
[INFO] [stdout]  --> /opt/rustwide/target/debug/build/xtb-model-640b035e017a234c/out/bindings.rs:3:4836
[INFO] [stdout]   |
[INFO] [stdout] 3 | ...l to calculator (only supported in GFN1/2-xTB)"] pub fn xtb_setExternalCharges (arg1 : xtb_TEnvironment , arg2 : xtb_TCalculator , arg...
[INFO] [stdout]   |                                                            ^^^^^^^^^^^^^^^^^^^^^^
[INFO] [stdout] 
[INFO] [stdout] 
[INFO] [stdout] warning: function `xtb_releaseExternalCharges` is never used
[INFO] [stdout]  --> /opt/rustwide/target/debug/build/xtb-model-640b035e017a234c/out/bindings.rs:3:5109
[INFO] [stdout]   |
[INFO] [stdout] 3 | ...[doc = " Unset the external charge potential"] pub fn xtb_releaseExternalCharges (arg1 : xtb_TEnvironment , arg2 : xtb_TCalculator) ; ...
[INFO] [stdout]   |                                                          ^^^^^^^^^^^^^^^^^^^^^^^^^^
[INFO] [stdout] 
[INFO] [stdout] 
[INFO] [stdout] warning: function `xtb_copyResults` is never used
[INFO] [stdout]  --> /opt/rustwide/target/debug/build/xtb-model-640b035e017a234c/out/bindings.rs:3:6270
[INFO] [stdout]   |
[INFO] [stdout] 3 | ...= " Create copy from a singlepoint results object"] pub fn xtb_copyResults (arg1 : xtb_TResults) -> xtb_TResults ; } extern "C" { # [d...
[INFO] [stdout]   |                                                               ^^^^^^^^^^^^^^^
[INFO] [stdout] 
[INFO] [stdout] 
[INFO] [stdout] warning: fields `atom_types` and `periodic` are never read
[INFO] [stdout]    --> src/xtb.rs:123:5
[INFO] [stdout]     |
[INFO] [stdout] 121 | pub struct XtbModel {
[INFO] [stdout]     |            -------- fields in this struct
[INFO] [stdout] 122 |     params: XtbParameters,
[INFO] [stdout] 123 |     atom_types: Vec<i32>,
[INFO] [stdout]     |     ^^^^^^^^^^
[INFO] [stdout] ...
[INFO] [stdout] 126 |     periodic: [bool; 3],
[INFO] [stdout]     |     ^^^^^^^^
[INFO] [stdout] 
[INFO] [stdout] 
[INFO] [stdout] warning: function `test_xtb_method_into_panic` is never used
[INFO] [stdout]    --> src/xtb.rs:236:4
[INFO] [stdout]     |
[INFO] [stdout] 236 | fn test_xtb_method_into_panic() {
[INFO] [stdout]     |    ^^^^^^^^^^^^^^^^^^^^^^^^^^
[INFO] [stdout] 
[INFO] [stdout] 
[INFO] [stdout] warning: 20 warnings emitted
[INFO] [stdout] 
[INFO] [stdout] 
[INFO] [stderr]    Compiling num-traits v0.2.15
[INFO] [stderr]    Compiling approx v0.5.1
[INFO] [stderr]    Compiling xtb-model v0.0.6 (/opt/rustwide/workdir)
[INFO] [stdout] warning: unused `std::result::Result` that must be used
[INFO] [stdout]   --> tests/test_3d.rs:43:5
[INFO] [stdout]    |
[INFO] [stdout] 43 |     env.set_output_verbose();
[INFO] [stdout]    |     ^^^^^^^^^^^^^^^^^^^^^^^^
[INFO] [stdout]    |
[INFO] [stdout]    = note: this `Result` may be an `Err` variant, which should be handled
[INFO] [stdout]    = note: `#[warn(unused_must_use)]` on by default
[INFO] [stdout] 
[INFO] [stdout] 
[INFO] [stdout] warning: unreachable pattern
[INFO] [stdout]    --> src/raw.rs:149:17
[INFO] [stdout]     |
[INFO] [stdout] 149 |                 _ => unimplemented!(),
[INFO] [stdout]     |                 ^
[INFO] [stdout]     |
[INFO] [stdout]     = note: `#[warn(unreachable_patterns)]` on by default
[INFO] [stdout] 
[INFO] [stdout] 
[INFO] [stdout] warning: unused variable: `m`
[INFO] [stdout]    --> src/xtb.rs:237:9
[INFO] [stdout]     |
[INFO] [stdout] 237 |     let m: XtbMethod= "gfn-xtb".into();
[INFO] [stdout]     |         ^ help: if this is intentional, prefix it with an underscore: `_m`
[INFO] [stdout]     |
[INFO] [stdout]     = note: `#[warn(unused_variables)]` on by default
[INFO] [stdout] 
[INFO] [stdout] 
[INFO] [stdout] warning: variable does not need to be mutable
[INFO] [stdout]    --> src/raw.rs:184:13
[INFO] [stdout]     |
[INFO] [stdout] 184 |         let mut res = XtbResults::new();
[INFO] [stdout]     |             ----^^^
[INFO] [stdout]     |             |
[INFO] [stdout]     |             help: remove this `mut`
[INFO] [stdout]     |
[INFO] [stdout]     = note: `#[warn(unused_mut)]` on by default
[INFO] [stdout] 
[INFO] [stdout] 
[INFO] [stdout] warning: variable does not need to be mutable
[INFO] [stdout]    --> src/xtb.rs:158:13
[INFO] [stdout]     |
[INFO] [stdout] 158 |         let mut calc = XtbCalculator::new();
[INFO] [stdout]     |             ----^^^^
[INFO] [stdout]     |             |
[INFO] [stdout]     |             help: remove this `mut`
[INFO] [stdout] 
[INFO] [stdout] 
[INFO] [stdout] warning: constant `XTB_VERSION_6_3_0` is never used
[INFO] [stdout]  --> /opt/rustwide/target/debug/build/xtb-model-640b035e017a234c/out/bindings.rs:3:53
[INFO] [stdout]   |
[INFO] [stdout] 3 | pub const XTB_API_VERSION : u32 = 10000 ; pub const XTB_VERSION_6_3_0 : u32 = 1 ; pub const XTB_VERSION_6_3_1 : u32 = 1 ; pub const XTB_V...
[INFO] [stdout]   |                                                     ^^^^^^^^^^^^^^^^^
[INFO] [stdout]   |
[INFO] [stdout]   = note: `#[warn(dead_code)]` on by default
[INFO] [stdout] 
[INFO] [stdout] 
[INFO] [stdout] warning: constant `XTB_VERSION_6_3_1` is never used
[INFO] [stdout]  --> /opt/rustwide/target/debug/build/xtb-model-640b035e017a234c/out/bindings.rs:3:93
[INFO] [stdout]   |
[INFO] [stdout] 3 | pub const XTB_API_VERSION : u32 = 10000 ; pub const XTB_VERSION_6_3_0 : u32 = 1 ; pub const XTB_VERSION_6_3_1 : u32 = 1 ; pub const XTB_V...
[INFO] [stdout]   |                                                                                             ^^^^^^^^^^^^^^^^^
[INFO] [stdout] 
[INFO] [stdout] 
[INFO] [stdout] warning: constant `XTB_VERSION_6_3_2` is never used
[INFO] [stdout]  --> /opt/rustwide/target/debug/build/xtb-model-640b035e017a234c/out/bindings.rs:3:133
[INFO] [stdout]   |
[INFO] [stdout] 3 | ...2 = 1 ; pub const XTB_VERSION_6_3_1 : u32 = 1 ; pub const XTB_VERSION_6_3_2 : u32 = 1 ; pub const XTB_VERSION_6_3_3 : u32 = 1 ; pub co...
[INFO] [stdout]   |                                                              ^^^^^^^^^^^^^^^^^
[INFO] [stdout] 
[INFO] [stdout] 
[INFO] [stdout] warning: constant `XTB_VERSION_6_3_3` is never used
[INFO] [stdout]  --> /opt/rustwide/target/debug/build/xtb-model-640b035e017a234c/out/bindings.rs:3:173
[INFO] [stdout]   |
[INFO] [stdout] 3 | ...2 = 1 ; pub const XTB_VERSION_6_3_2 : u32 = 1 ; pub const XTB_VERSION_6_3_3 : u32 = 1 ; pub const XTB_VERBOSITY_FULL : u32 = 2 ; pub c...
[INFO] [stdout]   |                                                              ^^^^^^^^^^^^^^^^^
[INFO] [stdout] 
[INFO] [stdout] 
[INFO] [stdout] warning: constant `true_` is never used
[INFO] [stdout]  --> /opt/rustwide/target/debug/build/xtb-model-640b035e017a234c/out/bindings.rs:3:340
[INFO] [stdout]   |
[INFO] [stdout] 3 | ...: u32 = 1 ; pub const XTB_VERBOSITY_MUTED : u32 = 0 ; pub const true_ : u32 = 1 ; pub const false_ : u32 = 0 ; pub const __bool_true_f...
[INFO] [stdout]   |                                                                    ^^^^^
[INFO] [stdout] 
[INFO] [stdout] 
[INFO] [stdout] warning: constant `false_` is never used
[INFO] [stdout]  --> /opt/rustwide/target/debug/build/xtb-model-640b035e017a234c/out/bindings.rs:3:368
[INFO] [stdout]   |
[INFO] [stdout] 3 | ...RBOSITY_MUTED : u32 = 0 ; pub const true_ : u32 = 1 ; pub const false_ : u32 = 0 ; pub const __bool_true_false_are_defined : u32 = 1 ;...
[INFO] [stdout]   |                                                                    ^^^^^^
[INFO] [stdout] 
[INFO] [stdout] 
[INFO] [stdout] warning: function `xtb_getError` is never used
[INFO] [stdout]  --> /opt/rustwide/target/debug/build/xtb-model-640b035e017a234c/out/bindings.rs:3:1998
[INFO] [stdout]   |
[INFO] [stdout] 3 | ...xtern "C" { # [doc = " Return and empty error stack"] pub fn xtb_getError (arg1 : xtb_TEnvironment , arg2 : * mut :: std :: os :: raw ...
[INFO] [stdout]   |                                                                 ^^^^^^^^^^^^
[INFO] [stdout] 
[INFO] [stdout] 
[INFO] [stdout] warning: function `xtb_setOutput` is never used
[INFO] [stdout]  --> /opt/rustwide/target/debug/build/xtb-model-640b035e017a234c/out/bindings.rs:3:2199
[INFO] [stdout]   |
[INFO] [stdout] 3 | ..."C" { # [doc = " Bind output from this environment"] pub fn xtb_setOutput (arg1 : xtb_TEnvironment , arg2 : * const :: std :: os :: ra...
[INFO] [stdout]   |                                                                ^^^^^^^^^^^^^
[INFO] [stdout] 
[INFO] [stdout] 
[INFO] [stdout] warning: function `xtb_releaseOutput` is never used
[INFO] [stdout]  --> /opt/rustwide/target/debug/build/xtb-model-640b035e017a234c/out/bindings.rs:3:2365
[INFO] [stdout]   |
[INFO] [stdout] 3 | ...oc = " Release output unit from this environment"] pub fn xtb_releaseOutput (arg1 : xtb_TEnvironment) ; } extern "C" { # [doc = " Set ...
[INFO] [stdout]   |                                                              ^^^^^^^^^^^^^^^^^
[INFO] [stdout] 
[INFO] [stdout] 
[INFO] [stdout] warning: function `xtb_setSolvent` is never used
[INFO] [stdout]  --> /opt/rustwide/target/debug/build/xtb-model-640b035e017a234c/out/bindings.rs:3:4371
[INFO] [stdout]   |
[INFO] [stdout] 3 | ...el to calculator (requires loaded parametrisation)"] pub fn xtb_setSolvent (arg1 : xtb_TEnvironment , arg2 : xtb_TCalculator , arg3 : ...
[INFO] [stdout]   |                                                                ^^^^^^^^^^^^^^
[INFO] [stdout] 
[INFO] [stdout] 
[INFO] [stdout] warning: function `xtb_releaseSolvent` is never used
[INFO] [stdout]  --> /opt/rustwide/target/debug/build/xtb-model-640b035e017a234c/out/bindings.rs:3:4652
[INFO] [stdout]   |
[INFO] [stdout] 3 | ...xtern "C" { # [doc = " Unset the solvation model"] pub fn xtb_releaseSolvent (arg1 : xtb_TEnvironment , arg2 : xtb_TCalculator) ; } ex...
[INFO] [stdout]   |                                                              ^^^^^^^^^^^^^^^^^^
[INFO] [stdout] 
[INFO] [stdout] 
[INFO] [stdout] warning: function `xtb_setExternalCharges` is never used
[INFO] [stdout]  --> /opt/rustwide/target/debug/build/xtb-model-640b035e017a234c/out/bindings.rs:3:4836
[INFO] [stdout]   |
[INFO] [stdout] 3 | ...l to calculator (only supported in GFN1/2-xTB)"] pub fn xtb_setExternalCharges (arg1 : xtb_TEnvironment , arg2 : xtb_TCalculator , arg...
[INFO] [stdout]   |                                                            ^^^^^^^^^^^^^^^^^^^^^^
[INFO] [stdout] 
[INFO] [stdout] 
[INFO] [stdout] warning: function `xtb_releaseExternalCharges` is never used
[INFO] [stdout]  --> /opt/rustwide/target/debug/build/xtb-model-640b035e017a234c/out/bindings.rs:3:5109
[INFO] [stdout]   |
[INFO] [stdout] 3 | ...[doc = " Unset the external charge potential"] pub fn xtb_releaseExternalCharges (arg1 : xtb_TEnvironment , arg2 : xtb_TCalculator) ; ...
[INFO] [stdout]   |                                                          ^^^^^^^^^^^^^^^^^^^^^^^^^^
[INFO] [stdout] 
[INFO] [stdout] 
[INFO] [stdout] warning: function `xtb_copyResults` is never used
[INFO] [stdout]  --> /opt/rustwide/target/debug/build/xtb-model-640b035e017a234c/out/bindings.rs:3:6270
[INFO] [stdout]   |
[INFO] [stdout] 3 | ...= " Create copy from a singlepoint results object"] pub fn xtb_copyResults (arg1 : xtb_TResults) -> xtb_TResults ; } extern "C" { # [d...
[INFO] [stdout]   |                                                               ^^^^^^^^^^^^^^^
[INFO] [stdout] 
[INFO] [stdout] 
[INFO] [stdout] warning: fields `atom_types` and `periodic` are never read
[INFO] [stdout]    --> src/xtb.rs:123:5
[INFO] [stdout]     |
[INFO] [stdout] 121 | pub struct XtbModel {
[INFO] [stdout]     |            -------- fields in this struct
[INFO] [stdout] 122 |     params: XtbParameters,
[INFO] [stdout] 123 |     atom_types: Vec<i32>,
[INFO] [stdout]     |     ^^^^^^^^^^
[INFO] [stdout] ...
[INFO] [stdout] 126 |     periodic: [bool; 3],
[INFO] [stdout]     |     ^^^^^^^^
[INFO] [stdout] 
[INFO] [stdout] 
[INFO] [stdout] warning: function `test_xtb_method_into_panic` is never used
[INFO] [stdout]    --> src/xtb.rs:236:4
[INFO] [stdout]     |
[INFO] [stdout] 236 | fn test_xtb_method_into_panic() {
[INFO] [stdout]     |    ^^^^^^^^^^^^^^^^^^^^^^^^^^
[INFO] [stdout] 
[INFO] [stdout] 
[INFO] [stdout] error: linking with `cc` failed: exit status: 1
[INFO] [stdout]   |
[INFO] [stdout]   = note: LC_ALL="C" PATH="/opt/rustwide/rustup-home/toolchains/1.69.0-x86_64-unknown-linux-gnu/lib/rustlib/x86_64-unknown-linux-gnu/bin:/opt/rustwide/cargo-home/bin:/usr/local/sbin:/usr/local/bin:/usr/sbin:/usr/bin:/sbin:/bin" VSLANG="1033" "cc" "-m64" "/tmp/rustcn00mC1/symbols.o" "/opt/rustwide/target/debug/deps/test_model-9de06f28910907b6.test_model.87dd4e5e-cgu.0.rcgu.o" "/opt/rustwide/target/debug/deps/test_model-9de06f28910907b6.test_model.87dd4e5e-cgu.1.rcgu.o" "/opt/rustwide/target/debug/deps/test_model-9de06f28910907b6.test_model.87dd4e5e-cgu.10.rcgu.o" "/opt/rustwide/target/debug/deps/test_model-9de06f28910907b6.test_model.87dd4e5e-cgu.11.rcgu.o" "/opt/rustwide/target/debug/deps/test_model-9de06f28910907b6.test_model.87dd4e5e-cgu.12.rcgu.o" "/opt/rustwide/target/debug/deps/test_model-9de06f28910907b6.test_model.87dd4e5e-cgu.13.rcgu.o" "/opt/rustwide/target/debug/deps/test_model-9de06f28910907b6.test_model.87dd4e5e-cgu.14.rcgu.o" "/opt/rustwide/target/debug/deps/test_model-9de06f28910907b6.test_model.87dd4e5e-cgu.15.rcgu.o" "/opt/rustwide/target/debug/deps/test_model-9de06f28910907b6.test_model.87dd4e5e-cgu.2.rcgu.o" "/opt/rustwide/target/debug/deps/test_model-9de06f28910907b6.test_model.87dd4e5e-cgu.3.rcgu.o" "/opt/rustwide/target/debug/deps/test_model-9de06f28910907b6.test_model.87dd4e5e-cgu.4.rcgu.o" "/opt/rustwide/target/debug/deps/test_model-9de06f28910907b6.test_model.87dd4e5e-cgu.5.rcgu.o" "/opt/rustwide/target/debug/deps/test_model-9de06f28910907b6.test_model.87dd4e5e-cgu.6.rcgu.o" "/opt/rustwide/target/debug/deps/test_model-9de06f28910907b6.test_model.87dd4e5e-cgu.7.rcgu.o" "/opt/rustwide/target/debug/deps/test_model-9de06f28910907b6.test_model.87dd4e5e-cgu.8.rcgu.o" "/opt/rustwide/target/debug/deps/test_model-9de06f28910907b6.test_model.87dd4e5e-cgu.9.rcgu.o" "/opt/rustwide/target/debug/deps/test_model-9de06f28910907b6.1ybn5efmocer5hb8.rcgu.o" "-Wl,--as-needed" "-L" "/opt/rustwide/target/debug/deps" "-L" "/opt/rustwide/rustup-home/toolchains/1.69.0-x86_64-unknown-linux-gnu/lib/rustlib/x86_64-unknown-linux-gnu/lib" "-Wl,-Bstatic" "/opt/rustwide/rustup-home/toolchains/1.69.0-x86_64-unknown-linux-gnu/lib/rustlib/x86_64-unknown-linux-gnu/lib/libtest-7791a6353d4a7929.rlib" "/opt/rustwide/rustup-home/toolchains/1.69.0-x86_64-unknown-linux-gnu/lib/rustlib/x86_64-unknown-linux-gnu/lib/libgetopts-7b17724e9ce90a72.rlib" "/opt/rustwide/rustup-home/toolchains/1.69.0-x86_64-unknown-linux-gnu/lib/rustlib/x86_64-unknown-linux-gnu/lib/libunicode_width-596f8ce9d30a755e.rlib" "/opt/rustwide/rustup-home/toolchains/1.69.0-x86_64-unknown-linux-gnu/lib/rustlib/x86_64-unknown-linux-gnu/lib/librustc_std_workspace_std-da04f86254de594f.rlib" "/opt/rustwide/target/debug/deps/libxtb_model-6cb09d2b6a392cab.rlib" "/opt/rustwide/target/debug/deps/libapprox-8134caa9f84e6e93.rlib" "/opt/rustwide/target/debug/deps/libnum_traits-11c9b029deaf19dd.rlib" "/opt/rustwide/target/debug/deps/libanyhow-2a8b4879abb5c883.rlib" "/opt/rustwide/rustup-home/toolchains/1.69.0-x86_64-unknown-linux-gnu/lib/rustlib/x86_64-unknown-linux-gnu/lib/libstd-89bc084783fdc439.rlib" "/opt/rustwide/rustup-home/toolchains/1.69.0-x86_64-unknown-linux-gnu/lib/rustlib/x86_64-unknown-linux-gnu/lib/libpanic_unwind-8bee4b287d4367c1.rlib" "/opt/rustwide/rustup-home/toolchains/1.69.0-x86_64-unknown-linux-gnu/lib/rustlib/x86_64-unknown-linux-gnu/lib/libobject-d61707aed80694c0.rlib" "/opt/rustwide/rustup-home/toolchains/1.69.0-x86_64-unknown-linux-gnu/lib/rustlib/x86_64-unknown-linux-gnu/lib/libmemchr-d85366256f22345b.rlib" "/opt/rustwide/rustup-home/toolchains/1.69.0-x86_64-unknown-linux-gnu/lib/rustlib/x86_64-unknown-linux-gnu/lib/libaddr2line-96069b86b8a8cae9.rlib" "/opt/rustwide/rustup-home/toolchains/1.69.0-x86_64-unknown-linux-gnu/lib/rustlib/x86_64-unknown-linux-gnu/lib/libgimli-d19d53abf68dfa6c.rlib" "/opt/rustwide/rustup-home/toolchains/1.69.0-x86_64-unknown-linux-gnu/lib/rustlib/x86_64-unknown-linux-gnu/lib/librustc_demangle-787cbccd19d64ac6.rlib" "/opt/rustwide/rustup-home/toolchains/1.69.0-x86_64-unknown-linux-gnu/lib/rustlib/x86_64-unknown-linux-gnu/lib/libstd_detect-b3837a36b830e0d0.rlib" "/opt/rustwide/rustup-home/toolchains/1.69.0-x86_64-unknown-linux-gnu/lib/rustlib/x86_64-unknown-linux-gnu/lib/libhashbrown-e3deb0e7e3f04966.rlib" "/opt/rustwide/rustup-home/toolchains/1.69.0-x86_64-unknown-linux-gnu/lib/rustlib/x86_64-unknown-linux-gnu/lib/libminiz_oxide-dabbb79c9815def4.rlib" "/opt/rustwide/rustup-home/toolchains/1.69.0-x86_64-unknown-linux-gnu/lib/rustlib/x86_64-unknown-linux-gnu/lib/libadler-305b01f34c9409f2.rlib" "/opt/rustwide/rustup-home/toolchains/1.69.0-x86_64-unknown-linux-gnu/lib/rustlib/x86_64-unknown-linux-gnu/lib/librustc_std_workspace_alloc-f833521df6074e73.rlib" "/opt/rustwide/rustup-home/toolchains/1.69.0-x86_64-unknown-linux-gnu/lib/rustlib/x86_64-unknown-linux-gnu/lib/libunwind-9ac333113350d171.rlib" "/opt/rustwide/rustup-home/toolchains/1.69.0-x86_64-unknown-linux-gnu/lib/rustlib/x86_64-unknown-linux-gnu/lib/libcfg_if-1c126114322d0eee.rlib" "/opt/rustwide/rustup-home/toolchains/1.69.0-x86_64-unknown-linux-gnu/lib/rustlib/x86_64-unknown-linux-gnu/lib/liblibc-bad9164fdeeecf92.rlib" "/opt/rustwide/rustup-home/toolchains/1.69.0-x86_64-unknown-linux-gnu/lib/rustlib/x86_64-unknown-linux-gnu/lib/liballoc-f9374b1e480fa681.rlib" "/opt/rustwide/rustup-home/toolchains/1.69.0-x86_64-unknown-linux-gnu/lib/rustlib/x86_64-unknown-linux-gnu/lib/librustc_std_workspace_core-207f06e41d9603af.rlib" "/opt/rustwide/rustup-home/toolchains/1.69.0-x86_64-unknown-linux-gnu/lib/rustlib/x86_64-unknown-linux-gnu/lib/libcore-7e2768e66e984e85.rlib" "/opt/rustwide/rustup-home/toolchains/1.69.0-x86_64-unknown-linux-gnu/lib/rustlib/x86_64-unknown-linux-gnu/lib/libcompiler_builtins-957b4aff41f8cd46.rlib" "-Wl,-Bdynamic" "-lxtb" "-lgcc_s" "-lutil" "-lrt" "-lpthread" "-lm" "-ldl" "-lc" "-Wl,--eh-frame-hdr" "-Wl,-z,noexecstack" "-L" "/opt/rustwide/rustup-home/toolchains/1.69.0-x86_64-unknown-linux-gnu/lib/rustlib/x86_64-unknown-linux-gnu/lib" "-o" "/opt/rustwide/target/debug/deps/test_model-9de06f28910907b6" "-Wl,--gc-sections" "-pie" "-Wl,-z,relro,-z,now" "-nodefaultlibs"
[INFO] [stdout]   = note: /usr/bin/ld: cannot find -lxtb: No such file or directory
[INFO] [stdout]           collect2: error: ld returned 1 exit status
[INFO] [stdout]           
[INFO] [stdout] 
[INFO] [stdout] 
[INFO] [stdout] error: linking with `cc` failed: exit status: 1
[INFO] [stdout]   |
[INFO] [stdout]   = note: LC_ALL="C" PATH="/opt/rustwide/rustup-home/toolchains/1.69.0-x86_64-unknown-linux-gnu/lib/rustlib/x86_64-unknown-linux-gnu/bin:/opt/rustwide/cargo-home/bin:/usr/local/sbin:/usr/local/bin:/usr/sbin:/usr/bin:/sbin:/bin" VSLANG="1033" "cc" "-m64" "/tmp/rustcHJ6pFO/symbols.o" "/opt/rustwide/target/debug/deps/test_3d-2f5a0aab9333dbc7.test_3d.feb8d8b6-cgu.0.rcgu.o" "/opt/rustwide/target/debug/deps/test_3d-2f5a0aab9333dbc7.test_3d.feb8d8b6-cgu.1.rcgu.o" "/opt/rustwide/target/debug/deps/test_3d-2f5a0aab9333dbc7.test_3d.feb8d8b6-cgu.10.rcgu.o" "/opt/rustwide/target/debug/deps/test_3d-2f5a0aab9333dbc7.test_3d.feb8d8b6-cgu.11.rcgu.o" "/opt/rustwide/target/debug/deps/test_3d-2f5a0aab9333dbc7.test_3d.feb8d8b6-cgu.12.rcgu.o" "/opt/rustwide/target/debug/deps/test_3d-2f5a0aab9333dbc7.test_3d.feb8d8b6-cgu.13.rcgu.o" "/opt/rustwide/target/debug/deps/test_3d-2f5a0aab9333dbc7.test_3d.feb8d8b6-cgu.14.rcgu.o" "/opt/rustwide/target/debug/deps/test_3d-2f5a0aab9333dbc7.test_3d.feb8d8b6-cgu.15.rcgu.o" "/opt/rustwide/target/debug/deps/test_3d-2f5a0aab9333dbc7.test_3d.feb8d8b6-cgu.2.rcgu.o" "/opt/rustwide/target/debug/deps/test_3d-2f5a0aab9333dbc7.test_3d.feb8d8b6-cgu.3.rcgu.o" "/opt/rustwide/target/debug/deps/test_3d-2f5a0aab9333dbc7.test_3d.feb8d8b6-cgu.4.rcgu.o" "/opt/rustwide/target/debug/deps/test_3d-2f5a0aab9333dbc7.test_3d.feb8d8b6-cgu.5.rcgu.o" "/opt/rustwide/target/debug/deps/test_3d-2f5a0aab9333dbc7.test_3d.feb8d8b6-cgu.6.rcgu.o" "/opt/rustwide/target/debug/deps/test_3d-2f5a0aab9333dbc7.test_3d.feb8d8b6-cgu.7.rcgu.o" "/opt/rustwide/target/debug/deps/test_3d-2f5a0aab9333dbc7.test_3d.feb8d8b6-cgu.8.rcgu.o" "/opt/rustwide/target/debug/deps/test_3d-2f5a0aab9333dbc7.test_3d.feb8d8b6-cgu.9.rcgu.o" "/opt/rustwide/target/debug/deps/test_3d-2f5a0aab9333dbc7.343m95msuxxw9e24.rcgu.o" "-Wl,--as-needed" "-L" "/opt/rustwide/target/debug/deps" "-L" "/opt/rustwide/rustup-home/toolchains/1.69.0-x86_64-unknown-linux-gnu/lib/rustlib/x86_64-unknown-linux-gnu/lib" "-Wl,-Bstatic" "/opt/rustwide/target/debug/deps/libxtb_model-6cb09d2b6a392cab.rlib" "/opt/rustwide/rustup-home/toolchains/1.69.0-x86_64-unknown-linux-gnu/lib/rustlib/x86_64-unknown-linux-gnu/lib/libtest-7791a6353d4a7929.rlib" "/opt/rustwide/rustup-home/toolchains/1.69.0-x86_64-unknown-linux-gnu/lib/rustlib/x86_64-unknown-linux-gnu/lib/libgetopts-7b17724e9ce90a72.rlib" "/opt/rustwide/rustup-home/toolchains/1.69.0-x86_64-unknown-linux-gnu/lib/rustlib/x86_64-unknown-linux-gnu/lib/libunicode_width-596f8ce9d30a755e.rlib" "/opt/rustwide/rustup-home/toolchains/1.69.0-x86_64-unknown-linux-gnu/lib/rustlib/x86_64-unknown-linux-gnu/lib/librustc_std_workspace_std-da04f86254de594f.rlib" "/opt/rustwide/target/debug/deps/libapprox-8134caa9f84e6e93.rlib" "/opt/rustwide/target/debug/deps/libnum_traits-11c9b029deaf19dd.rlib" "/opt/rustwide/target/debug/deps/libanyhow-2a8b4879abb5c883.rlib" "/opt/rustwide/rustup-home/toolchains/1.69.0-x86_64-unknown-linux-gnu/lib/rustlib/x86_64-unknown-linux-gnu/lib/libstd-89bc084783fdc439.rlib" "/opt/rustwide/rustup-home/toolchains/1.69.0-x86_64-unknown-linux-gnu/lib/rustlib/x86_64-unknown-linux-gnu/lib/libpanic_unwind-8bee4b287d4367c1.rlib" "/opt/rustwide/rustup-home/toolchains/1.69.0-x86_64-unknown-linux-gnu/lib/rustlib/x86_64-unknown-linux-gnu/lib/libobject-d61707aed80694c0.rlib" "/opt/rustwide/rustup-home/toolchains/1.69.0-x86_64-unknown-linux-gnu/lib/rustlib/x86_64-unknown-linux-gnu/lib/libmemchr-d85366256f22345b.rlib" "/opt/rustwide/rustup-home/toolchains/1.69.0-x86_64-unknown-linux-gnu/lib/rustlib/x86_64-unknown-linux-gnu/lib/libaddr2line-96069b86b8a8cae9.rlib" "/opt/rustwide/rustup-home/toolchains/1.69.0-x86_64-unknown-linux-gnu/lib/rustlib/x86_64-unknown-linux-gnu/lib/libgimli-d19d53abf68dfa6c.rlib" "/opt/rustwide/rustup-home/toolchains/1.69.0-x86_64-unknown-linux-gnu/lib/rustlib/x86_64-unknown-linux-gnu/lib/librustc_demangle-787cbccd19d64ac6.rlib" "/opt/rustwide/rustup-home/toolchains/1.69.0-x86_64-unknown-linux-gnu/lib/rustlib/x86_64-unknown-linux-gnu/lib/libstd_detect-b3837a36b830e0d0.rlib" "/opt/rustwide/rustup-home/toolchains/1.69.0-x86_64-unknown-linux-gnu/lib/rustlib/x86_64-unknown-linux-gnu/lib/libhashbrown-e3deb0e7e3f04966.rlib" "/opt/rustwide/rustup-home/toolchains/1.69.0-x86_64-unknown-linux-gnu/lib/rustlib/x86_64-unknown-linux-gnu/lib/libminiz_oxide-dabbb79c9815def4.rlib" "/opt/rustwide/rustup-home/toolchains/1.69.0-x86_64-unknown-linux-gnu/lib/rustlib/x86_64-unknown-linux-gnu/lib/libadler-305b01f34c9409f2.rlib" "/opt/rustwide/rustup-home/toolchains/1.69.0-x86_64-unknown-linux-gnu/lib/rustlib/x86_64-unknown-linux-gnu/lib/librustc_std_workspace_alloc-f833521df6074e73.rlib" "/opt/rustwide/rustup-home/toolchains/1.69.0-x86_64-unknown-linux-gnu/lib/rustlib/x86_64-unknown-linux-gnu/lib/libunwind-9ac333113350d171.rlib" "/opt/rustwide/rustup-home/toolchains/1.69.0-x86_64-unknown-linux-gnu/lib/rustlib/x86_64-unknown-linux-gnu/lib/libcfg_if-1c126114322d0eee.rlib" "/opt/rustwide/rustup-home/toolchains/1.69.0-x86_64-unknown-linux-gnu/lib/rustlib/x86_64-unknown-linux-gnu/lib/liblibc-bad9164fdeeecf92.rlib" "/opt/rustwide/rustup-home/toolchains/1.69.0-x86_64-unknown-linux-gnu/lib/rustlib/x86_64-unknown-linux-gnu/lib/liballoc-f9374b1e480fa681.rlib" "/opt/rustwide/rustup-home/toolchains/1.69.0-x86_64-unknown-linux-gnu/lib/rustlib/x86_64-unknown-linux-gnu/lib/librustc_std_workspace_core-207f06e41d9603af.rlib" "/opt/rustwide/rustup-home/toolchains/1.69.0-x86_64-unknown-linux-gnu/lib/rustlib/x86_64-unknown-linux-gnu/lib/libcore-7e2768e66e984e85.rlib" "/opt/rustwide/rustup-home/toolchains/1.69.0-x86_64-unknown-linux-gnu/lib/rustlib/x86_64-unknown-linux-gnu/lib/libcompiler_builtins-957b4aff41f8cd46.rlib" "-Wl,-Bdynamic" "-lxtb" "-lgcc_s" "-lutil" "-lrt" "-lpthread" "-lm" "-ldl" "-lc" "-Wl,--eh-frame-hdr" "-Wl,-z,noexecstack" "-L" "/opt/rustwide/rustup-home/toolchains/1.69.0-x86_64-unknown-linux-gnu/lib/rustlib/x86_64-unknown-linux-gnu/lib" "-o" "/opt/rustwide/target/debug/deps/test_3d-2f5a0aab9333dbc7" "-Wl,--gc-sections" "-pie" "-Wl,-z,relro,-z,now" "-nodefaultlibs"
[INFO] [stdout]   = note: /usr/bin/ld: cannot find -lxtb: No such file or directory
[INFO] [stdout]           collect2: error: ld returned 1 exit status
[INFO] [stdout]           
[INFO] [stdout] 
[INFO] [stdout] 
[INFO] [stdout] error: linking with `cc` failed: exit status: 1
[INFO] [stdout]   |
[INFO] [stdout]   = note: LC_ALL="C" PATH="/opt/rustwide/rustup-home/toolchains/1.69.0-x86_64-unknown-linux-gnu/lib/rustlib/x86_64-unknown-linux-gnu/bin:/opt/rustwide/cargo-home/bin:/usr/local/sbin:/usr/local/bin:/usr/sbin:/usr/bin:/sbin:/bin" VSLANG="1033" "cc" "-m64" "/tmp/rustcsC5DWe/symbols.o" "/opt/rustwide/target/debug/deps/test_raw-556c32d102f69aef.test_raw.9455532d-cgu.0.rcgu.o" "/opt/rustwide/target/debug/deps/test_raw-556c32d102f69aef.test_raw.9455532d-cgu.1.rcgu.o" "/opt/rustwide/target/debug/deps/test_raw-556c32d102f69aef.test_raw.9455532d-cgu.10.rcgu.o" "/opt/rustwide/target/debug/deps/test_raw-556c32d102f69aef.test_raw.9455532d-cgu.11.rcgu.o" "/opt/rustwide/target/debug/deps/test_raw-556c32d102f69aef.test_raw.9455532d-cgu.12.rcgu.o" "/opt/rustwide/target/debug/deps/test_raw-556c32d102f69aef.test_raw.9455532d-cgu.13.rcgu.o" "/opt/rustwide/target/debug/deps/test_raw-556c32d102f69aef.test_raw.9455532d-cgu.14.rcgu.o" "/opt/rustwide/target/debug/deps/test_raw-556c32d102f69aef.test_raw.9455532d-cgu.15.rcgu.o" "/opt/rustwide/target/debug/deps/test_raw-556c32d102f69aef.test_raw.9455532d-cgu.2.rcgu.o" "/opt/rustwide/target/debug/deps/test_raw-556c32d102f69aef.test_raw.9455532d-cgu.3.rcgu.o" "/opt/rustwide/target/debug/deps/test_raw-556c32d102f69aef.test_raw.9455532d-cgu.4.rcgu.o" "/opt/rustwide/target/debug/deps/test_raw-556c32d102f69aef.test_raw.9455532d-cgu.5.rcgu.o" "/opt/rustwide/target/debug/deps/test_raw-556c32d102f69aef.test_raw.9455532d-cgu.6.rcgu.o" "/opt/rustwide/target/debug/deps/test_raw-556c32d102f69aef.test_raw.9455532d-cgu.7.rcgu.o" "/opt/rustwide/target/debug/deps/test_raw-556c32d102f69aef.test_raw.9455532d-cgu.8.rcgu.o" "/opt/rustwide/target/debug/deps/test_raw-556c32d102f69aef.test_raw.9455532d-cgu.9.rcgu.o" "/opt/rustwide/target/debug/deps/test_raw-556c32d102f69aef.30bsxvzug4ldy7x3.rcgu.o" "-Wl,--as-needed" "-L" "/opt/rustwide/target/debug/deps" "-L" "/opt/rustwide/rustup-home/toolchains/1.69.0-x86_64-unknown-linux-gnu/lib/rustlib/x86_64-unknown-linux-gnu/lib" "-Wl,-Bstatic" "/opt/rustwide/rustup-home/toolchains/1.69.0-x86_64-unknown-linux-gnu/lib/rustlib/x86_64-unknown-linux-gnu/lib/libtest-7791a6353d4a7929.rlib" "/opt/rustwide/rustup-home/toolchains/1.69.0-x86_64-unknown-linux-gnu/lib/rustlib/x86_64-unknown-linux-gnu/lib/libgetopts-7b17724e9ce90a72.rlib" "/opt/rustwide/rustup-home/toolchains/1.69.0-x86_64-unknown-linux-gnu/lib/rustlib/x86_64-unknown-linux-gnu/lib/libunicode_width-596f8ce9d30a755e.rlib" "/opt/rustwide/rustup-home/toolchains/1.69.0-x86_64-unknown-linux-gnu/lib/rustlib/x86_64-unknown-linux-gnu/lib/librustc_std_workspace_std-da04f86254de594f.rlib" "/opt/rustwide/target/debug/deps/libxtb_model-6cb09d2b6a392cab.rlib" "/opt/rustwide/target/debug/deps/libapprox-8134caa9f84e6e93.rlib" "/opt/rustwide/target/debug/deps/libnum_traits-11c9b029deaf19dd.rlib" "/opt/rustwide/target/debug/deps/libanyhow-2a8b4879abb5c883.rlib" "/opt/rustwide/rustup-home/toolchains/1.69.0-x86_64-unknown-linux-gnu/lib/rustlib/x86_64-unknown-linux-gnu/lib/libstd-89bc084783fdc439.rlib" "/opt/rustwide/rustup-home/toolchains/1.69.0-x86_64-unknown-linux-gnu/lib/rustlib/x86_64-unknown-linux-gnu/lib/libpanic_unwind-8bee4b287d4367c1.rlib" "/opt/rustwide/rustup-home/toolchains/1.69.0-x86_64-unknown-linux-gnu/lib/rustlib/x86_64-unknown-linux-gnu/lib/libobject-d61707aed80694c0.rlib" "/opt/rustwide/rustup-home/toolchains/1.69.0-x86_64-unknown-linux-gnu/lib/rustlib/x86_64-unknown-linux-gnu/lib/libmemchr-d85366256f22345b.rlib" "/opt/rustwide/rustup-home/toolchains/1.69.0-x86_64-unknown-linux-gnu/lib/rustlib/x86_64-unknown-linux-gnu/lib/libaddr2line-96069b86b8a8cae9.rlib" "/opt/rustwide/rustup-home/toolchains/1.69.0-x86_64-unknown-linux-gnu/lib/rustlib/x86_64-unknown-linux-gnu/lib/libgimli-d19d53abf68dfa6c.rlib" "/opt/rustwide/rustup-home/toolchains/1.69.0-x86_64-unknown-linux-gnu/lib/rustlib/x86_64-unknown-linux-gnu/lib/librustc_demangle-787cbccd19d64ac6.rlib" "/opt/rustwide/rustup-home/toolchains/1.69.0-x86_64-unknown-linux-gnu/lib/rustlib/x86_64-unknown-linux-gnu/lib/libstd_detect-b3837a36b830e0d0.rlib" "/opt/rustwide/rustup-home/toolchains/1.69.0-x86_64-unknown-linux-gnu/lib/rustlib/x86_64-unknown-linux-gnu/lib/libhashbrown-e3deb0e7e3f04966.rlib" "/opt/rustwide/rustup-home/toolchains/1.69.0-x86_64-unknown-linux-gnu/lib/rustlib/x86_64-unknown-linux-gnu/lib/libminiz_oxide-dabbb79c9815def4.rlib" "/opt/rustwide/rustup-home/toolchains/1.69.0-x86_64-unknown-linux-gnu/lib/rustlib/x86_64-unknown-linux-gnu/lib/libadler-305b01f34c9409f2.rlib" "/opt/rustwide/rustup-home/toolchains/1.69.0-x86_64-unknown-linux-gnu/lib/rustlib/x86_64-unknown-linux-gnu/lib/librustc_std_workspace_alloc-f833521df6074e73.rlib" "/opt/rustwide/rustup-home/toolchains/1.69.0-x86_64-unknown-linux-gnu/lib/rustlib/x86_64-unknown-linux-gnu/lib/libunwind-9ac333113350d171.rlib" "/opt/rustwide/rustup-home/toolchains/1.69.0-x86_64-unknown-linux-gnu/lib/rustlib/x86_64-unknown-linux-gnu/lib/libcfg_if-1c126114322d0eee.rlib" "/opt/rustwide/rustup-home/toolchains/1.69.0-x86_64-unknown-linux-gnu/lib/rustlib/x86_64-unknown-linux-gnu/lib/liblibc-bad9164fdeeecf92.rlib" "/opt/rustwide/rustup-home/toolchains/1.69.0-x86_64-unknown-linux-gnu/lib/rustlib/x86_64-unknown-linux-gnu/lib/liballoc-f9374b1e480fa681.rlib" "/opt/rustwide/rustup-home/toolchains/1.69.0-x86_64-unknown-linux-gnu/lib/rustlib/x86_64-unknown-linux-gnu/lib/librustc_std_workspace_core-207f06e41d9603af.rlib" "/opt/rustwide/rustup-home/toolchains/1.69.0-x86_64-unknown-linux-gnu/lib/rustlib/x86_64-unknown-linux-gnu/lib/libcore-7e2768e66e984e85.rlib" "/opt/rustwide/rustup-home/toolchains/1.69.0-x86_64-unknown-linux-gnu/lib/rustlib/x86_64-unknown-linux-gnu/lib/libcompiler_builtins-957b4aff41f8cd46.rlib" "-Wl,-Bdynamic" "-lxtb" "-lgcc_s" "-lutil" "-lrt" "-lpthread" "-lm" "-ldl" "-lc" "-Wl,--eh-frame-hdr" "-Wl,-z,noexecstack" "-L" "/opt/rustwide/rustup-home/toolchains/1.69.0-x86_64-unknown-linux-gnu/lib/rustlib/x86_64-unknown-linux-gnu/lib" "-o" "/opt/rustwide/target/debug/deps/test_raw-556c32d102f69aef" "-Wl,--gc-sections" "-pie" "-Wl,-z,relro,-z,now" "-nodefaultlibs"
[INFO] [stdout]   = note: /usr/bin/ld: cannot find -lxtb: No such file or directory
[INFO] [stdout]           collect2: error: ld returned 1 exit status
[INFO] [stdout]           
[INFO] [stdout] 
[INFO] [stdout] 
[INFO] [stdout] error: aborting due to previous error
[INFO] [stdout] 
[INFO] [stdout] 
[INFO] [stdout] error: aborting due to previous error; 1 warning emitted
[INFO] [stdout] 
[INFO] [stdout] 
[INFO] [stdout] error: linking with `cc` failed: exit status: 1
[INFO] [stdout]   |
[INFO] [stdout]   = note: LC_ALL="C" PATH="/opt/rustwide/rustup-home/toolchains/1.69.0-x86_64-unknown-linux-gnu/lib/rustlib/x86_64-unknown-linux-gnu/bin:/opt/rustwide/cargo-home/bin:/usr/local/sbin:/usr/local/bin:/usr/sbin:/usr/bin:/sbin:/bin" VSLANG="1033" "cc" "-m64" "/tmp/rustcZZUdDO/symbols.o" "/opt/rustwide/target/debug/deps/xtb_model-31bdd791da810dfc.xtb_model.43d9c76d-cgu.0.rcgu.o" "/opt/rustwide/target/debug/deps/xtb_model-31bdd791da810dfc.xtb_model.43d9c76d-cgu.1.rcgu.o" "/opt/rustwide/target/debug/deps/xtb_model-31bdd791da810dfc.xtb_model.43d9c76d-cgu.10.rcgu.o" "/opt/rustwide/target/debug/deps/xtb_model-31bdd791da810dfc.xtb_model.43d9c76d-cgu.11.rcgu.o" "/opt/rustwide/target/debug/deps/xtb_model-31bdd791da810dfc.xtb_model.43d9c76d-cgu.12.rcgu.o" "/opt/rustwide/target/debug/deps/xtb_model-31bdd791da810dfc.xtb_model.43d9c76d-cgu.13.rcgu.o" "/opt/rustwide/target/debug/deps/xtb_model-31bdd791da810dfc.xtb_model.43d9c76d-cgu.14.rcgu.o" "/opt/rustwide/target/debug/deps/xtb_model-31bdd791da810dfc.xtb_model.43d9c76d-cgu.15.rcgu.o" "/opt/rustwide/target/debug/deps/xtb_model-31bdd791da810dfc.xtb_model.43d9c76d-cgu.2.rcgu.o" "/opt/rustwide/target/debug/deps/xtb_model-31bdd791da810dfc.xtb_model.43d9c76d-cgu.3.rcgu.o" "/opt/rustwide/target/debug/deps/xtb_model-31bdd791da810dfc.xtb_model.43d9c76d-cgu.4.rcgu.o" "/opt/rustwide/target/debug/deps/xtb_model-31bdd791da810dfc.xtb_model.43d9c76d-cgu.5.rcgu.o" "/opt/rustwide/target/debug/deps/xtb_model-31bdd791da810dfc.xtb_model.43d9c76d-cgu.6.rcgu.o" "/opt/rustwide/target/debug/deps/xtb_model-31bdd791da810dfc.xtb_model.43d9c76d-cgu.7.rcgu.o" "/opt/rustwide/target/debug/deps/xtb_model-31bdd791da810dfc.xtb_model.43d9c76d-cgu.8.rcgu.o" "/opt/rustwide/target/debug/deps/xtb_model-31bdd791da810dfc.xtb_model.43d9c76d-cgu.9.rcgu.o" "/opt/rustwide/target/debug/deps/xtb_model-31bdd791da810dfc.4ff91tzbzkprgjpd.rcgu.o" "-Wl,--as-needed" "-L" "/opt/rustwide/target/debug/deps" "-L" "/opt/rustwide/rustup-home/toolchains/1.69.0-x86_64-unknown-linux-gnu/lib/rustlib/x86_64-unknown-linux-gnu/lib" "-lxtb" "-Wl,-Bstatic" "/opt/rustwide/rustup-home/toolchains/1.69.0-x86_64-unknown-linux-gnu/lib/rustlib/x86_64-unknown-linux-gnu/lib/libtest-7791a6353d4a7929.rlib" "/opt/rustwide/rustup-home/toolchains/1.69.0-x86_64-unknown-linux-gnu/lib/rustlib/x86_64-unknown-linux-gnu/lib/libgetopts-7b17724e9ce90a72.rlib" "/opt/rustwide/rustup-home/toolchains/1.69.0-x86_64-unknown-linux-gnu/lib/rustlib/x86_64-unknown-linux-gnu/lib/libunicode_width-596f8ce9d30a755e.rlib" "/opt/rustwide/rustup-home/toolchains/1.69.0-x86_64-unknown-linux-gnu/lib/rustlib/x86_64-unknown-linux-gnu/lib/librustc_std_workspace_std-da04f86254de594f.rlib" "/opt/rustwide/target/debug/deps/libanyhow-2a8b4879abb5c883.rlib" "/opt/rustwide/rustup-home/toolchains/1.69.0-x86_64-unknown-linux-gnu/lib/rustlib/x86_64-unknown-linux-gnu/lib/libstd-89bc084783fdc439.rlib" "/opt/rustwide/rustup-home/toolchains/1.69.0-x86_64-unknown-linux-gnu/lib/rustlib/x86_64-unknown-linux-gnu/lib/libpanic_unwind-8bee4b287d4367c1.rlib" "/opt/rustwide/rustup-home/toolchains/1.69.0-x86_64-unknown-linux-gnu/lib/rustlib/x86_64-unknown-linux-gnu/lib/libobject-d61707aed80694c0.rlib" "/opt/rustwide/rustup-home/toolchains/1.69.0-x86_64-unknown-linux-gnu/lib/rustlib/x86_64-unknown-linux-gnu/lib/libmemchr-d85366256f22345b.rlib" "/opt/rustwide/rustup-home/toolchains/1.69.0-x86_64-unknown-linux-gnu/lib/rustlib/x86_64-unknown-linux-gnu/lib/libaddr2line-96069b86b8a8cae9.rlib" "/opt/rustwide/rustup-home/toolchains/1.69.0-x86_64-unknown-linux-gnu/lib/rustlib/x86_64-unknown-linux-gnu/lib/libgimli-d19d53abf68dfa6c.rlib" "/opt/rustwide/rustup-home/toolchains/1.69.0-x86_64-unknown-linux-gnu/lib/rustlib/x86_64-unknown-linux-gnu/lib/librustc_demangle-787cbccd19d64ac6.rlib" "/opt/rustwide/rustup-home/toolchains/1.69.0-x86_64-unknown-linux-gnu/lib/rustlib/x86_64-unknown-linux-gnu/lib/libstd_detect-b3837a36b830e0d0.rlib" "/opt/rustwide/rustup-home/toolchains/1.69.0-x86_64-unknown-linux-gnu/lib/rustlib/x86_64-unknown-linux-gnu/lib/libhashbrown-e3deb0e7e3f04966.rlib" "/opt/rustwide/rustup-home/toolchains/1.69.0-x86_64-unknown-linux-gnu/lib/rustlib/x86_64-unknown-linux-gnu/lib/libminiz_oxide-dabbb79c9815def4.rlib" "/opt/rustwide/rustup-home/toolchains/1.69.0-x86_64-unknown-linux-gnu/lib/rustlib/x86_64-unknown-linux-gnu/lib/libadler-305b01f34c9409f2.rlib" "/opt/rustwide/rustup-home/toolchains/1.69.0-x86_64-unknown-linux-gnu/lib/rustlib/x86_64-unknown-linux-gnu/lib/librustc_std_workspace_alloc-f833521df6074e73.rlib" "/opt/rustwide/rustup-home/toolchains/1.69.0-x86_64-unknown-linux-gnu/lib/rustlib/x86_64-unknown-linux-gnu/lib/libunwind-9ac333113350d171.rlib" "/opt/rustwide/rustup-home/toolchains/1.69.0-x86_64-unknown-linux-gnu/lib/rustlib/x86_64-unknown-linux-gnu/lib/libcfg_if-1c126114322d0eee.rlib" "/opt/rustwide/rustup-home/toolchains/1.69.0-x86_64-unknown-linux-gnu/lib/rustlib/x86_64-unknown-linux-gnu/lib/liblibc-bad9164fdeeecf92.rlib" "/opt/rustwide/rustup-home/toolchains/1.69.0-x86_64-unknown-linux-gnu/lib/rustlib/x86_64-unknown-linux-gnu/lib/liballoc-f9374b1e480fa681.rlib" "/opt/rustwide/rustup-home/toolchains/1.69.0-x86_64-unknown-linux-gnu/lib/rustlib/x86_64-unknown-linux-gnu/lib/librustc_std_workspace_core-207f06e41d9603af.rlib" "/opt/rustwide/rustup-home/toolchains/1.69.0-x86_64-unknown-linux-gnu/lib/rustlib/x86_64-unknown-linux-gnu/lib/libcore-7e2768e66e984e85.rlib" "/opt/rustwide/rustup-home/toolchains/1.69.0-x86_64-unknown-linux-gnu/lib/rustlib/x86_64-unknown-linux-gnu/lib/libcompiler_builtins-957b4aff41f8cd46.rlib" "-Wl,-Bdynamic" "-lgcc_s" "-lutil" "-lrt" "-lpthread" "-lm" "-ldl" "-lc" "-Wl,--eh-frame-hdr" "-Wl,-z,noexecstack" "-L" "/opt/rustwide/rustup-home/toolchains/1.69.0-x86_64-unknown-linux-gnu/lib/rustlib/x86_64-unknown-linux-gnu/lib" "-o" "/opt/rustwide/target/debug/deps/xtb_model-31bdd791da810dfc" "-Wl,--gc-sections" "-pie" "-Wl,-z,relro,-z,now" "-nodefaultlibs"
[INFO] [stdout]   = note: /usr/bin/ld: cannot find -lxtb: No such file or directory
[INFO] [stdout]           collect2: error: ld returned 1 exit status
[INFO] [stdout]           
[INFO] [stdout] 
[INFO] [stdout] 
[INFO] [stderr] error: could not compile `xtb-model` due to 2 previous errors; 20 warnings emitted
[INFO] [stdout] error: aborting due to previous error; 20 warnings emitted
[INFO] [stdout] 
[INFO] [stdout] 
[INFO] [stderr] warning: build failed, waiting for other jobs to finish...
[INFO] [stdout] error: aborting due to previous error
[INFO] [stdout] 
[INFO] [stdout] 
[INFO] [stderr] error: could not compile `xtb-model` due to 2 previous errors
[INFO] [stderr] error: could not compile `xtb-model` due to 2 previous errors; 1 warning emitted
[INFO] [stderr] error: could not compile `xtb-model` due to 2 previous errors
[INFO] running `Command { std: "docker" "inspect" "278e8205d70da7ea8db4eaa74056d4f791246334914a378ab540d87f71bd085e", kill_on_drop: false }`
[INFO] running `Command { std: "docker" "rm" "-f" "278e8205d70da7ea8db4eaa74056d4f791246334914a378ab540d87f71bd085e", kill_on_drop: false }`
[INFO] [stdout] 278e8205d70da7ea8db4eaa74056d4f791246334914a378ab540d87f71bd085e
